CREATE TABLE `ebay_products_characteristics` (
  `ebay_products_characteristics_id` int(11) NOT NULL,
  `ebay_products_id` int(11) NOT NULL DEFAULT '0',
  `category_number` tinyint(4) NOT NULL DEFAULT '0',
  `attribute_set_id` int(11) NOT NULL DEFAULT '0',
  `attribute_type` varchar(8) NOT NULL DEFAULT '',
  `attribute_id` int(11) NOT NULL DEFAULT '0',
  `attribute_value` text NOT NULL
) ENGINE=MyISAM DEFAULT CHARSET=utf8;

-- --------------------------------------------------------

--
-- Tabellenstruktur für Tabelle `ebay_products_energy_efficiency`
--

CREATE TABLE `ebay_products_energy_efficiency` (
  `ebay_products_energy_efficiency_id` int(11) NOT NULL,
  `ebay_products_id` int(11) NOT NULL,
  `energy_efficiency_image_description` varchar(255) COLLATE utf8mb4_unicode_ci NOT NULL,
  `energy_efficiency_image_url` varchar(255) COLLATE utf8mb4_unicode_ci NOT NULL,
  `energy_efficiency_ProductInformationsheet` varchar(255) COLLATE utf8mb4_unicode_ci NOT NULL
) ENGINE=InnoDB DEFAULT CHARSET=utf8mb4 COLLATE=utf8mb4_unicode_ci;

-- --------------------------------------------------------

--
-- Tabellenstruktur für Tabelle `ebay_products_history`
--

CREATE TABLE `ebay_products_history` (
  `ebay_products_history_id` int(11) NOT NULL,
  `ebay_products_id` int(11) NOT NULL DEFAULT '0',
  `date_saved` datetime NOT NULL DEFAULT '0000-00-00 00:00:00',
  `comments` text NOT NULL,
  `editor_id` int(11) NOT NULL DEFAULT '0'
) ENGINE=MyISAM DEFAULT CHARSET=utf8;

--
-- Daten für Tabelle `ebay_products_history`
--

INSERT INTO `ebay_products_history` (`ebay_products_history_id`, `ebay_products_id`, `date_saved`, `comments`, `editor_id`) VALUES
(307, 130, '2024-04-08 14:26:19', 'Manuelle Preisänderung Auktion 386915174875, alter Preis: 29.5, neuer Preis: 29.5', 5000),
(305, 130, '2024-04-08 13:50:00', 'Auktion 386915174875 per Hand eingestellt', 5000),
(306, 130, '2024-04-08 14:26:16', 'Manuelle Preisänderung Auktion 386915174875, alter Preis: 31.45, neuer Preis: 29.5', 5000),
(304, 130, '2024-04-08 13:49:25', 'Quicksave: Zustand ID 1000 gespeichert.', 5000),
(303, 130, '2024-04-08 13:43:33', 'Das Wert des Felds Geplante Veröffentlichung wurde ge&auml;ndert von 0000-00-00 00:00:00 zu ', 5000),
(300, 128, '2024-03-02 14:19:28', 'Quicksave: 5 als Anzahl gespeichert.', 5000),
(301, 129, '2024-03-02 14:19:40', 'Quicksave: 20 als Anzahl gespeichert.', 5000),
(302, 130, '2024-04-08 13:40:36', 'Sammlerprodukt angelegt', 5000),
(296, 129, '2024-03-02 14:18:05', 'Sammlerprodukt angelegt', 5000),
(297, 115, '2024-03-02 14:18:37', 'Quicksave: 10 als Anzahl gespeichert.', 5000),
(298, 123, '2024-03-02 14:18:58', 'Quicksave: 8 als Anzahl gespeichert.', 5000),
(299, 125, '2024-03-02 14:19:10', 'Quicksave: 15 als Anzahl gespeichert.', 5000),
(295, 128, '2024-03-02 14:18:05', 'Sammlerprodukt angelegt', 5000),
(254, 99, '2024-01-07 16:00:00', 'Sammlerprodukt angelegt', 5000),
(274, 112, '2024-01-07 16:28:49', 'Quicksave: 1 als Anzahl gespeichert.', 5000),
(273, 114, '2024-01-07 16:25:58', 'Sammlerprodukt angelegt', 5000),
(272, 113, '2024-01-07 16:25:58', 'Sammlerprodukt angelegt', 5000),
(271, 112, '2024-01-07 16:25:58', 'Sammlerprodukt angelegt', 5000),
(270, 99, '2024-01-07 16:14:17', 'Auktion 386586934270 per Hand eingestellt', 5000),
(269, 99, '2024-01-07 16:13:32', 'Das Wert des Felds Geplante Veröffentlichung wurde ge&auml;ndert von 0000-00-00 00:00:00 zu ', 5000),
(268, 99, '2024-01-07 16:09:52', 'Das Wert des Felds Geplante Veröffentlichung wurde ge&auml;ndert von 0000-00-00 00:00:00 zu ', 5000),
(267, 99, '2024-01-07 16:07:08', 'Es wurde ein Variantenset erzeugt.', 5000),
(275, 113, '2024-01-07 16:28:54', 'Quicksave: 1 als Anzahl gespeichert.', 5000),
(276, 114, '2024-01-07 16:28:58', 'Quicksave: 1 als Anzahl gespeichert.', 5000),
(277, 112, '2024-01-07 16:30:13', 'Das Wert des Felds Titel der Auktion wurde ge&auml;ndert von ABC Aluminium T-Stück zum Einschweißen, Abgänge gleich, 33,4 x 3,38 mm, 1\\\" zu ABC Aluminium T-Stück zum Einschweißen, Abgänge gleich, 33,4 x 3,38 mm, 1\"', 5000),
(278, 112, '2024-01-07 16:30:13', 'Das Wert des Felds Geplante Veröffentlichung wurde ge&auml;ndert von 0000-00-00 00:00:00 zu ', 5000),
(279, 112, '2024-01-07 16:31:15', 'Auktion 386587016589 per Hand eingestellt', 5000),
(280, 113, '2024-01-07 16:31:18', 'Auktion 386587016849 per Hand eingestellt', 5000),
(281, 114, '2024-01-07 16:31:20', 'Auktion 386587017164 per Hand eingestellt', 5000),
(282, 115, '2024-03-02 14:18:05', 'Sammlerprodukt angelegt', 5000),
(283, 116, '2024-03-02 14:18:05', 'Sammlerprodukt angelegt', 5000),
(284, 117, '2024-03-02 14:18:05', 'Sammlerprodukt angelegt', 5000),
(285, 118, '2024-03-02 14:18:05', 'Sammlerprodukt angelegt', 5000),
(286, 119, '2024-03-02 14:18:05', 'Sammlerprodukt angelegt', 5000),
(287, 120, '2024-03-02 14:18:05', 'Sammlerprodukt angelegt', 5000),
(288, 121, '2024-03-02 14:18:05', 'Sammlerprodukt angelegt', 5000),
(289, 122, '2024-03-02 14:18:05', 'Sammlerprodukt angelegt', 5000),
(290, 123, '2024-03-02 14:18:05', 'Sammlerprodukt angelegt', 5000),
(291, 124, '2024-03-02 14:18:05', 'Sammlerprodukt angelegt', 5000),
(292, 125, '2024-03-02 14:18:05', 'Sammlerprodukt angelegt', 5000),
(293, 126, '2024-03-02 14:18:05', 'Sammlerprodukt angelegt', 5000),
(294, 127, '2024-03-02 14:18:05', 'Sammlerprodukt angelegt', 5000),
(332, 135, '2025-04-17 11:21:48', 'Das Wert des Felds Geplante Veröffentlichung wurde ge&auml;ndert von 0000-00-00 00:00:00 zu ', 5000),
(331, 135, '2025-04-17 11:21:48', 'Das Wert des Felds eBay Template wurde ge&auml;ndert von default zu ebay-templ.html', 5000),
(329, 135, '2025-04-17 11:14:09', 'Es wurde ein Variantenset erzeugt.', 5000),
(326, 137, '2025-04-17 10:56:28', 'Sammlerprodukt angelegt', 5000),
(319, 49, '2025-04-03 11:01:50', 'Manuelle Preisänderung Auktion 386531532348, alter Preis: 11.95, neuer Preis: 15', 5000),
(320, 90, '2025-04-14 11:53:17', 'Auktion 386537552837 vorzeitig bei Ebay beendet. Bestand wieder gutgeschrieben.', 0),
(335, 135, '2025-04-17 11:26:28', 'Auktion 388277779884 per Hand eingestellt', 5000),
(334, 135, '2025-04-17 11:26:17', 'Das Wert des Felds Geplante Veröffentlichung wurde ge&auml;ndert von 0000-00-00 00:00:00 zu ', 5000),
(333, 135, '2025-04-17 11:23:21', 'Das Wert des Felds Geplante Veröffentlichung wurde ge&auml;ndert von 0000-00-00 00:00:00 zu ', 5000),
(318, 134, '2024-09-04 14:54:35', 'Manuelle Preisänderung Auktion 387351047425, alter Preis: 8.95, neuer Preis: 8.48', 5000),
(219, 94, '2024-01-07 15:01:05', 'Sammlerprodukt angelegt', 5000),
(311, 132, '2024-07-05 15:41:32', 'Auktion 387168337298 per Hand eingestellt', 5000),
(246, 94, '2024-01-07 15:12:11', 'Auktion 386586595150 per Hand eingestellt', 5000),
(223, 92, '2024-01-07 15:01:33', 'Quicksave: 25 als Anzahl gespeichert.', 5000),
(317, 134, '2024-09-02 14:55:11', 'Auktion 387351047425 per Hand eingestellt', 5000),
(225, 94, '2024-01-07 15:01:43', 'Quicksave: 25 als Anzahl gespeichert.', 5000),
(248, 92, '2024-01-07 15:26:15', 'Auktion 386586594801 vorzeitig bei Ebay beendet. Bestand wieder gutgeschrieben.', 5000),
(312, 132, '2024-07-05 15:44:47', 'Auktion 387168337298 vorzeitig bei Ebay beendet. Bestand wieder gutgeschrieben.', 5000),
(229, 92, '2024-01-07 15:02:49', 'Das Wert des Felds Startpreis der Auktion wurde ge&auml;ndert von 26.9301 zu 26.93', 5000),
(230, 92, '2024-01-07 15:02:49', 'Das Wert des Felds Geplante Veröffentlichung wurde ge&auml;ndert von 0000-00-00 00:00:00 zu ', 5000),
(330, 135, '2025-04-17 11:21:48', 'Das Wert des Felds Titel der Auktion wurde ge&auml;ndert von Alu-Rohr 20 x 2,0 mm, Länge 80 mm, mit einseitiger Sicke, ähnlich DIN 71550 zu Alu Schlauchnippel Anschweißtüllen, Länge 80 mm, mit einseitiger Sicke', 5000),
(328, 139, '2025-04-17 10:56:28', 'Sammlerprodukt angelegt', 5000),
(325, 136, '2025-04-17 10:56:28', 'Sammlerprodukt angelegt', 5000),
(323, 116, '2025-04-14 12:27:48', 'Auktion 388257383397 per Hand eingestellt', 5000),
(322, 116, '2025-04-14 12:26:57', 'Das Wert des Felds Geplante Veröffentlichung wurde ge&auml;ndert von 0000-00-00 00:00:00 zu ', 5000),
(249, 94, '2024-01-07 15:26:16', 'Auktion 386586595150 vorzeitig bei Ebay beendet. Bestand wieder gutgeschrieben.', 5000),
(173, 80, '2023-12-31 14:55:26', 'Sammlerprodukt angelegt', 5000),
(174, 81, '2023-12-31 14:55:26', 'Sammlerprodukt angelegt', 5000),
(175, 82, '2023-12-31 14:55:26', 'Sammlerprodukt angelegt', 5000),
(176, 80, '2023-12-31 14:55:36', 'Quicksave: 2 als Anzahl gespeichert.', 5000),
(177, 81, '2023-12-31 14:55:40', 'Quicksave: 2 als Anzahl gespeichert.', 5000),
(178, 82, '2023-12-31 14:55:44', 'Quicksave: 2 als Anzahl gespeichert.', 5000),
(179, 80, '2023-12-31 14:58:01', 'Auktion 386537090022 per Hand eingestellt', 5000),
(180, 81, '2023-12-31 14:58:57', 'Auktion 386537093597 per Hand eingestellt', 5000),
(181, 82, '2023-12-31 14:59:56', 'Auktion 386537098337 per Hand eingestellt', 5000),
(182, 83, '2023-12-31 15:12:06', 'Sammlerprodukt angelegt', 5000),
(183, 84, '2023-12-31 15:12:06', 'Sammlerprodukt angelegt', 5000),
(184, 83, '2023-12-31 15:12:22', 'Quicksave: 2 als Anzahl gespeichert.', 5000),
(185, 84, '2023-12-31 15:12:26', 'Quicksave: 2 als Anzahl gespeichert.', 5000),
(186, 83, '2023-12-31 15:15:44', 'Auktion 386537192681 per Hand eingestellt', 5000),
(187, 84, '2023-12-31 15:16:06', 'Auktion 386537194417 per Hand eingestellt', 5000),
(188, 85, '2023-12-31 15:20:05', 'Sammlerprodukt angelegt', 5000),
(189, 85, '2023-12-31 15:20:14', 'Quicksave: 2 als Anzahl gespeichert.', 5000),
(327, 138, '2025-04-17 10:56:28', 'Sammlerprodukt angelegt', 5000),
(324, 135, '2025-04-17 10:56:28', 'Sammlerprodukt angelegt', 5000),
(321, 116, '2025-04-14 12:20:43', 'Es wurde ein Variantenset erzeugt.', 5000),
(316, 134, '2024-09-02 14:54:42', 'Das Wert des Felds Geplante Veröffentlichung wurde ge&auml;ndert von 0000-00-00 00:00:00 zu ', 5000),
(310, 132, '2024-07-05 15:38:00', 'Sammlerprodukt angelegt', 5000),
(238, 68, '2024-01-07 15:07:59', 'Auktion 386536867045 vorzeitig bei Ebay beendet. Bestand wieder gutgeschrieben.', 5000),
(237, 67, '2024-01-07 15:07:27', 'Auktion 386536853308 vorzeitig bei Ebay beendet. Bestand wieder gutgeschrieben.', 5000),
(315, 134, '2024-09-02 14:53:34', 'Sammlerprodukt angelegt', 5000),
(244, 92, '2024-01-07 15:12:04', 'Auktion 386586594801 per Hand eingestellt', 5000),
(239, 91, '2024-01-07 15:11:00', 'Auktion 386586434731 vorzeitig bei Ebay beendet. Bestand wieder gutgeschrieben.', 5000),
(250, 92, '2024-01-07 15:29:09', 'Auktion 386586663730 per Hand eingestellt', 5000),
(251, 94, '2024-01-07 15:29:13', 'Auktion 386586663852 per Hand eingestellt', 5000),
(232, 94, '2024-01-07 15:04:10', 'Das Wert des Felds Geplante Veröffentlichung wurde ge&auml;ndert von 0000-00-00 00:00:00 zu ', 5000),
(217, 92, '2024-01-07 15:01:05', 'Sammlerprodukt angelegt', 5000),
(336, 140, '2025-04-17 11:58:25', 'Sammlerprodukt angelegt', 5000),
(337, 141, '2025-04-17 11:58:25', 'Sammlerprodukt angelegt', 5000),
(338, 142, '2025-04-17 11:58:25', 'Sammlerprodukt angelegt', 5000),
(339, 140, '2025-04-17 12:17:45', 'Es wurde ein Variantenset erzeugt.', 5000),
(340, 140, '2025-04-17 12:24:13', 'Das Wert des Felds Geplante Veröffentlichung wurde ge&auml;ndert von 0000-00-00 00:00:00 zu ', 5000),
(341, 140, '2025-04-17 12:24:32', 'Auktion 388278010156 per Hand eingestellt', 5000),
(342, 99, '2025-04-17 13:30:23', 'Preisrevise Auktion 386586934270 (SKU ): von 16.28 zu 18', 5000),
(343, 143, '2025-04-17 13:35:43', 'Sammlerprodukt angelegt', 5000),
(344, 143, '2025-04-17 13:36:00', 'Quicksave: 3 als Anzahl gespeichert.', 5000),
(345, 143, '2025-04-17 13:36:32', 'Auktion 388278249621 per Hand eingestellt', 5000),
(346, 144, '2025-04-29 13:00:53', 'Sammlerprodukt angelegt', 5000),
(347, 132, '2025-04-29 13:01:59', 'Quicksave: 40 als Anzahl gespeichert.', 5000),
(348, 144, '2025-04-29 13:02:05', 'Quicksave: 40 als Anzahl gespeichert.', 5000),
(349, 132, '2025-04-29 13:05:17', 'Auktion 388341080703 per Hand eingestellt', 5000),
(350, 144, '2025-04-29 13:05:47', 'Auktion 388341081613 per Hand eingestellt', 5000),
(351, 89, '2025-08-11 21:16:47', 'Manuelle Preisänderung Auktion 386537547252, alter Preis: 225.75, neuer Preis: 240.45', 5000),
(352, 49, '2025-09-29 19:37:49', 'Manuelle Preisänderung Auktion 386531532348, alter Preis: 15, neuer Preis: 16.28', 5000),
(353, 145, '2025-09-29 19:42:56', 'Sammlerprodukt angelegt', 5000),
(354, 145, '2025-09-29 19:44:47', 'Auktion 389030657064 manuell eingestellt', 5000),
(355, 134, '2025-10-13 17:39:14', 'Manuelle Preisänderung Auktion 387351047425, alter Preis: 8.48, neuer Preis: 8.95', 5000);

-- --------------------------------------------------------

--
-- Tabellenstruktur für Tabelle `ebay_products_itemspecifics`
--

CREATE TABLE `ebay_products_itemspecifics` (
  `ebay_products_itemspecifics_id` int(11) NOT NULL,
  `ebay_products_id` int(11) NOT NULL,
  `is_name` varchar(64) NOT NULL,
  `is_value` varchar(255) NOT NULL
) ENGINE=MyISAM DEFAULT CHARSET=utf8;

--
-- Daten für Tabelle `ebay_products_itemspecifics`
--

INSERT INTO `ebay_products_itemspecifics` (`ebay_products_itemspecifics_id`, `ebay_products_id`, `is_name`, `is_value`) VALUES
(2960, 145, 'Eloxalfähigkeit', '1 sehr gut'),
(2961, 145, 'Finish', 'Halbzeug, Oberflächenfehler möglich'),
(2955, 144, 'Eloxalfähigkeit', '1 sehr gut'),
(2954, 144, 'Seewasserbeständigkeit', '2 gut'),
(2949, 143, 'Eloxalfähigkeit', '1 sehr gut'),
(2950, 143, 'Finish', 'Halbzeug, Oberflächenfehler möglich'),
(2951, 144, 'Außendurchmesser (D) x Wandstärke (S)', '25 x 2,0 mm'),
(2959, 145, 'Seewasserbeständigkeit', '2 gut'),
(2957, 145, 'Schweißbarkeit', '2 gut'),
(2958, 145, 'Witterungsbeständigkeit', '1 sehr gut'),
(2956, 145, 'Außendurchmesser (D) x Wandstärke (S)', '56 x 3,0 mm'),
(2953, 144, 'Witterungsbeständigkeit', '1 sehr gut'),
(2952, 144, 'Schweißbarkeit', '2 gut'),
(2897, 138, 'Seewasserbeständigkeit', '2 gut'),
(2898, 138, 'Eloxalfähigkeit', '1 sehr gut'),
(2899, 138, 'Finish', 'Halbzeug, Oberflächenfehler möglich'),
(2900, 139, 'Anschlußart', 'Schweißende'),
(2901, 139, 'Ausführung', 'nahtlos, gedrückt'),
(2902, 139, 'Außendurchmesser (D) x Länge (L)', '90 x 80 mm'),
(2903, 139, 'Rohraussen Ø (D1)', '90 mm'),
(2904, 139, 'Wandstärke (S)', '2 mm'),
(2905, 139, 'Länge (L)', '80 mm'),
(2906, 139, 'Sickenaussen Ø (D2)', '91,2 mm'),
(2907, 139, 'Schweißbarkeit', '2 gut'),
(2908, 139, 'Witterungsbeständigkeit', '1 sehr gut'),
(2909, 139, 'Seewasserbeständigkeit', '2 gut'),
(2910, 139, 'Eloxalfähigkeit', '1 sehr gut'),
(2911, 139, 'Finish', 'Halbzeug, Oberflächenfehler möglich'),
(2945, 143, 'Außendurchmesser (D) x Wandstärke (S)', '200 x 3,0 mm'),
(2946, 143, 'Schweißbarkeit', '2 gut'),
(2947, 143, 'Witterungsbeständigkeit', '1 sehr gut'),
(2948, 143, 'Seewasserbeständigkeit', '2 gut'),
(2896, 138, 'Witterungsbeständigkeit', '1 sehr gut'),
(2895, 138, 'Schweißbarkeit', '2 gut'),
(2893, 138, 'Länge (L)', '80 mm'),
(2894, 138, 'Sickenaussen Ø (D2)', '71,2 mm'),
(2891, 138, 'Rohraussen Ø (D1)', '70 mm'),
(2892, 138, 'Wandstärke (S)', '2 mm'),
(2890, 138, 'Außendurchmesser (D) x Länge (L)', '70 x 80 mm'),
(2889, 138, 'Ausführung', 'nahtlos, gedrückt'),
(2875, 136, 'Finish', 'Halbzeug, Oberflächenfehler möglich'),
(2876, 137, 'Anschlußart', 'Schweißende'),
(2877, 137, 'Ausführung', 'nahtlos, gedrückt'),
(2878, 137, 'Außendurchmesser (D) x Länge (L)', '60 x 80 mm'),
(2879, 137, 'Rohraussen Ø (D1)', '60 mm'),
(2880, 137, 'Wandstärke (S)', '2 mm'),
(2881, 137, 'Länge (L)', '80 mm'),
(2882, 137, 'Sickenaussen Ø (D2)', '61,2 mm'),
(2883, 137, 'Schweißbarkeit', '2 gut'),
(2884, 137, 'Witterungsbeständigkeit', '1 sehr gut'),
(2885, 137, 'Seewasserbeständigkeit', '2 gut'),
(2886, 137, 'Eloxalfähigkeit', '1 sehr gut'),
(2887, 137, 'Finish', 'Halbzeug, Oberflächenfehler möglich'),
(2888, 138, 'Anschlußart', 'Schweißende'),
(2874, 136, 'Eloxalfähigkeit', '1 sehr gut'),
(2873, 136, 'Seewasserbeständigkeit', '2 gut'),
(2872, 136, 'Witterungsbeständigkeit', '1 sehr gut'),
(2871, 136, 'Schweißbarkeit', '2 gut'),
(2836, 129, 'Witterungsbeständigkeit', '1 sehr gut'),
(2837, 129, 'Seewasserbeständigkeit', '2 gut'),
(2838, 129, 'Eloxalfähigkeit', '1 sehr gut'),
(2839, 129, 'Zusatz-Info', ''),
(2840, 132, 'Außendurchmesser (D) x Wandstärke (S)', ''),
(2841, 132, 'Finish', ''),
(2944, 135, 'Witterungsbeständigkeit', '1 sehr gut'),
(2943, 135, 'Wandstärke (S)', '2 mm'),
(2942, 135, 'Sickenaussen Ø (D2)', 'Rohraussendurchmesser +1,2 mm'),
(2941, 135, 'Seewasserbeständigkeit', '2 gut'),
(2940, 135, 'Schweißbarkeit', '2 gut'),
(2939, 135, 'Rohraussen Ø (D1)', 'siehe Auswahl'),
(2938, 135, 'Länge (L)', '80 mm'),
(2937, 135, 'Finish', 'Halbzeug, Oberflächenfehler möglich'),
(2936, 135, 'Eloxalfähigkeit', '1 sehr gut'),
(2935, 135, 'Ausführung', 'nahtlos, gedrückt'),
(2864, 136, 'Anschlußart', 'Schweißende'),
(2865, 136, 'Ausführung', 'nahtlos, gedrückt'),
(2866, 136, 'Außendurchmesser (D) x Länge (L)', '22 x 80 mm'),
(2867, 136, 'Rohraussen Ø (D1)', '22 mm'),
(2868, 136, 'Wandstärke (S)', '2 mm'),
(2869, 136, 'Länge (L)', '80 mm'),
(2870, 136, 'Sickenaussen Ø (D2)', '23,2 mm'),
(2834, 129, 'Länge (L)', '60 mm'),
(2835, 129, 'Schweißbarkeit', '2 gut'),
(2833, 129, 'Gewindelänge (A)', '25 mm'),
(2832, 129, 'Ausführung', 'nahtlos, gedreht'),
(2831, 129, 'Gewindenorm', 'Paralleles Whitworth-Rohrgewinde DIN ISO 228 (DIN 259)'),
(2830, 129, 'Anschlußgröße', '4\" BSPP'),
(2829, 129, 'Anschlußart', 'Aussengewinde / Schweißende'),
(2828, 129, 'DIN / ISO', 'ähnl. DIN 2982'),
(2825, 128, 'Eloxalfähigkeit', '1 sehr gut'),
(2826, 128, 'Zusatz-Info', ''),
(2827, 129, 'Finish', 'Halbzeug, Oberflächenfehler möglich'),
(2821, 128, 'Länge (L)', '100 mm'),
(2822, 128, 'Schweißbarkeit', '2 gut'),
(2823, 128, 'Witterungsbeständigkeit', '1 sehr gut'),
(2824, 128, 'Seewasserbeständigkeit', '2 gut'),
(2820, 128, 'Gewindelänge (A)', '35 mm'),
(2819, 128, 'Ausführung', 'nahtlos, gedreht'),
(2818, 128, 'Gewindenorm', 'Paralleles Whitworth-Rohrgewinde DIN ISO 228 (DIN 259)'),
(2817, 128, 'Anschlußgröße', '3\" BSPP'),
(2815, 128, 'DIN / ISO', 'ähnl. DIN 2982'),
(2816, 128, 'Anschlußart', 'Aussengewinde / Schweißende'),
(2814, 128, 'Finish', 'Halbzeug, Oberflächenfehler möglich'),
(2813, 127, 'Zusatz-Info', ''),
(2811, 127, 'Seewasserbeständigkeit', '2 gut'),
(2812, 127, 'Eloxalfähigkeit', '1 sehr gut'),
(2809, 127, 'Schweißbarkeit', '2 gut'),
(2810, 127, 'Witterungsbeständigkeit', '1 sehr gut'),
(2807, 127, 'Gewindelänge (A)', '25 mm'),
(2808, 127, 'Länge (L)', '60 mm'),
(2806, 127, 'Ausführung', 'nahtlos, gedreht'),
(2797, 126, 'Witterungsbeständigkeit', '2 gut'),
(2798, 126, 'Seewasserbeständigkeit', '2 gut'),
(2799, 126, 'Eloxalfähigkeit', '1 sehr gut'),
(2800, 126, 'Zusatz-Info', ''),
(2801, 127, 'Finish', 'Halbzeug, Oberflächenfehler möglich'),
(2802, 127, 'DIN / ISO', 'ähnl. DIN 2982'),
(2803, 127, 'Anschlußart', 'Aussengewinde / Schweißende'),
(2804, 127, 'Anschlußgröße', '3\" BSPP'),
(2805, 127, 'Gewindenorm', 'Paralleles Whitworth-Rohrgewinde DIN ISO 228 (DIN 259)'),
(2791, 126, 'Anschlußart', 'Aussengewinde / Schweißende'),
(2790, 126, 'DIN / ISO', 'ähnl. DIN 2982'),
(2789, 126, 'Finish', 'Halbzeug, Oberflächenfehler möglich'),
(2788, 125, 'Zusatz-Info', ''),
(2787, 125, 'Eloxalfähigkeit', '1 sehr gut'),
(2785, 125, 'Witterungsbeständigkeit', '1 sehr gut'),
(2786, 125, 'Seewasserbeständigkeit', '2 gut'),
(2784, 125, 'Schweißbarkeit', '2 gut'),
(2783, 125, 'Länge (L)', '75 mm'),
(2782, 125, 'Gewindelänge (A)', '30 mm'),
(2781, 125, 'Ausführung', 'nahtlos, gedreht'),
(2779, 125, 'Anschlußgröße', '2\" BSPP'),
(2780, 125, 'Gewindenorm', 'Paralleles Whitworth-Rohrgewinde DIN ISO 228 (DIN 259)'),
(2778, 125, 'Anschlußart', 'Aussengewinde / Schweißende'),
(2777, 125, 'DIN / ISO', 'ähnl. DIN 2982'),
(2776, 125, 'Finish', 'Halbzeug, Oberflächenfehler möglich'),
(2796, 126, 'Schweißbarkeit', '2 gut'),
(2794, 126, 'Gewindelänge (A)', '25 mm'),
(2795, 126, 'Länge (L)', '60 mm'),
(2793, 126, 'Ausführung', 'nahtlos, gedreht'),
(2792, 126, 'Gewindenorm', 'Paralleles Whitworth-Rohrgewinde DIN ISO 228 (DIN 259)'),
(2768, 124, 'Ausführung', 'nahtlos, gedreht'),
(2767, 124, 'Gewindenorm', 'Paralleles Whitworth-Rohrgewinde DIN ISO 228 (DIN 259)'),
(2766, 124, 'Anschlußgröße', '1½\" BSPP'),
(2765, 124, 'Anschlußart', 'Aussengewinde / Schweißende'),
(2764, 124, 'DIN / ISO', 'ähnl. DIN 2982'),
(2762, 123, 'Zusatz-Info', ''),
(2763, 124, 'Finish', 'Halbzeug, Oberflächenfehler möglich'),
(2761, 123, 'Eloxalfähigkeit', '1 sehr gut'),
(2760, 123, 'Seewasserbeständigkeit', '2 gut'),
(2758, 123, 'Schweißbarkeit', '2 gut'),
(2759, 123, 'Witterungsbeständigkeit', '1 sehr gut'),
(2757, 123, 'Länge (L)', '45 mm'),
(2754, 123, 'Gewindenorm', 'Paralleles Whitworth-Rohrgewinde DIN ISO 228 (DIN 259)'),
(2756, 123, 'Gewindelänge (A)', '25 mm'),
(2755, 123, 'Ausführung', 'nahtlos, gedreht'),
(2753, 123, 'Anschlußgröße', '1½\" BSPP'),
(2775, 124, 'Zusatz-Info', ''),
(2774, 124, 'Eloxalfähigkeit', '1 sehr gut'),
(2773, 124, 'Seewasserbeständigkeit', '2 gut'),
(2772, 124, 'Witterungsbeständigkeit', '1 sehr gut'),
(2769, 124, 'Gewindelänge (A)', '30 mm'),
(2770, 124, 'Länge (L)', '75 mm'),
(2771, 124, 'Schweißbarkeit', '2 gut'),
(2752, 123, 'Anschlußart', 'Aussengewinde / Schweißende'),
(2751, 123, 'DIN / ISO', 'ähnl. DIN 2982'),
(2750, 123, 'Finish', 'Halbzeug, Oberflächenfehler möglich'),
(2749, 122, 'Zusatz-Info', ''),
(2748, 122, 'Eloxalfähigkeit', '1 sehr gut'),
(2747, 122, 'Seewasserbeständigkeit', '2 gut'),
(2745, 122, 'Schweißbarkeit', '2 gut'),
(2746, 122, 'Witterungsbeständigkeit', '1 sehr gut'),
(2744, 122, 'Länge (L)', '65 mm'),
(2743, 122, 'Gewindelänge (A)', '25 mm'),
(2741, 122, 'Gewindenorm', 'Paralleles Whitworth-Rohrgewinde DIN ISO 228 (DIN 259)'),
(2742, 122, 'Ausführung', 'nahtlos, gedreht'),
(2740, 122, 'Anschlußgröße', '1¼\" BSPP'),
(2739, 122, 'Anschlußart', 'Aussengewinde / Schweißende'),
(2738, 122, 'DIN / ISO', 'ähnl. DIN 2982'),
(2737, 122, 'Finish', 'Halbzeug, Oberflächenfehler möglich'),
(2736, 121, 'Zusatz-Info', ''),
(2726, 121, 'Anschlußart', 'Aussengewinde / Schweißende'),
(2727, 121, 'Anschlußgröße', '1\" BSPP'),
(2728, 121, 'Gewindenorm', 'Paralleles Whitworth-Rohrgewinde DIN ISO 228 (DIN 259)'),
(2729, 121, 'Ausführung', 'nahtlos, gedreht'),
(2730, 121, 'Gewindelänge (A)', '25 mm'),
(2731, 121, 'Länge (L)', '60 mm'),
(2732, 121, 'Schweißbarkeit', '2 gut'),
(2733, 121, 'Witterungsbeständigkeit', '1 sehr gut'),
(2734, 121, 'Seewasserbeständigkeit', '2 gut'),
(2735, 121, 'Eloxalfähigkeit', '1 sehr gut'),
(2725, 121, 'DIN / ISO', 'ähnl. DIN 2982'),
(2708, 119, 'Seewasserbeständigkeit', '2 gut'),
(2709, 119, 'Eloxalfähigkeit', '1 sehr gut'),
(2710, 119, 'Zusatz-Info', ''),
(2711, 120, 'Finish', 'Halbzeug, Oberflächenfehler möglich'),
(2712, 120, 'DIN / ISO', 'ähnl. DIN 2982'),
(2713, 120, 'Anschlußart', 'Aussengewinde / Schweißende'),
(2714, 120, 'Anschlußgröße', '¾\" BSPP'),
(2715, 120, 'Gewindenorm', 'Paralleles Whitworth-Rohrgewinde DIN ISO 228 (DIN 259)'),
(2716, 120, 'Ausführung', 'nahtlos, gedreht'),
(2717, 120, 'Gewindelänge (A)', '20 mm'),
(2718, 120, 'Länge (L)', '50 mm'),
(2719, 120, 'Schweißbarkeit', '2 gut'),
(2720, 120, 'Witterungsbeständigkeit', '1 sehr gut'),
(2721, 120, 'Seewasserbeständigkeit', '2 gut'),
(2722, 120, 'Eloxalfähigkeit', '1 sehr gut'),
(2723, 120, 'Zusatz-Info', ''),
(2724, 121, 'Finish', 'Halbzeug, Oberflächenfehler möglich'),
(2707, 119, 'Witterungsbeständigkeit', '1 sehr gut'),
(2705, 119, 'Länge (L)', '50 mm'),
(2706, 119, 'Schweißbarkeit', '2 gut'),
(2704, 119, 'Gewindelänge (A)', '20 mm'),
(2703, 119, 'Ausführung', 'nahtlos, gedreht'),
(2702, 119, 'Gewindenorm', 'Paralleles Whitworth-Rohrgewinde DIN ISO 228 (DIN 259)'),
(2701, 119, 'Anschlußgröße', '½\" BSPP'),
(2700, 119, 'Anschlußart', 'Aussengewinde / Schweißende'),
(2699, 119, 'DIN / ISO', 'ähnl. DIN 2982'),
(2696, 118, 'Zusatz-Info', ''),
(2697, 118, 'Finish', 'Halbzeug, Oberflächenfehler möglich'),
(2698, 119, 'Finish', 'Halbzeug, Oberflächenfehler möglich'),
(2695, 118, 'Eloxalfähigkeit', '1 sehr gut'),
(2694, 118, 'Seewasserbeständigkeit', '2 gut'),
(2693, 118, 'Witterungsbeständigkeit', '1 sehr gut'),
(2692, 118, 'Schweißbarkeit', '2 gut'),
(2691, 118, 'Länge (L)', '50 mm'),
(2690, 118, 'Gewindelänge (A)', '20 mm'),
(2689, 118, 'Ausführung', 'nahtlos, gedreht'),
(2688, 118, 'Gewindenorm', 'Paralleles Whitworth-Rohrgewinde DIN ISO 228 (DIN 259)'),
(2687, 118, 'Anschlußgröße', '⅜\" BSPP'),
(2686, 118, 'Anschlußart', 'Aussengewinde / Schweißende'),
(2685, 118, 'DIN / ISO', 'ähnl. DIN 2982'),
(2684, 117, 'Zusatz-Info', ''),
(2683, 117, 'Eloxalfähigkeit', '1 sehr gut'),
(2682, 117, 'Seewasserbeständigkeit', '2 gut'),
(2681, 117, 'Witterungsbeständigkeit', '1 sehr gut'),
(2679, 117, 'Länge (L)', '50 mm'),
(2680, 117, 'Schweißbarkeit', '2 gut'),
(2678, 117, 'Gewindelänge (A)', '15 mm'),
(2677, 117, 'Ausführung', 'nahtlos, gedreht'),
(2676, 117, 'Gewindenorm', 'Paralleles Whitworth-Rohrgewinde DIN ISO 228 (DIN 259)'),
(2675, 117, 'Anschlußgröße', '¼\" BSPP'),
(2674, 117, 'Anschlußart', 'Aussengewinde / Schweißende'),
(2673, 117, 'DIN / ISO', 'ähnl. DIN 2982'),
(2672, 117, 'Finish', 'Halbzeug, Oberflächenfehler möglich'),
(2934, 135, 'Anschlußart', 'Schweißende'),
(2851, 116, 'Witterungsbeständigkeit', '1 sehr gut'),
(2850, 116, 'Seewasserbeständigkeit', '2 gut'),
(2848, 116, 'Länge (L)', 'siehe Auswahl'),
(2849, 116, 'Schweißbarkeit', '2 gut'),
(2842, 116, 'Anschlußart', 'Aussengewinde / Schweißende'),
(2571, 99, 'Anschlußart', 'Innengewinde'),
(2572, 99, 'Anzahl der Einheiten', '1'),
(2573, 99, 'Anzahl pro Packung', '1 Stück'),
(2574, 99, 'Ausführung', 'nahtlos, gedreht'),
(2575, 99, 'Befestigungsmaterial inklusive', 'Nein'),
(2576, 99, 'Besonderheiten', 'geringes Eigengewicht, gut schweissbar, eloxierbar'),
(2577, 99, 'DIN / ISO', 'ähnl. DIN 2986'),
(2578, 99, 'Eloxalfähigkeit', '1 sehr gut'),
(2579, 99, 'Farbe', 'matt silbern'),
(2580, 99, 'Finish', 'nahtlos, blankgedreht'),
(2581, 99, 'Form', 'zylindrische Muffe'),
(2582, 99, 'Gewindenorm', 'Paralleles Whitworth-Rohrgewinde DIN ISO 228 (DIN 259)'),
(2583, 99, 'Herstellernummer', '4066077000103'),
(2584, 99, 'Herstellungsland und -region', 'Europa'),
(2585, 99, 'Marke', 'Alubogencenter.de'),
(2586, 99, 'Maßeinheit', 'Einheit'),
(2587, 99, 'Material', 'Aluminium'),
(2588, 99, 'Modifizierter Artikel', 'Nein'),
(2589, 99, 'Produktart', 'Gewindemuffe, Anschweißmuffe, threaded socket'),
(2590, 99, 'Schweißbarkeit', '2 gut'),
(2591, 99, 'Seewasserbeständigkeit', '2 gut'),
(2592, 99, 'Witterungsbeständigkeit', '1 sehr gut'),
(2659, 112, 'Seewasserbeständigkeit', '1 sehr gut'),
(2658, 112, 'Schweißbarkeit', '2 gut'),
(2657, 112, 'Produktart', 'T-Stück zum Schweißen'),
(2656, 112, 'Modifizierter Artikel', 'Nein'),
(2655, 112, 'Maßeinheit', 'Einheit'),
(2654, 112, 'Marke', 'Alubogencenter.de'),
(2653, 112, 'Herstellungsland und -region', 'Europa'),
(2652, 112, 'Herstellernummer', '4066077002671'),
(2651, 112, 'Form', 'T-Stück, Abgang gleich'),
(2650, 112, 'Finish', 'Halbzeug, Oberflächenfehler möglich'),
(2649, 112, 'Farbe', 'matt silbern'),
(2648, 112, 'Eloxalfähigkeit', '4 ausreichend'),
(2647, 112, 'Besonderheiten', 'geringes Eigengewicht, gut schweissbar, eloxierbar'),
(2646, 112, 'Befestigungsmaterial inklusive', 'Nein'),
(2645, 112, 'Anzahl pro Packung', '1 Stück'),
(2644, 112, 'Anzahl der Einheiten', '1'),
(2610, 113, 'Schweißbarkeit', '2 gut'),
(2611, 113, 'Witterungsbeständigkeit', '1 sehr gut'),
(2612, 113, 'Seewasserbeständigkeit', '2 gut'),
(2613, 113, 'Eloxalfähigkeit', '1 sehr gut'),
(2614, 113, 'Marke', 'Alubogencenter.de'),
(2615, 113, 'Herstellungsland und -region', 'Europa'),
(2616, 113, 'Produktart', 'T-Stück zum Schweißen'),
(2617, 113, 'Befestigungsmaterial inklusive', 'Nein'),
(2618, 113, 'Besonderheiten', 'geringes Eigengewicht, gut schweissbar, eloxierbar'),
(2619, 113, 'Form', 'T-Stück, Abgang gleich'),
(2620, 113, 'Maßeinheit', 'Einheit'),
(2621, 113, 'Modifizierter Artikel', 'Nein'),
(2622, 113, 'Anzahl pro Packung', '1 Stück'),
(2623, 113, 'Farbe', 'matt silbern'),
(2624, 113, 'Finish', 'Halbzeug, Oberflächenfehler möglich'),
(2625, 113, 'Herstellernummer', '4066077001117'),
(2626, 113, 'Anzahl der Einheiten', '1'),
(2627, 114, 'Schweißbarkeit', '2 gut'),
(2628, 114, 'Witterungsbeständigkeit', '1 sehr gut'),
(2629, 114, 'Seewasserbeständigkeit', '2 gut'),
(2630, 114, 'Eloxalfähigkeit', '1 sehr gut'),
(2631, 114, 'Marke', 'Alubogencenter.de'),
(2632, 114, 'Herstellungsland und -region', 'Europa'),
(2633, 114, 'Produktart', 'T-Stück zum Schweißen'),
(2634, 114, 'Befestigungsmaterial inklusive', 'Nein'),
(2635, 114, 'Besonderheiten', 'geringes Eigengewicht, gut schweissbar, eloxierbar'),
(2636, 114, 'Form', 'T-Stück, Abgang gleich'),
(2637, 114, 'Maßeinheit', 'Einheit'),
(2638, 114, 'Modifizierter Artikel', 'Nein'),
(2639, 114, 'Anzahl pro Packung', '1 Stück'),
(2640, 114, 'Farbe', 'matt silbern'),
(2641, 114, 'Finish', 'Halbzeug, Oberflächenfehler möglich'),
(2642, 114, 'Herstellernummer', '4066077002466'),
(2643, 114, 'Anzahl der Einheiten', '1'),
(2660, 112, 'Witterungsbeständigkeit', '1 sehr gut'),
(2847, 116, 'Gewindenorm', 'Paralleles Whitworth-Rohrgewinde DIN ISO 228 (DIN 259)'),
(2846, 116, 'Finish', 'Halbzeug, Oberflächenfehler möglich'),
(2845, 116, 'Eloxalfähigkeit', '1 sehr gut'),
(2844, 116, 'DIN / ISO', 'ähnl. DIN 2982'),
(2843, 116, 'Anschlußgröße', 'siehe Auswahl'),
(2076, 92, 'Maßeinheit', 'Einheit'),
(2077, 92, 'Material', 'Aluminium'),
(2078, 92, 'Modifizierter Artikel', 'Nein'),
(2079, 92, 'Produktart', 'Rohrbogen, Ellenbogen, Krümer, Schweißbogen'),
(2080, 92, 'Schweißbarkeit', '2 gut'),
(2081, 92, 'Seewasserbeständigkeit', '2 gut'),
(2082, 92, 'Witterungsbeständigkeit', '1 sehr gut'),
(1637, 80, 'Schweißbarkeit', '2 gut'),
(1638, 80, 'Witterungsbeständigkeit', '1 sehr gut'),
(1639, 80, 'Seewasserbeständigkeit', '2 gut'),
(1640, 80, 'Eloxalfähigkeit', '1 sehr gut'),
(1641, 80, 'Außendurchmesser (D) x Wandstärke (S)', '50 x 5,0 mm'),
(1642, 80, 'Marke', 'Alubogencenter.de'),
(1643, 80, 'Herstellungsland und -region', 'Europa'),
(1644, 80, 'Produktart', 'Rohrbogen, Ellenbogen, Krümer, Schweißbogen'),
(1645, 80, 'Befestigungsmaterial inklusive', 'Nein'),
(1646, 80, 'Besonderheiten', 'geringes Eigengewicht, gut schweissbar, eloxierbar'),
(1647, 80, 'Form', 'Bogen, Winkel, Krümmer'),
(1648, 80, 'Maßeinheit', 'Einheit'),
(1649, 80, 'Modifizierter Artikel', 'Nein'),
(1650, 80, 'Material', 'Aluminium'),
(1651, 80, 'Anzahl pro Packung', '1 Stück'),
(1652, 80, 'im Lieferumfang enthalten', ''),
(1653, 80, 'Farbe', 'matt silbern'),
(1654, 80, 'Finish', 'Halbzeug, Oberflächenfehler möglich'),
(1655, 80, 'Herstellernummer', '4066077001636'),
(1656, 80, 'Anzahl der Einheiten', '1'),
(1657, 80, 'Länge', ''),
(1658, 80, 'Breite', ''),
(1659, 80, 'Tiefe', ''),
(1660, 80, 'Höhe', ''),
(1661, 81, 'Schweißbarkeit', '2 gut'),
(1662, 81, 'Witterungsbeständigkeit', '1 sehr gut'),
(1663, 81, 'Seewasserbeständigkeit', '2 gut'),
(1664, 81, 'Eloxalfähigkeit', '1 sehr gut'),
(1665, 81, 'Außendurchmesser (D) x Wandstärke (S)', '100 x 3,0 mm'),
(1666, 81, 'Marke', 'Alubogencenter.de'),
(1667, 81, 'Herstellungsland und -region', 'Europa'),
(1668, 81, 'Produktart', 'Rohrbogen, Ellenbogen, Krümer, Schweißbogen'),
(1669, 81, 'Befestigungsmaterial inklusive', 'Nein'),
(1670, 81, 'Besonderheiten', 'geringes Eigengewicht, gut schweissbar, eloxierbar'),
(1671, 81, 'Form', 'Bogen, Winkel, Krümmer'),
(1672, 81, 'Maßeinheit', 'Einheit'),
(1673, 81, 'Modifizierter Artikel', 'Nein'),
(1674, 81, 'Material', 'Aluminium'),
(1675, 81, 'Anzahl pro Packung', '1 Stück'),
(1676, 81, 'im Lieferumfang enthalten', ''),
(1677, 81, 'Farbe', 'matt silbern'),
(1678, 81, 'Finish', 'Halbzeug, Oberflächenfehler möglich'),
(1679, 81, 'Herstellernummer', '4066077002275'),
(1680, 81, 'Anzahl der Einheiten', '1'),
(1681, 81, 'Länge', ''),
(1682, 81, 'Breite', ''),
(1683, 81, 'Tiefe', ''),
(1684, 81, 'Höhe', ''),
(1685, 82, 'Schweißbarkeit', '2 gut'),
(1686, 82, 'Witterungsbeständigkeit', '1 sehr gut'),
(1687, 82, 'Seewasserbeständigkeit', '2 gut'),
(1688, 82, 'Eloxalfähigkeit', '1 sehr gut'),
(1689, 82, 'Außendurchmesser (D) x Wandstärke (S)', '150 x 3,0 mm'),
(1690, 82, 'Marke', 'Alubogencenter.de'),
(1691, 82, 'Herstellungsland und -region', 'Europa'),
(1692, 82, 'Produktart', 'Rohrbogen, Ellenbogen, Krümer, Schweißbogen'),
(1693, 82, 'Befestigungsmaterial inklusive', 'Nein'),
(1694, 82, 'Besonderheiten', 'geringes Eigengewicht, gut schweissbar, eloxierbar'),
(1695, 82, 'Form', 'Bogen, Winkel, Krümmer'),
(1696, 82, 'Maßeinheit', 'Einheit'),
(1697, 82, 'Modifizierter Artikel', 'Nein'),
(1698, 82, 'Material', 'Aluminium'),
(1699, 82, 'Anzahl pro Packung', '1 Stück'),
(1700, 82, 'im Lieferumfang enthalten', ''),
(1701, 82, 'Farbe', 'matt silbern'),
(1702, 82, 'Finish', 'Halbzeug, Oberflächenfehler möglich'),
(1703, 82, 'Herstellernummer', '4066077004576'),
(1704, 82, 'Anzahl der Einheiten', '1'),
(1705, 82, 'Länge', ''),
(1706, 82, 'Breite', ''),
(1707, 82, 'Tiefe', ''),
(1708, 82, 'Höhe', ''),
(1709, 83, 'Schweißbarkeit', '2 gut'),
(1710, 83, 'Witterungsbeständigkeit', '1 sehr gut'),
(1711, 83, 'Seewasserbeständigkeit', '1 sehr gut'),
(1712, 83, 'Eloxalfähigkeit', '2 gut'),
(1713, 83, 'Außendurchmesser (D) x Wandstärke (S)', '86 x 3,0 mm'),
(1714, 83, 'Marke', 'Alubogencenter.de'),
(1715, 83, 'Herstellungsland und -region', 'Europa'),
(1716, 83, 'Produktart', 'Rohrbogen, Ellenbogen, Krümer, Schweißbogen'),
(1717, 83, 'Befestigungsmaterial inklusive', 'Nein'),
(1718, 83, 'Besonderheiten', 'geringes Eigengewicht, gut schweissbar, eloxierbar'),
(1719, 83, 'Form', 'Bogen, Winkel, Krümmer'),
(1720, 83, 'Maßeinheit', 'Einheit'),
(1721, 83, 'Modifizierter Artikel', 'Nein'),
(1722, 83, 'Material', 'Aluminium'),
(1723, 83, 'Anzahl pro Packung', '1 Stück'),
(1724, 83, 'im Lieferumfang enthalten', ''),
(1725, 83, 'Farbe', 'matt silbern'),
(1726, 83, 'Finish', 'Halbzeug, Oberflächenfehler möglich'),
(1727, 83, 'Herstellernummer', '4066077004521'),
(1728, 83, 'Anzahl der Einheiten', '1'),
(1729, 83, 'Länge', ''),
(1730, 83, 'Breite', ''),
(1731, 83, 'Tiefe', ''),
(1732, 83, 'Höhe', ''),
(1733, 84, 'Schweißbarkeit', '2 gut'),
(1734, 84, 'Witterungsbeständigkeit', '1 sehr gut'),
(1735, 84, 'Seewasserbeständigkeit', '2 gut'),
(1736, 84, 'Eloxalfähigkeit', '1 sehr gut'),
(1737, 84, 'Außendurchmesser (D) x Wandstärke (S)', '90 x 3,0 mm'),
(1738, 84, 'Marke', 'Alubogencenter.de'),
(1739, 84, 'Herstellungsland und -region', 'Europa'),
(1740, 84, 'Produktart', 'Rohrbogen, Ellenbogen, Krümer, Schweißbogen'),
(1741, 84, 'Befestigungsmaterial inklusive', 'Nein'),
(1742, 84, 'Besonderheiten', 'geringes Eigengewicht, gut schweissbar, eloxierbar'),
(1743, 84, 'Form', 'Bogen, Winkel, Krümmer'),
(1744, 84, 'Maßeinheit', 'Einheit'),
(1745, 84, 'Modifizierter Artikel', 'Nein'),
(1746, 84, 'Material', 'Aluminium'),
(1747, 84, 'Anzahl pro Packung', '1 Stück'),
(1748, 84, 'im Lieferumfang enthalten', ''),
(1749, 84, 'Farbe', 'matt silbern'),
(1750, 84, 'Finish', 'Halbzeug, Oberflächenfehler möglich'),
(1751, 84, 'Herstellernummer', '4066077004514'),
(1752, 84, 'Anzahl der Einheiten', '1'),
(1753, 84, 'Länge', ''),
(1754, 84, 'Breite', ''),
(1755, 84, 'Tiefe', ''),
(1756, 84, 'Höhe', ''),
(1757, 85, 'Schweißbarkeit', '2 gut'),
(1758, 85, 'Witterungsbeständigkeit', '1 sehr gut'),
(1759, 85, 'Seewasserbeständigkeit', '2 gut'),
(1760, 85, 'Eloxalfähigkeit', '1 sehr gut'),
(1761, 85, 'Außendurchmesser (D) x Wandstärke (S)', '60 x 3,0 mm'),
(1762, 85, 'Marke', 'Alubogencenter.de'),
(1763, 85, 'Herstellungsland und -region', 'Europa'),
(1764, 85, 'Produktart', 'Rohrbogen, Ellenbogen, Krümer, Schweißbogen'),
(1765, 85, 'Befestigungsmaterial inklusive', 'Nein'),
(1766, 85, 'Besonderheiten', 'geringes Eigengewicht, gut schweissbar, eloxierbar'),
(1767, 85, 'Form', 'Bogen, Winkel, Krümmer'),
(1768, 85, 'Maßeinheit', 'Einheit'),
(1769, 85, 'Modifizierter Artikel', 'Nein'),
(1770, 85, 'Material', 'Aluminium'),
(1771, 85, 'Anzahl pro Packung', '1 Stück'),
(1772, 85, 'im Lieferumfang enthalten', ''),
(1773, 85, 'Farbe', 'matt silbern'),
(1774, 85, 'Finish', 'Halbzeug, Oberflächenfehler möglich'),
(1775, 85, 'Herstellernummer', '4066077002152'),
(1776, 85, 'Anzahl der Einheiten', '1'),
(1777, 85, 'Länge', ''),
(1778, 85, 'Breite', ''),
(1779, 85, 'Tiefe', ''),
(1780, 85, 'Höhe', ''),
(2120, 94, 'Witterungsbeständigkeit', '1 sehr gut'),
(2119, 94, 'Seewasserbeständigkeit', '1 sehr gut'),
(2118, 94, 'Schweißbarkeit', '2 gut'),
(2117, 94, 'Produktart', 'Rohrbogen, Ellenbogen, Krümer, Schweißbogen'),
(2116, 94, 'Modifizierter Artikel', 'Nein'),
(2113, 94, 'Marke', 'Alubogencenter.de'),
(2114, 94, 'Maßeinheit', 'Einheit'),
(2115, 94, 'Material', 'Aluminium'),
(2112, 94, 'Herstellungsland und -region', 'Europa'),
(2111, 94, 'Herstellernummer', '4066077003364'),
(2110, 94, 'Form', 'Bogen, Winkel, Krümmer'),
(2109, 94, 'Finish', 'Halbzeug, Oberflächenfehler möglich'),
(2107, 94, 'Eloxalfähigkeit', '2 gut'),
(2108, 94, 'Farbe', 'matt silbern'),
(2106, 94, 'Besonderheiten', 'geringes Eigengewicht, gut schweissbar, eloxierbar'),
(2105, 94, 'Befestigungsmaterial inklusive', 'Nein'),
(2104, 94, 'Außendurchmesser (D) x Wandstärke (S)', '40 x 3,0 mm'),
(2102, 94, 'Anzahl der Einheiten', '1'),
(2103, 94, 'Anzahl pro Packung', '1 Stück'),
(2075, 92, 'Marke', 'Alubogencenter.de'),
(2072, 92, 'Form', 'Bogen, Winkel, Krümmer'),
(2073, 92, 'Herstellernummer', '4066077004606'),
(2074, 92, 'Herstellungsland und -region', 'Europa'),
(2069, 92, 'Eloxalfähigkeit', '1 sehr gut'),
(2070, 92, 'Farbe', 'matt silbern'),
(2071, 92, 'Finish', 'Halbzeug, Oberflächenfehler möglich'),
(2067, 92, 'Befestigungsmaterial inklusive', 'Nein'),
(2068, 92, 'Besonderheiten', 'geringes Eigengewicht, gut schweissbar, eloxierbar'),
(2066, 92, 'Außendurchmesser (D) x Wandstärke (S)', '20 x 3,0 mm'),
(2065, 92, 'Anzahl pro Packung', '1 Stück'),
(2064, 92, 'Anzahl der Einheiten', '1');

-- --------------------------------------------------------

--
-- Tabellenstruktur für Tabelle `ebay_products_itemspecifics_recommendations`
--

CREATE TABLE `ebay_products_itemspecifics_recommendations` (
  `ebay_products_itemspecifics_recommendations_id` int(11) NOT NULL,
  `ebay_products_id` int(11) NOT NULL,
  `is_name` varchar(255) NOT NULL,
  `is_value` varchar(255) NOT NULL
) ENGINE=MyISAM DEFAULT CHARSET=utf8;

--
-- Daten für Tabelle `ebay_products_itemspecifics_recommendations`
--

INSERT INTO `ebay_products_itemspecifics_recommendations` (`ebay_products_itemspecifics_recommendations_id`, `ebay_products_id`, `is_name`, `is_value`) VALUES
(319, 130, 'Maschengröße', ''),
(318, 130, 'Maschenform', ''),
(317, 130, 'Herstellungsland und -region', ''),
(316, 130, 'Herstellergarantie', ''),
(315, 130, 'Gewicht', '0,30 kg'),
(314, 130, 'Maßeinheit', 'Einheit'),
(309, 130, 'Montage erforderlich', 'Nein'),
(310, 130, 'Zusätzlich benötigte Teile', 'Nein'),
(311, 130, 'Anzahl pro Packung', '1 Paar'),
(312, 130, 'Stärke', ''),
(313, 130, 'Anzahl der Einheiten', '1'),
(308, 130, 'Befestigungsmaterial inklusive', 'Nein'),
(307, 130, 'Herstellernummer', '4066077004927'),
(306, 130, 'Länge', '35 cm'),
(304, 130, 'Finish', 'Qualitäts-Rindspaltleder'),
(305, 130, 'Höhe', ''),
(303, 130, 'Marke', 'Alubogencenter.de'),
(302, 130, 'Produktart', 'Maschendrahtzaun');

-- --------------------------------------------------------

--
-- Tabellenstruktur für Tabelle `ebay_products_manufacturers`
--

CREATE TABLE `ebay_products_manufacturers` (
  `ebay_products_manufacturers_id` int(11) NOT NULL,
  `ebay_products_id` int(11) NOT NULL,
  `manufacturer_companyname` varchar(128) COLLATE utf8mb4_unicode_ci NOT NULL,
  `manufacturer_street1` varchar(128) COLLATE utf8mb4_unicode_ci NOT NULL,
  `manufacturer_street2` varchar(128) COLLATE utf8mb4_unicode_ci NOT NULL,
  `manufacturer_stateorprovince` varchar(128) COLLATE utf8mb4_unicode_ci NOT NULL,
  `manufacturer_postalcode` varchar(16) COLLATE utf8mb4_unicode_ci NOT NULL,
  `manufacturer_cityname` varchar(128) COLLATE utf8mb4_unicode_ci NOT NULL,
  `manufacturer_country` varchar(128) COLLATE utf8mb4_unicode_ci NOT NULL,
  `manufacturer_email` varchar(128) COLLATE utf8mb4_unicode_ci NOT NULL,
  `manufacturer_phone` varchar(128) COLLATE utf8mb4_unicode_ci NOT NULL
) ENGINE=InnoDB DEFAULT CHARSET=utf8mb4 COLLATE=utf8mb4_unicode_ci;

-- --------------------------------------------------------

--
-- Tabellenstruktur für Tabelle `ebay_products_payments`
--

CREATE TABLE `ebay_products_payments` (
  `ebay_products_payments_id` int(11) NOT NULL,
  `ebay_products_id` int(11) NOT NULL DEFAULT '0',
  `payment` varchar(128) NOT NULL DEFAULT ''
) ENGINE=MyISAM DEFAULT CHARSET=utf8;

-- --------------------------------------------------------

--
-- Tabellenstruktur für Tabelle `ebay_products_productsafety`
--

CREATE TABLE `ebay_products_productsafety` (
  `ebay_products_productsafety_id` int(11) NOT NULL,
  `ebay_products_id` int(11) NOT NULL,
  `pictograms` varchar(255) COLLATE utf8mb4_unicode_ci NOT NULL,
  `statements` varchar(255) COLLATE utf8mb4_unicode_ci NOT NULL
) ENGINE=InnoDB DEFAULT CHARSET=utf8mb4 COLLATE=utf8mb4_unicode_ci;

-- --------------------------------------------------------

--
-- Tabellenstruktur für Tabelle `ebay_products_properties`
--

CREATE TABLE `ebay_products_properties` (
  `ebay_products_properties_id` int(11) NOT NULL,
  `ebay_products_id` int(11) NOT NULL,
  `date_added` datetime NOT NULL,
  `sort_order` int(1) NOT NULL
) ENGINE=MyISAM DEFAULT CHARSET=utf8;

-- --------------------------------------------------------

--
-- Tabellenstruktur für Tabelle `ebay_products_properties_description`
--

CREATE TABLE `ebay_products_properties_description` (
  `ebay_products_properties_description_id` int(11) NOT NULL,
  `ebay_products_properties_id` int(11) NOT NULL,
  `language_id` int(1) NOT NULL,
  `title` varchar(64) NOT NULL
) ENGINE=MyISAM DEFAULT CHARSET=utf8;

-- --------------------------------------------------------

--
-- Tabellenstruktur für Tabelle `ebay_products_properties_values`
--

CREATE TABLE `ebay_products_properties_values` (
  `ebay_products_properties_values_id` int(11) NOT NULL,
  `ebay_products_properties_id` int(11) NOT NULL,
  `price` decimal(15,4) NOT NULL,
  `sort_order` int(1) NOT NULL,
  `image` varchar(16) NOT NULL,
  `files_image` varchar(255) NOT NULL
) ENGINE=MyISAM DEFAULT CHARSET=utf8;

-- --------------------------------------------------------

--
-- Tabellenstruktur für Tabelle `ebay_products_properties_values_description`
--

CREATE TABLE `ebay_products_properties_values_description` (
  `ebay_products_properties_values_description_id` int(11) NOT NULL,
  `ebay_products_properties_values_id` int(11) NOT NULL,
  `language_id` int(11) NOT NULL,
  `title` varchar(64) NOT NULL
) ENGINE=MyISAM DEFAULT CHARSET=utf8;

-- --------------------------------------------------------

--
-- Tabellenstruktur für Tabelle `ebay_products_regulatory_documents`
--

CREATE TABLE `ebay_products_regulatory_documents` (
  `ebay_products_regulatory_documents_id` int(11) NOT NULL,
  `ebay_products_id` int(11) NOT NULL,
  `documents_id` varchar(64) COLLATE utf8mb4_unicode_ci NOT NULL,
  `date_added` timestamp NOT NULL DEFAULT CURRENT_TIMESTAMP ON UPDATE CURRENT_TIMESTAMP
) ENGINE=InnoDB DEFAULT CHARSET=utf8mb4 COLLATE=utf8mb4_unicode_ci;

-- --------------------------------------------------------

--
-- Tabellenstruktur für Tabelle `ebay_products_regulatory_hazmats`
--

CREATE TABLE `ebay_products_regulatory_hazmats` (
  `ebay_products_regulatory_hazmats_id` int(11) NOT NULL,
  `ebay_products_id` int(11) NOT NULL,
  `signalword` varchar(32) COLLATE utf8mb4_unicode_ci NOT NULL,
  `date_added` timestamp NOT NULL DEFAULT CURRENT_TIMESTAMP ON UPDATE CURRENT_TIMESTAMP,
  `statements` text COLLATE utf8mb4_unicode_ci NOT NULL,
  `pictograms` text COLLATE utf8mb4_unicode_ci NOT NULL
) ENGINE=InnoDB DEFAULT CHARSET=utf8mb4 COLLATE=utf8mb4_unicode_ci;

-- --------------------------------------------------------

--
-- Tabellenstruktur für Tabelle `ebay_products_responsible_persons`
--

CREATE TABLE `ebay_products_responsible_persons` (
  `ebay_products_responsible_persons_id` int(11) NOT NULL,
  `ebay_products_id` int(11) NOT NULL,
  `rp_companyname` varchar(128) COLLATE utf8mb4_unicode_ci NOT NULL,
  `rp_street1` varchar(128) COLLATE utf8mb4_unicode_ci NOT NULL,
  `rp_street2` varchar(128) COLLATE utf8mb4_unicode_ci NOT NULL,
  `rp_stateorprovince` varchar(128) COLLATE utf8mb4_unicode_ci NOT NULL,
  `rp_postalcode` varchar(16) COLLATE utf8mb4_unicode_ci NOT NULL,
  `rp_cityname` varchar(128) COLLATE utf8mb4_unicode_ci NOT NULL,
  `rp_country` varchar(128) COLLATE utf8mb4_unicode_ci NOT NULL,
  `rp_email` varchar(128) COLLATE utf8mb4_unicode_ci NOT NULL,
  `rp_phone` varchar(128) COLLATE utf8mb4_unicode_ci NOT NULL
) ENGINE=InnoDB DEFAULT CHARSET=utf8mb4 COLLATE=utf8mb4_unicode_ci;

-- --------------------------------------------------------

--
-- Tabellenstruktur für Tabelle `ebay_products_shippings`
--

CREATE TABLE `ebay_products_shippings` (
  `ebay_products_shippings_id` int(11) NOT NULL,
  `ebay_products_id` int(11) NOT NULL DEFAULT '0',
  `shippingtype` enum('international','national') NOT NULL DEFAULT 'national',
  `ShippingService` varchar(64) NOT NULL,
  `ShippingServiceAdditionalCost` float NOT NULL DEFAULT '0',
  `ShippingServiceCost` float NOT NULL DEFAULT '0',
  `ShippingServicePriority` int(11) NOT NULL DEFAULT '0',
  `shipsWithinDays` int(11) NOT NULL DEFAULT '0'
) ENGINE=MyISAM DEFAULT CHARSET=utf8;

-- --------------------------------------------------------

--
-- Tabellenstruktur für Tabelle `ebay_products_shippings_locations`
--

CREATE TABLE `ebay_products_shippings_locations` (
  `ebay_products_shippings_locations_id` int(11) NOT NULL,
  `ebay_products_shippings_id` int(11) NOT NULL DEFAULT '0',
  `location` varchar(255) NOT NULL DEFAULT ''
) ENGINE=MyISAM DEFAULT CHARSET=utf8;

-- --------------------------------------------------------

--
-- Tabellenstruktur für Tabelle `ebay_products_to_categories`
--

CREATE TABLE `ebay_products_to_categories` (
  `id` int(11) NOT NULL,
  `products_id` int(11) NOT NULL DEFAULT '0',
  `category_id` int(11) NOT NULL DEFAULT '0'
) ENGINE=MyISAM DEFAULT CHARSET=utf8;

-- --------------------------------------------------------

--
-- Tabellenstruktur für Tabelle `ebay_products_variations`
--

CREATE TABLE `ebay_products_variations` (
  `ebay_products_variations_id` int(11) NOT NULL,
  `ebay_products_id` int(11) NOT NULL,
  `title` varchar(64) NOT NULL,
  `content` varchar(255) NOT NULL
) ENGINE=MyISAM DEFAULT CHARSET=utf8;

-- --------------------------------------------------------

--
-- Tabellenstruktur für Tabelle `ebay_products_videos`
--

CREATE TABLE `ebay_products_videos` (
  `ebay_products_videos_id` int(11) NOT NULL,
  `ebay_products_id` int(11) NOT NULL,
  `video_id` varchar(255) COLLATE utf8mb4_unicode_ci NOT NULL,
  `video_title` varchar(255) COLLATE utf8mb4_unicode_ci NOT NULL
) ENGINE=InnoDB DEFAULT CHARSET=utf8mb4 COLLATE=utf8mb4_unicode_ci;

-- --------------------------------------------------------

--
-- Tabellenstruktur für Tabelle `ebay_sammler`
--

CREATE TABLE `ebay_sammler` (
  `id` int(11) NOT NULL,
  `titel` varchar(64) NOT NULL DEFAULT '',
  `angelegt` datetime NOT NULL DEFAULT '0000-00-00 00:00:00',
  `aktiv` enum('j','n') NOT NULL DEFAULT 'j',
  `type` varchar(64) NOT NULL DEFAULT '',
  `duration` int(1) NOT NULL DEFAULT '0',
  `boldTitle` int(1) NOT NULL DEFAULT '0',
  `highlight` int(1) NOT NULL DEFAULT '0',
  `quantity` int(11) NOT NULL DEFAULT '0',
  `description` text NOT NULL,
  `featured` int(1) NOT NULL DEFAULT '0',
  `galleryFeatured` int(1) NOT NULL DEFAULT '0',
  `galleryFeaturedDuration` int(1) NOT NULL,
  `gallery` int(1) NOT NULL DEFAULT '0',
  `category` varchar(32) DEFAULT NULL,
  `category2` varchar(32) DEFAULT NULL,
  `counter` varchar(64) NOT NULL DEFAULT '',
  `vat` int(1) NOT NULL DEFAULT '0',
  `geldzurueck` int(1) NOT NULL DEFAULT '0',
  `sofortneu` int(1) NOT NULL DEFAULT '0',
  `new` int(1) NOT NULL DEFAULT '0',
  `border` int(1) NOT NULL DEFAULT '0',
  `homepagefeatured` int(1) NOT NULL DEFAULT '0',
  `site` varchar(16) NOT NULL DEFAULT '',
  `paymentinstructions` text,
  `subtitletext` varchar(55) NOT NULL DEFAULT '',
  `gallery_plus` int(1) NOT NULL DEFAULT '0',
  `bestoffer` int(1) NOT NULL DEFAULT '0',
  `bestoffer_price` float NOT NULL DEFAULT '0',
  `country` char(2) NOT NULL DEFAULT '',
  `location` varchar(45) NOT NULL DEFAULT '',
  `shopcat` varchar(32) NOT NULL DEFAULT '0',
  `shopcat2` varchar(64) NOT NULL DEFAULT '',
  `shopcat_name` varchar(64) NOT NULL DEFAULT '',
  `shopcat2_name` varchar(64) NOT NULL DEFAULT '',
  `user` varchar(128) NOT NULL DEFAULT '',
  `template` varchar(255) NOT NULL DEFAULT '',
  `skype_enabled` int(1) NOT NULL DEFAULT '0',
  `skype_id` varchar(128) NOT NULL DEFAULT '',
  `skype_contact_option` varchar(16) NOT NULL DEFAULT '',
  `bestofferautoacceptprice` float NOT NULL DEFAULT '0',
  `revise` varchar(8) NOT NULL,
  `revise_option` int(11) NOT NULL,
  `postalcode` varchar(8) NOT NULL,
  `dispatchtimemax` tinyint(4) NOT NULL,
  `automatic_list_no_sell` int(1) NOT NULL,
  `itemcondition` int(1) NOT NULL,
  `ShippingDiscountProfileID` varchar(32) NOT NULL,
  `InternationalShippingDiscountProfileID` varchar(32) NOT NULL,
  `reserveprice` float NOT NULL,
  `returnswithincode` varchar(16) NOT NULL,
  `shippingcostpaidby` varchar(32) NOT NULL,
  `ebay_plus` int(1) NOT NULL,
  `seller_profile_payment_id` varchar(32) DEFAULT NULL,
  `seller_profile_return_policy_id` varchar(32) DEFAULT NULL,
  `seller_profile_shipping_id` varchar(32) DEFAULT NULL,
  `scheduletime` datetime NOT NULL
) ENGINE=MyISAM DEFAULT CHARSET=utf8;

--
-- Daten für Tabelle `ebay_sammler`
--

INSERT INTO `ebay_sammler` (`id`, `titel`, `angelegt`, `aktiv`, `type`, `duration`, `boldTitle`, `highlight`, `quantity`, `description`, `featured`, `galleryFeatured`, `galleryFeaturedDuration`, `gallery`, `category`, `category2`, `counter`, `vat`, `geldzurueck`, `sofortneu`, `new`, `border`, `homepagefeatured`, `site`, `paymentinstructions`, `subtitletext`, `gallery_plus`, `bestoffer`, `bestoffer_price`, `country`, `location`, `shopcat`, `shopcat2`, `shopcat_name`, `shopcat2_name`, `user`, `template`, `skype_enabled`, `skype_id`, `skype_contact_option`, `bestofferautoacceptprice`, `revise`, `revise_option`, `postalcode`, `dispatchtimemax`, `automatic_list_no_sell`, `itemcondition`, `ShippingDiscountProfileID`, `InternationalShippingDiscountProfileID`, `reserveprice`, `returnswithincode`, `shippingcostpaidby`, `ebay_plus`, `seller_profile_payment_id`, `seller_profile_return_policy_id`, `seller_profile_shipping_id`, `scheduletime`) VALUES
(6, 'Alu Bogen 90°  BA3', '2023-09-15 15:44:43', 'j', 'FixedPriceItem', 0, 0, 0, 25, '', 0, 0, 1, 1, '182928', '', 'NoHitCounter', 1, 1, 0, 0, 0, 0, 'Germany', 'Vielen Dank für Ihre Bestellung. Sollten Sie Fragen zu Ihrem Auftrag oder auch uns haben, so kommen Sie bitte direkt auf uns zu.', '', 0, 0, 0, 'DE', 'Buchholz i.d.N.', '', '', '', '', 'alubogencenter_de', 'ebay-templ.html', 0, '', '', 0, 'to_qty', 0, '21244', 1, 0, 1000, '', '', 0, 'Days_14', 'Buyer', 0, '250827391015', '250827726015', '250827380015', '0000-00-00 00:00:00'),
(7, 'Alu Muffen', '2023-09-24 17:53:27', 'j', 'FixedPriceItem', 0, 0, 0, 5, 'Gewindemuffen', 0, 0, 1, 1, '182928', '', 'NoHitCounter', 1, 1, 0, 0, 0, 0, 'Germany', 'Vielen Dank für Ihre Bestellung. Sollten Sie Fragen zu Ihrem Auftrag oder auch uns haben, so kommen Sie bitte direkt auf uns zu.', '', 0, 0, 0, 'DE', 'Buchholz i.d.N.', '', '', '', '', 'alubogencenter_de', 'ebay-templ.html', 0, '', '', 0, 'to_qty', 0, '21244', 1, 0, 1000, '', '', 0, 'Days_14', 'Buyer', 0, '250827391015', '250827726015', '250827380015', '0000-00-00 00:00:00'),
(8, 'Alu Nippel', '2023-09-24 17:54:01', 'j', 'FixedPriceItem', 0, 0, 0, 30, 'Anschweißnippel', 0, 0, 1, 1, '182928', '', 'NoHitCounter', 1, 1, 0, 0, 0, 0, 'Germany', 'Vielen Dank für Ihre Bestellung. Sollten Sie Fragen zu Ihrem Auftrag oder auch uns haben, so kommen Sie bitte direkt auf uns zu.', '', 0, 0, 0, 'DE', 'Buchholz i.d.N.', '', '', '', '', 'alubogencenter_de', 'ebay-templ.html', 0, '', '', 0, 'to_qty', 0, '21244', 1, 0, 1000, '', '', 0, 'Days_14', 'Buyer', 0, '250827391015', '250827726015', '250827380015', '0000-00-00 00:00:00'),
(9, 'Alu Bogen 180° BA3', '2023-12-31 14:54:36', 'j', 'FixedPriceItem', 0, 0, 0, 30, '', 0, 0, 1, 1, '182928', '', 'NoHitCounter', 1, 1, 0, 0, 0, 0, 'Germany', 'Vielen Dank für Ihre Bestellung. Sollten Sie Fragen zu Ihrem Auftrag oder auch uns haben, so kommen Sie bitte direkt auf uns zu.', '', 0, 0, 0, 'DE', 'Buchholz i.d.N.', '', '', '', '', 'alubogencenter_de', 'ebay-templ.html', 0, '', '', 0, 'to_qty', 0, '21244', 1, 0, 1000, '', '', 0, 'Days_14', 'Buyer', 0, '250827391015', '250827726015', '250827380015', '0000-00-00 00:00:00'),
(10, 'Alu Bogen 90°  BA5', '2023-12-31 15:11:04', 'j', 'FixedPriceItem', 0, 0, 0, 30, '', 0, 0, 1, 1, '182928', '', 'NoHitCounter', 1, 1, 0, 0, 0, 0, 'Germany', 'Vielen Dank für Ihre Bestellung. Sollten Sie Fragen zu Ihrem Auftrag oder auch uns haben, so kommen Sie bitte direkt auf uns zu.', '', 0, 0, 0, 'DE', 'Buchholz i.d.N.', '', '', '', '', 'alubogencenter_de', 'ebay-templ.html', 0, '', '', 0, 'to_qty', 0, '21244', 1, 0, 1000, '', '', 0, 'Days_14', 'Buyer', 0, '250827391015', '250827726015', '250827380015', '0000-00-00 00:00:00'),
(11, 'Alu Bogen 90°  BA10', '2023-12-31 15:19:28', 'j', 'FixedPriceItem', 0, 0, 0, 30, '', 0, 0, 1, 1, '182928', '', 'NoHitCounter', 1, 1, 0, 0, 0, 0, 'Germany', 'Vielen Dank für Ihre Bestellung. Sollten Sie Fragen zu Ihrem Auftrag oder auch uns haben, so kommen Sie bitte direkt auf uns zu.', '', 0, 0, 0, 'DE', 'Buchholz i.d.N.', '', '', '', '', 'alubogencenter_de', 'ebay-templ.html', 0, '', '', 0, 'to_qty', 0, '21244', 1, 0, 1000, '', '', 0, 'Days_14', 'Buyer', 0, '250827391015', '250827726015', '250827380015', '0000-00-00 00:00:00'),
(12, 'Alu T-Stücke', '2024-01-07 16:23:54', 'j', 'FixedPriceItem', 0, 0, 0, 5, '', 0, 0, 1, 1, '182928', '', 'NoHitCounter', 1, 1, 0, 0, 0, 0, 'Germany', 'Vielen Dank für Ihre Bestellung. Sollten Sie Fragen zu Ihrem Auftrag oder auch uns haben, so kommen Sie bitte direkt auf uns zu.', '', 0, 0, 0, 'DE', 'Buchholz i.d.N.', '', '', '', '', 'alubogencenter_de', 'ebay-templ.html', 0, '', '', 0, 'to_qty', 0, '21244', 1, 0, 1000, '', '', 0, 'Days_14', 'Buyer', 0, '250827391015', '250827726015', '250827380015', '0000-00-00 00:00:00'),
(13, 'Natohandschuhe', '2024-04-08 13:34:30', 'j', 'FixedPriceItem', 0, 0, 0, 60, 'Kategorie Maschendraht · 12% Gebühren', 0, 0, 1, 1, '180984', '', 'NoHitCounter', 0, 1, 0, 0, 0, 0, 'Germany', 'Vielen Dank für Ihre Bestellung. Sollten Sie Fragen zu Ihrem Auftrag oder auch uns haben, so kommen Sie bitte direkt auf uns zu.', '', 1, 0, 0, 'DE', 'Buchholz i.d.N.', '', '', '', '', 'alubogencenter_de', 'ebay-templ.html', 0, '', '', 0, 'to_qty', 0, '21244', 2, 0, 1000, '', '', 0, 'Days_14', 'Buyer', 0, '250827391015', '250827726015', '250827380015', '0000-00-00 00:00:00'),
(14, 'Tubfix', '2024-04-27 12:04:04', 'j', 'FixedPriceItem', 0, 0, 0, 40, 'Küchenhelfer · 12% Gebühren', 0, 0, 1, 1, '20651', '', 'NoHitCounter', 0, 1, 0, 0, 0, 0, 'Germany', 'Vielen Dank für Ihre Bestellung. Sollten Sie Fragen zu Ihrem Auftrag oder auch uns haben, so kommen Sie bitte direkt auf uns zu.', '', 1, 0, 0, 'DE', 'Buchholz i.d.N.', '', '', '', '', 'alubogencenter_de', 'ebay-templ.html', 0, '', '', 0, 'to_qty', 0, '21244', 2, 0, 1000, '', '', 0, 'Days_14', 'Buyer', 0, '250827391015', '250827726015', '250827380015', '0000-00-00 00:00:00'),
(15, 'Alu Schlauchtüllen', '2025-04-17 10:52:23', 'j', 'FixedPriceItem', 0, 0, 0, 15, 'Schlauchtüllen mit Sicke, Rohrstücke mit Sicke', 0, 0, 1, 1, '182928', '', 'NoHitCounter', 1, 1, 0, 0, 0, 0, 'Germany', 'Vielen Dank für Ihre Bestellung. Sollten Sie Fragen zu Ihrem Auftrag oder auch uns haben, so kommen Sie bitte direkt auf uns zu.', '', 0, 0, 0, 'DE', 'Buchholz i.d.N.', '', '', '', '', 'alubogencenter_de', 'ebay-templ.html', 0, '', '', 0, 'to_qty', 0, '21244', 1, 0, 1000, '', '', 0, 'Days_14', 'Buyer', 0, '250827391015', '250827726015', '250827380015', '0000-00-00 00:00:00'),
(16, 'Alu Vorschweißbördel', '2025-04-17 11:56:16', 'j', 'FixedPriceItem', 0, 0, 0, 2, 'Vorschweißbördel Bordscheiben', 0, 0, 1, 1, '182928', '', 'NoHitCounter', 1, 1, 0, 0, 0, 0, 'Germany', 'Vielen Dank für Ihre Bestellung. Sollten Sie Fragen zu Ihrem Auftrag oder auch uns haben, so kommen Sie bitte direkt auf uns zu.', '', 0, 0, 0, 'DE', 'Buchholz i.d.N.', '', '', '', '', 'alubogencenter_de', 'ebay-templ.html', 0, '', '', 0, 'to_qty', 0, '21244', 1, 0, 1000, '', '', 0, 'Days_14', 'Buyer', 0, '250827391015', '250827726015', '250827380015', '0000-00-00 00:00:00');

-- --------------------------------------------------------

--
-- Tabellenstruktur für Tabelle `ebay_sammler_characteristics`
--

CREATE TABLE `ebay_sammler_characteristics` (
  `ebay_sammler_characteristics_id` int(11) NOT NULL,
  `ebay_sammler_id` int(11) NOT NULL DEFAULT '0',
  `category_number` tinyint(4) NOT NULL DEFAULT '0',
  `attribute_set_id` int(11) NOT NULL DEFAULT '0',
  `attribute_type` varchar(8) NOT NULL DEFAULT '',
  `attribute_id` int(11) NOT NULL DEFAULT '0',
  `attribute_value` text NOT NULL
) ENGINE=MyISAM DEFAULT CHARSET=utf8;

-- --------------------------------------------------------

--
-- Tabellenstruktur für Tabelle `ebay_sammler_copy`
--

CREATE TABLE `ebay_sammler_copy` (
  `ebay_sammler_copy_id` int(11) NOT NULL,
  `ebay_sammler_id` int(11) DEFAULT NULL,
  `type` int(1) NOT NULL DEFAULT '0',
  `duration` int(1) NOT NULL DEFAULT '0',
  `boldTitle` int(1) NOT NULL DEFAULT '0',
  `highlight` int(1) NOT NULL DEFAULT '0',
  `quantity` int(1) NOT NULL DEFAULT '0',
  `featured` int(1) NOT NULL DEFAULT '0',
  `galleryFeatured` int(1) NOT NULL DEFAULT '0',
  `galleryFeaturedDuration` int(1) NOT NULL,
  `gallery` int(1) NOT NULL DEFAULT '0',
  `category` int(1) NOT NULL DEFAULT '0',
  `category2` int(1) NOT NULL DEFAULT '0',
  `counter` int(1) NOT NULL DEFAULT '0',
  `vat` int(1) NOT NULL DEFAULT '0',
  `geldzurueck` int(1) NOT NULL DEFAULT '0',
  `sofortneu` int(1) NOT NULL DEFAULT '0',
  `new` int(1) NOT NULL DEFAULT '0',
  `border` int(1) NOT NULL DEFAULT '0',
  `homepagefeatured` int(1) NOT NULL DEFAULT '0',
  `site` int(1) NOT NULL DEFAULT '0',
  `paymentinstructions` int(1) NOT NULL DEFAULT '0',
  `payments` int(1) NOT NULL DEFAULT '0',
  `subtitletext` varchar(55) NOT NULL DEFAULT '',
  `shippingmethods` int(1) NOT NULL DEFAULT '0',
  `gallery_plus` int(1) NOT NULL DEFAULT '0',
  `bestoffer` int(1) NOT NULL DEFAULT '0',
  `bestoffer_price` float NOT NULL DEFAULT '0',
  `country` char(2) NOT NULL DEFAULT '',
  `location` varchar(45) NOT NULL DEFAULT '',
  `shopcat` int(1) NOT NULL DEFAULT '0',
  `shopcat2` int(1) NOT NULL DEFAULT '0',
  `user` int(1) NOT NULL DEFAULT '0',
  `template` varchar(255) NOT NULL DEFAULT '',
  `skype_enabled` int(1) NOT NULL DEFAULT '0',
  `skype_id` varchar(128) NOT NULL DEFAULT '',
  `skype_contact_option` varchar(16) NOT NULL DEFAULT '',
  `bestofferautoacceptprice` float NOT NULL DEFAULT '0',
  `characteristics` int(1) NOT NULL DEFAULT '0',
  `revise` int(1) NOT NULL,
  `revise_option` int(1) NOT NULL,
  `itemspecifics` int(1) NOT NULL,
  `postalcode` int(1) NOT NULL,
  `dispatchtimemax` tinyint(4) NOT NULL,
  `automatic_list_no_sell` int(1) NOT NULL,
  `itemcondition` tinyint(1) NOT NULL,
  `itemspecifics_recommendations` int(1) NOT NULL,
  `ShippingDiscountProfileID` varchar(32) NOT NULL,
  `InternationalShippingDiscountProfileID` varchar(32) NOT NULL,
  `reserveprice` float NOT NULL,
  `returnswithincode` varchar(16) NOT NULL,
  `shippingcostpaidby` varchar(32) NOT NULL,
  `ebay_plus` int(1) NOT NULL,
  `seller_profile_payment_id` varchar(32) DEFAULT NULL,
  `seller_profile_return_policy_id` varchar(32) DEFAULT NULL,
  `seller_profile_shipping_id` varchar(32) DEFAULT NULL,
  `scheduletime` int(11) NOT NULL
) ENGINE=MyISAM DEFAULT CHARSET=utf8;

--
-- Daten für Tabelle `ebay_sammler_copy`
--

INSERT INTO `ebay_sammler_copy` (`ebay_sammler_copy_id`, `ebay_sammler_id`, `type`, `duration`, `boldTitle`, `highlight`, `quantity`, `featured`, `galleryFeatured`, `galleryFeaturedDuration`, `gallery`, `category`, `category2`, `counter`, `vat`, `geldzurueck`, `sofortneu`, `new`, `border`, `homepagefeatured`, `site`, `paymentinstructions`, `payments`, `subtitletext`, `shippingmethods`, `gallery_plus`, `bestoffer`, `bestoffer_price`, `country`, `location`, `shopcat`, `shopcat2`, `user`, `template`, `skype_enabled`, `skype_id`, `skype_contact_option`, `bestofferautoacceptprice`, `characteristics`, `revise`, `revise_option`, `itemspecifics`, `postalcode`, `dispatchtimemax`, `automatic_list_no_sell`, `itemcondition`, `itemspecifics_recommendations`, `ShippingDiscountProfileID`, `InternationalShippingDiscountProfileID`, `reserveprice`, `returnswithincode`, `shippingcostpaidby`, `ebay_plus`, `seller_profile_payment_id`, `seller_profile_return_policy_id`, `seller_profile_shipping_id`, `scheduletime`) VALUES
(21, 10, 0, 0, 0, 0, 0, 0, 0, 0, 0, 0, 0, 0, 0, 0, 0, 0, 0, 0, 0, 0, 0, '', 0, 0, 0, 0, '', '', 0, 0, 0, '', 0, '', '', 0, 0, 0, 0, 0, 0, 0, 0, 0, 0, '', '', 0, '', '', 0, NULL, NULL, NULL, 0),
(22, 11, 0, 0, 0, 0, 0, 0, 0, 0, 0, 0, 0, 0, 0, 0, 0, 0, 0, 0, 0, 0, 0, '', 0, 0, 0, 0, '', '', 0, 0, 0, '', 0, '', '', 0, 0, 0, 0, 0, 0, 0, 0, 0, 0, '', '', 0, '', '', 0, '', '', '', 0),
(23, 12, 0, 0, 0, 0, 0, 0, 0, 0, 0, 0, 0, 0, 0, 0, 0, 0, 0, 0, 0, 0, 0, '', 0, 0, 0, 0, '', '', 0, 0, 0, '', 0, '', '', 0, 0, 0, 0, 0, 0, 0, 0, 0, 0, '', '', 0, '', '', 0, NULL, NULL, NULL, 0);

-- --------------------------------------------------------

--
-- Tabellenstruktur für Tabelle `ebay_sammler_itemspecifics`
--

CREATE TABLE `ebay_sammler_itemspecifics` (
  `ebay_sammler_itemspecifics_id` int(11) NOT NULL,
  `ebay_sammler_id` int(11) NOT NULL,
  `is_name` varchar(64) NOT NULL,
  `is_value` varchar(255) NOT NULL
) ENGINE=MyISAM DEFAULT CHARSET=utf8;

-- --------------------------------------------------------

--
-- Tabellenstruktur für Tabelle `ebay_sammler_itemspecifics_recommendations`
--

CREATE TABLE `ebay_sammler_itemspecifics_recommendations` (
  `ebay_sammler_itemspecifics_recommendations_id` int(11) NOT NULL,
  `ebay_sammler_id` int(11) NOT NULL,
  `is_name` varchar(255) NOT NULL,
  `is_value` varchar(255) NOT NULL
) ENGINE=MyISAM DEFAULT CHARSET=utf8;

-- --------------------------------------------------------

--
-- Tabellenstruktur für Tabelle `ebay_sammler_payments`
--

CREATE TABLE `ebay_sammler_payments` (
  `ebay_sammler_payments_id` int(11) NOT NULL,
  `ebay_sammler_id` int(11) NOT NULL DEFAULT '0',
  `payment` varchar(128) NOT NULL DEFAULT ''
) ENGINE=MyISAM DEFAULT CHARSET=utf8;

-- --------------------------------------------------------

--
-- Tabellenstruktur für Tabelle `ebay_sammler_shippings`
--

CREATE TABLE `ebay_sammler_shippings` (
  `ebay_sammler_shippings_id` int(11) NOT NULL,
  `ebay_sammler_id` int(11) NOT NULL DEFAULT '0',
  `shippingtype` enum('international','national') NOT NULL DEFAULT 'national',
  `ShippingService` varchar(255) NOT NULL DEFAULT '',
  `ShippingServiceAdditionalCost` float NOT NULL DEFAULT '0',
  `ShippingServiceCost` float NOT NULL DEFAULT '0',
  `ShippingServicePriority` int(11) NOT NULL DEFAULT '0',
  `shipsWithinDays` int(11) NOT NULL DEFAULT '0'
) ENGINE=MyISAM DEFAULT CHARSET=utf8;

-- --------------------------------------------------------

--
-- Tabellenstruktur für Tabelle `ebay_sammler_shippings_locations`
--

CREATE TABLE `ebay_sammler_shippings_locations` (
  `ebay_sammler_shippings_locations_id` int(11) NOT NULL,
  `ebay_sammler_shippings_id` int(11) NOT NULL DEFAULT '0',
  `location` varchar(255) NOT NULL DEFAULT ''
) ENGINE=MyISAM DEFAULT CHARSET=utf8;

-- --------------------------------------------------------

--
-- Tabellenstruktur für Tabelle `ebay_seller_profiles`
--

CREATE TABLE `ebay_seller_profiles` (
  `ebay_seller_profiles_id` int(11) NOT NULL,
  `ebay_user` varchar(64) NOT NULL,
  `ProfileType` varchar(16) NOT NULL,
  `ProfileID` varchar(32) NOT NULL,
  `ProfileName` varchar(64) NOT NULL,
  `ShortSummary` text NOT NULL
) ENGINE=MyISAM DEFAULT CHARSET=utf8;

--
-- Daten für Tabelle `ebay_seller_profiles`
--

INSERT INTO `ebay_seller_profiles` (`ebay_seller_profiles_id`, `ebay_user`, `ProfileType`, `ProfileID`, `ProfileName`, `ShortSummary`) VALUES
(24, 'alubogencenter_de', 'SHIPPING', '250827380015', 'Versandkosten DHL Inland 7,50 € pauschal', 'ohne Inseln, mit Filialen, Shops und Packstationen'),
(21, 'alubogencenter_de', 'PAYMENT', '250827391015', 'Zahlungsbedingung Standard', 'keine Barzahlung, Sofortkauf muss nicht sofort zahlen'),
(23, 'alubogencenter_de', 'RETURN_POLICY', '250827735015', 'Rücknahmebedingung - eBay-Garantie Programm', 'Inland 30 Tage, Ausland keine Rücknahme'),
(22, 'alubogencenter_de', 'RETURN_POLICY', '250827726015', 'Rücknahmebedingung - Standard', 'Inland 30 Tage, Ausland keine Rücknahme');

-- --------------------------------------------------------

--
-- Tabellenstruktur für Tabelle `ebay_shippingmethods`
--

CREATE TABLE `ebay_shippingmethods` (
  `ebay_shippingmethods_id` int(11) NOT NULL DEFAULT '0',
  `shippingmethod` varchar(128) NOT NULL DEFAULT '',
  `source` enum('national','international') NOT NULL DEFAULT 'national',
  `title` varchar(255) NOT NULL,
  `site` int(11) NOT NULL
) ENGINE=MyISAM DEFAULT CHARSET=utf8;

--
-- Daten für Tabelle `ebay_shippingmethods`
--

INSERT INTO `ebay_shippingmethods` (`ebay_shippingmethods_id`, `shippingmethod`, `source`, `title`, `site`) VALUES
(0, 'DE_DHLPaketPackstation', 'national', '', 77),
(0, 'DE_DHLPaket', 'national', '', 77);

-- --------------------------------------------------------

--
-- Tabellenstruktur für Tabelle `ebay_shippingoptions`
--

CREATE TABLE `ebay_shippingoptions` (
  `id` varchar(32) NOT NULL DEFAULT '0',
  `shippingoption_name` varchar(64) NOT NULL DEFAULT ''
) ENGINE=MyISAM DEFAULT CHARSET=utf8;

--
-- Daten für Tabelle `ebay_shippingoptions`
--

INSERT INTO `ebay_shippingoptions` (`id`, `shippingoption_name`) VALUES
('SiteOnly', 'Nur im Verkaufsland'),
('WorldWide', 'Weltweit'),
('SitePlusRegions', 'Europaweit'),
('WillNotShip', 'Kein Versand');

-- --------------------------------------------------------

--
-- Tabellenstruktur für Tabelle `ebay_sitecodes`
--

CREATE TABLE `ebay_sitecodes` (
  `ebay_sitecodes_id` int(11) NOT NULL,
  `site_id` varchar(64) NOT NULL DEFAULT ''
) ENGINE=MyISAM DEFAULT CHARSET=utf8;

--
-- Daten für Tabelle `ebay_sitecodes`
--

INSERT INTO `ebay_sitecodes` (`ebay_sitecodes_id`, `site_id`) VALUES
(1, 'US'),
(2, 'UK'),
(3, 'Germany'),
(4, 'Spain'),
(5, 'Canada'),
(6, 'Australia'),
(7, 'Austria'),
(8, 'Belgium_French'),
(9, 'France'),
(10, 'Italy'),
(11, 'Belgium_Dutch'),
(12, 'Netherlands'),
(13, 'Switzerland'),
(14, 'Taiwan'),
(15, 'HongKong'),
(16, 'Singapore'),
(17, 'India'),
(18, 'China'),
(19, 'Ireland'),
(20, 'Malaysia'),
(21, 'Philippines'),
(22, 'Poland'),
(23, 'Sweden');

-- --------------------------------------------------------

--
-- Tabellenstruktur für Tabelle `ebay_sites`
--

CREATE TABLE `ebay_sites` (
  `id` int(2) NOT NULL DEFAULT '0',
  `site_name` varchar(32) NOT NULL DEFAULT '',
  `site_id` char(3) NOT NULL DEFAULT ''
) ENGINE=MyISAM DEFAULT CHARSET=utf8;

--
-- Daten für Tabelle `ebay_sites`
--

INSERT INTO `ebay_sites` (`id`, `site_name`, `site_id`) VALUES
(0, 'US', ''),
(16, 'Austria', ''),
(77, 'Germany', ''),
(146, 'Netherlands', ''),
(193, 'Switzerland', ''),
(186, 'Spain', ''),
(71, 'France', ''),
(3, 'UK', '');

-- --------------------------------------------------------

--
-- Tabellenstruktur für Tabelle `ebay_template_excludes`
--

CREATE TABLE `ebay_template_excludes` (
  `id` int(11) NOT NULL,
  `ebay_products_id` int(11) NOT NULL DEFAULT '0',
  `pic` varchar(100) NOT NULL DEFAULT ''
) ENGINE=MyISAM DEFAULT CHARSET=utf8;

-- --------------------------------------------------------

--
-- Tabellenstruktur für Tabelle `ebay_textitems`
--

CREATE TABLE `ebay_textitems` (
  `id` int(11) NOT NULL,
  `text` text NOT NULL,
  `class` varchar(32) NOT NULL DEFAULT '0',
  `module` varchar(32) NOT NULL DEFAULT '',
  `value` varchar(64) NOT NULL DEFAULT '',
  `subject` varchar(64) NOT NULL,
  `sort_order` tinyint(4) NOT NULL,
  `date_added` datetime NOT NULL
) ENGINE=MyISAM DEFAULT CHARSET=utf8;

--
-- Daten für Tabelle `ebay_textitems`
--

INSERT INTO `ebay_textitems` (`id`, `text`, `class`, `module`, `value`, `subject`, `sort_order`, `date_added`) VALUES
(1, 'Vielen Dank f&#252;r Ihren Einkauf! Liebe Gr&#252;&#223;e Ihr Alubogencenter.de', 'Bewertung (1)', 'feedback', 'positive', '', 101, '0000-00-00 00:00:00'),
(2, 'Danke f&#252;r reibungslose Zusammenarbeit! Ausgezeichneter K&#228;ufer ! Danke Alubogencenter.de', 'Bewertung (2)', 'feedback', 'positive', '', 102, '0000-00-00 00:00:00'),
(3, 'Besten Dank und viel Freude mit dem Artikel w&#252;nscht das Alubogencenter.de', 'Bewertung (3)', 'feedback', 'positive', '', 103, '0000-00-00 00:00:00'),
(4, 'Seri&#246;ser K&#228;ufer, prompte Bezahlung, gesch&#228;tzter Kunde - Alubogencenter.de', 'Bewertung (4)', 'feedback', 'positive', '', 104, '0000-00-00 00:00:00'),
(5, 'Perfekter eBayer(in) - gerne wieder - Gr&#252;&#223;e vom Alubogencenter.de', 'Bewertung (5)', 'feedback', 'positive', '', 105, '0000-00-00 00:00:00'),
(6, 'Das Alubogencenter.de sagt DANKE f&#252;r die angenehme Transaktion ! Immer gerne wieder !', 'Bewertung (6)', 'feedback', 'positive', '', 106, '0000-00-00 00:00:00'),
(7, '<p><strong>KAUFABWICKLUNG:</strong></p>\r\n<p>Sie erhalten von UNS direkt nach Ihrem Kauf eine Kaufbest&#228;tigungs-Email mit Ihren Zugangsdaten zu unserer Kaufabwicklung.</p>\r\n<p>Dort k&#246;nnen Sie in 4 einfachen Schritten Ihre Adressdaten kontrollieren und auch &#228;ndern und auch die Zahlart ausw&#228;hlen.</p>\r\n<p>Nur wenn Sie unsere Kaufabwicklung benutzen ist eine schnelle und reibungslose Abwicklung m&#246;glich.</p>', 'eBay - Versandhinweise', 'mail', 'positive', '', 127, '0000-00-00 00:00:00'),
(8, 'Das ist ein Textbaustein f&#252;r den Statuskommentar in den Auftr&#228;gen', 'Status Kommentar im Auftrag', 'orders_status_comment', 'positive', '', 1, '2015-03-09 15:01:48'),
(9, 'Das ist ein Standardkommentar f&#252;r die Retouren-R&#252;ckbuchung', 'Status Kommentar in den Retouren', 'retoure', 'positive', '', 2, '2015-03-09 15:02:37'),
(10, 'Super Abwicklung, zuverl&#228;ssiger K&#228;ufer, das Alubogencenter.de bedankt sich herzlichst !', 'Bewertung (7)', 'feedback', 'positive', '', 107, '0000-00-00 00:00:00'),
(11, 'Wir bedanken uns f&#252;r Ihren Einkauf beim Alubogencenter.de', 'Bewertung (8)', 'feedback', 'positive', '', 108, '0000-00-00 00:00:00'),
(12, '<div style=\\\"text-align: left;\\\"><span style=\\\"font-size: 10pt;\\\">Mit freundlichen Gr&#252;&#223;en</span></div>\r\n<div style=\\\"text-align: left;\\\"></div>\r\n<div style=\\\"text-align: left;\\\"><span style=\\\"font-size: 10pt;\\\">Rolf Brendem&#252;hl</span><br /><br /><img src=\\\"http://alubogencenter.com//ebaymich/ABC/ABC-Logo.jpg\\\" alt=\\\"\\\" width=\\\"236\\\" height=\\\"65\\\" /><br /><br /><span style=\\\"font-size: 10pt;\\\">Alubogencenter.de</span></div>\r\n<div style=\\\"text-align: left;\\\"><span style=\\\"font-size: 10pt;\\\">Inhaber: Rolf Brendem&#252;hl</span></div>\r\n<div style=\\\"text-align: left;\\\"><span style=\\\"font-size: 10pt;\\\">Hamburger Stra&#223;e 4b</span></div>\r\n<div style=\\\"text-align: left;\\\"><span style=\\\"font-size: 10pt;\\\">21244 Buchholz i.d.N.</span><br /><span style=\\\"font-size: 10pt;\\\">Germany</span><br /><br /><span style=\\\"font-size: 10pt;\\\">Fon: +49 (0) 4181 / 137352</span><br /><span style=\\\"font-size: 10pt;\\\">Mail: info@alubogencenter.com</span><br /><span style=\\\"font-size: 10pt;\\\">Website: www.alubogencenter.com</span><br /><span style=\\\"font-size: 10pt;\\\">USt.-Id.Nr.:&#160;DE815479160</span><br /><br /></div>', 'Shop Signatur', 'mail', 'positive', '', 50, '2023-09-04 19:30:16'),
(13, '<div style=\\\"text-align: left;\\\"><span style=\\\"font-size: 10pt;\\\">Mit freundlichen Gr&#252;&#223;en</span></div>\r\n<div style=\\\"text-align: left;\\\"></div>\r\n<div style=\\\"text-align: left;\\\"><span style=\\\"font-size: 10pt;\\\">Rolf Brendem&#252;hl</span><br /><br /><span style=\\\"font-size: 10pt;\\\">Alubogencenter_de</span></div>\r\n<div style=\\\"text-align: left;\\\"><span style=\\\"font-size: 10pt;\\\">Inhaber: Rolf Brendem&#252;hl</span></div>\r\n<div style=\\\"text-align: left;\\\"><span style=\\\"font-size: 10pt;\\\">Hamburger Stra&#223;e 4b</span></div>\r\n<div style=\\\"text-align: left;\\\"><span style=\\\"font-size: 10pt;\\\">21244 Buchholz i.d.N.</span><br /><span style=\\\"font-size: 10pt;\\\">Germany</span><br /><br /><br /></div>', 'eBay Signatur', 'mail', 'positive', '', 50, '2023-09-04 19:30:16'),
(14, '', 'Vorlage Versandkostenhinweis eBa', 'ebayshipping', 'positive', '', 3, '2023-09-24 19:05:16'),
(15, 'Vielen Dank f&#252;r Ihre Bestellung. Sollten Sie Fragen zu Ihrem Auftrag oder auch uns haben, so kommen Sie bitte direkt auf uns zu.', 'Textbaustein Zahlungshinweis', 'ebayshipping', 'positive', '', 4, '2023-09-24 19:07:50'),
(16, '<div style=\\\"text-align: left;\\\"><span style=\\\"font-size: 12pt;\\\">Sehr geehrte Damen und Herren,</span></div>\r\n<div style=\\\"text-align: left;\\\"></div>\r\n<div style=\\\"text-align: left;\\\"><span style=\\\"font-size: 12pt;\\\"></span>\r\n<p><span style=\\\"font-size: 12pt;\\\">bitte nutzen Sie f&#252;r Ihre zuk&#252;nftigen Anfragen, die<strong>&#160;<span style=\\\"color: #ff6600;\\\">B2B Mailadresse</span>.</strong></span></p>\r\n<span style=\\\"font-size: 12pt;\\\"><br /></span>\r\n<div><span style=\\\"font-size: 14pt;\\\"><strong><a href=\\\"mailto:office@alubogencenter.de\\\">office@alubogencenter.de</a></strong></span></div>\r\n<span style=\\\"font-size: 12pt;\\\"></span>\r\n<div></div>\r\n<span style=\\\"font-size: 12pt;\\\"></span>\r\n<div></div>\r\n<span style=\\\"font-size: 12pt;\\\">Ihre Anfrage wurde weitergereicht und das Angebot wird in K&#252;rze bei Ihnen sein.</span></div>\r\n<div style=\\\"text-align: left;\\\"><span style=\\\"font-size: 12pt;\\\"><br /><br /></span>\r\n<div><span style=\\\"font-size: 12pt;\\\">Mit freundlichen Gr&#252;&#223;en</span></div>\r\n<div></div>\r\n<div><span style=\\\"font-size: 12pt;\\\">Rolf Brendem&#252;hl</span><br /><br /><span style=\\\"font-size: 12pt;\\\"><img src=\\\"http://alubogencenter.com//ebaymich/ABC/ABC-Logo.jpg\\\" alt=\\\"\\\" width=\\\"236\\\" height=\\\"65\\\" /></span><br /><br /><span style=\\\"font-size: 12pt;\\\">Alubogencenter.de</span></div>\r\n<span style=\\\"font-size: 12pt;\\\"><br /></span>\r\n<div><span style=\\\"font-size: 12pt;\\\">Inhaber: Rolf Brendem&#252;hl</span></div>\r\n<span style=\\\"font-size: 12pt;\\\"><br /></span>\r\n<div><span style=\\\"font-size: 12pt;\\\">Hamburger Stra&#223;e 4b</span></div>\r\n<span style=\\\"font-size: 12pt;\\\"><br /></span>\r\n<div><span style=\\\"font-size: 12pt;\\\">21244 Buchholz i.d.N.</span><br /><span style=\\\"font-size: 12pt;\\\">Germany</span><br /><br /><span style=\\\"font-size: 12pt;\\\">Fon: +49 (0) 4181 / 137352</span><br /><span style=\\\"font-size: 12pt;\\\">Mail: info@alubogencenter.com</span><br /><span style=\\\"font-size: 12pt;\\\">Website: www.alubogencenter.com</span><br /><span style=\\\"font-size: 12pt;\\\">USt.-Id.Nr.:&#160;DE815479160</span></div>\r\n</div>', 'B2B mit Signatur', 'mail', 'positive', '', 50, '2023-09-04 19:30:16');

-- --------------------------------------------------------

--
-- Tabellenstruktur für Tabelle `ebay_textitems_user`
--

CREATE TABLE `ebay_textitems_user` (
  `customers_id` int(11) NOT NULL DEFAULT '0',
  `ebay_textitems_id` int(11) NOT NULL DEFAULT '0'
) ENGINE=MyISAM DEFAULT CHARSET=utf8;

--
-- Daten für Tabelle `ebay_textitems_user`
--

INSERT INTO `ebay_textitems_user` (`customers_id`, `ebay_textitems_id`) VALUES
(5000, 16),
(5001, 8),
(5001, 9),
(5001, 13),
(5001, 12),
(5000, 13),
(5000, 12);

-- --------------------------------------------------------

--
-- Tabellenstruktur für Tabelle `ebay_timingdelays`
--

CREATE TABLE `ebay_timingdelays` (
  `timing_delay_id` int(11) NOT NULL,
  `timing_delay_value` int(11) NOT NULL DEFAULT '0'
) ENGINE=MyISAM DEFAULT CHARSET=utf8;

--
-- Daten für Tabelle `ebay_timingdelays`
--

INSERT INTO `ebay_timingdelays` (`timing_delay_id`, `timing_delay_value`) VALUES
(1, 5),
(2, 10),
(3, 15),
(4, 20),
(5, 25),
(6, 30),
(7, 35),
(8, 40),
(9, 45),
(10, 60),
(11, 90),
(12, 180),
(13, 120),
(14, 240),
(15, 150),
(16, 210),
(17, 50),
(18, 105),
(19, 75),
(20, 1440),
(21, 57),
(22, 64),
(23, 69);

-- --------------------------------------------------------

--
-- Tabellenstruktur für Tabelle `ebay_transactions`
--

CREATE TABLE `ebay_transactions` (
  `id` int(11) NOT NULL,
  `transactionid` varchar(32) NOT NULL DEFAULT '',
  `ebayid` varchar(20) NOT NULL DEFAULT '',
  `products_id` int(11) NOT NULL DEFAULT '0',
  `orders_id` int(11) NOT NULL DEFAULT '0',
  `email` varchar(128) NOT NULL DEFAULT '',
  `fullname` varchar(128) NOT NULL DEFAULT '',
  `street1` varchar(128) NOT NULL DEFAULT '',
  `street2` varchar(128) NOT NULL DEFAULT '',
  `zip` varchar(10) NOT NULL DEFAULT '',
  `city` varchar(128) NOT NULL DEFAULT '',
  `userid` varchar(128) NOT NULL DEFAULT '',
  `paymentmethod` tinyint(4) NOT NULL DEFAULT '0',
  `additionalshippingcosts` decimal(15,4) DEFAULT NULL,
  `shippinghandlingcosts` decimal(15,4) DEFAULT NULL,
  `insurancefee` decimal(15,4) DEFAULT NULL,
  `insurancetotal` decimal(15,4) DEFAULT NULL,
  `shippingtype` tinyint(4) NOT NULL DEFAULT '0',
  `amountpaid` decimal(15,4) NOT NULL DEFAULT '0.0000',
  `quantitypurchased` int(11) NOT NULL DEFAULT '0',
  `transactionprice` decimal(15,4) NOT NULL DEFAULT '0.0000',
  `transactiondate` datetime DEFAULT '0000-00-00 00:00:00',
  `incomplete_state` int(2) NOT NULL DEFAULT '0',
  `statusis` int(2) NOT NULL DEFAULT '0',
  `STATUS` tinyint(4) NOT NULL DEFAULT '0',
  `vat` float NOT NULL DEFAULT '0',
  `geldzurueck` int(1) NOT NULL DEFAULT '0',
  `sofortneu` int(1) NOT NULL DEFAULT '0',
  `new` int(1) NOT NULL DEFAULT '0',
  `site` varchar(16) NOT NULL DEFAULT '',
  `currency_value` float DEFAULT NULL,
  `external_payment_status` int(1) NOT NULL DEFAULT '0',
  `shipped` tinyint(1) NOT NULL,
  `seller` varchar(64) NOT NULL,
  `soap_processed` tinyint(1) NOT NULL,
  `checkoutstatus` varchar(32) NOT NULL,
  `checkoutmessage_saved` int(1) NOT NULL,
  `shipping_addressid` varchar(16) NOT NULL
) ENGINE=MyISAM DEFAULT CHARSET=utf8;

--
-- Daten für Tabelle `ebay_transactions`
--

INSERT INTO `ebay_transactions` (`id`, `transactionid`, `ebayid`, `products_id`, `orders_id`, `email`, `fullname`, `street1`, `street2`, `zip`, `city`, `userid`, `paymentmethod`, `additionalshippingcosts`, `shippinghandlingcosts`, `insurancefee`, `insurancetotal`, `shippingtype`, `amountpaid`, `quantitypurchased`, `transactionprice`, `transactiondate`, `incomplete_state`, `statusis`, `STATUS`, `vat`, `geldzurueck`, `sofortneu`, `new`, `site`, `currency_value`, `external_payment_status`, `shipped`, `seller`, `soap_processed`, `checkoutstatus`, `checkoutmessage_saved`, `shipping_addressid`) VALUES
(1, '1484010338025', '386536853308', 304, 5000, '34b3c5cd7872aebf9870@members.ebay.com', 'OL SKOOL CUSTOMS GMBH', 'Industriestr.20', '', '64807', 'Dieburg', 'v8dealer', 0, NULL, 7.5000, NULL, NULL, 0, 38.8400, 1, 31.3400, '2024-01-05 10:15:32', 0, 0, 1, 0, 0, 0, 0, 'Germany', 1, 0, 2, 'alubogencenter_de', 0, 'CheckoutComplete', 0, ''),
(2, '1485529458025', '386531532348', 301, 5001, '01a680fba858d73fa496@members.ebay.com', 'Olga Fabrizius', 'Wiesenblick 6', '', '26892', 'Dörpen', '56sascha', 0, NULL, 7.5000, NULL, NULL, 0, 31.4000, 2, 11.9500, '2024-01-08 21:15:04', 0, 0, 1, 0, 0, 0, 0, 'Germany', 1, 0, 2, 'alubogencenter_de', 0, 'CheckoutComplete', 0, '2331122330022'),
(3, '1487720721025', '386536780887', 327, 5002, '034f921e9d201ca86f50@members.ebay.com', 'isabella stulberg', 'neue gärten 4', '', '32657', 'lemgo', 'katho0_0', 0, NULL, 7.5000, NULL, NULL, 0, 24.4800, 1, 16.9800, '2024-01-16 16:00:08', 0, 0, 1, 0, 0, 0, 0, 'Germany', 1, 0, 2, 'alubogencenter_de', 0, 'CheckoutComplete', 0, '273822265012'),
(4, '1487892277025', '386586934270', 290, 5003, '1a7dea61d4864910bc94@members.ebay.com', 'Tobias Mitterer', 'Polsdorf 63', '', '90584', 'Allersberg', 'tobiasmitterer', 0, NULL, 7.5000, NULL, NULL, 0, 32.1800, 1, 24.6800, '2024-01-17 04:15:04', 0, 0, 1, 0, 0, 0, 0, 'Germany', 1, 0, 2, 'alubogencenter_de', 0, 'CheckoutComplete', 0, '10002503646478'),
(5, '1489656811025', '386537489130', 320, 5004, '0d47043b11579ffc3290@members.ebay.com', 'Peter Lang', 'Bühläckerstr. 65', '', '71394', 'Kernen  im Remstal', 'heboraceing', 0, NULL, 7.5000, NULL, NULL, 0, 33.7500, 1, 26.2500, '2024-01-23 06:45:04', 0, 0, 1, 0, 0, 0, 0, 'Germany', 1, 0, 2, 'alubogencenter_de', 0, 'CheckoutComplete', 0, '10002051872104'),
(6, '1490595287025', '386586934270', 288, 5005, '00d4b9ab2b2a0c6806c0@members.ebay.com', 'mirko müller', 'Güstebieser Loose 1', '', '16259', 'Neulewin', 'schweiss-rohrleit53', 0, NULL, 7.5000, NULL, NULL, 0, 42.1600, 2, 17.3300, '2024-01-26 18:30:06', 0, 0, 1, 0, 0, 0, 0, 'Germany', 1, 0, 2, 'alubogencenter_de', 0, 'CheckoutComplete', 0, '10000334078756'),
(7, '1490788866025', '386586934270', 288, 5007, '00d4b9ab2b2a0c6806c0@members.ebay.com', 'mirko müller', 'Güstebieser Loose 1', '', '16259', 'Neulewin', 'schweiss-rohrleit53', 0, NULL, 7.5000, NULL, NULL, 0, 24.8300, 1, 17.3300, '2024-01-27 12:00:07', 0, 0, 1, 0, 0, 0, 0, 'Germany', 1, 0, 0, 'alubogencenter_de', 0, 'CheckoutComplete', 0, '10000334078756'),
(8, '1492654387025', '386586934270', 287, 5009, '6aa793c47b84fda56a38@members.ebay.com', 'Daniel Haake', 'Dorfstraße', '', '18513', 'Deyelsdorf', 'elektro0097', 0, NULL, 7.5000, NULL, NULL, 0, 24.2500, 1, 16.7500, '2024-02-02 20:30:07', 0, 0, 1, 0, 0, 0, 0, 'Germany', 1, 0, 2, 'alubogencenter_de', 0, 'CheckoutComplete', 0, '10002293679431'),
(9, '1495865922025', '386586934270', 286, 5011, '6aa793c47b84fda56a38@members.ebay.com', 'Daniel Haake', 'Dorfstraße', '', '18513', 'Deyelsdorf', 'elektro0097', 0, NULL, 7.5000, NULL, NULL, 0, 23.7800, 1, 16.2800, '2024-02-13 21:15:05', 0, 0, 1, 0, 0, 0, 0, 'Germany', 1, 0, 2, 'alubogencenter_de', 0, 'CheckoutComplete', 0, '10002293679431'),
(10, '1503417907025', '386586934270', 286, 5014, '0d857faa7fc055c0cd77@members.ebay.com', 'Marc Sommer', 'Altholzkrug 41', '', '24976', 'Handewitt', 'sommerstahlbau', 0, NULL, 7.5000, NULL, NULL, 0, 72.6200, 4, 16.2800, '2024-03-10 16:15:05', 0, 0, 1, 0, 0, 0, 0, 'Germany', 1, 0, 2, 'alubogencenter_de', 0, 'CheckoutComplete', 0, '10002878801385'),
(11, '1506107887025', '386536766728', 360, 5015, '6c8bf6169adc1754bd55@members.ebay.com', 'Andre Lieblein', 'Pfannstraße 2a', '', '97753', 'Karlstadt', 'liebi2611', 0, NULL, 7.5000, NULL, NULL, 0, 25.8800, 1, 18.3800, '2024-03-19 18:45:06', 0, 0, 1, 0, 0, 0, 0, 'Germany', 1, 0, 2, 'alubogencenter_de', 0, 'CheckoutComplete', 0, '4048464365024'),
(12, '1506714906025', '386531532348', 301, 5017, '0d944efb3ded73e55092@members.ebay.com', 'Jan Patrick Zimmer', 'Meiereiweg 3', '', '24969', 'Großenwiehe', 'janpazim-0', 0, NULL, 7.5000, NULL, NULL, 0, 31.4000, 2, 11.9500, '2024-03-21 22:00:09', 0, 0, 1, 0, 0, 0, 0, 'Germany', 1, 0, 2, 'alubogencenter_de', 0, 'CheckoutComplete', 0, '10000394361650'),
(13, '1506991943025', '386531532348', 301, 5018, '06cad295df1f4fe85784@members.ebay.com', 'Nick Mildner', 'Glenetalstraße 5', '', '31061', 'Brunkensen', 'polozei6n', 0, NULL, 7.5000, NULL, NULL, 0, 67.2500, 5, 11.9500, '2024-03-22 22:15:06', 0, 0, 1, 0, 0, 0, 0, 'Germany', 1, 0, 2, 'alubogencenter_de', 0, 'CheckoutComplete', 0, '10001711530294'),
(14, '1510166252025', '386586934270', 283, 5019, '01b484bda291bb7cb280@members.ebay.com', 'Willi Rühl', 'Haagscher Weg 14', '', '47623', 'Kevelaer', 'willi7002013', 0, NULL, 7.5000, NULL, NULL, 0, 124.7000, 8, 14.6500, '2024-04-02 23:15:06', 0, 0, 1, 0, 0, 0, 0, 'Germany', 1, 0, 2, 'alubogencenter_de', 0, 'CheckoutComplete', 0, '10002810425233'),
(15, '1511841807025', '386531532348', 301, 5020, '36af6815375d92f95c21@members.ebay.com', 'Florian Riedel', 'Am Osterberg 13', '', '30855', 'Langenhagen', 'floman881', 0, NULL, 7.5000, NULL, NULL, 0, 31.4000, 2, 11.9500, '2024-04-08 19:30:07', 0, 0, 1, 0, 0, 0, 0, 'Germany', 1, 0, 2, 'alubogencenter_de', 0, 'CheckoutComplete', 0, '10000970496523'),
(16, '1513183403025', '386915174875', 510, 5021, '36c8f1668c914676f185@members.ebay.com', 'Steffen Ebert', 'Krückauring 21 c', '', '24568', 'Kaltenkirchen', 'sek4711', 0, NULL, 7.5000, NULL, NULL, 0, 37.0000, 1, 29.5000, '2024-04-13 15:45:06', 0, 0, 1, 0, 0, 0, 0, 'Germany', 1, 0, 2, 'alubogencenter_de', 0, 'CheckoutComplete', 0, '2812387958011'),
(17, '1513842241025', '386531532348', 301, 5022, '6da8ee21bc566e0fc680@members.ebay.com', 'Dominik Horvath', 'Blumenstraße 17', '', '82383', 'Hohenpeissenberg', 'onde_68', 0, NULL, 7.5000, NULL, NULL, 0, 19.4500, 1, 11.9500, '2024-04-15 20:15:06', 0, 0, 1, 0, 0, 0, 0, 'Germany', 1, 0, 2, 'alubogencenter_de', 0, 'CheckoutComplete', 0, '10001473433222'),
(18, '1514639691025', '386586934270', 282, 5023, '6dc6ef00133a6e0d6927@members.ebay.com', 'A. Blancke Metallbau e.K.', 'Inh. E. Wichmann', '', '26188', 'Edewecht', 'dudel42', 0, NULL, 7.5000, NULL, NULL, 0, 20.6300, 1, 13.1300, '2024-04-18 16:30:08', 0, 0, 1, 0, 0, 0, 0, 'Germany', 1, 0, 2, 'alubogencenter_de', 0, 'CheckoutComplete', 0, '10000077959195'),
(19, '1516552967025', '386537492836', 296, 5024, '1b8389d004ce9b65c131@members.ebay.com', 'Yachthafen Magdeburg GmbH', 'Am Winterhafen 1', '', '39114', 'Magdeburg', 'yachtmagdeb-0', 0, NULL, 7.5000, NULL, NULL, 0, 155.4000, 3, 49.3000, '2024-04-25 10:30:08', 0, 0, 1, 0, 0, 0, 0, 'Germany', 1, 0, 2, 'alubogencenter_de', 0, 'CheckoutComplete', 0, '10001114353957'),
(20, '1516574177025', '386586934270', 287, 5025, '01b83d17d9742e5b2c91@members.ebay.com', 'Jaster Hydraulik', 'Am Königshügel 2', '', '24866', 'Busdorf', 'bus_8440', 0, NULL, 7.5000, NULL, NULL, 0, 24.2500, 1, 16.7500, '2024-04-25 13:00:10', 0, 0, 1, 0, 0, 0, 0, 'Germany', 1, 0, 2, 'alubogencenter_de', 0, 'CheckoutComplete', 0, '10000041517701'),
(21, '1516574176025', '386586934270', 286, 5026, '01b83d17d9742e5b2c91@members.ebay.com', 'Jaster Hydraulik', 'Am Königshügel 2', '', '24866', 'Busdorf', 'bus_8440', 0, NULL, 0.0000, NULL, NULL, 0, 32.5600, 2, 16.2800, '2024-04-25 13:00:10', 0, 0, 1, 0, 0, 0, 0, 'Germany', 1, 0, 2, 'alubogencenter_de', 0, 'CheckoutComplete', 0, '10000041517701'),
(22, '1521377151025', '386586663730', 176, 5028, '1bb138d9aca8150c5469@members.ebay.com', 'Christian Mallin', 'Lindenweg 7', '', '18249', 'Peetsch', 'chris.s.500.t', 0, NULL, 7.5000, NULL, NULL, 0, 115.2200, 4, 26.9300, '2024-05-12 18:15:05', 0, 0, 1, 0, 0, 0, 0, 'Germany', 1, 0, 2, 'alubogencenter_de', 0, 'CheckoutComplete', 0, '10000400869645'),
(23, '1523829304025', '386536898699', 334, 5029, '6f20dff69846fe6f3a11@members.ebay.com', 'Arnd Held', 'Augsburger Str 10', '', '86497', 'Horgau', 'yamahaclassicracer', 0, NULL, 7.5000, NULL, NULL, 0, 96.6600, 4, 22.2900, '2024-05-21 11:45:05', 0, 0, 1, 0, 0, 0, 0, 'Germany', 1, 0, 2, 'alubogencenter_de', 0, 'CheckoutComplete', 0, '1415231517019'),
(24, '1531900992025', '386915174875', 510, 5031, '7051569de725c5891497@members.ebay.com', 'Uwe hoffmann', 'Am Wald 12', '', '02694', 'Malschwitz OT Neudorf/Spree', 'hoffis.vw-teile.sale', 0, NULL, 7.5000, NULL, NULL, 0, 37.0000, 1, 29.5000, '2024-06-19 08:30:10', 0, 0, 1, 0, 0, 0, 0, 'Germany', 1, 0, 2, 'alubogencenter_de', 0, 'CheckoutComplete', 0, '10001509212121'),
(25, '1532958189025', '386915174875', 510, 5032, '0e0f883fa1d96ac44783@members.ebay.com', 'Martina   Glaser', 'Friedrich-Ebert-Straße 3', '', '64646', 'Heppenheim', 'wumbaba12', 0, NULL, 7.5000, NULL, NULL, 0, 66.5000, 2, 29.5000, '2024-06-23 10:15:05', 0, 0, 1, 0, 0, 0, 0, 'Germany', 1, 0, 2, 'alubogencenter_de', 0, 'CheckoutComplete', 0, '490357856019'),
(26, '1533843410025', '386537495780', 297, 5033, '00e13b195f9e36a90402@members.ebay.com', 'Chris Sporn', 'Hauptstr. 70', '', '08261', 'Schöneck', 'soundattack_exhaust', 0, NULL, 7.5000, NULL, NULL, 0, 40.9400, 1, 33.4400, '2024-06-26 14:00:13', 0, 0, 1, 0, 0, 0, 0, 'Germany', 1, 0, 2, 'alubogencenter_de', 0, 'CheckoutComplete', 0, '10000581448351'),
(27, '1538199798025', '386531532348', 301, 5035, '1c51648f2dba15b8ac92@members.ebay.com', 'BK Performance Parts e.K.', 'Hamelner Str. 8', '', '30974', 'Wennigsen', 'bkperformance30974', 0, NULL, 7.5000, NULL, NULL, 0, 79.2000, 6, 11.9500, '2024-07-12 12:15:05', 0, 0, 1, 0, 0, 0, 0, 'Germany', 1, 0, 2, 'alubogencenter_de', 0, 'CheckoutComplete', 0, '10000291758644'),
(28, '1541114609025', '386531532348', 301, 5037, '71b75817407da7675922@members.ebay.com', 'D-A-Packs 3268425 Priska Waldharr', 'Am Rain 53', '', '83088', 'Kiefersfeld', 'priwald-0', 0, NULL, 7.5000, NULL, NULL, 0, 31.4000, 2, 11.9500, '2024-07-23 07:15:04', 0, 0, 1, 0, 0, 0, 0, 'Germany', 1, 0, 2, 'alubogencenter_de', 0, 'CheckoutComplete', 0, '10003102897620'),
(29, '1542155116025', '386536780887', 327, 5038, '71e214c9b2de5dc08228@members.ebay.com', 'Stefan Miller', 'Füssenerstr. 23', '', '87672', 'Roßhaupten', 'dealermiller', 0, NULL, 7.5000, NULL, NULL, 0, 24.4800, 1, 16.9800, '2024-07-27 08:30:08', 0, 0, 1, 0, 0, 0, 0, 'Germany', 1, 0, 2, 'alubogencenter_de', 0, 'CheckoutComplete', 0, '10000437941242'),
(30, '1543550751025', '386531532348', 301, 5040, '1c86622322581f22ad49@members.ebay.com', 'MTO Maschinenbau GmbH', 'Industriegebiet 32', '', '66453', 'Gersheim', 'clibano_de', 0, NULL, 7.5000, NULL, NULL, 0, 55.3000, 4, 11.9500, '2024-08-01 14:30:08', 0, 0, 1, 0, 0, 0, 0, 'Germany', 1, 0, 2, 'alubogencenter_de', 0, 'CheckoutComplete', 0, '10001166234835'),
(31, '1543860217025', '386531532348', 301, 5041, '3912c09a5a0b365c2c18@members.ebay.com', 'Sabine Schweisthal', 'Mathias-Hudler-Weg 6', '', '85229', 'Markt Indersdorf', 'klasabli', 0, NULL, 7.5000, NULL, NULL, 0, 103.1000, 8, 11.9500, '2024-08-02 17:45:05', 0, 0, 1, 0, 0, 0, 0, 'Germany', 1, 0, 2, 'alubogencenter_de', 0, 'CheckoutComplete', 0, '10001806490674'),
(32, '1544472676025', '386915174875', 510, 5042, '391e8dc7bc333fdad129@members.ebay.com', 'Bergmaier-Gocht', 'Reschreiterstr.', '', '80933', 'München', 'gocht2006', 0, NULL, 7.5000, NULL, NULL, 0, 37.0000, 1, 29.5000, '2024-08-04 23:30:08', 0, 0, 1, 0, 0, 0, 0, 'Germany', 1, 0, 2, 'alubogencenter_de', 0, 'CheckoutComplete', 0, '10001251180563'),
(33, '1545113096025', '386586934270', 289, 5043, '7255cc8da24d7d699818@members.ebay.com', 'Werner Mezger', 'Philippsburger Weg 8', '', '76676', 'Graben-Neudorf', 'fa_mezger', 0, NULL, 7.5000, NULL, NULL, 0, 30.0800, 1, 22.5800, '2024-08-07 07:45:04', 0, 0, 1, 0, 0, 0, 0, 'Germany', 1, 0, 2, 'alubogencenter_de', 0, 'CheckoutComplete', 0, '10002367914955'),
(34, '1550558329025', '386586934270', 288, 5047, '1ccaf91955738def6032@members.ebay.com', 'Rheinischer Eisenhandel GmbH', 'Hr. Stefan Bittermann', '', '55232', 'Alzey', 'rheinischer', 0, NULL, 7.5000, NULL, NULL, 0, 42.1600, 2, 17.3300, '2024-08-27 15:00:06', 0, 0, 1, 0, 0, 0, 0, 'Germany', 1, 0, 2, 'alubogencenter_de', 0, 'CheckoutComplete', 0, '2473594630015'),
(35, '1551329725025', '386586934270', 286, 5051, '39a4964220084b36ae48@members.ebay.com', 'Schneider Metallbau', 'Mühlwiesenweg 30a', '', '96472', 'Rödental', 'js.metallbau', 0, NULL, 7.5000, NULL, NULL, 0, 40.0600, 2, 16.2800, '2024-08-30 09:30:06', 0, 0, 1, 0, 0, 0, 0, 'Germany', 1, 0, 2, 'alubogencenter_de', 0, 'CheckoutComplete', 0, '10001244940831'),
(36, '1551329724025', '386586934270', 287, 5052, '39a4964220084b36ae48@members.ebay.com', 'Schneider Metallbau', 'Mühlwiesenweg 30a', '', '96472', 'Rödental', 'js.metallbau', 0, NULL, 0.0000, NULL, NULL, 0, 33.5000, 2, 16.7500, '2024-08-30 09:30:07', 0, 0, 1, 0, 0, 0, 0, 'Germany', 1, 0, 2, 'alubogencenter_de', 0, 'CheckoutComplete', 0, '10001244940831'),
(37, '1551531283025', '386586934270', 289, 5054, '39a8472f76b0378c6a28@members.ebay.com', 'KFZ-Woltering GmbH', 'Westfalenring 20', '', '45739', 'Oer-Erkenschwick', 'bosch45739', 0, NULL, 7.5000, NULL, NULL, 0, 30.0800, 1, 22.5800, '2024-08-31 02:15:05', 0, 0, 1, 0, 0, 0, 0, 'Germany', 1, 0, 2, 'alubogencenter_de', 0, 'CheckoutComplete', 0, '3465521181026'),
(38, '1555371784025', '386915174875', 510, 5056, '1cf874f5a6b705112f44@members.ebay.com', 'Eusebio Tapia', 'Waidachanger 3b', '', '81249', 'München', 'eusta61', 0, NULL, 7.5000, NULL, NULL, 0, 63.5400, 2, 28.0200, '2024-09-13 21:00:06', 0, 0, 1, 0, 0, 0, 0, 'Germany', 1, 0, 2, 'alubogencenter_de', 0, 'CheckoutComplete', 0, '10000937361804'),
(39, '1556466140025', '386536924416', 295, 5057, '3a05361ce621528ed677@members.ebay.com', 'STW Stahl- & Metallbau GmbH Sezer Sahin', 'Runtestrasse 2 +4', '', '59457', 'Werl', 's-tec-trade', 0, NULL, 7.5000, NULL, NULL, 0, 56.0200, 2, 24.2600, '2024-09-17 17:15:05', 0, 0, 1, 0, 0, 0, 0, 'Germany', 1, 0, 2, 'alubogencenter_de', 0, 'CheckoutComplete', 0, '10000555828963'),
(40, '1559269704025', '387351047425', 499, 5058, '0e8ead45d5ce34c83295@members.ebay.com', 'Rosemarie Birk', 'August-Hirsch-Straße', '', '73441', 'Bopfingen', 'matiro1', 0, NULL, 7.5000, NULL, NULL, 0, 15.9800, 1, 8.4800, '2024-09-27 20:45:04', 0, 0, 1, 0, 0, 0, 0, 'Germany', 1, 0, 2, 'alubogencenter_de', 0, 'CheckoutComplete', 0, '5487696098026'),
(41, '1560125630025', '386915174875', 510, 5059, '3a4ab376de49524b4c18@members.ebay.com', 'Frank Titschen', 'Hahnenweide 28', '', '47918', 'Tönisvorst', 'plutolini', 0, NULL, 7.5000, NULL, NULL, 0, 37.0000, 1, 29.5000, '2024-09-30 21:30:07', 0, 0, 1, 0, 0, 0, 0, 'Germany', 1, 0, 2, 'alubogencenter_de', 0, 'CheckoutComplete', 0, '10003057388162'),
(42, '1562035787025', '386915174875', 510, 5061, '74ddbbce6675cf3b1129@members.ebay.com', 'Manfred Scharnik', 'Wittenburger Str.20', '', '19205', 'Krembz', '19manfred55', 0, NULL, 7.5000, NULL, NULL, 0, 37.0000, 1, 29.5000, '2024-10-07 18:15:05', 0, 0, 1, 0, 0, 0, 0, 'Germany', 1, 0, 2, 'alubogencenter_de', 0, 'CheckoutComplete', 0, '10000100064637'),
(43, '1564140896025', '386915174875', 510, 5070, '3a9790174c237f91e870@members.ebay.com', 'Christoph Basse', 'Hafenstr. 18', '', '32423', 'Minden', 'sindurei', 0, NULL, 7.5000, NULL, NULL, 0, 63.5400, 2, 28.0200, '2024-10-15 11:15:05', 0, 0, 1, 0, 0, 0, 0, 'Germany', 1, 0, 2, 'alubogencenter_de', 0, 'CheckoutComplete', 0, '10003206277968'),
(44, '1565612698025', '386586934270', 288, 5073, '00ead05e782ad57e9608@members.ebay.com', 'Petra Bomkamp', 'Zum Wildgehege 8', '', '48734', 'Reken', 'rieka2266', 0, NULL, 7.5000, NULL, NULL, 0, 24.8300, 1, 17.3300, '2024-10-20 21:15:04', 0, 0, 1, 0, 0, 0, 0, 'Germany', 1, 0, 2, 'alubogencenter_de', 0, 'CheckoutComplete', 0, '10001749536356'),
(45, '1566190245025', '386586934270', 290, 5074, '00ead05e782ad57e9608@members.ebay.com', 'Petra Bomkamp', 'Zum Wildgehege 8', '', '48734', 'Reken', 'rieka2266', 0, NULL, 7.5000, NULL, NULL, 0, 32.1800, 1, 24.6800, '2024-10-22 21:00:09', 0, 0, 1, 0, 0, 0, 0, 'Germany', 1, 0, 2, 'alubogencenter_de', 0, 'CheckoutComplete', 0, '10001749536356'),
(46, '1568071368025', '387351047425', 499, 5075, '3ae3e998ca62ceceff97@members.ebay.com', 'Nikolai Nöbel', 'Weidedamm 7', '', '28844', 'Weyhe', 'logix530', 0, NULL, 7.5000, NULL, NULL, 0, 15.9800, 1, 8.4800, '2024-10-29 21:45:06', 0, 0, 1, 0, 0, 0, 0, 'Germany', 1, 0, 2, 'alubogencenter_de', 0, 'CheckoutComplete', 0, '10002918155164'),
(47, '1569576364025', '386915174875', 510, 5076, '7603fcd6459a2ce6c156@members.ebay.com', 'Philipp Sämisch', 'Wilhelmstraße 17', '', '02957', 'Krauschwitz', 'natusch-online', 0, NULL, 7.5000, NULL, NULL, 0, 195.3800, 7, 26.8400, '2024-11-04 14:45:05', 0, 0, 1, 0, 0, 0, 0, 'Germany', 1, 0, 2, 'alubogencenter_de', 0, 'CheckoutComplete', 0, '10000695592492'),
(48, '1573716464025', '386586934270', 291, 5079, '769a583e94ce6da3d745@members.ebay.com', 'Michael Schweiger', 'Freisinger Str. 10', '', '84072', 'Au  i.d.Hallertau', 'trinknix33', 0, NULL, 7.5000, NULL, NULL, 0, 49.4500, 1, 41.9500, '2024-11-18 21:00:09', 0, 0, 1, 0, 0, 0, 0, 'Germany', 1, 0, 2, 'alubogencenter_de', 0, 'CheckoutComplete', 0, '10003205139310'),
(49, '1573716463025', '386586934270', 288, 5080, '769a583e94ce6da3d745@members.ebay.com', 'Michael Schweiger', 'Freisinger Str. 10', '', '84072', 'Au  i.d.Hallertau', 'trinknix33', 0, NULL, 0.0000, NULL, NULL, 0, 34.6600, 2, 17.3300, '2024-11-18 21:00:10', 0, 0, 1, 0, 0, 0, 0, 'Germany', 1, 0, 2, 'alubogencenter_de', 0, 'CheckoutComplete', 0, '10003205139310'),
(50, '1576169980025', '386915174875', 510, 5086, '00ede0432846e2aa0613@members.ebay.com', 'a+ gmbh', 'Werkstraße 3', '', '04564', 'Böhlen', 'manschal', 0, NULL, 7.5000, NULL, NULL, 0, 63.5400, 2, 28.0200, '2024-11-27 00:00:15', 0, 0, 1, 0, 0, 0, 0, 'Germany', 1, 0, 2, 'alubogencenter_de', 0, 'CheckoutComplete', 0, '10000601647555'),
(51, '1576316520025', '386586595544', 446, 5087, '076f64286459a2e12e38@members.ebay.com', 'Joachim Ryschka', 'Waldstrasse 24', '', '45661', 'Recklinghausen', 'kfz-ryschka', 0, NULL, 7.5000, NULL, NULL, 0, 45.7200, 1, 38.2200, '2024-11-27 14:00:11', 0, 0, 1, 0, 0, 0, 0, 'Germany', 1, 0, 2, 'alubogencenter_de', 0, 'CheckoutComplete', 0, '4528433172013'),
(52, '1576339339025', '386915174875', 510, 5088, '00edee4171794db82650@members.ebay.com', 'Rene\\\' Sluma', 'Emscherstr.148', '', '46049', 'Oberhausen', 'crossfreak89', 0, NULL, 7.5000, NULL, NULL, 0, 63.5400, 2, 28.0200, '2024-11-27 16:00:10', 0, 0, 1, 0, 0, 0, 0, 'Germany', 1, 0, 2, 'alubogencenter_de', 0, 'CheckoutComplete', 0, '10001844820425'),
(53, '1578741082025', '386915174875', 510, 5090, '7744d7d240107ed5fb36@members.ebay.com', 'Egerhard Schnädelbach', 'Otto-wannerstr.17a', '', '86836', 'Klosterlechfeld', 'eger5073', 0, NULL, 7.5000, NULL, NULL, 0, 37.0000, 1, 29.5000, '2024-12-05 00:45:05', 0, 0, 1, 0, 0, 0, 0, 'Germany', 1, 0, 2, 'alubogencenter_de', 0, 'CheckoutComplete', 0, '6538593212010'),
(54, '1579210253025', '386536955331', 294, 5091, '077563d5375586e50653@members.ebay.com', 'Moritz Schlecht', 'Blöcherhalde 20', '', '72213', 'Altensteig', 'morischlecht', 0, NULL, 7.5000, NULL, NULL, 0, 70.4800, 2, 31.4900, '2024-12-06 16:30:10', 0, 0, 1, 0, 0, 0, 0, 'Germany', 1, 0, 2, 'alubogencenter_de', 0, 'CheckoutComplete', 0, '10000533985106'),
(55, '1586351823025', '386531532348', 301, 5092, '1c86622322581f22ad49@members.ebay.com', 'MTO Maschinenbau GmbH', 'Industriegebiet 32', '', '66453', 'Gersheim', 'clibano_de', 0, NULL, 7.5000, NULL, NULL, 0, 55.3000, 4, 11.9500, '2025-01-02 11:00:08', 0, 0, 1, 0, 0, 0, 0, 'Germany', 1, 0, 2, 'alubogencenter_de', 0, 'CheckoutComplete', 0, '10001166234835'),
(56, '1586743816025', '386537505717', 298, 5093, '787fcafde4de35391895@members.ebay.com', 'Peter  Stich', 'Kaltenmühle 5', '', '95671', 'Bärnau', 'pestich91', 0, NULL, 7.5000, NULL, NULL, 0, 90.4500, 1, 82.9500, '2025-01-03 21:30:06', 0, 0, 1, 0, 0, 0, 0, 'Germany', 1, 0, 2, 'alubogencenter_de', 0, 'CheckoutComplete', 0, '10002574198123'),
(57, '1587646746025', '386531532348', 301, 5094, '78a0fff1d1739e815340@members.ebay.com', 'Thomas Nowak', 'Ehingerstr.57', '', '47249', 'Duisburg', 'cabriodriver8181', 0, NULL, 7.5000, NULL, NULL, 0, 127.0000, 10, 11.9500, '2025-01-07 01:00:07', 0, 0, 1, 0, 0, 0, 0, 'Germany', 1, 0, 2, 'alubogencenter_de', 0, 'CheckoutComplete', 0, '637347555024'),
(58, '1587701079025', '386531532348', 301, 5095, '01e28bd767c1bbfc2837@members.ebay.com', 'Florian Scheu', 'Eschenauerstr. 16', '', '65594', 'Runkel/Hofen', 'rooney121246', 0, NULL, 7.5000, NULL, NULL, 0, 31.4000, 2, 11.9500, '2025-01-07 05:30:07', 0, 0, 1, 0, 0, 0, 0, 'Germany', 1, 0, 2, 'alubogencenter_de', 0, 'CheckoutComplete', 0, '1283363709024'),
(59, '1589667758025', '386531532348', 301, 5098, '78ecbde1e38a6c07fa37@members.ebay.com', 'Martin  Gipperich', 'Am Lußnacken 5', '', '57489', 'Drolshagen', 'gippmart', 0, NULL, 7.5000, NULL, NULL, 0, 19.4500, 1, 11.9500, '2025-01-14 05:30:08', 0, 0, 1, 0, 0, 0, 0, 'Germany', 1, 0, 2, 'alubogencenter_de', 0, 'CheckoutComplete', 0, '10000968262029'),
(60, '1590091633025', '386531532348', 301, 5099, '078fd3b459afd7c92b20@members.ebay.com', 'Thies Dilsen', 'Hauptstr. 1', '', '24980', 'Schafflund', 'thdil58', 0, NULL, 7.5000, NULL, NULL, 0, 31.4000, 2, 11.9500, '2025-01-15 19:00:09', 0, 0, 1, 0, 0, 0, 0, 'Germany', 1, 0, 2, 'alubogencenter_de', 0, 'CheckoutComplete', 0, '10003152903375'),
(61, '1593201674025', '386531532348', 301, 5103, '1e5c539f79ff71b8b028@members.ebay.com', 'Markus Wilfer', 'Breitenloher Weg 21', '', '91166', 'Georgensgmünd', 'wilfi178', 0, NULL, 7.5000, NULL, NULL, 0, 67.2500, 5, 11.9500, '2025-01-26 19:00:08', 0, 0, 1, 0, 0, 0, 0, 'Germany', 1, 0, 2, 'alubogencenter_de', 0, 'CheckoutComplete', 0, '3270244974024'),
(62, '1593707951025', '386536924416', 295, 5104, '3cc146336c02ae0ba661@members.ebay.com', 'Blumberg Martin', 'Fichtenauer Str. 19', '', '12589', 'Berlin', 'sau-tief', 0, NULL, 7.5000, NULL, NULL, 0, 104.5400, 4, 24.2600, '2025-01-28 10:15:05', 0, 0, 1, 0, 0, 0, 0, 'Germany', 1, 0, 2, 'alubogencenter_de', 0, 'CheckoutComplete', 0, '10003164203084'),
(63, '1595513740025', '387351047425', 499, 5107, '3ce306302f29833d1651@members.ebay.com', 'andre hermann', 'neumühlweg 134', '', '90449', 'nürnberg', 'eumigp8', 0, NULL, 7.5000, NULL, NULL, 0, 32.9400, 3, 8.4800, '2025-02-03 20:00:12', 0, 0, 1, 0, 0, 0, 0, 'Germany', 1, 0, 2, 'alubogencenter_de', 0, 'CheckoutComplete', 0, '10000248242524'),
(64, '1595987556025', '386536766728', 360, 5108, '79d82a3daa757ce00883@members.ebay.com', 'Michael Nolte', 'Virmondstr. 143', '', '47877', 'Willich', 'gt-men', 0, NULL, 7.5000, NULL, NULL, 0, 44.2600, 2, 18.3800, '2025-02-05 13:15:06', 0, 0, 1, 0, 0, 0, 0, 'Germany', 1, 0, 2, 'alubogencenter_de', 0, 'CheckoutComplete', 0, '444001131016'),
(65, '1597140401025', '387351047425', 499, 5109, '3d026a237fed6af54977@members.ebay.com', 'Philipp Peter Plaschke', 'Husumer Baum 26', '', '24837', 'Schleswig', 'philipplas58', 0, NULL, 7.5000, NULL, NULL, 0, 24.4600, 2, 8.4800, '2025-02-09 18:45:05', 0, 0, 1, 0, 0, 0, 0, 'Germany', 1, 0, 2, 'alubogencenter_de', 0, 'CheckoutComplete', 0, '10002099794535'),
(66, '1597340742025', '386586934270', 290, 5110, '7a0b12ea05d86dfc1588@members.ebay.com', 'Wolfgang Hupfer', 'Etzelweg 225', '', '66482', 'Zweibrücken', 'peterhupfer', 0, NULL, 7.5000, NULL, NULL, 0, 32.1800, 1, 24.6800, '2025-02-10 09:00:08', 0, 0, 1, 0, 0, 0, 0, 'Germany', 1, 0, 2, 'alubogencenter_de', 0, 'CheckoutComplete', 0, '288809749010'),
(67, '10071291383613', '386536814311', 325, 5113, '01e88808ca2434f77d60@members.ebay.com', 'Helmut Stevens', 'Hans-Böckler-Str 10a', '', '47877', 'Willich', 'limocoupe128', 0, NULL, 7.5000, NULL, NULL, 0, 59.4000, 3, 17.3000, '2025-02-12 13:15:05', 0, 0, 1, 0, 0, 0, 0, 'Germany', 1, 0, 2, 'alubogencenter_de', 0, 'CheckoutComplete', 0, '502413940025'),
(68, '10069981323305', '387351047425', 499, 5114, '01e8881efa2a17364894@members.ebay.com', 'Novak Donald', 'Bayern str 11', '', '97440', 'Ettleben', 'hanomag1976', 0, NULL, 7.5000, NULL, NULL, 0, 15.9800, 1, 8.4800, '2025-02-12 13:15:08', 0, 0, 1, 0, 0, 0, 0, 'Germany', 1, 0, 2, 'alubogencenter_de', 0, 'CheckoutComplete', 0, '10002796449349'),
(69, '1598378050025', '386915174875', 510, 5116, '07a3bb7f620a55ed3769@members.ebay.com', 'Dennis von Poten', 'Wickingstraße 8', '', '49525', 'Lengerich', 'soldoutshop030', 0, NULL, 7.5000, NULL, NULL, 0, 37.0000, 1, 29.5000, '2025-02-14 23:45:05', 0, 0, 1, 0, 0, 0, 0, 'Germany', 1, 0, 2, 'alubogencenter_de', 0, 'CheckoutComplete', 0, '10000584393123'),
(70, '10069802035525', '386915174875', 510, 5118, '00f4e8f60f69e579f224@members.ebay.com', 'Michael Stabe', 'Agnes-Miegel-Strasse 38', '', '30826', 'Garbsen', 'schmatz22', 0, NULL, 7.5000, NULL, NULL, 0, 37.0000, 1, 29.5000, '2025-02-20 09:00:10', 0, 0, 1, 0, 0, 0, 0, 'Germany', 1, 0, 2, 'alubogencenter_de', 0, 'CheckoutComplete', 0, '10002929106069'),
(71, '10070236186317', '386586934270', 289, 5119, '07a82fb00812d8ec3744@members.ebay.com', 'Maik Schalbe', 'Lange str. 24', '', '99189', 'Walschleben', 'maik_doreen', 0, NULL, 7.5000, NULL, NULL, 0, 30.0800, 1, 22.5800, '2025-02-21 17:45:06', 0, 0, 1, 0, 0, 0, 0, 'Germany', 1, 0, 2, 'alubogencenter_de', 0, 'CheckoutComplete', 0, '10002970925341'),
(72, '10071351933503', '386536780887', 327, 5128, '07b582aa393cc1700544@members.ebay.com', 'marcel Müller', 'Magdeburger Chaussee 151', '', '06193', 'Petersberg', 'engl.bulldog2', 0, NULL, 7.5000, NULL, NULL, 0, 24.4800, 1, 16.9800, '2025-03-13 23:00:06', 0, 0, 1, 0, 0, 0, 0, 'Germany', 1, 0, 2, 'alubogencenter_de', 0, 'CheckoutComplete', 0, '10003281543502'),
(73, '10070555563224', '387351047425', 499, 5129, '7b75f982e9cd5e40e944@members.ebay.com', 'Renate Drögemüller', 'Fröbelstr. 15', '', '25421', 'Pinneberg', 'r.droeg-731', 0, NULL, 7.5000, NULL, NULL, 0, 15.9800, 1, 8.4800, '2025-03-16 18:45:04', 0, 0, 1, 0, 0, 0, 0, 'Germany', 1, 0, 2, 'alubogencenter_de', 0, 'CheckoutComplete', 0, '10003330025524'),
(74, '10070411236726', '386586934270', 292, 5131, '7b7fc7601609a5bed379@members.ebay.com', 'Thomas Lindner', 'Am Steinbach 40', '', '09661', 'Striegistal', 'thomas12041985', 0, NULL, 7.5000, NULL, NULL, 0, 53.1800, 1, 45.6800, '2025-03-17 17:15:05', 0, 0, 1, 0, 0, 0, 0, 'Germany', 1, 0, 2, 'alubogencenter_de', 0, 'CheckoutComplete', 0, '5317513346014'),
(75, '10070429570026', '386586934270', 287, 5132, '7b86faf1508d5ee06942@members.ebay.com', 'Simon Föhner', 'Dorfstraße 2', '', '89150', 'Laichingen', 'asf_racing', 0, NULL, 7.5000, NULL, NULL, 0, 57.7500, 3, 16.7500, '2025-03-18 09:30:07', 0, 0, 1, 0, 0, 0, 0, 'Germany', 1, 0, 2, 'alubogencenter_de', 0, 'CheckoutComplete', 0, '10000627549127'),
(76, '10070760309201', '386915174875', 510, 5137, '0f7693a462714daa6386@members.ebay.com', 'Friedrich Ahlgrimm', 'Vor den Höfen 4', '', '30916', 'Isernhagen', 'isern43tqn', 0, NULL, 7.5000, NULL, NULL, 0, 37.0000, 1, 29.5000, '2025-03-22 17:15:04', 0, 0, 1, 0, 0, 0, 0, 'Germany', 1, 0, 2, 'alubogencenter_de', 0, 'CheckoutComplete', 0, '686724954014'),
(77, '10072339571113', '386531532348', 301, 5138, '1eeedec907c0c1150576@members.ebay.com', 'Michael Reinhardt', 'Neue Straße 10 d', '', '06774', 'Pouch', 'micha_rulz', 0, NULL, 7.5000, NULL, NULL, 0, 19.4500, 1, 11.9500, '2025-03-23 09:00:07', 0, 0, 1, 0, 0, 0, 0, 'Germany', 1, 0, 2, 'alubogencenter_de', 0, 'CheckoutComplete', 0, '10002674599145'),
(78, '10070595343325', '386586934270', 287, 5139, '1ef427ca7d2db77ee248@members.ebay.com', 'Robin Krull', 'Am Heegeberg 9', '', '34233', 'Fuldatal', 'mechanic-x', 0, NULL, 7.5000, NULL, NULL, 0, 24.2500, 1, 16.7500, '2025-03-25 09:00:06', 0, 0, 1, 0, 0, 0, 0, 'Germany', 1, 0, 2, 'alubogencenter_de', 0, 'CheckoutComplete', 0, '1203049522026'),
(79, '10071671234506', '386586934270', 287, 5140, '1ef6a001ebcad5dc5128@members.ebay.com', 'Philipp Rauschendorfer', 'Thomas Lehner Weg 11', '', '84152', 'Mengkofen', 'rauschi_rockt', 0, NULL, 7.5000, NULL, NULL, 0, 24.2500, 1, 16.7500, '2025-03-26 07:30:07', 0, 0, 1, 0, 0, 0, 0, 'Germany', 1, 0, 2, 'alubogencenter_de', 0, 'CheckoutComplete', 0, '10003325560050'),
(80, '10071344923510', '386531532348', 301, 5144, '01f09b950da5957baf27@members.ebay.com', 'Rudi Blank', 'Ruppiner Chaussee 291A', '', '13503', 'Berlin', 'rubl-84', 0, NULL, 7.5000, NULL, NULL, 0, 31.4000, 2, 11.9500, '2025-04-02 14:30:07', 0, 0, 1, 0, 0, 0, 0, 'Germany', 1, 0, 2, 'alubogencenter_de', 0, 'CheckoutComplete', 0, '10002999746361'),
(81, '10071147315701', '386586934270', 286, 5148, '01b484bda291bb7cb280@members.ebay.com', 'Willi Rühl', 'Haagscher Weg 14', '', '47623', 'Kevelaer', 'willi7002013', 0, NULL, 7.5000, NULL, NULL, 0, 40.0600, 2, 16.2800, '2025-04-07 18:45:05', 0, 0, 1, 0, 0, 0, 0, 'Germany', 1, 0, 2, 'alubogencenter_de', 0, 'CheckoutComplete', 0, '10002810425233'),
(82, '10071991382006', '386536780887', 327, 5149, '01f09b950da5957baf27@members.ebay.com', 'Rudi Blank', 'Ruppiner Chaussee 291A', '', '13503', 'Berlin', 'rubl-84', 0, NULL, 7.5000, NULL, NULL, 0, 41.4600, 2, 16.9800, '2025-04-08 17:45:05', 0, 0, 1, 0, 0, 0, 0, 'Germany', 1, 0, 2, 'alubogencenter_de', 0, 'CheckoutComplete', 0, '10002999746361'),
(83, '10071283484320', '386586934270', 292, 5154, '00f97b47e449bdb9b268@members.ebay.com', 'Gelfert Landtechnik', 'Freiberger Str. 4', '', '09629', 'Dittmannsdorf', 'lochbachhexe', 0, NULL, 7.5000, NULL, NULL, 0, 53.1800, 1, 45.6800, '2025-04-16 21:30:06', 0, 0, 1, 0, 0, 0, 0, 'Germany', 1, 0, 2, 'alubogencenter_de', 0, 'CheckoutComplete', 0, '3609673605026'),
(84, '10071625903205', '388257383397', 120, 5157, '00f9f237ab923898b218@members.ebay.com', 'Markus Maier', 'Ölgartenweg 11', '', '94527', 'Aholming', 'marma-726', 0, NULL, 7.5000, NULL, NULL, 0, 41.6300, 1, 34.1300, '2025-04-22 12:45:03', 0, 0, 1, 0, 0, 0, 0, 'Germany', 1, 0, 2, 'alubogencenter_de', 0, 'CheckoutComplete', 0, '10003044467579'),
(85, '10072012972604', '386531532348', 301, 5161, '07d0876e5cf9b5719324@members.ebay.com', 'Martin Hesselbarth', 'Schellsieben 3', '', '09569', 'Oederan', 'martoo60', 0, NULL, 7.5000, NULL, NULL, 0, 97.5000, 6, 15.0000, '2025-04-23 23:45:04', 0, 0, 1, 0, 0, 0, 0, 'Germany', 1, 0, 2, 'alubogencenter_de', 0, 'CheckoutComplete', 0, '10002221056569'),
(86, '10071636852409', '386586663730', 176, 5162, '7d66dcfbe572bcb11077@members.ebay.com', 'Jutta Schmidt', 'Speckfeld 40', '', '33824', 'Werther', 'jutta-schmidt71', 0, NULL, 7.5000, NULL, NULL, 0, 115.2200, 4, 26.9300, '2025-05-02 22:30:07', 0, 0, 1, 0, 0, 0, 0, 'Germany', 1, 0, 2, 'alubogencenter_de', 0, 'CheckoutComplete', 0, '10000578224582'),
(87, '10072591275306', '386536814311', 325, 5164, '7d7b2d4938d6ce080e20@members.ebay.com', 'Timo Schenk', 'St.-Georgs-Weg 12', '', '74831', 'Gundelsheim', 'tisch-4463', 0, NULL, 7.5000, NULL, NULL, 0, 42.1000, 2, 17.3000, '2025-05-04 20:45:05', 0, 0, 1, 0, 0, 0, 0, 'Germany', 1, 0, 2, 'alubogencenter_de', 0, 'CheckoutComplete', 0, '10000501472972'),
(88, '10071852907424', '386915174875', 510, 5170, '3edf0d849c6b66378f15@members.ebay.com', 'Wegro GmbH', 'Andreas Riedel', '', '25462', 'Rellingen', 'klainer19a', 0, NULL, 7.5000, NULL, NULL, 0, 37.0000, 1, 29.5000, '2025-05-11 05:00:10', 0, 0, 1, 0, 0, 0, 0, 'Germany', 1, 0, 2, 'alubogencenter_de', 0, 'CheckoutComplete', 0, '10002636208678'),
(89, '10071893293209', '388257383397', 104, 5173, '7ddac0eb6725a45afd39@members.ebay.com', 'Stefan Henken', 'Greimelstr. 54', '', '83236', 'Übersee', 'utvparts-de', 0, NULL, 7.5000, NULL, NULL, 0, 34.7000, 2, 13.6000, '2025-05-13 22:15:06', 0, 0, 1, 0, 0, 0, 0, 'Germany', 1, 0, 2, 'alubogencenter_de', 0, 'CheckoutComplete', 0, '10002131992079'),
(90, '10072389994714', '386586595544', 446, 5175, '3eee46b9deba238de568@members.ebay.com', 'Lang Rennsporttechnik', 'Heimburgstraße 2', '', '97421', 'Schweinfurt', 'osella1965', 0, NULL, 7.5000, NULL, NULL, 0, 83.9400, 2, 38.2200, '2025-05-14 02:15:05', 0, 0, 1, 0, 0, 0, 0, 'Germany', 1, 0, 2, 'alubogencenter_de', 0, 'CheckoutComplete', 0, '6838810393014'),
(91, '10072574619412', '386586934270', 284, 5177, '7e1810d3bd74476ddf10@members.ebay.com', 'Siewert Wasserschadenortung', 'Seilerstr.1', '', '77815', 'Bühl', 'jrsiewer-0', 0, NULL, 7.5000, NULL, NULL, 0, 64.2200, 4, 14.1800, '2025-05-19 17:45:04', 0, 0, 1, 0, 0, 0, 0, 'Germany', 1, 0, 2, 'alubogencenter_de', 0, 'CheckoutComplete', 0, '10002064170595'),
(92, '10072574619512', '386586934270', 289, 5178, '7e1810d3bd74476ddf10@members.ebay.com', 'Siewert Wasserschadenortung', 'Seilerstr.1', '', '77815', 'Bühl', 'jrsiewer-0', 0, NULL, 0.0000, NULL, NULL, 0, 22.5800, 1, 22.5800, '2025-05-19 17:45:04', 0, 0, 1, 0, 0, 0, 0, 'Germany', 1, 0, 2, 'alubogencenter_de', 0, 'CheckoutComplete', 0, '10002064170595'),
(93, '10072209722601', '388257383397', 114, 5180, '7e40e0ee80c58d476630@members.ebay.com', 'Heiko Kruck', 'Hagenau Nr. 7', '', '39624', 'Kalbe  (Milde)', 'janhend', 0, NULL, 7.5000, NULL, NULL, 0, 34.2800, 1, 26.7800, '2025-05-23 14:30:08', 0, 0, 1, 0, 0, 0, 0, 'Germany', 1, 0, 2, 'alubogencenter_de', 0, 'CheckoutComplete', 0, '10003275174107'),
(94, '10072430571023', '386586663730', 176, 5181, '7d66dcfbe572bcb11077@members.ebay.com', 'Jutta Schmidt', 'Speckfeld 40', '', '33824', 'Werther', 'jutta-schmidt71', 0, NULL, 7.5000, NULL, NULL, 0, 34.4300, 1, 26.9300, '2025-05-27 14:00:08', 0, 0, 1, 0, 0, 0, 0, 'Germany', 1, 0, 2, 'alubogencenter_de', 0, 'CheckoutComplete', 0, '10000578224582'),
(95, '10072231445824', '388257383397', 117, 5182, '00fcd8f018704a7e403d@members.ebay.com', 'Patrick Krabler', 'Hauptstr. 56', '', '86694', 'Feldheim', 'eddyrs6', 0, NULL, 7.5000, NULL, NULL, 0, 133.3000, 4, 31.4500, '2025-05-27 17:45:05', 0, 0, 1, 0, 0, 0, 0, 'Germany', 1, 0, 2, 'alubogencenter_de', 0, 'CheckoutComplete', 0, '5592166745021'),
(96, '10072440471208', '388341081613', 302, 5184, '07d0876e5cf9b5719324@members.ebay.com', 'Martin Hesselbarth', 'Schellsieben 3', '', '09569', 'Oederan', 'martoo60', 0, NULL, 7.5000, NULL, NULL, 0, 49.0800, 2, 20.7900, '2025-06-03 15:30:07', 0, 0, 1, 0, 0, 0, 0, 'Germany', 1, 0, 2, 'alubogencenter_de', 0, 'CheckoutComplete', 0, '10002221056569'),
(97, '10074524408913', '386915174875', 510, 5186, '00fe6ebc8385a6496c07@members.ebay.com', 'Gabriela Podborny', 'Hamm-Mühle', '', '52222', 'Stolberg (Rhld)', 'siebenstein_rudi', 0, NULL, 7.5000, NULL, NULL, 0, 63.5400, 2, 28.0200, '2025-06-15 23:30:07', 0, 0, 1, 0, 0, 0, 0, 'Germany', 1, 0, 2, 'alubogencenter_de', 0, 'CheckoutComplete', 0, '10000747578245'),
(98, '10072687957426', '388257383397', 103, 5188, '7f8b18e35bd5ce372482@members.ebay.com', 'Matthias Probst', 'Lieserstraße 9', '', '54518', 'Platten', 'grassematjoe', 0, NULL, 7.5000, NULL, NULL, 0, 33.7600, 2, 13.1300, '2025-06-23 22:00:09', 0, 0, 1, 0, 0, 0, 0, 'Germany', 1, 0, 2, 'alubogencenter_de', 0, 'CheckoutComplete', 0, '10001285166044'),
(99, '10073016611108', '388257383397', 114, 5191, '3fdfbfc4ac3a9ece1e30@members.ebay.com', 'Fabian Maenner', 'Holzreute 2', '', '88074', 'Meckenbeuren', '2015-maenn', 0, NULL, 7.5000, NULL, NULL, 0, 61.0600, 2, 26.7800, '2025-06-28 21:15:05', 0, 0, 1, 0, 0, 0, 0, 'Germany', 1, 0, 2, 'alubogencenter_de', 0, 'CheckoutComplete', 0, '1621642510022'),
(100, '10073555430004', '386915174875', 510, 5192, '3fe537ba1744d6b6aa13@members.ebay.com', 'Tobias Schindler', 'Kreuzeck 4', '', '82442', 'Saulgrub', 'tobias016210', 0, NULL, 7.5000, NULL, NULL, 0, 37.0000, 1, 29.5000, '2025-06-29 22:15:03', 0, 0, 1, 0, 0, 0, 0, 'Germany', 1, 0, 2, 'alubogencenter_de', 0, 'CheckoutComplete', 0, '3516513884017'),
(101, '10073600873219', '388257383397', 105, 5193, '7fea192ec38cfcaa2f60@members.ebay.com', 'Nils Spang', 'Dorfstraße 31', '', '24326', 'Stocksee', 'fury-27', 0, NULL, 7.5000, NULL, NULL, 0, 50.0400, 3, 14.1800, '2025-07-02 22:15:04', 0, 0, 1, 0, 0, 0, 0, 'Germany', 1, 0, 2, 'alubogencenter_de', 0, 'CheckoutComplete', 0, '282014429013'),
(102, '10076842095318', '386536955331', 294, 5197, '1007c81a07e7479f8663@members.ebay.com', 'Ronny Sibbert', 'Dorfstraße 128b', '', '25336', 'Klein Nordende', 'feinkost-manufaktur', 0, NULL, 7.5000, NULL, NULL, 0, 133.4600, 4, 31.4900, NULL, 0, 0, 1, 0, 0, 0, 0, 'Germany', 1, 0, 2, 'alubogencenter_de', 0, 'Complete', 0, ''),
(103, '10073973216712', '388257383397', 105, 5198, '0100cccf2289e2daff7a@members.ebay.com', 'Bertram Peters Metallbau', 'Potsdamer Str. 66', '', '14469', 'Potsdam', 'bepe911', 0, NULL, 7.5000, NULL, NULL, 0, 35.8600, 2, 14.1800, NULL, 0, 0, 1, 0, 0, 0, 0, 'Germany', 1, 0, 2, 'alubogencenter_de', 0, 'Complete', 1, ''),
(104, '10078440963507', '388257383397', 114, 5199, '00806e436a39658c2320@members.ebay.com', 'Anatolij Menzer', 'Ostrachstr. 3', 'ASAB GmbH', '86165', 'Augsburg', 'asab-augsburg', 0, NULL, 7.5000, NULL, NULL, 0, 34.2800, 1, 26.7800, NULL, 0, 0, 1, 0, 0, 0, 0, 'Germany', 1, 0, 2, 'alubogencenter_de', 0, 'Complete', 0, ''),
(105, '10074009960312', '386531532348', 301, 5200, '00807431495dc06cf85c@members.ebay.com', 'philipp mondelaers', 'waltersdorfer straße 1', '', '12526', 'Berlin', 'der_plattendiesel', 0, NULL, 7.5000, NULL, NULL, 0, 67.5000, 4, 15.0000, NULL, 0, 0, 1, 0, 0, 0, 0, 'Germany', 1, 0, 2, 'alubogencenter_de', 0, 'Complete', 0, ''),
(106, '10073670339522', '386536924416', 295, 5202, '01011dc9a7f10a7b9e70@members.ebay.com', 'Schulmeister Werbetechnik GmbH & Co.KG', 'An der Harth 2', '', '04416', 'Markkleeberg', 'eshop-werbetechnik', 0, NULL, 7.5000, NULL, NULL, 0, 56.0200, 2, 24.2600, NULL, 0, 0, 1, 0, 0, 0, 0, 'Germany', 1, 0, 2, 'alubogencenter_de', 0, 'Complete', 0, ''),
(107, '10074053620614', '388257383397', 114, 5203, '0809ce11c771b0fa6979@members.ebay.com', 'Mario Oehme', 'Hauptstraße 129', '', '09619', 'Dorfchemnitz', 'bummi4', 0, NULL, 7.5000, NULL, NULL, 0, 34.2800, 1, 26.7800, NULL, 0, 0, 1, 0, 0, 0, 0, 'Germany', 1, 0, 2, 'alubogencenter_de', 0, 'Complete', 0, ''),
(108, '10073734771022', '386915174875', 510, 5204, '202b7818c0065d51ff11@members.ebay.com', 'Ulrich Isenberg', 'An der Twiste 1', '', '34477', 'Twistetal', 'ulrisen_35', 0, NULL, 7.5000, NULL, NULL, 0, 37.0000, 1, 29.5000, NULL, 0, 0, 1, 0, 0, 0, 0, 'Germany', 1, 0, 2, 'alubogencenter_de', 0, 'Complete', 0, ''),
(109, '10074163248817', '386586934270', 282, 5207, '406453e50e11533b1344@members.ebay.com', 'Christopher Süß', 'Hauptstraße 21', '', '91230', 'Happurg', 'brezeljonny', 0, NULL, 7.5000, NULL, NULL, 0, 37.3800, 1, 13.1300, '2025-07-23 22:02:40', 0, 0, 1, 0, 0, 0, 0, 'Germany', 1, 0, 2, 'alubogencenter_de', 0, 'Complete', 0, ''),
(110, '10074163248917', '386586934270', 287, 5207, '406453e50e11533b1344@members.ebay.com', 'Christopher Süß', 'Hauptstraße 21', '', '91230', 'Happurg', 'brezeljonny', 0, NULL, 7.5000, NULL, NULL, 0, 37.3800, 1, 16.7500, '2025-07-23 22:02:40', 0, 0, 1, 0, 0, 0, 0, 'Germany', 1, 0, 2, 'alubogencenter_de', 0, 'Complete', 0, ''),
(111, '10073709842701', '388257383397', 110, 5208, '0080f12db47122f6179d@members.ebay.com', 'Andreas Echle', 'Reichener Str. 1a', '', '87549', 'Rettenberg', 'and68372', 0, NULL, 7.5000, NULL, NULL, 0, 25.3000, 1, 17.8000, '2025-07-27 18:15:34', 0, 0, 1, 0, 0, 0, 0, 'Germany', 1, 0, 2, 'alubogencenter_de', 0, 'Complete', 0, ''),
(112, '10074230207104', '386586934270', 291, 5209, '407e831ffdc5374e8225@members.ebay.com', 'Remetec GmbH', 'In den Waldäckern 34', '', '75417', 'Mühlacker', 'remet-1', 0, NULL, 7.5000, NULL, NULL, 0, 49.4500, 1, 41.9500, '2025-07-28 21:12:30', 0, 0, 1, 0, 0, 0, 0, 'Germany', 1, 0, 2, 'alubogencenter_de', 0, 'Complete', 0, ''),
(113, '10073664068609', '386586934270', 286, 5210, '4083380831b5938cc489@members.ebay.com', 'Jörn Wiards', 'Georgstraße.20', '', '26931', 'Elsfleth', 'deut-5750', 0, NULL, 15.0000, NULL, NULL, 0, 78.2000, 2, 18.0000, '2025-07-29 18:38:02', 0, 0, 1, 0, 0, 0, 0, 'Germany', 1, 0, 0, 'alubogencenter_de', 0, 'Complete', 0, ''),
(114, '10073664068709', '388257383397', 104, 5210, '4083380831b5938cc489@members.ebay.com', 'Jörn Wiards', 'Georgstraße.20', '', '26931', 'Elsfleth', 'deut-5750', 0, NULL, 15.0000, NULL, NULL, 0, 78.2000, 2, 13.6000, '2025-07-29 18:38:02', 0, 0, 1, 0, 0, 0, 0, 'Germany', 1, 0, 2, 'alubogencenter_de', 0, 'Complete', 0, ''),
(115, '10073893737601', '386915174875', 510, 5212, '204ff321839889a26571@members.ebay.com', 'Geiß-Möbel H.Lagler', 'Industriestr. 32', '', '74927', 'Eschelbronn', 'geimoeb', 0, NULL, 7.5000, NULL, NULL, 0, 37.0000, 1, 29.5000, '2025-08-04 05:09:32', 0, 0, 1, 0, 0, 0, 0, 'Germany', 1, 0, 2, 'alubogencenter_de', 0, 'Complete', 0, ''),
(116, '10073725412626', '388257383397', 105, 5214, '00816356091102349f4e@members.ebay.com', 'Angelo Apollonio', 'Römerstr. 22', '', '89429', 'Bachhagel', 'pilotangelo', 0, NULL, 7.5000, NULL, NULL, 0, 21.6800, 1, 14.1800, '2025-08-07 14:01:30', 0, 0, 1, 0, 0, 0, 0, 'Germany', 1, 0, 2, 'alubogencenter_de', 0, 'Complete', 0, ''),
(117, '10074064224301', '386586934270', 291, 5217, '407e831ffdc5374e8225@members.ebay.com', 'Remetec GmbH', 'In den Waldäckern 34', '', '75417', 'Mühlacker', 'remet-1', 0, NULL, 7.5000, NULL, NULL, 0, 91.4000, 2, 41.9500, '2025-08-11 07:01:50', 0, 0, 1, 0, 0, 0, 0, 'Germany', 1, 0, 2, 'alubogencenter_de', 0, 'Complete', 0, ''),
(118, '10074718588717', '386586934270', 289, 5220, '40d5746dd15556210b52@members.ebay.com', 'Matthias Fuchs', 'Ölhafenstr. 36', 'Cargotainer GmbH', '68169', 'Mannheim', 'cargotainer', 0, NULL, 7.5000, NULL, NULL, 0, 120.4000, 5, 22.5800, '2025-08-14 08:53:37', 0, 0, 1, 0, 0, 0, 0, 'Germany', 1, 0, 2, 'alubogencenter_de', 0, 'Complete', 0, ''),
(119, '10079247982507', '386915174875', 510, 5223, '0103acb8f1a712cf34ad@members.ebay.com', 'Kleinemeier ein Unternehmen der Mattern GmbH', 'Königstr. 348', '', '32427', 'Minden', 'kleinemeier-mattern', 0, NULL, 7.5000, NULL, NULL, 0, 96.0000, 3, 29.5000, '2025-08-18 11:46:17', 0, 0, 1, 0, 0, 0, 0, 'Germany', 1, 0, 2, 'alubogencenter_de', 0, 'Complete', 0, ''),
(120, '10074721379904', '386536780887', 327, 5224, '0103ad1a6899f6bf369a@members.ebay.com', 'Ute Wetzel', 'Schliengener Straße 12', '', '79379', 'Müllheim', 'motgra', 0, NULL, 7.5000, NULL, NULL, 0, 41.4600, 2, 16.9800, '2025-08-18 12:12:29', 0, 0, 1, 0, 0, 0, 0, 'Germany', 1, 0, 2, 'alubogencenter_de', 0, 'Complete', 0, ''),
(121, '10074830712217', '386915174875', 510, 5225, '0103b24cbf51e6bf8796@members.ebay.com', 'Markus Köhler', 'Lindenstr. 74', '', '71732', 'Tamm', 'mk-323', 0, NULL, 7.5000, NULL, NULL, 0, 37.0000, 1, 29.5000, '2025-08-18 18:07:02', 0, 0, 1, 0, 0, 0, 0, 'Germany', 1, 0, 2, 'alubogencenter_de', 0, 'Complete', 0, ''),
(122, '10076219082913', '388257383397', 105, 5226, '0081f991865080e75538@members.ebay.com', 'Philipp Obst', 'Radlubinstraße 4', '', '01920', 'Ralbitz-Rosenthal', 'obsphi', 0, NULL, 7.5000, NULL, NULL, 0, 35.8600, 2, 14.1800, '2025-08-21 19:53:18', 0, 0, 1, 0, 0, 0, 0, 'Germany', 1, 0, 2, 'alubogencenter_de', 0, 'Complete', 0, ''),
(123, '10075018033812', '388257383397', 104, 5227, '208528f804ce59e03a47@members.ebay.com', 'Söllner Jens', 'Bahnhofstraße 26a', 'am Netto-Markt', '07985', 'Elsterberg', 'strassenbaubindemittel', 0, NULL, 7.5000, NULL, NULL, 0, 48.3000, 3, 13.6000, '2025-08-24 09:29:29', 0, 0, 1, 0, 0, 0, 0, 'Germany', 1, 0, 2, 'alubogencenter_de', 0, 'Complete', 0, ''),
(124, '10078005157718', '386536780887', 327, 5228, '0103ad1a6899f6bf369a@members.ebay.com', 'Ute Wetzel', 'Schliengener Straße 12', '', '79379', 'Müllheim', 'motgra', 0, NULL, 7.5000, NULL, NULL, 0, 58.4400, 3, 16.9800, '2025-08-25 12:20:23', 0, 0, 1, 0, 0, 0, 0, 'Germany', 1, 0, 2, 'alubogencenter_de', 0, 'Complete', 0, ''),
(125, '10074630204005', '388257383397', 105, 5229, '0082497cc2f88da52997@members.ebay.com', 'D. Hartmann', 'Ludwig-Jahn-Str. 5', '', '07907', 'Schleiz', 'hart_6510', 0, NULL, 7.5000, NULL, NULL, 0, 21.6800, 1, 14.1800, '2025-08-29 09:44:45', 0, 0, 1, 0, 0, 0, 0, 'Germany', 1, 0, 2, 'alubogencenter_de', 0, 'Complete', 0, ''),
(126, '10075599785403', '388257383397', 104, 5232, '105a395804e9b8e6aa50@members.ebay.com', 'Patrick Hoffmann', 'Deubach 28a', 'OT Schönau', '99848', 'Wutha Farnroda', 'p.hoffmann83', 0, NULL, 7.5000, NULL, NULL, 0, 34.7000, 2, 13.6000, '2025-09-11 07:55:01', 0, 0, 1, 0, 0, 0, 0, 'Germany', 1, 0, 2, 'alubogencenter_de', 0, 'Complete', 0, ''),
(127, '10074934504508', '386586934270', 286, 5235, '0d944efb3ded73e55092@members.ebay.com', 'Jan Patrick Zimmer', 'Meiereiweg 3', '', '24969', 'Großenwiehe', 'janpazim-0', 0, NULL, 15.0000, NULL, NULL, 0, 47.1800, 1, 18.0000, '2025-09-18 06:18:13', 0, 0, 1, 0, 0, 0, 0, 'Germany', 1, 0, 0, 'alubogencenter_de', 0, 'Complete', 0, ''),
(128, '10074934504608', '388257383397', 105, 5235, '0d944efb3ded73e55092@members.ebay.com', 'Jan Patrick Zimmer', 'Meiereiweg 3', '', '24969', 'Großenwiehe', 'janpazim-0', 0, NULL, 15.0000, NULL, NULL, 0, 47.1800, 1, 14.1800, '2025-09-18 06:18:13', 0, 0, 1, 0, 0, 0, 0, 'Germany', 1, 0, 2, 'alubogencenter_de', 0, 'Complete', 0, ''),
(129, '10075024466108', '386586934270', 288, 5238, '0d944efb3ded73e55092@members.ebay.com', 'Jan Patrick Zimmer', 'Meiereiweg 3', '', '24969', 'Großenwiehe', 'janpazim-0', 0, NULL, 7.5000, NULL, NULL, 0, 24.8300, 1, 17.3300, '2025-09-22 08:57:40', 0, 0, 1, 0, 0, 0, 0, 'Germany', 1, 0, 2, 'alubogencenter_de', 0, 'Complete', 0, ''),
(130, '10075867482312', '388257383397', 105, 5241, '0106e30bd614573b661a@members.ebay.com', 'HausLandForst Nagel', 'Winkel 2', '', '39291', 'Tryppehna', 'schnapsi02', 0, NULL, 7.5000, NULL, NULL, 0, 21.6800, 1, 14.1800, '2025-09-26 11:23:45', 0, 0, 1, 0, 0, 0, 0, 'Germany', 1, 0, 2, 'alubogencenter_de', 0, 'Complete', 0, ''),
(131, '10075394279002', '386586934270', 287, 5242, '01070da4204e9b8ca754@members.ebay.com', 'Jannis Hüntemann', 'Zinkanger 5', '', '38644', 'Goslar', 'blechtech_24', 0, NULL, 7.5000, NULL, NULL, 0, 24.2500, 1, 16.7500, '2025-09-28 11:51:32', 0, 0, 1, 0, 0, 0, 0, 'Germany', 1, 0, 2, 'alubogencenter_de', 0, 'Complete', 0, ''),
(132, '10075229564325', '386536780887', 327, 5245, '0103ad1a6899f6bf369a@members.ebay.com', 'Ute Wetzel', 'Schliengener Straße 12', '', '79379', 'Müllheim', 'motgra', 0, NULL, 7.5000, NULL, NULL, 0, 41.4600, 2, 16.9800, '2025-10-10 09:46:17', 0, 0, 1, 0, 0, 0, 0, 'Germany', 1, 0, 2, 'alubogencenter_de', 0, 'Complete', 0, ''),
(133, '10076290172912', '387351047425', 499, 5246, '2107a5a247a089cd4d34@members.ebay.com', 'Hedwig Constantin', 'Hauptstraße 54', '', '26683', 'Saterland', 'hedwigc2006', 0, NULL, 7.5000, NULL, NULL, 0, 32.9400, 3, 8.4800, '2025-10-12 21:12:46', 0, 0, 1, 0, 0, 0, 0, 'Germany', 1, 0, 2, 'alubogencenter_de', 0, 'Complete', 0, ''),
(134, '10076334476711', '386537489130', 320, 5247, '21086b9299385bf93044@members.ebay.com', 'Markus Trinks', 'Hauptstr. 100', '', '09648', 'Altmittweida', 'marketrinks', 0, NULL, 7.5000, NULL, NULL, 0, 33.7500, 1, 26.2500, '2025-10-13 04:15:02', 0, 0, 1, 0, 0, 0, 0, 'Germany', 1, 0, 2, 'alubogencenter_de', 0, 'Complete', 0, ''),
(135, '10079258344218', '386915174875', 510, 5248, '42121f1f2dc0b220ee15@members.ebay.com', 'ABEL Zaunsysteme & Metallbau GmbH', 'Alte Halberstädter Str. 32', '', '38889', 'Blankenburg', 'abel_gmbh_2018', 0, NULL, 7.5000, NULL, NULL, 0, 96.0000, 3, 29.5000, '2025-10-13 10:04:53', 0, 0, 1, 0, 0, 0, 0, 'Germany', 1, 0, 2, 'alubogencenter_de', 0, 'Complete', 0, ''),
(136, '10077623078413', '388257383397', 105, 5249, '421e1563b47dafd4de31@members.ebay.com', 'B. Glück GmbH Kieswerk z. Hd. S. Petscharnig', 'Spitzackerstraße 12', '', '82166', 'Gräfelfing', 'sofabau112', 0, NULL, 7.5000, NULL, NULL, 0, 21.6800, 1, 14.1800, '2025-10-15 16:31:16', 0, 0, 1, 0, 0, 0, 0, 'Germany', 1, 0, 2, 'alubogencenter_de', 0, 'Complete', 1, ''),
(137, '10078058838613', '388257383397', 107, 5255, '0109dca5bf7579fc02d3@members.ebay.com', 'Simon Krämer', 'Eicholzheimer Str. 11', '', '74722', 'Buchen (Odenwald)', 'si-46755', 0, NULL, 7.5000, NULL, NULL, 0, 24.8300, 1, 17.3300, '2025-11-01 13:53:39', 0, 0, 1, 0, 0, 0, 0, 'Germany', 1, 0, 2, 'alubogencenter_de', 0, 'Complete', 0, ''),
(138, '10076801352119', '388257383397', 110, 5257, '4287c119639ee2cc5448@members.ebay.com', 'Bernhard Köppl', 'Kammerer-Weiher-Str. 6', '', '94501', 'Aldersbach', 'bernhard1268', 0, NULL, 7.5000, NULL, NULL, 0, 25.3000, 1, 17.8000, '2025-11-04 17:24:29', 0, 0, 1, 0, 0, 0, 0, 'Germany', 1, 0, 2, 'alubogencenter_de', 0, 'Complete', 0, ''),
(139, '10081199206221', '386915174875', 510, 5258, '008519f094a5635d76c5@members.ebay.com', 'Druckriegel GmbH', 'Morsestrasse 27', 'Frank Rückriegel Privat', '60486', 'Frankfurt am Main', 'modemdieb', 0, NULL, 7.5000, NULL, NULL, 0, 37.0000, 1, 29.5000, '2025-11-05 17:08:37', 0, 0, 1, 0, 0, 0, 0, 'Germany', 1, 0, 2, 'alubogencenter_de', 0, 'Complete', 0, ''),
(140, '10076990999517', '386586663730', 176, 5261, '42a57d4f3f51920ecb23@members.ebay.com', 'Christian Roll', 'Leute Wiese 7', '', '18276', 'Mühlengeez', '18-christian94', 0, NULL, 7.5000, NULL, NULL, 0, 34.4300, 1, 26.9300, '2025-11-10 08:44:02', 0, 0, 1, 0, 0, 0, 0, 'Germany', 1, 0, 2, 'alubogencenter_de', 0, 'Complete', 0, ''),
(141, '10077035334203', '388257383397', 107, 5262, '42a737decaa9523a8c78@members.ebay.com', 'Felix Rippstein Auto Rippstein GbR', 'Daimlerstr. 4a', '', '97437', 'Haßfurt', 'autorippsteingbr', 0, NULL, 7.5000, NULL, NULL, 0, 24.8300, 1, 17.3300, '2025-11-10 16:36:14', 0, 0, 1, 0, 0, 0, 0, 'Germany', 1, 0, 2, 'alubogencenter_de', 0, 'Complete', 0, ''),
(142, '10076166436909', '386586934270', 281, 5263, '42acec97ace53f7e2f41@members.ebay.com', 'Alexander Jansen', 'Altenbergstraße 62', '', '53940', 'Hellenthal', 'alexjansen2012', 0, NULL, 7.5000, NULL, NULL, 0, 84.9900, 1, 13.1300, '2025-11-11 18:34:33', 0, 0, 1, 0, 0, 0, 0, 'Germany', 1, 0, 2, 'alubogencenter_de', 0, 'Complete', 0, ''),
(143, '10076166437009', '386586934270', 284, 5263, '42acec97ace53f7e2f41@members.ebay.com', 'Alexander Jansen', 'Altenbergstraße 62', '', '53940', 'Hellenthal', 'alexjansen2012', 0, NULL, 7.5000, NULL, NULL, 0, 84.9900, 2, 14.1800, '2025-11-11 18:34:33', 0, 0, 1, 0, 0, 0, 0, 'Germany', 1, 0, 2, 'alubogencenter_de', 0, 'Complete', 0, '');
INSERT INTO `ebay_transactions` (`id`, `transactionid`, `ebayid`, `products_id`, `orders_id`, `email`, `fullname`, `street1`, `street2`, `zip`, `city`, `userid`, `paymentmethod`, `additionalshippingcosts`, `shippinghandlingcosts`, `insurancefee`, `insurancetotal`, `shippingtype`, `amountpaid`, `quantitypurchased`, `transactionprice`, `transactiondate`, `incomplete_state`, `statusis`, `STATUS`, `vat`, `geldzurueck`, `sofortneu`, `new`, `site`, `currency_value`, `external_payment_status`, `shipped`, `seller`, `soap_processed`, `checkoutstatus`, `checkoutmessage_saved`, `shipping_addressid`) VALUES
(144, '10076166437109', '386586934270', 286, 5263, '42acec97ace53f7e2f41@members.ebay.com', 'Alexander Jansen', 'Altenbergstraße 62', '', '53940', 'Hellenthal', 'alexjansen2012', 0, NULL, 7.5000, NULL, NULL, 0, 84.9900, 2, 18.0000, '2025-11-11 18:34:33', 0, 0, 1, 0, 0, 0, 0, 'Germany', 1, 0, 2, 'alubogencenter_de', 0, 'Complete', 0, ''),
(145, '10076504254323', '388257383397', 114, 5265, '00858dc0678645c72e41@members.ebay.com', 'Thomas Flaith', 'Maisenbügele 10', '', '74336', 'Brackenheim', 'tl.g89', 0, NULL, 7.5000, NULL, NULL, 0, 34.2800, 1, 26.7800, '2025-11-16 16:40:47', 0, 0, 1, 0, 0, 0, 0, 'Germany', 1, 0, 2, 'alubogencenter_de', 0, 'Complete', 0, ''),
(146, '10076334276709', '386915174875', 510, 5266, '0085a034daa6ab255520@members.ebay.com', 'OSG ObjektService Göggel GmbH', 'Weingartenstraße 2', '', '61352', 'Bad Homburg', 'objektservi_0', 0, NULL, 7.5000, NULL, NULL, 0, 66.5000, 2, 29.5000, '2025-11-18 10:40:46', 0, 0, 1, 0, 0, 0, 0, 'Germany', 1, 0, 2, 'alubogencenter_de', 0, 'Complete', 0, ''),
(147, '10076938407504', '388257383397', 110, 5267, '010b4a330a8f9b893e35@members.ebay.com', 'Fa. F. Rokus', 'Tungendorfer Str. 10', '', '24536', 'Neumünster', 'bluefreepower', 0, NULL, 7.5000, NULL, NULL, 0, 25.3000, 1, 17.8000, '2025-11-18 21:48:47', 0, 0, 1, 0, 0, 0, 0, 'Germany', 1, 0, 2, 'alubogencenter_de', 0, 'Complete', 0, ''),
(148, '10080304738518', '388257383397', 105, 5268, '010b4a330a8f9b893e35@members.ebay.com', 'Fa. F. Rokus', 'Tungendorfer Str. 10', '', '24536', 'Neumünster', 'bluefreepower', 0, NULL, 7.5000, NULL, NULL, 0, 21.6800, 1, 14.1800, '2025-11-21 11:56:33', 0, 0, 1, 0, 0, 0, 0, 'Germany', 1, 0, 2, 'alubogencenter_de', 0, 'Complete', 0, ''),
(149, '10081541799807', '387351047425', 499, 5269, '010b8b30af65e6ba4708@members.ebay.com', 'Georg  Bender', 'Hintere Gasse 4', '', '97996', 'Niederstetten', 'georg5709', 0, NULL, 7.5000, NULL, NULL, 0, 25.4000, 2, 8.9500, '2025-11-21 23:45:22', 0, 0, 1, 0, 0, 0, 0, 'Germany', 1, 0, 2, 'alubogencenter_de', 0, 'Complete', 0, ''),
(150, '10076634607508', '388257383397', 105, 5271, '0086000ef1a8b17473bd@members.ebay.com', 'hbk metallbearbeitung GmbH', 'Markgrafenstr. 9', '', '95497', 'Goldkronach', 'hbkmetall', 0, NULL, 7.5000, NULL, NULL, 0, 21.6800, 1, 14.1800, '2025-11-27 12:47:33', 0, 0, 1, 0, 0, 0, 0, 'Germany', 1, 0, 2, 'alubogencenter_de', 0, 'Complete', 0, ''),
(151, '10077702732311', '388257383397', 120, 5274, '0218d3b92a9aac900332@members.ebay.com', 'Karl-Heinz Pitz', 'Immenhorstweg 10', '', '46446', 'Emmerich  am Rhein', 'marpi648714', 0, NULL, 7.5000, NULL, NULL, 0, 41.6300, 1, 34.1300, '2025-12-02 13:06:22', 0, 0, 1, 0, 0, 0, 0, 'Germany', 1, 0, 2, 'alubogencenter_de', 0, 'Complete', 0, ''),
(152, '10077601936719', '386586934270', 288, 5275, '0218f66a3aba089089a5@members.ebay.com', 'Dörge und Co. GmbH', 'An der Leege 6', '', '37520', 'Osterode', 'doergestahl', 0, NULL, 7.5000, NULL, NULL, 0, 42.1600, 2, 17.3300, '2025-12-03 08:50:31', 0, 0, 1, 0, 0, 0, 0, 'Germany', 1, 0, 2, 'alubogencenter_de', 0, 'Complete', 1, ''),
(153, '10076856682501', '388257383397', 105, 5276, '00864879fd707da7c9f0@members.ebay.com', 'Fabian Voitl eGbr', 'Vogteistr. 16', '', '89446', 'Ziertheim', 'fabianvoitl', 0, NULL, 7.5000, NULL, NULL, 0, 57.2800, 1, 14.1800, '2025-12-04 09:35:03', 0, 0, 1, 0, 0, 0, 0, 'Germany', 1, 0, 2, 'alubogencenter_de', 0, 'Complete', 0, ''),
(154, '10076856682601', '388257383397', 110, 5276, '00864879fd707da7c9f0@members.ebay.com', 'Fabian Voitl eGbr', 'Vogteistr. 16', '', '89446', 'Ziertheim', 'fabianvoitl', 0, NULL, 7.5000, NULL, NULL, 0, 57.2800, 2, 17.8000, '2025-12-04 09:35:03', 0, 0, 1, 0, 0, 0, 0, 'Germany', 1, 0, 2, 'alubogencenter_de', 0, 'Complete', 0, ''),
(155, '10076854946608', '387351047425', 499, 5278, '021951a036b9889231c7@members.ebay.com', 'Burak Agri', 'Meiendorfer Weg 124b', '', '22359', 'Hamburg', 'fa-dev', 0, NULL, 7.5000, NULL, NULL, 0, 16.4500, 1, 8.9500, '2025-12-05 12:43:51', 0, 0, 1, 0, 0, 0, 0, 'Germany', 1, 0, 0, 'alubogencenter_de', 0, 'Complete', 0, ''),
(156, '10080986334327', '386915174875', 510, 5279, '02195a8178f98892335d@members.ebay.com', 'Michael Heese', 'Eigenheimweg 10A', '', '93051', 'Regensburg', 'the_riddler1', 0, NULL, 7.5000, NULL, NULL, 0, 37.0000, 1, 29.5000, '2025-12-05 17:46:57', 0, 0, 1, 0, 0, 0, 0, 'Germany', 1, 0, 2, 'alubogencenter_de', 0, 'Complete', 0, ''),
(157, '10079104112813', '387351047425', 499, 5282, '219d371c024a8d200724@members.ebay.com', 'Sebastian Stehr', 'Märzenweg 14', '', '90411', 'Nürnberg', 'trollinger1', 0, NULL, 7.5000, NULL, NULL, 0, 34.3500, 3, 8.9500, '2025-12-08 14:34:58', 0, 0, 1, 0, 0, 0, 0, 'Germany', 1, 0, 2, 'alubogencenter_de', 0, 'Complete', 0, ''),
(158, '10076922943520', '388257383397', 110, 5283, '4287c119639ee2cc5448@members.ebay.com', 'Bernhard Köppl', 'Kammerer-Weiher-Str. 6', '', '94501', 'Aldersbach', 'bernhard1268', 0, NULL, 7.5000, NULL, NULL, 0, 25.3000, 1, 17.8000, '2025-12-10 08:15:22', 0, 0, 1, 0, 0, 0, 0, 'Germany', 1, 0, 2, 'alubogencenter_de', 0, 'Complete', 0, ''),
(159, '10077522649304', '388257383397', 101, 5284, '010d1809d882fb7d9dd0@members.ebay.com', 'Manuela Hellmann', 'Gewerbepark West II 6', 'Hellmann Kunststoff- & Metallgrosshandel GmbH', '76863', 'Herxheim', 'ronja1077', 0, NULL, 7.5000, NULL, NULL, 0, 17.9500, 1, 10.4500, '2025-12-10 19:16:51', 0, 0, 1, 0, 0, 0, 0, 'Germany', 1, 0, 2, 'alubogencenter_de', 0, 'Complete', 0, ''),
(160, '10076820475326', '386586934270', 290, 5285, '00869ebaaab12a8fb680@members.ebay.com', 'ARJES IMPAKTOR GmbH', 'Werksplatz 2', 'Susen Dietrich', '36433', 'Leimbach', 'arjes-impaktor', 0, NULL, 7.5000, NULL, NULL, 0, 32.1800, 1, 24.6800, '2025-12-12 13:51:17', 0, 0, 1, 0, 0, 0, 0, 'Germany', 1, 0, 2, 'alubogencenter_de', 0, 'Complete', 0, ''),
(161, '10078060040915', '386531532348', 301, 5286, '04368524dd4c33e7f616@members.ebay.com', 'Stern-Garage GmbH', 'Fürst-Leopold-Allee 73', '', '46284', 'Dorsten', 'stern-garage', 0, NULL, 7.5000, NULL, NULL, 0, 105.1800, 6, 16.2800, '2025-12-17 07:26:21', 0, 0, 1, 0, 0, 0, 0, 'Germany', 1, 0, 2, 'alubogencenter_de', 0, 'Complete', 1, ''),
(162, '10078113852715', '386586934270', 286, 5287, '21b9cef6181439acd539@members.ebay.com', 'Jörn Dierks', 'Münchener Str. 32', '', '29392', 'Wesendorf', 'gears2022', 0, NULL, 7.5000, NULL, NULL, 0, 97.5000, 5, 18.0000, '2025-12-19 10:50:36', 0, 0, 1, 0, 0, 0, 0, 'Germany', 1, 0, 2, 'alubogencenter_de', 0, 'Complete', 0, '');

-- --------------------------------------------------------

--
-- Tabellenstruktur für Tabelle `ebay_uuid`
--

CREATE TABLE `ebay_uuid` (
  `UUID` int(11) NOT NULL
) ENGINE=MyISAM DEFAULT CHARSET=utf8;

--
-- Daten für Tabelle `ebay_uuid`
--

INSERT INTO `ebay_uuid` (`UUID`) VALUES
(62);

-- --------------------------------------------------------

--
-- Tabellenstruktur für Tabelle `ebay_variations`
--

CREATE TABLE `ebay_variations` (
  `ebay_variations_id` int(11) NOT NULL,
  `quantity` int(2) NOT NULL,
  `sku` varchar(64) DEFAULT NULL,
  `startprice` float NOT NULL,
  `ebay_variations_sets_id` int(11) NOT NULL,
  `products_id` int(11) NOT NULL,
  `sort_order` tinyint(4) DEFAULT NULL,
  `ean` varchar(16) DEFAULT NULL,
  `isbn` varchar(16) DEFAULT NULL,
  `ProductReferenceID` varchar(64) NOT NULL
) ENGINE=MyISAM DEFAULT CHARSET=utf8;

--
-- Daten für Tabelle `ebay_variations`
--

INSERT INTO `ebay_variations` (`ebay_variations_id`, `quantity`, `sku`, `startprice`, `ebay_variations_sets_id`, `products_id`, `sort_order`, `ean`, `isbn`, `ProductReferenceID`) VALUES
(14, 5, '250', 13.13, 2, 250, NULL, '4066077000103', '', ''),
(2, 14, '281', 13.13, 1, 281, 1, '4066077000110', '', ''),
(3, 20, '282', 13.13, 1, 282, 2, '4066077000127', '', ''),
(4, 8, '283', 14.65, 1, 283, 3, '4066077000134', '', ''),
(5, 30, '284', 14.18, 1, 284, 4, '4066077000141', '', ''),
(6, 30, '286', 16.28, 1, 286, 5, '4066077000165', '', ''),
(7, 30, '287', 16.75, 1, 287, 6, '4066077000172', '', ''),
(8, 30, '288', 17.33, 1, 288, 7, '4066077000189', '', ''),
(9, 30, '289', 22.58, 1, 289, 8, '4066077000196', '', ''),
(10, 10, '290', 24.68, 1, 290, 9, '4066077000202', '', ''),
(11, 5, '291', 41.95, 1, 291, 10, '4066077000219', '', ''),
(12, 5, '292', 45.68, 1, 292, 11, '4066077000226', '', ''),
(13, 5, '293', 76.13, 1, 293, 12, '4066077000233', '', ''),
(15, 5, '281', 13.13, 2, 281, NULL, '4066077000110', '', ''),
(16, 5, '282', 13.13, 2, 282, NULL, '4066077000127', '', ''),
(17, 5, '283', 14.65, 2, 283, NULL, '4066077000134', '', ''),
(18, 5, '284', 14.18, 2, 284, NULL, '4066077000141', '', ''),
(19, 5, '286', 16.28, 2, 286, NULL, '4066077000165', '', ''),
(20, 5, '287', 16.75, 2, 287, NULL, '4066077000172', '', ''),
(21, 5, '288', 17.33, 2, 288, NULL, '4066077000189', '', ''),
(22, 5, '289', 22.58, 2, 289, NULL, '4066077000196', '', ''),
(23, 5, '290', 24.68, 2, 290, NULL, '4066077000202', '', ''),
(24, 5, '291', 41.95, 2, 291, NULL, '4066077000219', '', ''),
(25, 5, '292', 45.68, 2, 292, NULL, '4066077000226', '', ''),
(26, 5, '293', 76.13, 2, 293, NULL, '4066077000233', '', ''),
(27, 10, '478', 57.75, 3, 478, 10, '4066077004866', '', ''),
(28, 30, '100', 15.7, 3, 100, 0, '4066077000240', '', ''),
(29, 30, '101', 10.45, 3, 101, 1, '4066077000257', '', ''),
(30, 30, '102', 11.03, 3, 102, 2, '4066077000264', '', ''),
(31, 30, '103', 13.13, 3, 103, 3, '4066077000271', '', ''),
(32, 30, '104', 13.6, 3, 104, 4, '4066077000288', '', ''),
(33, 30, '105', 14.18, 3, 105, 5, '4066077000295', '', ''),
(34, 30, '107', 17.33, 3, 107, 6, '4066077000318', '', ''),
(35, 8, '108', 17.8, 3, 108, 7, '4066077000325', '', ''),
(36, 30, '110', 17.8, 3, 110, 8, '4066077000349', '', ''),
(37, 15, '114', 26.78, 3, 114, 9, '4066077000387', '', ''),
(38, 30, '117', 31.45, 3, 117, 11, '4066077000417', '', ''),
(39, 30, '120', 34.13, 3, 120, 12, '4066077000431', '', ''),
(40, 5, '121', 59.75, 3, 121, 13, '4066077000448', '', ''),
(41, 20, '122', 38.33, 3, 122, 14, '4066077000455', '', ''),
(42, 15, '126', 8.35, 4, 126, NULL, '4066077000486', '', ''),
(43, 15, '127', 8.35, 4, 127, NULL, '4066077000493', '', ''),
(44, 15, '136', 18.38, 4, 136, NULL, '4066077000578', '', ''),
(45, 15, '138', 18.38, 4, 138, NULL, '4066077000592', '', ''),
(46, 15, '141', 23.63, 4, 141, NULL, '4066077000622', '', ''),
(47, 2, '156', 20.48, 5, 156, NULL, '4066077002329', '', ''),
(48, 2, '158', 27.83, 5, 158, NULL, '4066077002541', '', ''),
(49, 2, '166', 71.66, 5, 166, NULL, '4066077001674', '', '');

-- --------------------------------------------------------

--
-- Tabellenstruktur für Tabelle `ebay_variationspecificssets`
--

CREATE TABLE `ebay_variationspecificssets` (
  `ebay_variationspecificssets_id` int(11) NOT NULL,
  `nvl_name` varchar(64) NOT NULL,
  `nvl_value` text NOT NULL,
  `ebay_variations_sets_id` int(11) NOT NULL,
  `variations_pictures_base` int(1) DEFAULT NULL
) ENGINE=MyISAM DEFAULT CHARSET=utf8;

--
-- Daten für Tabelle `ebay_variationspecificssets`
--

INSERT INTO `ebay_variationspecificssets` (`ebay_variationspecificssets_id`, `nvl_name`, `nvl_value`, `ebay_variations_sets_id`, `variations_pictures_base`) VALUES
(3, 'Abmessung', ';G 1\" BSPP  Länge 60/25 mm;G 1½\" BSPP  Länge 75/30 mm', 3, 1),
(2, 'Auswahl:', '', 2, 1),
(4, 'Rohrdurchmesser aussen', '', 4, 1),
(5, 'Variante', '-- Bitte wählen Sie --', 5, 1);

-- --------------------------------------------------------

--
-- Tabellenstruktur für Tabelle `ebay_variations_pictures`
--

CREATE TABLE `ebay_variations_pictures` (
  `ebay_variations_pictures_id` int(11) NOT NULL,
  `VariationSpecificName` varchar(64) NOT NULL,
  `ebay_variations_id` int(11) NOT NULL,
  `ebay_variations_sets_id` int(11) NOT NULL
) ENGINE=MyISAM DEFAULT CHARSET=utf8;

--
-- Daten für Tabelle `ebay_variations_pictures`
--

INSERT INTO `ebay_variations_pictures` (`ebay_variations_pictures_id`, `VariationSpecificName`, `ebay_variations_id`, `ebay_variations_sets_id`) VALUES
(1, 'Innengewinde x Länge', 0, 1),
(2, 'Auswahl:', 0, 2),
(3, 'Abmessung', 0, 3),
(4, 'Rohrdurchmesser aussen', 0, 4),
(5, 'Variante', 0, 5);

-- --------------------------------------------------------

--
-- Tabellenstruktur für Tabelle `ebay_variations_pictures_sets`
--

CREATE TABLE `ebay_variations_pictures_sets` (
  `ebay_variations_pictures_sets_id` int(11) NOT NULL,
  `ebay_variations_pictures_id` int(11) NOT NULL,
  `VariationSpecificValue` varchar(64) NOT NULL
) ENGINE=MyISAM DEFAULT CHARSET=utf8;

--
-- Daten für Tabelle `ebay_variations_pictures_sets`
--

INSERT INTO `ebay_variations_pictures_sets` (`ebay_variations_pictures_sets_id`, `ebay_variations_pictures_id`, `VariationSpecificValue`) VALUES
(1, 1, '1/8\" BSPP x 20 mm'),
(2, 1, '1/4\" BSPP x 25 mm'),
(3, 1, '3/8\" BSPP x 30 mm'),
(4, 1, '1/2\" BSPP x 30 mm'),
(5, 1, '1/2\" BSPP x 35 mm'),
(6, 1, '3/4\" BSPP x 40 mm'),
(7, 1, '1\" BSPP x 45 mm'),
(8, 1, '1 1/4\" BSPP x 50 mm'),
(9, 1, '1 1/2\" BSPP x 55 mm'),
(10, 1, '2\" BSPP x 60 mm'),
(11, 1, '2 1/2\" BSPP x 70 mm'),
(12, 1, '3\" BSPP x 75 mm'),
(13, 1, '4\" BSPP x 90 mm'),
(14, 2, '1/8\" BSPP, Länge 20 mm'),
(15, 2, '1/4\" BSPP, Länge 25 mm'),
(16, 2, '3/8\" BSPP, Länge 30 mm'),
(17, 2, '1/2\" BSPP, Länge 30 mm'),
(18, 2, '1/2\" BSPP, Länge 35 mm'),
(19, 2, '3/4\" BSPP, Länge 40 mm'),
(20, 2, '1\" BSPP, Länge 45 mm'),
(21, 2, '1 1/4\" BSPP, Länge 50 mm'),
(22, 2, '1 1/2\" BSPP, Länge 55 mm'),
(23, 2, '2\" BSPP, Länge 60 mm'),
(24, 2, '2 1/2\" BSPP, Länge 70 mm'),
(25, 2, '3\" BSPP, Länge 75 mm'),
(26, 2, '4\" BSPP, Länge 90 mm'),
(27, 3, 'G 2\" BSPP Länge 240/30 mm'),
(28, 3, 'G ⅛\" BSPP Länge 50/15 mm'),
(29, 3, 'G ¼\" BSPP Länge 50/20 mm'),
(30, 3, 'G ⅜\" BSPP Länge 50/20 mm'),
(31, 3, 'G ½\" BSPP Länge 50/20 mm'),
(32, 3, 'G ¾\" BSPP Länge 50/20 mm'),
(33, 3, 'G 1\" BSPP  Länge 60/25 mm'),
(34, 3, 'G 1¼\" BSPP Länge 65/25 mm'),
(35, 3, 'G 1½\" BSPP Länge 45/25 mm'),
(36, 3, 'G 1½\" BSPP  Länge 75/30 mm'),
(37, 3, 'G 2\" BSPP Länge 75/30 mm'),
(38, 3, 'G 2½\" BSPP Länge 60/25 mm'),
(39, 3, 'G 3\" BSPP Länge 60/25 mm'),
(40, 3, 'G 3\" BSPP Länge 100/35 mm'),
(41, 3, 'G 4\" BSPP Länge 60/25 mm'),
(42, 4, '20 mm'),
(43, 4, '22 mm'),
(44, 4, '60 mm'),
(45, 4, '70 mm'),
(46, 4, '90 mm'),
(47, 5, '76,1 x 3,0 mm  ·  DN 65 · EN AW-5754'),
(48, 5, '90,0 x 3,0 mm  ·  DN 80 · EN AW-5754'),
(49, 5, '219,1 x 5,0 mm  ·  DN 200 · EN AW-1050A');

-- --------------------------------------------------------

--
-- Tabellenstruktur für Tabelle `ebay_variations_pictures_sets_urls`
--

CREATE TABLE `ebay_variations_pictures_sets_urls` (
  `ebay_variations_pictures_sets_urls_id` int(11) NOT NULL,
  `ebay_variations_pictures_sets_id` int(11) NOT NULL,
  `PictureURL` varchar(255) NOT NULL,
  `sort_order` int(1) NOT NULL
) ENGINE=MyISAM DEFAULT CHARSET=utf8;

--
-- Daten für Tabelle `ebay_variations_pictures_sets_urls`
--

INSERT INTO `ebay_variations_pictures_sets_urls` (`ebay_variations_pictures_sets_urls_id`, `ebay_variations_pictures_sets_id`, `PictureURL`, `sort_order`) VALUES
(1, 1, 'https://alubogencenter.com/images/product_images/popup_images/250_0.jpg', 0),
(30, 2, 'https://alubogencenter.com/images/product_images/popup_images/281_1.jpg', 1),
(4, 4, 'https://alubogencenter.com/images/product_images/popup_images/283_0.jpg', 0),
(5, 5, 'https://alubogencenter.com/images/product_images/popup_images/284_0.jpg', 0),
(6, 6, 'https://alubogencenter.com/images/product_images/popup_images/286_0.jpg', 0),
(7, 7, 'https://alubogencenter.com/images/product_images/popup_images/287_0.jpg', 0),
(8, 8, 'https://alubogencenter.com/images/product_images/popup_images/288_0.jpg', 0),
(9, 9, 'https://alubogencenter.com/images/product_images/popup_images/289_0.jpg', 0),
(10, 10, 'https://alubogencenter.com/images/product_images/popup_images/290_0.jpg', 0),
(11, 11, 'https://alubogencenter.com/images/product_images/popup_images/291_0.jpg', 0),
(12, 12, 'https://alubogencenter.com/images/product_images/popup_images/292_0.jpg', 0),
(28, 3, 'https://alubogencenter.com/images/product_images/popup_images/282_0.jpg', 0),
(14, 1, 'https://alubogencenter.com/images/product_images/popup_images/250_1.jpg', 1),
(31, 3, 'https://alubogencenter.com/images/product_images/popup_images/282_1.jpg', 1),
(29, 13, 'https://alubogencenter.com/images/product_images/popup_images/293_0.jpg', 0),
(17, 4, 'https://alubogencenter.com/images/product_images/popup_images/283_1.jpg', 1),
(18, 5, 'https://alubogencenter.com/images/product_images/popup_images/284_1.jpg', 1),
(19, 6, 'https://alubogencenter.com/images/product_images/popup_images/286_1.jpg', 1),
(20, 7, 'https://alubogencenter.com/images/product_images/popup_images/287_1.jpg', 1),
(21, 8, 'https://alubogencenter.com/images/product_images/popup_images/288_1.jpg', 1),
(22, 9, 'https://alubogencenter.com/images/product_images/popup_images/289_1.jpg', 1),
(23, 10, 'https://alubogencenter.com/images/product_images/popup_images/290_1.jpg', 1),
(24, 11, 'https://alubogencenter.com/images/product_images/popup_images/291_1.jpg', 1),
(25, 12, 'https://alubogencenter.com/images/product_images/popup_images/292_1.jpg', 1),
(27, 2, 'https://alubogencenter.com/images/product_images/popup_images/281_0.jpg', 0),
(32, 13, 'https://alubogencenter.com/images/product_images/popup_images/293_1.jpg', 1),
(33, 14, 'https://alubogencenter.com/images/product_images/popup_images/250_0.jpg', 0),
(34, 14, 'https://alubogencenter.com/images/product_images/popup_images/250_1.jpg', 1),
(35, 15, 'https://alubogencenter.com/images/product_images/popup_images/281_0.jpg', 0),
(36, 15, 'https://alubogencenter.com/images/product_images/popup_images/281_1.jpg', 1),
(37, 16, 'https://alubogencenter.com/images/product_images/popup_images/282_0.jpg', 0),
(38, 16, 'https://alubogencenter.com/images/product_images/popup_images/282_1.jpg', 1),
(39, 17, 'https://alubogencenter.com/images/product_images/popup_images/283_0.jpg', 0),
(40, 17, 'https://alubogencenter.com/images/product_images/popup_images/283_1.jpg', 1),
(41, 18, 'https://alubogencenter.com/images/product_images/popup_images/284_0.jpg', 0),
(42, 18, 'https://alubogencenter.com/images/product_images/popup_images/284_1.jpg', 1),
(43, 19, 'https://alubogencenter.com/images/product_images/popup_images/286_0.jpg', 0),
(44, 19, 'https://alubogencenter.com/images/product_images/popup_images/286_1.jpg', 1),
(45, 20, 'https://alubogencenter.com/images/product_images/popup_images/287_0.jpg', 0),
(46, 20, 'https://alubogencenter.com/images/product_images/popup_images/287_1.jpg', 1),
(47, 21, 'https://alubogencenter.com/images/product_images/popup_images/288_0.jpg', 0),
(48, 21, 'https://alubogencenter.com/images/product_images/popup_images/288_1.jpg', 1),
(49, 22, 'https://alubogencenter.com/images/product_images/popup_images/289_0.jpg', 0),
(50, 22, 'https://alubogencenter.com/images/product_images/popup_images/289_1.jpg', 1),
(51, 23, 'https://alubogencenter.com/images/product_images/popup_images/290_0.jpg', 0),
(52, 23, 'https://alubogencenter.com/images/product_images/popup_images/290_1.jpg', 1),
(53, 24, 'https://alubogencenter.com/images/product_images/popup_images/291_0.jpg', 0),
(54, 24, 'https://alubogencenter.com/images/product_images/popup_images/291_1.jpg', 1),
(55, 25, 'https://alubogencenter.com/images/product_images/popup_images/292_0.jpg', 0),
(56, 25, 'https://alubogencenter.com/images/product_images/popup_images/292_1.jpg', 1),
(57, 26, 'https://alubogencenter.com/images/product_images/popup_images/293_0.jpg', 0),
(58, 26, 'https://alubogencenter.com/images/product_images/popup_images/293_1.jpg', 1),
(59, 27, 'https://alubogencenter.com/images/product_images/popup_images/478_0.jpg', 0),
(60, 28, 'https://alubogencenter.com/images/product_images/popup_images/100_0.jpg', 0),
(61, 29, 'https://alubogencenter.com/images/product_images/popup_images/101_0.jpg', 0),
(62, 30, 'https://alubogencenter.com/images/product_images/popup_images/102_0.jpg', 0),
(63, 31, 'https://alubogencenter.com/images/product_images/popup_images/103_0.jpg', 0),
(64, 32, 'https://alubogencenter.com/images/product_images/popup_images/104_0.jpg', 0),
(65, 33, 'https://alubogencenter.com/images/product_images/popup_images/105_0.jpg', 0),
(66, 34, 'https://alubogencenter.com/images/product_images/popup_images/107_0.jpg', 0),
(67, 35, 'https://alubogencenter.com/images/product_images/popup_images/108_0.jpg', 0),
(68, 36, 'https://alubogencenter.com/images/product_images/popup_images/110_0.jpg', 0),
(69, 37, 'https://alubogencenter.com/images/product_images/popup_images/114_0.jpg', 0),
(70, 38, 'https://alubogencenter.com/images/product_images/popup_images/117_0.jpg', 0),
(71, 39, 'https://alubogencenter.com/images/product_images/popup_images/120_0.jpg', 0),
(72, 40, 'https://alubogencenter.com/images/product_images/popup_images/121_0.jpg', 0),
(73, 41, 'https://alubogencenter.com/images/product_images/popup_images/122_0.jpg', 0),
(74, 42, 'https://alubogencenter.com/images/product_images/popup_images/126_0.jpg', 0),
(75, 43, 'https://alubogencenter.com/images/product_images/popup_images/127_0.jpg', 0),
(76, 44, 'https://alubogencenter.com/images/product_images/popup_images/136_0.jpg', 0),
(77, 45, 'https://alubogencenter.com/images/product_images/popup_images/138_0.jpg', 0),
(78, 46, 'https://alubogencenter.com/images/product_images/popup_images/141_0.jpg', 0),
(79, 42, 'https://alubogencenter.com/images/product_images/popup_images/126_1.jpg', 1),
(80, 43, 'https://alubogencenter.com/images/product_images/popup_images/127_1.jpg', 1),
(81, 44, 'https://alubogencenter.com/images/product_images/popup_images/136_1.jpg', 1),
(82, 45, 'https://alubogencenter.com/images/product_images/popup_images/138_1.jpg', 1),
(83, 46, 'https://alubogencenter.com/images/product_images/popup_images/141_1.jpg', 1),
(84, 47, 'https://alubogencenter.com/images/product_images/popup_images/156_0.jpg', 0),
(85, 47, 'https://alubogencenter.com/images/product_images/popup_images/156_1.jpg', 1),
(86, 48, 'https://alubogencenter.com/images/product_images/popup_images/158_0.jpg', 0),
(87, 48, 'https://alubogencenter.com/images/product_images/popup_images/158_1.jpg', 1),
(88, 49, 'https://alubogencenter.com/images/product_images/popup_images/166_0.jpg', 0),
(89, 49, 'https://alubogencenter.com/images/product_images/popup_images/166_1.jpg', 1);

-- --------------------------------------------------------

--
-- Tabellenstruktur für Tabelle `ebay_variations_sets`
--

CREATE TABLE `ebay_variations_sets` (
  `ebay_variations_sets_id` int(11) NOT NULL,
  `ebay_products_id` int(11) NOT NULL,
  `title` varchar(64) NOT NULL,
  `date_added` datetime NOT NULL,
  `fixed_bug` int(1) NOT NULL COMMENT 'fuer umstellung auf neues variantenset bilder handling - kann raus sobald durchgefuehrt'
) ENGINE=MyISAM DEFAULT CHARSET=utf8;

--
-- Daten für Tabelle `ebay_variations_sets`
--

INSERT INTO `ebay_variations_sets` (`ebay_variations_sets_id`, `ebay_products_id`, `title`, `date_added`, `fixed_bug`) VALUES
(2, 99, 'Alu Muffen, Verbindungsmuffen, Aluminium Schweissmuffe, Nr. 16 z', '2024-01-07 16:07:08', 0),
(3, 116, 'Aluminium Anschweißnippel | Alu Gewindefitting | einseitig Außen', '2025-04-14 12:20:43', 0),
(4, 135, 'Alu-Rohr 20 x 2,0 mm, Länge 80 mm, mit einseitiger Sicke, ähnlic', '2025-04-17 11:14:09', 0),
(5, 140, 'Aluminium Vorschweißbördel Bordscheibe · ähnl. DIN 2642 · PN10', '2025-04-17 12:17:45', 0);

-- --------------------------------------------------------

--
-- Tabellenstruktur für Tabelle `ebay_variations_variationspecifics`
--

CREATE TABLE `ebay_variations_variationspecifics` (
  `ebay_variations_variationspecifics_id` int(11) NOT NULL,
  `ebay_variations_id` int(11) NOT NULL,
  `nvl_name` varchar(64) NOT NULL,
  `nvl_value` varchar(64) NOT NULL
) ENGINE=MyISAM DEFAULT CHARSET=utf8;

--
-- Daten für Tabelle `ebay_variations_variationspecifics`
--

INSERT INTO `ebay_variations_variationspecifics` (`ebay_variations_variationspecifics_id`, `ebay_variations_id`, `nvl_name`, `nvl_value`) VALUES
(14, 14, 'Auswahl:', '1/8\" BSPP, Länge 20 mm'),
(2, 2, 'Innengewinde x Länge', '1/4\" BSPP x 25 mm'),
(3, 3, 'Innengewinde x Länge', '3/8\" BSPP x 30 mm'),
(4, 4, 'Innengewinde x Länge', '1/2\" BSPP x 30 mm'),
(5, 5, 'Innengewinde x Länge', '1/2\" BSPP x 35 mm'),
(6, 6, 'Innengewinde x Länge', '3/4\" BSPP x 40 mm'),
(7, 7, 'Innengewinde x Länge', '1\" BSPP x 45 mm'),
(8, 8, 'Innengewinde x Länge', '1 1/4\" BSPP x 50 mm'),
(9, 9, 'Innengewinde x Länge', '1 1/2\" BSPP x 55 mm'),
(10, 10, 'Innengewinde x Länge', '2\" BSPP x 60 mm'),
(11, 11, 'Innengewinde x Länge', '2 1/2\" BSPP x 70 mm'),
(12, 12, 'Innengewinde x Länge', '3\" BSPP x 75 mm'),
(13, 13, 'Innengewinde x Länge', '4\" BSPP x 90 mm'),
(15, 15, 'Auswahl:', '1/4\" BSPP, Länge 25 mm'),
(16, 16, 'Auswahl:', '3/8\" BSPP, Länge 30 mm'),
(17, 17, 'Auswahl:', '1/2\" BSPP, Länge 30 mm'),
(18, 18, 'Auswahl:', '1/2\" BSPP, Länge 35 mm'),
(19, 19, 'Auswahl:', '3/4\" BSPP, Länge 40 mm'),
(20, 20, 'Auswahl:', '1\" BSPP, Länge 45 mm'),
(21, 21, 'Auswahl:', '1 1/4\" BSPP, Länge 50 mm'),
(22, 22, 'Auswahl:', '1 1/2\" BSPP, Länge 55 mm'),
(23, 23, 'Auswahl:', '2\" BSPP, Länge 60 mm'),
(24, 24, 'Auswahl:', '2 1/2\" BSPP, Länge 70 mm'),
(25, 25, 'Auswahl:', '3\" BSPP, Länge 75 mm'),
(26, 26, 'Auswahl:', '4\" BSPP, Länge 90 mm'),
(27, 27, 'Abmessung', 'G 2\" BSPP Länge 240/30 mm'),
(28, 28, 'Abmessung', 'G ⅛\" BSPP Länge 50/15 mm'),
(29, 29, 'Abmessung', 'G ¼\" BSPP Länge 50/20 mm'),
(30, 30, 'Abmessung', 'G ⅜\" BSPP Länge 50/20 mm'),
(31, 31, 'Abmessung', 'G ½\" BSPP Länge 50/20 mm'),
(32, 32, 'Abmessung', 'G ¾\" BSPP Länge 50/20 mm'),
(33, 33, 'Abmessung', 'G 1\" BSPP  Länge 60/25 mm'),
(34, 34, 'Abmessung', 'G 1¼\" BSPP Länge 65/25 mm'),
(35, 35, 'Abmessung', 'G 1½\" BSPP Länge 45/25 mm'),
(36, 36, 'Abmessung', 'G 1½\" BSPP  Länge 75/30 mm'),
(37, 37, 'Abmessung', 'G 2\" BSPP Länge 75/30 mm'),
(38, 38, 'Abmessung', 'G 2½\" BSPP Länge 60/25 mm'),
(39, 39, 'Abmessung', 'G 3\" BSPP Länge 60/25 mm'),
(40, 40, 'Abmessung', 'G 3\" BSPP Länge 100/35 mm'),
(41, 41, 'Abmessung', 'G 4\" BSPP Länge 60/25 mm'),
(42, 42, 'Rohrdurchmesser aussen', '20 mm'),
(43, 43, 'Rohrdurchmesser aussen', '22 mm'),
(44, 44, 'Rohrdurchmesser aussen', '60 mm'),
(45, 45, 'Rohrdurchmesser aussen', '70 mm'),
(46, 46, 'Rohrdurchmesser aussen', '90 mm'),
(47, 47, 'Variante', '76,1 x 3,0 mm  ·  DN 65 · EN AW-5754'),
(48, 48, 'Variante', '90,0 x 3,0 mm  ·  DN 80 · EN AW-5754'),
(49, 49, 'Variante', '219,1 x 5,0 mm  ·  DN 200 · EN AW-1050A');

-- --------------------------------------------------------

--
-- Tabellenstruktur für Tabelle `ebay_warning_history`
--

CREATE TABLE `ebay_warning_history` (
  `id` int(11) NOT NULL,
  `orders_id` int(11) NOT NULL DEFAULT '0',
  `customers_id` int(11) NOT NULL DEFAULT '0',
  `action` varchar(128) NOT NULL DEFAULT '',
  `warning_date` datetime NOT NULL DEFAULT '0000-00-00 00:00:00',
  `warning_status` int(1) NOT NULL DEFAULT '0'
) ENGINE=MyISAM DEFAULT CHARSET=utf8;

--
-- Daten für Tabelle `ebay_warning_history`
--

INSERT INTO `ebay_warning_history` (`id`, `orders_id`, `customers_id`, `action`, `warning_date`, `warning_status`) VALUES
(1, 5120, 5118, 'Zahlungserinnerung verschickt', '2025-03-05 13:31:25', 1),
(2, 5244, 5222, 'Zahlungserinnerung verschickt', '2025-10-11 18:51:01', 1);

-- --------------------------------------------------------

--
-- Tabellenstruktur für Tabelle `email_staff_allocation`
--

CREATE TABLE `email_staff_allocation` (
  `email_staff_allocation_id` int(11) NOT NULL,
  `email_id` int(11) NOT NULL,
  `customers_id` int(11) NOT NULL,
  `date_added` datetime NOT NULL
) ENGINE=InnoDB DEFAULT CHARSET=utf8;

--
-- Daten für Tabelle `email_staff_allocation`
--

INSERT INTO `email_staff_allocation` (`email_staff_allocation_id`, `email_id`, `customers_id`, `date_added`) VALUES
(1, 252, 5000, '2024-04-03 18:28:00'),
(2, 392, 5000, '2024-07-10 17:49:22'),
(3, 579, 5000, '2024-09-30 22:05:51'),
(4, 630, 5000, '2024-10-10 18:31:44');

-- --------------------------------------------------------

--
-- Tabellenstruktur für Tabelle `email_staff_allocation_history`
--

CREATE TABLE `email_staff_allocation_history` (
  `email_staff_allocation_history_id` int(11) NOT NULL,
  `email_id` int(11) NOT NULL,
  `customers_id` int(11) NOT NULL,
  `comments` text,
  `date_added` datetime NOT NULL,
  `read_status` int(1) NOT NULL,
  `sender_id` int(11) NOT NULL
) ENGINE=InnoDB DEFAULT CHARSET=utf8;

-- --------------------------------------------------------

--
-- Tabellenstruktur für Tabelle `event`
--

CREATE TABLE `event` (
  `event_id` int(11) NOT NULL,
  `products_id` int(11) NOT NULL,
  `slots` int(11) NOT NULL,
  `added` datetime NOT NULL
) ENGINE=InnoDB DEFAULT CHARSET=utf8;

-- --------------------------------------------------------

--
-- Tabellenstruktur für Tabelle `events_to_event_tickets`
--

CREATE TABLE `events_to_event_tickets` (
  `events_to_event_tickets_id` int(11) NOT NULL,
  `events_id` int(11) NOT NULL,
  `event_tickets_id` int(11) NOT NULL,
  `persons` tinyint(4) NOT NULL,
  `price_add` decimal(15,4) NOT NULL,
  `ek_price` float(15,4) NOT NULL
) ENGINE=InnoDB DEFAULT CHARSET=utf8;

-- --------------------------------------------------------

--
-- Tabellenstruktur für Tabelle `event_dates`
--

CREATE TABLE `event_dates` (
  `event_dates_id` int(11) NOT NULL,
  `event_id` int(11) NOT NULL,
  `event_date` date NOT NULL,
  `added` datetime NOT NULL,
  `disabled` int(1) NOT NULL
) ENGINE=InnoDB DEFAULT CHARSET=utf8;

-- --------------------------------------------------------

--
-- Tabellenstruktur für Tabelle `event_dates_timer`
--

CREATE TABLE `event_dates_timer` (
  `event_dates_timer_id` int(11) NOT NULL,
  `event_dates_id` int(11) NOT NULL,
  `event_time` time NOT NULL,
  `added` datetime NOT NULL,
  `disabled` int(1) NOT NULL
) ENGINE=InnoDB DEFAULT CHARSET=utf8;

-- --------------------------------------------------------

--
-- Tabellenstruktur für Tabelle `event_tickets`
--

CREATE TABLE `event_tickets` (
  `event_tickets_id` int(11) NOT NULL,
  `date_added` datetime NOT NULL
) ENGINE=InnoDB DEFAULT CHARSET=utf8;

-- --------------------------------------------------------

--
-- Tabellenstruktur für Tabelle `event_tickets_description`
--

CREATE TABLE `event_tickets_description` (
  `event_tickets_description_id` int(11) NOT NULL,
  `event_tickets_id` int(11) NOT NULL,
  `title` varchar(128) NOT NULL,
  `description` text,
  `language_id` int(1) NOT NULL
) ENGINE=InnoDB DEFAULT CHARSET=utf8;

-- --------------------------------------------------------

--
-- Tabellenstruktur für Tabelle `feedback_reminder`
--

CREATE TABLE `feedback_reminder` (
  `feedback_reminder_id` int(11) NOT NULL,
  `orders_id` int(11) NOT NULL DEFAULT '0',
  `ebay_id` varchar(32) NOT NULL DEFAULT '',
  `ebay_user_id` varchar(64) NOT NULL DEFAULT '',
  `mailcounter` tinyint(4) NOT NULL DEFAULT '0',
  `last_action` datetime NOT NULL DEFAULT '0000-00-00 00:00:00'
) ENGINE=MyISAM DEFAULT CHARSET=utf8;

-- --------------------------------------------------------

--
-- Tabellenstruktur für Tabelle `flashpoint_import_configuration`
--

CREATE TABLE `flashpoint_import_configuration` (
  `flashpoint_import_configuration_id` int(11) NOT NULL,
  `col_id` int(11) NOT NULL DEFAULT '0',
  `col_type` varchar(64) NOT NULL DEFAULT '',
  `col_value` varchar(64) NOT NULL DEFAULT ''
) ENGINE=MyISAM DEFAULT CHARSET=utf8;

-- --------------------------------------------------------

--
-- Tabellenstruktur für Tabelle `geo_zones`
--

CREATE TABLE `geo_zones` (
  `geo_zone_id` int(11) NOT NULL,
  `geo_zone_name` varchar(32) NOT NULL DEFAULT '',
  `geo_zone_description` varchar(255) NOT NULL DEFAULT '',
  `last_modified` datetime DEFAULT NULL,
  `date_added` datetime NOT NULL DEFAULT '0000-00-00 00:00:00'
) ENGINE=MyISAM DEFAULT CHARSET=utf8;

--
-- Daten für Tabelle `geo_zones`
--

INSERT INTO `geo_zones` (`geo_zone_id`, `geo_zone_name`, `geo_zone_description`, `last_modified`, `date_added`) VALUES
(6, 'Steuerzone EU-Ausland', '', '0000-00-00 00:00:00', '2004-09-15 10:00:46'),
(5, 'Steuerzone EU', 'Steuerzone fÃƒÆ’Ã†â€™Ãƒâ€šÃ†â€™ÃƒÆ’Ã¢â‚¬Å¡Ãƒâ€šÃ‚Â¼r die EU', '0000-00-00 00:00:00', '2004-09-15 10:00:46'),
(7, 'Steuerzone B2B', '', NULL, '2004-09-15 10:00:46'),
(8, 'USt. Steuerzone Austria', 'YES autom. Import', '0000-00-00 00:00:00', '2022-08-10 11:45:47'),
(9, 'USt. Steuerzone Belgium', 'YES autom. Import', '0000-00-00 00:00:00', '2022-08-10 11:45:47'),
(10, 'USt. Steuerzone Bulgaria', 'YES autom. Import', '0000-00-00 00:00:00', '2022-08-10 11:45:47'),
(11, 'USt. Steuerzone Cyprus', 'YES autom. Import', '0000-00-00 00:00:00', '2022-08-10 11:45:47'),
(12, 'USt. Steuerzone Czech Republic', 'YES autom. Import', '0000-00-00 00:00:00', '2022-08-10 11:45:47'),
(13, 'USt. Steuerzone Germany', 'YES autom. Import', '0000-00-00 00:00:00', '2022-08-10 11:45:47'),
(14, 'USt. Steuerzone Denmark', 'YES autom. Import', '0000-00-00 00:00:00', '2022-08-10 11:45:47'),
(15, 'USt. Steuerzone Estonia', 'YES autom. Import', '0000-00-00 00:00:00', '2022-08-10 11:45:47'),
(16, 'USt. Steuerzone Greece', 'YES autom. Import', '0000-00-00 00:00:00', '2022-08-10 11:45:47'),
(17, 'USt. Steuerzone Spain', 'YES autom. Import', '0000-00-00 00:00:00', '2022-08-10 11:45:47'),
(18, 'USt. Steuerzone Finland', 'YES autom. Import', '0000-00-00 00:00:00', '2022-08-10 11:45:47'),
(19, 'USt. Steuerzone France', 'YES autom. Import', '0000-00-00 00:00:00', '2022-08-10 11:45:47'),
(20, 'USt. Steuerzone Croatia', 'YES autom. Import', '0000-00-00 00:00:00', '2022-08-10 11:45:47'),
(21, 'USt. Steuerzone Hungary', 'YES autom. Import', '0000-00-00 00:00:00', '2022-08-10 11:45:47'),
(22, 'USt. Steuerzone Ireland', 'YES autom. Import', '0000-00-00 00:00:00', '2022-08-10 11:45:47'),
(23, 'USt. Steuerzone Italy', 'YES autom. Import', '0000-00-00 00:00:00', '2022-08-10 11:45:47'),
(24, 'USt. Steuerzone Lithuania', 'YES autom. Import', '0000-00-00 00:00:00', '2022-08-10 11:45:47'),
(25, 'USt. Steuerzone Luxembourg', 'YES autom. Import', '0000-00-00 00:00:00', '2022-08-10 11:45:47'),
(26, 'USt. Steuerzone Latvia', 'YES autom. Import', '0000-00-00 00:00:00', '2022-08-10 11:45:47'),
(27, 'USt. Steuerzone Malta', 'YES autom. Import', '0000-00-00 00:00:00', '2022-08-10 11:45:47'),
(28, 'USt. Steuerzone Netherlands', 'YES autom. Import', '0000-00-00 00:00:00', '2022-08-10 11:45:47'),
(29, 'USt. Steuerzone Poland', 'YES autom. Import', '0000-00-00 00:00:00', '2022-08-10 11:45:47'),
(30, 'USt. Steuerzone Portugal', 'YES autom. Import', '0000-00-00 00:00:00', '2022-08-10 11:45:47'),
(31, 'USt. Steuerzone Romania', 'YES autom. Import', '0000-00-00 00:00:00', '2022-08-10 11:45:47'),
(32, 'USt. Steuerzone Sweden', 'YES autom. Import', '0000-00-00 00:00:00', '2022-08-10 11:45:47'),
(33, 'USt. Steuerzone Slovenia', 'YES autom. Import', '0000-00-00 00:00:00', '2022-08-10 11:45:47'),
(34, 'USt. Steuerzone Slovakia (Slovak', 'YES autom. Import', '0000-00-00 00:00:00', '2022-08-10 11:45:47');

-- --------------------------------------------------------

--
-- Tabellenstruktur für Tabelle `groups`
--

CREATE TABLE `groups` (
  `groups_id` int(11) NOT NULL,
  `groups_title` varchar(64) NOT NULL DEFAULT '',
  `groups_created` datetime NOT NULL DEFAULT '0000-00-00 00:00:00',
  `groups_last_changed` datetime NOT NULL DEFAULT '0000-00-00 00:00:00',
  `visible` int(1) NOT NULL DEFAULT '1',
  `ebay_visible` int(1) NOT NULL
) ENGINE=MyISAM DEFAULT CHARSET=utf8;

--
-- Daten für Tabelle `groups`
--

INSERT INTO `groups` (`groups_id`, `groups_title`, `groups_created`, `groups_last_changed`, `visible`, `ebay_visible`) VALUES
(15, '0 eBay Artikelmerkmale', '2023-03-12 22:41:40', '2023-03-12 22:41:40', 0, 0),
(9, '1 Material (nur zum Kopieren)', '2023-03-12 22:42:02', '2023-09-21 19:55:43', 0, 0),
(14, 'Muffen  ►Vorauswahl◄', '2023-03-12 22:42:16', '2023-09-21 19:11:11', 1, 0),
(17, 'Promo  ►Vorauswahl◄', '2023-03-12 22:42:34', '2023-09-21 19:11:28', 1, 0),
(16, 'Schweißbogen  ►Vorauswahl◄', '2023-03-12 22:42:47', '2023-09-21 19:12:02', 1, 0),
(18, 'Anschweiß Nippel  ►Vorauswahl◄', '2023-09-21 19:54:53', '2023-09-21 19:55:22', 1, 0),
(19, 'Rohrtülle mit Sicke   ►Vorauswahl◄', '2023-10-01 13:24:15', '2023-10-01 13:24:39', 1, 0),
(20, 'Einschweiß T-Stück  ►Vorauswahl◄', '2023-10-31 14:09:35', '2024-03-02 13:54:24', 1, 0);

-- --------------------------------------------------------

--
-- Tabellenstruktur für Tabelle `groups_allocations`
--

CREATE TABLE `groups_allocations` (
  `groups_id` int(11) NOT NULL DEFAULT '0',
  `products_id` int(11) NOT NULL DEFAULT '0'
) ENGINE=MyISAM DEFAULT CHARSET=utf8;

--
-- Daten für Tabelle `groups_allocations`
--

INSERT INTO `groups_allocations` (`groups_id`, `products_id`) VALUES
(0, 0),
(18, 103),
(17, 172),
(15, 103),
(17, 540),
(18, 102),
(18, 104),
(16, 271),
(14, 293),
(15, 271),
(15, 254),
(14, 292),
(16, 254),
(14, 291),
(15, 180),
(14, 290),
(16, 180),
(14, 289),
(15, 257),
(14, 288),
(16, 257),
(14, 287),
(15, 512),
(14, 286),
(16, 512),
(14, 285),
(18, 100),
(14, 284),
(15, 100),
(14, 283),
(18, 101),
(14, 282),
(15, 101),
(14, 281),
(15, 102),
(14, 250),
(15, 293),
(15, 292),
(15, 291),
(15, 290),
(15, 289),
(15, 288),
(15, 287),
(15, 286),
(15, 285),
(15, 284),
(15, 283),
(15, 282),
(15, 281),
(15, 250),
(17, 279),
(17, 277),
(17, 179),
(15, 440),
(16, 440),
(15, 439),
(16, 439),
(15, 438),
(16, 438),
(15, 437),
(16, 437),
(15, 436),
(16, 436),
(15, 435),
(16, 435),
(15, 434),
(16, 434),
(15, 433),
(16, 433),
(15, 432),
(16, 432),
(15, 431),
(16, 431),
(15, 430),
(16, 430),
(15, 429),
(16, 429),
(15, 428),
(16, 428),
(15, 427),
(16, 427),
(15, 426),
(16, 426),
(15, 425),
(16, 425),
(15, 424),
(16, 424),
(15, 423),
(16, 423),
(15, 422),
(16, 422),
(15, 421),
(16, 421),
(15, 420),
(16, 420),
(15, 419),
(16, 419),
(15, 418),
(16, 418),
(15, 417),
(16, 417),
(15, 416),
(16, 416),
(15, 415),
(16, 415),
(15, 414),
(16, 414),
(15, 413),
(16, 413),
(15, 412),
(16, 412),
(15, 411),
(16, 411),
(15, 410),
(16, 410),
(15, 409),
(16, 409),
(15, 408),
(16, 408),
(15, 407),
(16, 407),
(15, 406),
(16, 406),
(15, 405),
(16, 405),
(15, 404),
(16, 404),
(15, 403),
(16, 403),
(15, 402),
(16, 402),
(15, 401),
(16, 401),
(15, 400),
(16, 400),
(15, 399),
(16, 399),
(15, 398),
(16, 398),
(15, 397),
(16, 397),
(15, 396),
(16, 396),
(15, 395),
(16, 395),
(15, 394),
(16, 394),
(15, 393),
(16, 393),
(15, 392),
(16, 392),
(15, 391),
(16, 391),
(15, 390),
(16, 390),
(15, 389),
(16, 389),
(15, 388),
(16, 388),
(15, 387),
(16, 387),
(15, 386),
(16, 386),
(15, 385),
(16, 385),
(15, 384),
(16, 384),
(15, 383),
(16, 383),
(15, 382),
(16, 382),
(15, 381),
(16, 381),
(15, 380),
(16, 380),
(15, 379),
(16, 379),
(15, 378),
(16, 378),
(15, 377),
(16, 377),
(15, 376),
(16, 376),
(15, 375),
(16, 375),
(15, 374),
(16, 374),
(15, 373),
(16, 373),
(15, 372),
(16, 372),
(15, 371),
(16, 371),
(15, 370),
(16, 370),
(15, 369),
(16, 369),
(15, 368),
(16, 368),
(15, 367),
(16, 367),
(15, 366),
(16, 366),
(15, 365),
(16, 365),
(15, 364),
(16, 364),
(15, 363),
(16, 363),
(15, 362),
(16, 362),
(15, 361),
(16, 361),
(15, 360),
(16, 360),
(15, 359),
(16, 359),
(15, 358),
(16, 358),
(15, 357),
(16, 357),
(15, 356),
(16, 356),
(15, 355),
(16, 355),
(15, 354),
(16, 354),
(15, 353),
(16, 353),
(15, 352),
(16, 352),
(15, 351),
(16, 351),
(15, 350),
(16, 350),
(15, 349),
(16, 349),
(15, 348),
(16, 348),
(15, 347),
(16, 347),
(15, 346),
(16, 346),
(15, 345),
(16, 345),
(15, 344),
(16, 344),
(15, 343),
(16, 343),
(15, 342),
(16, 342),
(15, 341),
(16, 341),
(15, 338),
(16, 338),
(15, 272),
(16, 272),
(15, 270),
(16, 270),
(15, 253),
(16, 253),
(15, 196),
(16, 196),
(15, 195),
(16, 195),
(15, 194),
(16, 194),
(15, 212),
(16, 212),
(15, 229),
(16, 229),
(15, 267),
(16, 267),
(15, 203),
(16, 203),
(15, 204),
(16, 204),
(15, 268),
(16, 268),
(15, 314),
(16, 314),
(15, 216),
(16, 216),
(15, 298),
(16, 298),
(15, 237),
(16, 237),
(15, 337),
(16, 337),
(15, 247),
(16, 247),
(15, 248),
(16, 248),
(15, 245),
(16, 245),
(15, 235),
(16, 235),
(15, 236),
(16, 236),
(15, 315),
(16, 315),
(15, 316),
(16, 316),
(15, 199),
(16, 199),
(15, 319),
(16, 319),
(15, 188),
(16, 188),
(15, 240),
(16, 240),
(15, 256),
(16, 256),
(15, 187),
(16, 187),
(15, 186),
(16, 186),
(15, 217),
(16, 217),
(15, 269),
(16, 269),
(15, 252),
(16, 252),
(15, 262),
(16, 262),
(15, 263),
(16, 263),
(15, 264),
(16, 264),
(15, 301),
(16, 301),
(15, 189),
(16, 189),
(15, 339),
(16, 339),
(15, 234),
(16, 234),
(15, 332),
(16, 332),
(15, 324),
(16, 324),
(15, 302),
(16, 302),
(15, 218),
(16, 218),
(15, 213),
(16, 213),
(15, 340),
(16, 340),
(15, 206),
(16, 206),
(15, 207),
(16, 207),
(15, 265),
(16, 265),
(15, 261),
(16, 261),
(15, 330),
(16, 330),
(15, 215),
(16, 215),
(15, 335),
(16, 335),
(15, 255),
(16, 255),
(15, 233),
(16, 233),
(15, 239),
(16, 239),
(15, 258),
(16, 258),
(15, 210),
(16, 210),
(15, 333),
(16, 333),
(15, 303),
(16, 303),
(15, 327),
(16, 327),
(15, 238),
(16, 238),
(15, 246),
(16, 246),
(15, 329),
(16, 329),
(15, 214),
(16, 214),
(15, 325),
(16, 325),
(15, 336),
(16, 336),
(15, 260),
(16, 260),
(15, 244),
(16, 244),
(15, 183),
(16, 183),
(15, 209),
(16, 209),
(15, 300),
(16, 300),
(15, 304),
(16, 304),
(15, 219),
(16, 219),
(15, 318),
(16, 318),
(15, 223),
(16, 223),
(15, 331),
(16, 331),
(15, 242),
(16, 242),
(15, 266),
(16, 266),
(15, 241),
(16, 241),
(15, 185),
(16, 185),
(15, 317),
(16, 317),
(15, 198),
(16, 198),
(15, 305),
(16, 305),
(15, 211),
(16, 211),
(15, 334),
(16, 334),
(15, 328),
(16, 328),
(15, 197),
(16, 197),
(15, 224),
(16, 224),
(15, 273),
(16, 273),
(15, 182),
(16, 182),
(15, 306),
(16, 306),
(15, 202),
(16, 202),
(15, 294),
(16, 294),
(15, 322),
(16, 322),
(15, 220),
(16, 220),
(15, 321),
(16, 321),
(15, 190),
(16, 190),
(15, 231),
(16, 231),
(15, 232),
(16, 232),
(15, 184),
(16, 184),
(15, 208),
(16, 208),
(15, 307),
(16, 307),
(15, 308),
(16, 308),
(15, 222),
(16, 222),
(15, 295),
(16, 295),
(15, 191),
(16, 191),
(15, 259),
(16, 259),
(15, 200),
(16, 200),
(15, 309),
(16, 309),
(15, 310),
(16, 310),
(15, 243),
(16, 243),
(15, 311),
(16, 311),
(15, 251),
(16, 251),
(15, 320),
(16, 320),
(15, 274),
(16, 274),
(15, 312),
(16, 312),
(15, 225),
(16, 225),
(15, 296),
(16, 296),
(15, 228),
(16, 228),
(15, 326),
(16, 326),
(15, 226),
(16, 226),
(15, 297),
(16, 297),
(15, 313),
(16, 313),
(15, 227),
(16, 227),
(15, 299),
(16, 299),
(15, 230),
(16, 230),
(15, 249),
(16, 249),
(15, 181),
(16, 181),
(15, 104),
(18, 105),
(15, 105),
(18, 106),
(15, 106),
(18, 107),
(15, 107),
(18, 108),
(15, 108),
(18, 109),
(15, 109),
(18, 110),
(15, 110),
(18, 111),
(15, 111),
(18, 112),
(15, 112),
(18, 113),
(15, 113),
(18, 114),
(15, 114),
(18, 115),
(15, 115),
(18, 116),
(15, 116),
(18, 117),
(15, 117),
(18, 118),
(15, 118),
(18, 119),
(15, 119),
(18, 120),
(15, 120),
(18, 121),
(15, 121),
(18, 122),
(15, 122),
(18, 123),
(15, 123),
(18, 124),
(15, 124),
(18, 125),
(15, 125),
(15, 126),
(19, 126),
(15, 127),
(19, 127),
(15, 128),
(19, 128),
(15, 129),
(19, 129),
(15, 130),
(19, 130),
(15, 131),
(19, 131),
(15, 132),
(19, 132),
(15, 133),
(19, 133),
(15, 134),
(19, 134),
(15, 135),
(19, 135),
(15, 136),
(19, 136),
(15, 137),
(19, 137),
(15, 138),
(19, 138),
(15, 139),
(19, 139),
(15, 140),
(19, 140),
(15, 141),
(19, 141),
(15, 142),
(19, 142),
(15, 143),
(19, 143),
(15, 170),
(16, 170),
(15, 171),
(16, 171),
(15, 513),
(14, 513),
(15, 454),
(16, 454),
(15, 455),
(16, 455),
(15, 176),
(16, 176),
(15, 446),
(16, 446),
(15, 447),
(16, 447),
(15, 448),
(16, 448),
(15, 175),
(16, 175),
(15, 275),
(16, 275),
(15, 449),
(16, 449),
(15, 276),
(16, 276),
(15, 278),
(16, 278),
(15, 280),
(16, 280),
(15, 450),
(16, 450),
(15, 451),
(16, 451),
(15, 452),
(16, 452),
(15, 453),
(16, 453),
(15, 471),
(20, 471),
(15, 472),
(20, 472),
(15, 473),
(20, 473),
(15, 474),
(20, 474),
(15, 475),
(20, 475),
(15, 476),
(20, 476),
(15, 515),
(16, 515),
(15, 516),
(16, 516),
(15, 517),
(16, 517),
(15, 518),
(16, 518),
(15, 479),
(16, 479),
(15, 177),
(16, 177),
(15, 178),
(16, 178),
(15, 442),
(16, 442),
(15, 444),
(16, 444),
(15, 480),
(16, 480),
(15, 481),
(16, 481),
(16, 483),
(15, 482),
(18, 478),
(16, 482),
(15, 483),
(15, 478),
(15, 510),
(15, 499),
(15, 484),
(16, 484),
(15, 500),
(16, 500),
(15, 492),
(16, 492),
(15, 486),
(16, 486),
(15, 493),
(16, 493),
(15, 487),
(16, 487),
(15, 488),
(16, 488),
(15, 489),
(16, 489),
(15, 490),
(16, 490),
(15, 485),
(16, 485),
(15, 156),
(15, 158),
(15, 166),
(15, 477),
(16, 477),
(15, 221),
(16, 221),
(15, 323),
(16, 323),
(15, 192),
(16, 192),
(15, 193),
(16, 193),
(15, 205),
(16, 205),
(15, 511),
(18, 511);

-- --------------------------------------------------------

--
-- Tabellenstruktur für Tabelle `groups_tax_rates_allocation`
--

CREATE TABLE `groups_tax_rates_allocation` (
  `groups_tax_rates_allocation_id` int(11) NOT NULL,
  `groups_id` int(11) NOT NULL,
  `tax_rates_id` int(11) NOT NULL,
  `date_added` datetime NOT NULL
) ENGINE=InnoDB DEFAULT CHARSET=utf8;

-- --------------------------------------------------------

--
-- Tabellenstruktur für Tabelle `group_history`
--

CREATE TABLE `group_history` (
  `group_history_id` int(11) NOT NULL,
  `group_id` int(11) NOT NULL DEFAULT '0',
  `date_added` datetime NOT NULL DEFAULT '0000-00-00 00:00:00',
  `comments` text,
  `editor_id` int(11) NOT NULL DEFAULT '0'
) ENGINE=MyISAM DEFAULT CHARSET=utf8;

--
-- Daten für Tabelle `group_history`
--

INSERT INTO `group_history` (`group_history_id`, `group_id`, `date_added`, `comments`, `editor_id`) VALUES
(16, 9, '2021-04-15 17:33:05', 'Titel ge&auml;ndert', 5002),
(12, 9, '2021-04-15 16:35:54', 'Angelegt', 5002),
(28, 14, '2021-04-23 13:59:43', 'Angelegt', 5002),
(15, 0, '0000-00-00 00:00:00', 'comments', 0),
(29, 14, '2021-04-23 14:14:31', 'Titel ge&auml;ndert', 5002),
(42, 17, '2022-09-24 18:46:08', 'Angelegt', 5002),
(41, 14, '2022-09-24 18:45:46', 'Titel ge&auml;ndert', 5002),
(31, 14, '2021-04-23 15:53:11', 'Titel ge&auml;ndert', 5002),
(38, 15, '2022-08-04 11:09:37', 'Angelegt', 5002),
(37, 9, '2021-04-23 17:57:55', 'Titel ge&auml;ndert', 5002),
(39, 16, '2022-09-24 16:01:47', 'Angelegt', 5002),
(40, 16, '2022-09-24 16:01:56', 'Titel ge&auml;ndert', 5002),
(43, 9, '2023-09-21 18:57:46', 'Titel ge&auml;ndert', 5000),
(44, 14, '2023-09-21 19:11:11', 'Titel ge&auml;ndert', 5000),
(45, 17, '2023-09-21 19:11:28', 'Titel ge&auml;ndert', 5000),
(46, 16, '2023-09-21 19:12:02', 'Titel ge&auml;ndert', 5000),
(47, 18, '2023-09-21 19:54:53', 'Angelegt', 5000),
(48, 18, '2023-09-21 19:55:22', 'Titel ge&auml;ndert', 5000),
(49, 9, '2023-09-21 19:55:43', 'Titel ge&auml;ndert', 5000),
(50, 19, '2023-10-01 13:24:15', 'Angelegt', 5000),
(51, 19, '2023-10-01 13:24:39', 'Titel ge&auml;ndert', 5000),
(52, 20, '2023-10-31 14:09:35', 'Angelegt', 5000),
(53, 20, '2023-10-31 14:09:45', 'Titel ge&auml;ndert', 5000);

-- --------------------------------------------------------

--
-- Tabellenstruktur für Tabelle `hermes`
--

CREATE TABLE `hermes` (
  `id` int(11) NOT NULL,
  `orders_id` int(11) NOT NULL DEFAULT '0',
  `date_saved` datetime NOT NULL DEFAULT '0000-00-00 00:00:00',
  `customer_notified` enum('n','y') NOT NULL DEFAULT 'n',
  `i_company` int(1) NOT NULL DEFAULT '0',
  `c_blocking` int(1) NOT NULL DEFAULT '0',
  `c_mailoptout` enum('N','Y') NOT NULL DEFAULT 'N',
  `s_name` varchar(64) NOT NULL DEFAULT '',
  `s_firstname` varchar(64) NOT NULL DEFAULT '',
  `s_city` varchar(64) NOT NULL DEFAULT '',
  `s_address1` varchar(64) NOT NULL DEFAULT '',
  `s_address2` varchar(64) NOT NULL DEFAULT '',
  `s_address3` varchar(64) NOT NULL DEFAULT '',
  `i_zipcode` varchar(64) NOT NULL DEFAULT '',
  `i_country` int(11) NOT NULL DEFAULT '0',
  `c_sex` enum('M','F') NOT NULL DEFAULT 'M',
  `c_shipto` enum('N','Y') NOT NULL DEFAULT 'N',
  `c_pandp` enum('N','Y') NOT NULL DEFAULT 'N',
  `f_pandpval` float NOT NULL DEFAULT '0',
  `c_paymode` char(1) NOT NULL DEFAULT '',
  `c_ordertype` char(1) NOT NULL DEFAULT '',
  `s_extern_orderno` varchar(64) NOT NULL DEFAULT '',
  `c_message` enum('N','Y') NOT NULL DEFAULT 'N',
  `i_detail` int(1) NOT NULL DEFAULT '0',
  `i_itemno` varchar(64) NOT NULL DEFAULT '',
  `i_effort` int(11) NOT NULL DEFAULT '0',
  `i_size` int(11) NOT NULL DEFAULT '0',
  `f_retailprice` float NOT NULL DEFAULT '0',
  `i_orderqty` int(11) NOT NULL DEFAULT '0',
  `reclamations_id` int(11) NOT NULL DEFAULT '0'
) ENGINE=MyISAM DEFAULT CHARSET=utf8;

-- --------------------------------------------------------

--
-- Tabellenstruktur für Tabelle `hermes_countries`
--

CREATE TABLE `hermes_countries` (
  `id` int(11) NOT NULL,
  `name` varchar(64) NOT NULL DEFAULT '',
  `iso2` char(2) NOT NULL DEFAULT '',
  `iso3` char(3) NOT NULL DEFAULT '',
  `isocode` int(11) NOT NULL DEFAULT '0'
) ENGINE=MyISAM DEFAULT CHARSET=utf8;

-- --------------------------------------------------------

--
-- Tabellenstruktur für Tabelle `hermes_status_dispos`
--

CREATE TABLE `hermes_status_dispos` (
  `hermes_status_dispos_id` int(11) NOT NULL,
  `i_company` int(11) NOT NULL DEFAULT '0',
  `i_booktype` int(11) NOT NULL DEFAULT '0',
  `i_itemno` varchar(16) NOT NULL DEFAULT '',
  `i_size` int(11) NOT NULL DEFAULT '0',
  `i_effort` int(11) NOT NULL DEFAULT '0',
  `f_retailprice` double NOT NULL DEFAULT '0',
  `f_costprice` double NOT NULL DEFAULT '0',
  `i_account` varchar(16) NOT NULL DEFAULT '',
  `i_itemqty` int(11) NOT NULL DEFAULT '0',
  `i_prodline1` int(11) NOT NULL DEFAULT '0',
  `i_prodline3` int(11) NOT NULL DEFAULT '0',
  `i_taxcode` int(11) NOT NULL DEFAULT '0',
  `c_ordertype` varchar(8) NOT NULL DEFAULT '',
  `f_discountrt` double NOT NULL DEFAULT '0',
  `i_action` int(11) NOT NULL DEFAULT '0',
  `i_order` varchar(16) NOT NULL DEFAULT '',
  `i_catalog` int(11) NOT NULL DEFAULT '0',
  `i_shop` int(11) NOT NULL DEFAULT '0',
  `i_prodrange` int(11) NOT NULL DEFAULT '0',
  `orders_id` int(11) NOT NULL DEFAULT '0',
  `ebay_id` varchar(20) NOT NULL DEFAULT '',
  `date_saved` datetime NOT NULL DEFAULT '0000-00-00 00:00:00',
  `reclamations_id` int(11) NOT NULL DEFAULT '0'
) ENGINE=MyISAM DEFAULT CHARSET=utf8;

-- --------------------------------------------------------

--
-- Tabellenstruktur für Tabelle `hermes_status_itemstock`
--

CREATE TABLE `hermes_status_itemstock` (
  `hermes_status_itemstock_id` int(11) NOT NULL,
  `i_company` int(11) NOT NULL DEFAULT '0',
  `i_itemno` varchar(16) NOT NULL DEFAULT '',
  `i_size` int(11) NOT NULL DEFAULT '0',
  `i_libqty` int(11) NOT NULL DEFAULT '0',
  `s_extern_itemno` varchar(32) NOT NULL DEFAULT '',
  `c_itemprofile` varchar(8) NOT NULL DEFAULT '',
  `i_libqtycopy` int(11) NOT NULL DEFAULT '0',
  `date_created` datetime NOT NULL DEFAULT '0000-00-00 00:00:00'
) ENGINE=MyISAM DEFAULT CHARSET=utf8;

-- --------------------------------------------------------

--
-- Tabellenstruktur für Tabelle `hermes_status_orderstat`
--

CREATE TABLE `hermes_status_orderstat` (
  `hermes_status_orderstat_id` int(11) NOT NULL,
  `orders_id` int(11) NOT NULL DEFAULT '0',
  `ebay_id` varchar(20) NOT NULL DEFAULT '',
  `i_account` int(11) NOT NULL DEFAULT '0',
  `d_create` date NOT NULL DEFAULT '0000-00-00',
  `i_order` int(11) NOT NULL DEFAULT '0',
  `i_invoice` int(11) NOT NULL DEFAULT '0',
  `i_detail` int(11) NOT NULL DEFAULT '0',
  `i_delivery` varchar(16) NOT NULL DEFAULT '',
  `i_itemno` varchar(16) NOT NULL DEFAULT '',
  `i_size` int(16) NOT NULL DEFAULT '0',
  `s_itemname` varchar(32) NOT NULL DEFAULT '',
  `i_packunit` int(11) NOT NULL DEFAULT '0',
  `i_carrier` varchar(8) NOT NULL DEFAULT '',
  `i_shipment_id` varchar(32) NOT NULL DEFAULT '',
  `reclamations_id` int(11) NOT NULL DEFAULT '0'
) ENGINE=MyISAM DEFAULT CHARSET=utf8;

-- --------------------------------------------------------

--
-- Tabellenstruktur für Tabelle `history`
--

CREATE TABLE `history` (
  `history_id` int(11) NOT NULL,
  `date_added` datetime NOT NULL DEFAULT '0000-00-00 00:00:00',
  `comments` text,
  `editor_id` int(11) NOT NULL DEFAULT '0'
) ENGINE=MyISAM DEFAULT CHARSET=utf8;

--
-- Daten für Tabelle `history`
--

INSERT INTO `history` (`history_id`, `date_added`, `comments`, `editor_id`) VALUES
(1, '2020-03-09 15:25:31', 'Es wurden 0 alte E-Mails gel&ouml;scht. (&Auml;lter als 2 Jahre)', 1),
(2, '2020-03-09 15:25:33', 'Es wurden alte Produkthistorien-Eintr&auml;ge gel&ouml;scht. (&Auml;lter als 2 Jahre)', 1),
(3, '2020-03-09 15:25:37', 'Es wurden 0 Auktionen gel&ouml;scht. (&Auml;lter als 100 Tage)', 1),
(4, '2020-03-09 15:44:07', 'Es wurden alte Produkthistorien-Eintr&auml;ge gel&ouml;scht. (&Auml;lter als 2 Jahre)', 1),
(5, '2020-12-18 12:30:21', 'Konfiguration EBAY_END_AUCTION_AT_SHOPORDER = True', 1),
(6, '2020-12-18 12:30:52', 'Konfiguration EBAY_EMAIL_SUBJECT = Ihre Bestellung {$ebay_userid} / {$ebay_id} / {$orders_id}', 1),
(7, '2020-12-18 12:31:53', 'Konfiguration EMAIL_BILLING_SUBJECT_ORDER = Ihre Bestellung Nr:{$nr} / {$date}', 1),
(8, '2021-08-19 11:07:47', 'Konfiguration BOX_MARKETING = 3,4:,,,;,,,;,,,', 1),
(9, '2021-08-19 11:07:52', 'Konfiguration BOX_MARKETING = 0,0:', 1),
(10, '2021-08-19 11:08:01', 'Konfiguration BOX_MARKETING = 0,5:', 1),
(11, '2023-03-12 18:55:23', 'Konfiguration MAX_DISPLAY_SEARCH_RESULTS_ADMIN = 300', 1),
(12, '2023-03-12 21:36:29', 'Konfiguration EBAY_DEFAULT_DUMMY_PRODUCTS_ID = 7', 1),
(13, '2023-03-12 21:39:27', 'Konfiguration WARNING_AUTOMATIC = 1', 1),
(14, '2023-03-12 21:44:36', 'Konfiguration BOX_MARKETING = 1,5:,,,,', 1),
(15, '2023-03-12 21:44:50', 'Konfiguration BOX_MARKETING = 1,6:277,250,172,,,', 1),
(16, '2023-03-12 23:38:00', 'Konfiguration BOX_MARKETING = 1,6:277,279,172,179,,', 1),
(17, '2023-03-24 14:53:11', 'Konfiguration STOCK_MARK_PRODUCT_OUT_OF_STOCK = im Moment vergriffen', 5000),
(18, '2023-03-24 14:54:43', 'Konfiguration BANK_WRAP = ', 5000),
(19, '2023-03-24 14:55:36', 'Konfiguration STORE_OWNER_VAT_ID = DE815479160', 5000),
(20, '2023-03-24 14:55:59', 'Konfiguration STORE_ZONE = 79', 5000),
(21, '2023-03-24 15:26:18', 'Konfiguration EBAY_PRODUCTS_PRICE_CUSTOMER_STATUS = 4', 5000),
(22, '2023-03-24 15:36:16', 'Kundengruppen Konfiguration Gast:<br />customers_status_name = Gast<br />customers_status_public = 0<br />customers_status_show_price = 0<br />customers_status_show_price_tax = 1<br />customers_status_discount = 0.00<br />customers_status_ot_discount_flag = 0<br />customers_status_ot_discount = 0.00<br />customers_status_graduated_prices = 0<br />customers_status_add_tax_ot = 1<br />customers_status_payment_unallowed = invoice<br />customers_status_shipping_unallowed = <br />customers_status_payment_target = 0<br />customers_status_skonto = <br />customers_status_default_admin_paymentmethod = <br />customers_status_delivery_conditions = <br />export_note_text = <br />export_note = 0<br />customers_fsk18 = 1<br />customers_fsk18_display = 1<br />customers_status_discount_attributes = <br />account_value_alert_status = 0<br />account_value_alert_limit = 0.0000<br />sort_order = 2<br />', 5000),
(23, '2023-06-13 09:24:08', 'Konfiguration SMTP_PASSWORD = 3S-4Kx74H12S-4q/9!', 1),
(24, '2023-06-13 09:24:20', 'Konfiguration SMTP_MAIN_SERVER = sslout.df.eu', 1),
(25, '2023-06-13 09:24:24', 'Konfiguration SMTP_USERNAME = info@alubogencenter.com', 1),
(26, '2023-06-13 09:24:28', 'Konfiguration SMTP_PORT = 465', 1),
(27, '2023-06-13 09:24:31', 'Konfiguration SMTP_AUTH = true', 1),
(28, '2023-09-08 14:09:27', 'Konfiguration BOX_MARKETING = 1,1:277', 5000),
(29, '2023-09-08 14:10:03', 'Konfiguration BOX_MARKETING = 1,4:277,,,', 5000),
(30, '2023-09-08 14:10:21', 'Konfiguration BOX_MARKETING = 1,4:277,277,277,277', 5000),
(31, '2023-09-08 14:10:42', 'Konfiguration BOX_MARKETING = 1,3:277,277,277', 5000),
(32, '2023-09-08 14:11:54', 'Konfiguration PRODUCTS_IN_CATEGORY_DEFAULT_SORT_KEY = ', 5000),
(33, '2023-09-08 14:12:08', 'Konfiguration PRODUCTS_IN_CATEGORY_DEFAULT_SORT_KEY = RAND', 5000),
(34, '2023-09-08 14:24:18', 'Konfiguration BOX_MARKETING = 1,3:,,', 5000),
(35, '2023-09-08 14:46:15', 'Konfiguration EBAY_XSELL_DAYSPAN = 1', 5000),
(36, '2023-09-08 15:08:29', 'Konfiguration BOX_SPECIAL_PRODUCT_ID = 277', 5000),
(37, '2023-09-08 15:11:41', 'Konfiguration STORE_WRAP = ', 5000),
(38, '2023-09-08 15:12:35', 'Konfiguration STORE_WRAP = Alubogencenter.de<br> Inh. Rolf Brendemühl<br> Hamburger Straße 4b<br> 21244 Buchholz i.d.N.<br>', 5000),
(39, '2023-09-08 15:13:44', 'Konfiguration SHOP_COMPANY_NAME = Alubogencneter.de · Inh. Rolf Brendemühl', 5000),
(40, '2023-09-08 15:14:07', 'Konfiguration SHOP_COMPANY_STREET = Hamburger Straße 4b', 5000),
(41, '2023-09-08 15:14:29', 'Konfiguration SHOP_COMPANY_SUBURB = Eingang um das Haus herum', 5000),
(42, '2023-09-08 15:14:41', 'Konfiguration SHOP_COMPANY_POSTCODE = 21244', 5000),
(43, '2023-09-08 15:14:58', 'Konfiguration SHOP_COMPANY_CITY = Buchholz i.d.N.', 5000),
(44, '2023-09-08 15:22:32', 'Konfiguration SHOP_COMPANY_NAME = Alubogencenter.de · Inh. Rolf Brendemühl', 5000),
(45, '2023-09-24 13:36:18', 'Kundengruppen Konfiguration Widerverkäufer - DE:<br />customers_status_name = Widerverkäufer - DE<br />customers_status_public = 0<br />customers_status_show_price = 0<br />customers_status_show_price_tax = 0<br />customers_status_discount = <br />customers_status_ot_discount_flag = 0<br />customers_status_ot_discount = <br />customers_status_graduated_prices = 0<br />customers_status_add_tax_ot = 1<br />customers_status_payment_unallowed = <br />customers_status_shipping_unallowed = <br />customers_status_payment_target = 8<br />customers_status_skonto = <br />customers_status_default_admin_paymentmethod = <br />customers_status_delivery_conditions = <br />export_note_text = <br />export_note = 0<br />customers_fsk18 = 0<br />customers_fsk18_display = 0<br />customers_status_discount_attributes = <br />account_value_alert_status = 0<br />account_value_alert_limit = <br />sort_order = 6<br />customers_status_id = 10<br />language_id = 2<br />', 5000),
(46, '2023-09-24 13:38:07', 'Kundengruppen Konfiguration Widerverkäufer - DE:<br />customers_status_name = Widerverkäufer - DE<br />customers_status_public = 0<br />customers_status_show_price = 0<br />customers_status_show_price_tax = 1<br />customers_status_discount = 0.00<br />customers_status_ot_discount_flag = 0<br />customers_status_ot_discount = 0.00<br />customers_status_graduated_prices = 0<br />customers_status_add_tax_ot = 1<br />customers_status_payment_unallowed = <br />customers_status_shipping_unallowed = <br />customers_status_payment_target = 8<br />customers_status_skonto = <br />customers_status_default_admin_paymentmethod = <br />customers_status_delivery_conditions = <br />export_note_text = <br />export_note = 0<br />customers_fsk18 = 0<br />customers_fsk18_display = 0<br />customers_status_discount_attributes = <br />account_value_alert_status = 0<br />account_value_alert_limit = 0.0000<br />sort_order = 6<br />', 5000),
(47, '2023-09-24 13:39:21', 'Kundengruppen Konfiguration Widerverkäufer - DE:<br />customers_status_name = Widerverkäufer - DE<br />customers_status_public = 0<br />customers_status_show_price = 0<br />customers_status_show_price_tax = 0<br />customers_status_discount = 0.00<br />customers_status_ot_discount_flag = 0<br />customers_status_ot_discount = 0.00<br />customers_status_graduated_prices = 0<br />customers_status_add_tax_ot = 1<br />customers_status_payment_unallowed = <br />customers_status_shipping_unallowed = <br />customers_status_payment_target = 8<br />customers_status_skonto = <br />customers_status_default_admin_paymentmethod = <br />customers_status_delivery_conditions = <br />export_note_text = <br />export_note = 0<br />customers_fsk18 = 0<br />customers_fsk18_display = 0<br />customers_status_discount_attributes = <br />account_value_alert_status = 0<br />account_value_alert_limit = 0.0000<br />sort_order = 6<br />', 5000),
(48, '2023-09-24 13:41:01', 'Kundengruppen Konfiguration Widerverkäufer - DE:<br />customers_status_name = Widerverkäufer - DE<br />customers_status_public = 0<br />customers_status_show_price = 0<br />customers_status_show_price_tax = 0<br />customers_status_discount = 0.00<br />customers_status_ot_discount_flag = 0<br />customers_status_ot_discount = 0.00<br />customers_status_graduated_prices = 1<br />customers_status_add_tax_ot = 1<br />customers_status_payment_unallowed = <br />customers_status_shipping_unallowed = <br />customers_status_payment_target = 8<br />customers_status_skonto = <br />customers_status_default_admin_paymentmethod = <br />customers_status_delivery_conditions = <br />export_note_text = <br />export_note = 0<br />customers_fsk18 = 0<br />customers_fsk18_display = 0<br />customers_status_discount_attributes = <br />account_value_alert_status = 0<br />account_value_alert_limit = 0.0000<br />sort_order = 6<br />', 5000),
(49, '2023-09-24 13:44:33', 'Kundengruppen Konfiguration Widerverkäufer - DE:<br />customers_status_name = Widerverkäufer - DE<br />customers_status_public = 0<br />customers_status_show_price = 0<br />customers_status_show_price_tax = 0<br />customers_status_discount = 0.00<br />customers_status_ot_discount_flag = 0<br />customers_status_ot_discount = 0.00<br />customers_status_graduated_prices = 1<br />customers_status_add_tax_ot = 1<br />customers_status_payment_unallowed = <br />customers_status_shipping_unallowed = <br />customers_status_payment_target = 8<br />customers_status_skonto = <br />customers_status_default_admin_paymentmethod = <br />customers_status_delivery_conditions = <br />export_note_text = <br />export_note = 0<br />customers_fsk18 = 0<br />customers_fsk18_display = 0<br />customers_status_discount_attributes = <br />account_value_alert_status = 0<br />account_value_alert_limit = 0.0000<br />sort_order = 4<br />', 5000),
(50, '2023-09-24 13:47:47', 'Konfiguration STOCK_ALLOW_CHECKOUT = false', 5000),
(51, '2023-09-24 13:48:27', 'Konfiguration RESERVE_STOCK_FOR_OFFERS = true', 5000),
(52, '2023-09-24 13:50:00', 'Konfiguration MAILMASTER_REPLY_PREFIX = Rückfrage:', 5000),
(53, '2023-09-24 13:50:30', 'Konfiguration MAILMASTER_REPLY_PREFIX = RE:', 5000),
(54, '2023-09-24 13:51:10', 'Konfiguration MAILMASTER_NEWMAIL_SUBJECT = Rückfrage vom Alubogencenter.de', 5000),
(55, '2023-09-24 18:30:37', 'Kundengruppen Konfiguration Wiederverkäufer - DE:<br />customers_status_name = Wiederverkäufer - DE<br />customers_status_public = 0<br />customers_status_show_price = 0<br />customers_status_show_price_tax = 0<br />customers_status_discount = 0.00<br />customers_status_ot_discount_flag = 0<br />customers_status_ot_discount = 0.00<br />customers_status_graduated_prices = 1<br />customers_status_add_tax_ot = 1<br />customers_status_payment_unallowed = <br />customers_status_shipping_unallowed = <br />customers_status_payment_target = 8<br />customers_status_skonto = <br />customers_status_default_admin_paymentmethod = <br />customers_status_delivery_conditions = <br />export_note_text = <br />export_note = 0<br />customers_fsk18 = 0<br />customers_fsk18_display = 0<br />customers_status_discount_attributes = <br />account_value_alert_status = 0<br />account_value_alert_limit = 0.0000<br />sort_order = 4<br />', 5000),
(56, '2023-09-24 18:36:47', 'Kundengruppen Konfiguration Wiederverkäufer - DE:<br />customers_status_name = Wiederverkäufer - DE<br />customers_status_public = 0<br />customers_status_show_price = 1<br />customers_status_show_price_tax = 0<br />customers_status_discount = 0.00<br />customers_status_ot_discount_flag = 0<br />customers_status_ot_discount = 0.00<br />customers_status_graduated_prices = 1<br />customers_status_add_tax_ot = 1<br />customers_status_payment_unallowed = <br />customers_status_shipping_unallowed = <br />customers_status_payment_target = 8<br />customers_status_skonto = <br />customers_status_default_admin_paymentmethod = <br />customers_status_delivery_conditions = <br />export_note_text = <br />export_note = 0<br />customers_fsk18 = 0<br />customers_fsk18_display = 0<br />customers_status_discount_attributes = <br />account_value_alert_status = 0<br />account_value_alert_limit = 0.0000<br />sort_order = 4<br />', 5000),
(57, '2023-09-24 18:38:43', 'Kundengruppen Konfiguration Wiederverkäufer - DE:<br />customers_status_name = Wiederverkäufer - DE<br />customers_status_public = 1<br />customers_status_show_price = 1<br />customers_status_show_price_tax = 0<br />customers_status_discount = 0.00<br />customers_status_ot_discount_flag = 0<br />customers_status_ot_discount = 0.00<br />customers_status_graduated_prices = 1<br />customers_status_add_tax_ot = 1<br />customers_status_payment_unallowed = <br />customers_status_shipping_unallowed = <br />customers_status_payment_target = 8<br />customers_status_skonto = <br />customers_status_default_admin_paymentmethod = <br />customers_status_delivery_conditions = <br />export_note_text = <br />export_note = 0<br />customers_fsk18 = 0<br />customers_fsk18_display = 0<br />customers_status_discount_attributes = <br />account_value_alert_status = 0<br />account_value_alert_limit = 0.0000<br />sort_order = 4<br />', 5000),
(58, '2023-09-24 18:41:07', 'Kundengruppen Konfiguration Wiederverkäufer - DE:<br />customers_status_name = Wiederverkäufer - DE<br />customers_status_public = 1<br />customers_status_show_price = 1<br />customers_status_show_price_tax = 0<br />customers_status_discount = 0.00<br />customers_status_ot_discount_flag = 0<br />customers_status_ot_discount = 0.00<br />customers_status_graduated_prices = 1<br />customers_status_add_tax_ot = 1<br />customers_status_payment_unallowed = <br />customers_status_shipping_unallowed = <br />customers_status_payment_target = 8<br />customers_status_skonto = <br />customers_status_default_admin_paymentmethod = invoice<br />customers_status_delivery_conditions = <br />export_note_text = <br />export_note = 0<br />customers_fsk18 = 0<br />customers_fsk18_display = 0<br />customers_status_discount_attributes = <br />account_value_alert_status = 0<br />account_value_alert_limit = 0.0000<br />sort_order = 4<br />', 5000),
(59, '2023-09-24 18:44:22', 'Konfiguration EBAY_AUCTIONTYPE = FixedPriceItem', 5000),
(60, '2023-09-24 18:44:25', 'Konfiguration EBAY_AUCTIONTYPE = FixedPriceItem', 5000),
(61, '2023-09-24 18:45:01', 'Konfiguration EBAY_DURATION = 0', 5000),
(62, '2023-09-24 18:45:29', 'Konfiguration EBAY_COUNTER = NoHitCounter', 5000),
(63, '2023-09-25 14:02:14', 'Kundengruppen Konfiguration EBAY KUNDE:<br />customers_status_name = EBAY KUNDE<br />customers_status_public = 0<br />customers_status_show_price = 1<br />customers_status_show_price_tax = 1<br />customers_status_discount = 0.00<br />customers_status_ot_discount_flag = 0<br />customers_status_ot_discount = 0.00<br />customers_status_graduated_prices = 1<br />customers_status_add_tax_ot = 1<br />customers_status_payment_unallowed = invoice<br />customers_status_shipping_unallowed = <br />customers_status_payment_target = 0<br />customers_status_skonto = <br />customers_status_default_admin_paymentmethod = <br />customers_status_delivery_conditions = <br />export_note_text = <br />export_note = 0<br />customers_fsk18 = 1<br />customers_fsk18_display = 1<br />customers_status_discount_attributes = <br />account_value_alert_status = 0<br />account_value_alert_limit = 0.0000<br />sort_order = 8<br />', 1),
(64, '2023-09-30 17:34:23', 'Konfiguration SHOW_STARTPAGE_CONTENT_MATRIX_COLS = 1', 5000),
(65, '2023-09-30 17:34:49', 'Konfiguration SHOW_STARTPAGE_CONTENT_MATRIX_ROWS = 5', 5000),
(66, '2023-09-30 17:35:17', 'Konfiguration SHOW_STARTPAGE_CONTENT_MATRIX_ROWS = 3', 5000),
(67, '2023-09-30 17:35:33', 'Konfiguration SHOW_STARTPAGE_CONTENT_MATRIX_ROWS = 4', 5000),
(68, '2023-09-30 17:35:57', 'Konfiguration NAVTRAIL_PRODUCTS_TITLE = products_ean', 5000),
(69, '2023-09-30 17:36:29', 'Konfiguration BOX_SPECIAL_PRODUCT_ID = ', 5000),
(70, '2023-09-30 17:37:37', 'Konfiguration META_AUTHOR = Rolf Brendemühl', 5000),
(71, '2023-09-30 17:37:55', 'Konfiguration META_PUBLISHER = alubogencenter.de', 5000),
(72, '2023-09-30 17:38:47', 'Konfiguration META_COMPANY = Alubogencenter.de Inh. Rolf Brendemühl 21244 Buchholz i.d.N.', 5000),
(73, '2023-09-30 17:39:23', 'Konfiguration META_REVISIT_AFTER = 7', 5000),
(74, '2023-09-30 17:41:21', 'Konfiguration META_ROBOTS = index,follow,noarchive,snippet,noodp', 5000),
(75, '2023-09-30 17:42:56', 'Konfiguration META_DESCRIPTION = Aluminium Bogen Center', 5000),
(76, '2023-09-30 17:46:37', 'Konfiguration META_KEYWORDS = gewindemuffen, gewindenippel, muffen, nippel, aluminiumfittings, aluminiumfittings', 5000),
(77, '2023-09-30 17:48:29', 'Konfiguration DEFAULT_CUSTOMERS_VAT_STATUS_ID_LOCAL = 10', 5000),
(78, '2023-10-08 09:32:37', 'Konfiguration PAYPAL_API_USER = paypal@alubogencenter.de', 5000),
(79, '2023-10-08 09:37:27', 'Konfiguration PAYPAL_API_USER = paypal@alubogencenter.de', 5000),
(80, '2023-10-08 09:37:50', 'Konfiguration PAYPAL_API_USER = paypal_api1.alubogencenter.de', 5000),
(81, '2023-10-08 09:38:14', 'Konfiguration PAYPAL_API_PWD = M3GTS7HV7NL7WX6B', 5000),
(82, '2023-10-08 09:38:43', 'Konfiguration PAYPAL_API_SIGNATURE = AtkPN0c7sGSpJPN4pEY7DnHjaGNoAUtrlzvXbZXeFWzZBeJAwZ7ozCa2', 5000),
(83, '2023-10-08 09:41:05', 'Konfiguration PAYPAL_MODE = sandbox', 5000),
(84, '2023-10-08 09:41:11', 'Konfiguration PAYPAL_MODE = live', 5000),
(85, '2023-10-08 09:49:02', 'Konfiguration PAYPAL_ORDER_STATUS_TMP_ID = 7', 5000),
(86, '2023-10-08 09:49:14', 'Konfiguration PAYPAL_ORDER_STATUS_SUCCESS_ID = 6', 5000),
(87, '2023-10-08 09:49:22', 'Konfiguration PAYPAL_ORDER_STATUS_PENDING_ID = 1', 5000),
(88, '2023-10-08 09:49:30', 'Konfiguration PAYPAL_ORDER_STATUS_REJECTED_ID = 1', 5000),
(89, '2023-10-08 09:50:28', 'Konfiguration PAYPAL_API_CO_BORD = 00b1d2', 5000),
(90, '2023-10-08 09:51:56', 'Konfiguration PAYPAL_API_CO_BACK = F4F4F4', 5000),
(91, '2023-10-09 12:41:23', 'Konfiguration MODULE_PAYMENT_MONEYORDER_PAYTO = | Rolf Brendemühl | Postbank Hamburg, BLZ.: 20010020 - Kto: 108780202 - IBAN:   DE47200100200108780202 - BIC: PBNKDEFFXXX', 5000),
(92, '2023-10-09 12:44:57', 'Konfiguration MODULE_PAYMENT_MONEYORDER_PAYTO = Rolf Brendemühl | Postbank Hamburg, BLZ.: 20010020 - Kto: 108780202 - IBAN:   DE47200100200108780202 - BIC: PBNKDEFFXXX', 5000),
(93, '2023-10-09 12:45:22', 'Konfiguration STORE_NAME_ADDRESS = Alubogencenter.de\r\nInh. Rolf Brendemühl\r\nHamburger Straße 4b\r\n21244 Buchholz i.d.N.\r\nTel: +49 (0) 4181 137352\r\n<br>Email: info@alubogencenter.com<br>\r\nUSt.-ID: DE815479160', 5000),
(94, '2023-10-09 12:48:42', 'Konfiguration STORE_WRAP = Alubogencenter.de · Inh. Rolf Brendemühl ·  Hamburger Straße 4b ·  21244 Buchholz i.d.N.<br>', 5000),
(95, '2023-10-09 12:51:55', 'Konfiguration MODULE_PAYMENT_MONEYORDER_PAYTO = Rolf Brendemühl | Postbank Hamburg | BLZ: 20010020 | Konto Nr. 108780202 | IBAN: DE47200100200108780202 | BIC: PBNKDEFFXXX', 5000),
(96, '2023-10-11 19:17:20', 'Konfiguration PAYPAL_API_IMAGE = PayPal 750x90px.jpg', 5000),
(97, '2023-10-11 20:31:18', 'Konfiguration PAYPAL_API_IMAGE = Alub-logo.png', 1),
(98, '2023-10-25 18:23:57', 'Kundengruppen Konfiguration Wiederverkäufer - DE:<br />customers_status_name = Wiederverkäufer - DE<br />customers_status_public = 0<br />customers_status_show_price = 1<br />customers_status_show_price_tax = 0<br />customers_status_discount = 0.00<br />customers_status_ot_discount_flag = 0<br />customers_status_ot_discount = 0.00<br />customers_status_graduated_prices = 1<br />customers_status_add_tax_ot = 1<br />customers_status_payment_unallowed = <br />customers_status_shipping_unallowed = <br />customers_status_payment_target = 8<br />customers_status_skonto = <br />customers_status_default_admin_paymentmethod = invoice<br />customers_status_delivery_conditions = <br />export_note_text = <br />export_note = 0<br />customers_fsk18 = 0<br />customers_fsk18_display = 0<br />customers_status_discount_attributes = <br />account_value_alert_status = 0<br />account_value_alert_limit = 0.0000<br />sort_order = 4<br />', 5000),
(99, '2023-10-25 18:24:57', 'Kundengruppen Konfiguration Kaufland (Real):<br />customers_status_name = Kaufland (Real)<br />customers_status_public = 0<br />customers_status_show_price = 1<br />customers_status_show_price_tax = 1<br />customers_status_discount = 10.00<br />customers_status_ot_discount_flag = 0<br />customers_status_ot_discount = 0.00<br />customers_status_graduated_prices = 0<br />customers_status_add_tax_ot = 1<br />customers_status_payment_unallowed = invoice<br />customers_status_shipping_unallowed = <br />customers_status_payment_target = 21<br />customers_status_skonto = <br />customers_status_default_admin_paymentmethod = <br />customers_status_delivery_conditions = <br />export_note_text = <br />export_note = 0<br />customers_fsk18 = 0<br />customers_fsk18_display = 0<br />customers_status_discount_attributes = <br />account_value_alert_status = 0<br />account_value_alert_limit = 0.0000<br />sort_order = 10<br />', 5000),
(100, '2023-10-25 18:27:10', 'Kundengruppen Konfiguration Kaufland (Real):<br />customers_status_name = Kaufland (Real)<br />customers_status_public = 0<br />customers_status_show_price = 1<br />customers_status_show_price_tax = 1<br />customers_status_discount = 10.00<br />customers_status_ot_discount_flag = 0<br />customers_status_ot_discount = 0.00<br />customers_status_graduated_prices = 0<br />customers_status_add_tax_ot = 1<br />customers_status_payment_unallowed = invoice<br />customers_status_shipping_unallowed = <br />customers_status_payment_target = 21<br />customers_status_skonto = <br />customers_status_default_admin_paymentmethod = <br />customers_status_delivery_conditions = <br />export_note_text = <br />export_note = 0<br />customers_fsk18 = 0<br />customers_fsk18_display = 0<br />customers_status_discount_attributes = <br />account_value_alert_status = 0<br />account_value_alert_limit = 0.0000<br />sort_order = 10<br />', 5000),
(101, '2023-10-25 18:27:42', 'Kundengruppen Konfiguration Kaufland (Real):<br />customers_status_name = Kaufland (Real)<br />customers_status_public = 0<br />customers_status_show_price = 1<br />customers_status_show_price_tax = 1<br />customers_status_discount = 10.00<br />customers_status_ot_discount_flag = 0<br />customers_status_ot_discount = 0.00<br />customers_status_graduated_prices = 0<br />customers_status_add_tax_ot = 1<br />customers_status_payment_unallowed = invoice<br />customers_status_shipping_unallowed = <br />customers_status_payment_target = 21<br />customers_status_skonto = <br />customers_status_default_admin_paymentmethod = <br />customers_status_delivery_conditions = <br />export_note_text = <br />export_note = 0<br />customers_fsk18 = 0<br />customers_fsk18_display = 0<br />customers_status_discount_attributes = <br />account_value_alert_status = 0<br />account_value_alert_limit = 0.0000<br />sort_order = 10<br />', 5000),
(102, '2023-10-25 18:28:41', 'Kundengruppen Konfiguration Kaufland (Real):<br />customers_status_name = Kaufland (Real)<br />customers_status_public = 0<br />customers_status_show_price = 1<br />customers_status_show_price_tax = 1<br />customers_status_discount = 10.00<br />customers_status_ot_discount_flag = 0<br />customers_status_ot_discount = 0.00<br />customers_status_graduated_prices = 0<br />customers_status_add_tax_ot = 1<br />customers_status_payment_unallowed = invoice<br />customers_status_shipping_unallowed = <br />customers_status_payment_target = 21<br />customers_status_skonto = <br />customers_status_default_admin_paymentmethod = <br />customers_status_delivery_conditions = <br />export_note_text = <br />export_note = 0<br />customers_fsk18 = 0<br />customers_fsk18_display = 0<br />customers_status_discount_attributes = <br />account_value_alert_status = 0<br />account_value_alert_limit = 0.0000<br />sort_order = 10<br />', 5000),
(103, '2023-10-25 18:30:28', 'Kundengruppen Konfiguration Kaufland (Real):<br />customers_status_name = Kaufland (Real)<br />customers_status_public = 0<br />customers_status_show_price = 1<br />customers_status_show_price_tax = 1<br />customers_status_discount = 10.00<br />customers_status_ot_discount_flag = 0<br />customers_status_ot_discount = 0.00<br />customers_status_graduated_prices = 0<br />customers_status_add_tax_ot = 1<br />customers_status_payment_unallowed = invoice<br />customers_status_shipping_unallowed = <br />customers_status_payment_target = 21<br />customers_status_skonto = <br />customers_status_default_admin_paymentmethod = <br />customers_status_delivery_conditions = <br />export_note_text = <br />export_note = 0<br />customers_fsk18 = 0<br />customers_fsk18_display = 0<br />customers_status_discount_attributes = <br />account_value_alert_status = 0<br />account_value_alert_limit = 0.0000<br />sort_order = 10<br />', 5000),
(104, '2023-10-25 18:33:33', 'Kundengruppen Konfiguration AMAZON:<br />customers_status_name = AMAZON<br />customers_status_public = 0<br />customers_status_show_price = 0<br />customers_status_show_price_tax = 1<br />customers_status_discount = 0.00<br />customers_status_ot_discount_flag = 0<br />customers_status_ot_discount = 0.00<br />customers_status_graduated_prices = 0<br />customers_status_add_tax_ot = 1<br />customers_status_payment_unallowed = invoice<br />customers_status_shipping_unallowed = <br />customers_status_payment_target = 90<br />customers_status_skonto = <br />customers_status_default_admin_paymentmethod = <br />customers_status_delivery_conditions = <br />export_note_text = <br />export_note = 0<br />customers_fsk18 = 0<br />customers_fsk18_display = 0<br />customers_status_discount_attributes = <br />account_value_alert_status = 0<br />account_value_alert_limit = 0.0000<br />sort_order = 9<br />', 5000),
(105, '2023-10-25 18:33:47', 'Kundengruppen Konfiguration EBAY KUNDE:<br />customers_status_name = EBAY KUNDE<br />customers_status_public = 0<br />customers_status_show_price = 1<br />customers_status_show_price_tax = 1<br />customers_status_discount = 0.00<br />customers_status_ot_discount_flag = 0<br />customers_status_ot_discount = 0.00<br />customers_status_graduated_prices = 1<br />customers_status_add_tax_ot = 1<br />customers_status_payment_unallowed = invoice<br />customers_status_shipping_unallowed = <br />customers_status_payment_target = 0<br />customers_status_skonto = <br />customers_status_default_admin_paymentmethod = <br />customers_status_delivery_conditions = <br />export_note_text = <br />export_note = 0<br />customers_fsk18 = 1<br />customers_fsk18_display = 1<br />customers_status_discount_attributes = <br />account_value_alert_status = 0<br />account_value_alert_limit = 0.0000<br />sort_order = 8<br />', 5000),
(106, '2023-10-25 18:34:06', 'Kundengruppen Konfiguration EBAY KUNDE:<br />customers_status_name = EBAY KUNDE<br />customers_status_public = 0<br />customers_status_show_price = 1<br />customers_status_show_price_tax = 1<br />customers_status_discount = 0.00<br />customers_status_ot_discount_flag = 0<br />customers_status_ot_discount = 0.00<br />customers_status_graduated_prices = 1<br />customers_status_add_tax_ot = 1<br />customers_status_payment_unallowed = invoice<br />customers_status_shipping_unallowed = <br />customers_status_payment_target = 0<br />customers_status_skonto = <br />customers_status_default_admin_paymentmethod = <br />customers_status_delivery_conditions = <br />export_note_text = <br />export_note = 0<br />customers_fsk18 = 1<br />customers_fsk18_display = 1<br />customers_status_discount_attributes = <br />account_value_alert_status = 0<br />account_value_alert_limit = 0.0000<br />sort_order = 8<br />', 5000),
(107, '2023-10-25 18:34:42', 'Kundengruppen Konfiguration EBAY KUNDE:<br />customers_status_name = EBAY KUNDE<br />customers_status_public = 0<br />customers_status_show_price = 1<br />customers_status_show_price_tax = 1<br />customers_status_discount = 0.00<br />customers_status_ot_discount_flag = 0<br />customers_status_ot_discount = 0.00<br />customers_status_graduated_prices = 1<br />customers_status_add_tax_ot = 1<br />customers_status_payment_unallowed = invoice<br />customers_status_shipping_unallowed = <br />customers_status_payment_target = 0<br />customers_status_skonto = <br />customers_status_default_admin_paymentmethod = <br />customers_status_delivery_conditions = <br />export_note_text = <br />export_note = 0<br />customers_fsk18 = 1<br />customers_fsk18_display = 1<br />customers_status_discount_attributes = <br />account_value_alert_status = 0<br />account_value_alert_limit = 0.0000<br />sort_order = 8<br />', 5000),
(108, '2023-10-25 18:36:48', 'Kundengruppen Konfiguration KASSE:<br />customers_status_name = KASSE<br />customers_status_public = 0<br />customers_status_show_price = 0<br />customers_status_show_price_tax = 1<br />customers_status_discount = 0.00<br />customers_status_ot_discount_flag = 1<br />customers_status_ot_discount = 0.00<br />customers_status_graduated_prices = 0<br />customers_status_add_tax_ot = 1<br />customers_status_payment_unallowed = <br />customers_status_shipping_unallowed = <br />customers_status_payment_target = 0<br />customers_status_skonto = <br />customers_status_default_admin_paymentmethod = <br />customers_status_delivery_conditions = <br />export_note_text = <br />export_note = 0<br />customers_fsk18 = 0<br />customers_fsk18_display = 0<br />customers_status_discount_attributes = <br />account_value_alert_status = 0<br />account_value_alert_limit = 0.0000<br />sort_order = 7<br />', 5000),
(109, '2023-10-25 18:37:48', 'Kundengruppen Konfiguration KASSE:<br />customers_status_name = KASSE<br />customers_status_public = 0<br />customers_status_show_price = 0<br />customers_status_show_price_tax = 1<br />customers_status_discount = 0.00<br />customers_status_ot_discount_flag = 1<br />customers_status_ot_discount = 0.00<br />customers_status_graduated_prices = 0<br />customers_status_add_tax_ot = 1<br />customers_status_payment_unallowed = <br />customers_status_shipping_unallowed = <br />customers_status_payment_target = 0<br />customers_status_skonto = <br />customers_status_default_admin_paymentmethod = <br />customers_status_delivery_conditions = <br />export_note_text = <br />export_note = 0<br />customers_fsk18 = 0<br />customers_fsk18_display = 0<br />customers_status_discount_attributes = <br />account_value_alert_status = 0<br />account_value_alert_limit = 0.0000<br />sort_order = 7<br />', 5000),
(110, '2023-10-25 18:41:17', 'Kundengruppen Konfiguration Wiederverkäufer - DE:<br />customers_status_name = Wiederverkäufer - DE<br />customers_status_public = 0<br />customers_status_show_price = 1<br />customers_status_show_price_tax = 0<br />customers_status_discount = 0.00<br />customers_status_ot_discount_flag = 0<br />customers_status_ot_discount = 0.00<br />customers_status_graduated_prices = 1<br />customers_status_add_tax_ot = 1<br />customers_status_payment_unallowed = <br />customers_status_shipping_unallowed = <br />customers_status_payment_target = 8<br />customers_status_skonto = <br />customers_status_default_admin_paymentmethod = invoice<br />customers_status_delivery_conditions = <br />export_note_text = <br />export_note = 0<br />customers_fsk18 = 0<br />customers_fsk18_display = 0<br />customers_status_discount_attributes = <br />account_value_alert_status = 0<br />account_value_alert_limit = 0.0000<br />sort_order = 4<br />', 5000),
(111, '2023-10-25 18:44:20', 'Kundengruppen Konfiguration Gewerbe - EU:<br />customers_status_name = Gewerbe - EU<br />customers_status_public = 0<br />customers_status_show_price = 1<br />customers_status_show_price_tax = 0<br />customers_status_discount = 0.00<br />customers_status_ot_discount_flag = 0<br />customers_status_ot_discount = 0.00<br />customers_status_graduated_prices = 1<br />customers_status_add_tax_ot = 0<br />customers_status_payment_unallowed = invoice<br />customers_status_shipping_unallowed = <br />customers_status_payment_target = 10<br />customers_status_skonto = 10:3;30:1.5<br />customers_status_default_admin_paymentmethod = <br />customers_status_delivery_conditions = <br />export_note_text = Dieser Umsatz ist nach § 4 Nr. 1b UStG umsatzsteuerfrei<br />export_note = 1<br />customers_fsk18 = 1<br />customers_fsk18_display = 1<br />customers_status_discount_attributes = <br />account_value_alert_status = 0<br />account_value_alert_limit = 0.0000<br />sort_order = 5<br />', 5000),
(112, '2023-10-25 18:44:57', 'Kundengruppen Konfiguration Gewerbe - EU:<br />customers_status_name = Gewerbe - EU<br />customers_status_public = 0<br />customers_status_show_price = 1<br />customers_status_show_price_tax = 0<br />customers_status_discount = 0.00<br />customers_status_ot_discount_flag = 0<br />customers_status_ot_discount = 0.00<br />customers_status_graduated_prices = 1<br />customers_status_add_tax_ot = 0<br />customers_status_payment_unallowed = invoice<br />customers_status_shipping_unallowed = <br />customers_status_payment_target = 10<br />customers_status_skonto = 10:3;30:1.5<br />customers_status_default_admin_paymentmethod = <br />customers_status_delivery_conditions = <br />export_note_text = Dieser Umsatz ist nach § 4 Nr. 1b UStG umsatzsteuerfrei<br />export_note = 1<br />customers_fsk18 = 1<br />customers_fsk18_display = 1<br />customers_status_discount_attributes = <br />account_value_alert_status = 0<br />account_value_alert_limit = 0.0000<br />sort_order = 5<br />', 5000),
(113, '2023-10-25 18:46:42', 'Kundengruppen Konfiguration NETTO - NICHT EU:<br />customers_status_name = NETTO - NICHT EU<br />customers_status_public = 0<br />customers_status_show_price = 1<br />customers_status_show_price_tax = 0<br />customers_status_discount = 0.00<br />customers_status_ot_discount_flag = 0<br />customers_status_ot_discount = 0.00<br />customers_status_graduated_prices = 1<br />customers_status_add_tax_ot = 0<br />customers_status_payment_unallowed = invoice<br />customers_status_shipping_unallowed = <br />customers_status_payment_target = 0<br />customers_status_skonto = <br />customers_status_default_admin_paymentmethod = <br />customers_status_delivery_conditions = <br />export_note_text = Steuerfreie Ausfuhrlieferung gem. § 4 Nr. 1a des Umsatzsteuergesetzes<br />export_note = 1<br />customers_fsk18 = 1<br />customers_fsk18_display = 1<br />customers_status_discount_attributes = <br />account_value_alert_status = 0<br />account_value_alert_limit = 0.0000<br />sort_order = 6<br />', 5000),
(114, '2023-10-25 18:50:24', 'Kundengruppen Konfiguration Gewerbe - DE:<br />customers_status_name = Gewerbe - DE<br />customers_status_public = 0<br />customers_status_show_price = 1<br />customers_status_show_price_tax = 0<br />customers_status_discount = 0.00<br />customers_status_ot_discount_flag = 0<br />customers_status_ot_discount = 0.00<br />customers_status_graduated_prices = 1<br />customers_status_add_tax_ot = 1<br />customers_status_payment_unallowed = invoice<br />customers_status_shipping_unallowed = <br />customers_status_payment_target = 0<br />customers_status_skonto = <br />customers_status_default_admin_paymentmethod = <br />customers_status_delivery_conditions = <br />export_note_text = <br />export_note = 0<br />customers_fsk18 = 1<br />customers_fsk18_display = 1<br />customers_status_discount_attributes = <br />account_value_alert_status = 0<br />account_value_alert_limit = 0.0000<br />sort_order = 4<br />', 5000),
(115, '2023-10-25 18:53:19', 'Kundengruppen Konfiguration Gast:<br />customers_status_name = Gast<br />customers_status_public = 0<br />customers_status_show_price = 0<br />customers_status_show_price_tax = 1<br />customers_status_discount = 0.00<br />customers_status_ot_discount_flag = 0<br />customers_status_ot_discount = 0.00<br />customers_status_graduated_prices = 0<br />customers_status_add_tax_ot = 1<br />customers_status_payment_unallowed = invoice<br />customers_status_shipping_unallowed = <br />customers_status_payment_target = 0<br />customers_status_skonto = <br />customers_status_default_admin_paymentmethod = <br />customers_status_delivery_conditions = <br />export_note_text = <br />export_note = 0<br />customers_fsk18 = 1<br />customers_fsk18_display = 1<br />customers_status_discount_attributes = <br />account_value_alert_status = 0<br />account_value_alert_limit = 0.0000<br />sort_order = 2<br />', 5000),
(116, '2023-10-25 18:54:43', 'Kundengruppen Konfiguration PRIVATER KUNDE:<br />customers_status_name = PRIVATER KUNDE<br />customers_status_public = 1<br />customers_status_show_price = 1<br />customers_status_show_price_tax = 1<br />customers_status_discount = 0.00<br />customers_status_ot_discount_flag = 0<br />customers_status_ot_discount = 0.00<br />customers_status_graduated_prices = 1<br />customers_status_add_tax_ot = 1<br />customers_status_payment_unallowed = invoice<br />customers_status_shipping_unallowed = <br />customers_status_payment_target = 0<br />customers_status_skonto = <br />customers_status_default_admin_paymentmethod = <br />customers_status_delivery_conditions = <br />export_note_text = <br />export_note = 0<br />customers_fsk18 = 1<br />customers_fsk18_display = 1<br />customers_status_discount_attributes = <br />account_value_alert_status = 0<br />account_value_alert_limit = 0.0000<br />sort_order = 3<br />', 5000),
(117, '2023-12-27 12:27:56', 'Konfiguration DSGVO_ALLOW_SEND_CUSTOMER_EMAIL_ADDRESS_TO_SHIPPER = True', 1),
(118, '2023-12-27 12:28:08', 'Konfiguration DSGVO_ALLOW_SEND_CUSTOMER_EMAIL_ADDRESS_TO_SHIPPER = False', 1),
(119, '2023-12-27 14:15:49', 'Konfiguration SESSION_TIMEOUT_ADMIN = 144000', 1),
(120, '2023-12-27 14:16:00', 'Konfiguration SESSION_TIMEOUT_CUSTOMER = 14400', 1),
(121, '2023-12-27 15:04:30', 'Konfiguration EBAY_PAYPAL_EMAIL = info@alubogencenter.com', 5000),
(122, '2023-12-27 15:04:59', 'Konfiguration EBAY_LOCATION = Buchholz i.d.N.', 5000),
(123, '2023-12-27 15:05:50', 'Konfiguration EBAY_POSTALCODE = 21244', 5000),
(124, '2023-12-27 15:06:30', 'Konfiguration EBAY_ITEMCONDITION = ', 5000),
(125, '2023-12-27 15:10:22', 'Konfiguration BOX_MARKETING = 1,3:301,288,456', 5000),
(126, '2023-12-27 16:07:39', 'Konfiguration YES_BOXES = admin.php;best_sellers.php;categories_groups.php;categories_struct.php;content.php;infobox.php;information.php;languages.php;last_viewed.php;loginbox.php;manufacturers.php;marketing.php;newsletter.php;pop_cart.php;product_notifications.php;search.php;search_ean.php;shopping_cart.php;specials.php;whats_new.php;yesdsgvo.php', 1),
(127, '2023-12-27 16:07:49', 'Konfiguration YES_BOXES = admin.php;best_sellers.php;categories_groups.php;categories_struct.php;content.php;infobox.php;information.php;languages.php;last_viewed.php;loginbox.php;manufacturers.php;marketing.php;newsletter.php;pop_cart.php;product_notifications.php;search.php;search_ean.php;shopping_cart.php;specials.php;whats_new.php', 1),
(128, '2023-12-27 16:08:02', 'Konfiguration YES_BOXES = admin.php;best_sellers.php;categories_struct.php;content.php;infobox.php;information.php;languages.php;last_viewed.php;loginbox.php;manufacturers.php;marketing.php;newsletter.php;pop_cart.php;product_notifications.php;search.php;search_ean.php;shopping_cart.php;specials.php;whats_new.php', 1),
(129, '2023-12-27 16:09:13', 'Konfiguration YES_BOXES = admin.php', 1),
(130, '2023-12-27 16:22:53', 'Konfiguration YES_BOXES = admin.php;best_sellers.php;categories_groups.php;categories_struct.php;content.php;infobox.php;information.php;last_viewed.php;loginbox.php;manufacturers.php;marketing.php;newsletter.php;pop_cart.php;product_notifications.php;search.php;search_ean.php;shopping_cart.php;specials.php;trustedshops.php;whats_new.php;yesdsgvo.php', 1),
(131, '2023-12-27 16:23:03', 'Konfiguration YES_BOXES = admin.php;best_sellers.php;categories_groups.php;categories_struct.php;content.php;infobox.php;information.php;last_viewed.php;loginbox.php;manufacturers.php;marketing.php;newsletter.php;pop_cart.php;product_notifications.php;search.php;search_ean.php;shopping_cart.php;specials.php;whats_new.php;yesdsgvo.php', 1),
(132, '2023-12-27 17:04:13', 'Konfiguration YES_BOXES = admin.php;best_sellers.php;categories_groups.php;categories_struct.php;content.php;infobox.php;information.php;languages.php;last_viewed.php;loginbox.php;manufacturers.php;marketing.php;newsletter.php;pop_cart.php;product_notifications.php;search.php;search_ean.php;shopping_cart.php;specials.php;whats_new.php;yesdsgvo.php', 1),
(133, '2023-12-27 17:23:32', 'Kundengruppen Konfiguration Gast:<br />customers_status_name = Gast<br />customers_status_public = 0<br />customers_status_show_price = 1<br />customers_status_show_price_tax = 1<br />customers_status_discount = 0.00<br />customers_status_ot_discount_flag = 0<br />customers_status_ot_discount = 0.00<br />customers_status_graduated_prices = 0<br />customers_status_add_tax_ot = 1<br />customers_status_payment_unallowed = invoice<br />customers_status_shipping_unallowed = <br />customers_status_payment_target = 0<br />customers_status_skonto = <br />customers_status_default_admin_paymentmethod = <br />customers_status_delivery_conditions = <br />export_note_text = <br />export_note = 0<br />customers_fsk18 = 1<br />customers_fsk18_display = 1<br />customers_status_discount_attributes = <br />account_value_alert_status = 0<br />account_value_alert_limit = 0.0000<br />sort_order = 2<br />', 1),
(134, '2023-12-29 15:30:57', 'Konfiguration ACCOUNT_OPTIONS = both', 1),
(135, '2023-12-29 17:51:53', 'Konfiguration ACTIVATE_GIFT_SYSTEM = true', 1),
(136, '2023-12-29 18:04:11', 'Konfiguration BOX_MARKETING = 0,3:', 5000),
(137, '2023-12-29 18:04:20', 'Konfiguration BOX_MARKETING = 1,3:,,', 5000),
(138, '2023-12-29 18:04:30', 'Konfiguration BOX_MARKETING = 0,3:', 5000),
(139, '2024-01-02 16:32:31', 'Konfiguration YES_BOXES = admin.php;best_sellers.php;categories_groups.php;categories_struct.php;content.php;infobox.php;information.php;languages.php;last_viewed.php;loginbox.php;manufacturers.php;marketing.php;newsletter.php;pop_cart.php;product_notifications.php;search.php;search_ean.php;shopping_cart.php;specials.php;whats_new.php;yesdsgvo.php', 1),
(140, '2024-01-05 13:22:37', 'Konfiguration PDF_PRODUCTS_EXPORT_AT_SHIPPING_ACTION = False', 1),
(141, '2024-01-25 17:08:34', 'Konfiguration SHIPPING_MAX_WEIGHT = 30', 5000),
(142, '2024-01-25 17:15:32', 'Konfiguration BOX_SPECIAL_PRODUCT_ID = 301', 5000),
(143, '2024-01-25 17:17:39', 'Konfiguration CATEGORY_LISTING_IMAGES = false', 5000),
(144, '2024-01-25 17:17:44', 'Konfiguration CATEGORY_LISTING_IMAGES = true', 5000),
(145, '2024-01-25 17:18:41', 'Konfiguration META_PUBLISHER = alubogencenter.de  Inh. Rolf Brendemühl', 5000),
(146, '2024-01-25 17:19:13', 'Konfiguration META_REVISIT_AFTER = 5', 5000),
(147, '2024-01-25 17:20:09', 'Konfiguration META_DESCRIPTION = Alubogencenter.de Onlineshop', 5000),
(148, '2024-01-26 14:25:30', 'Konfiguration PDF_PRODUCTS_EXPORT_AT_SHIPPING_ACTION = True', 1),
(149, '2024-01-26 14:25:38', 'Konfiguration SHIPPING_DEFAULT_VERSENDER = 1', 1),
(150, '2024-01-26 14:25:46', 'Konfiguration SHIPPING_DEFAULT_VERSENDER_VALUE = DHL', 1),
(151, '2024-01-26 14:25:47', 'Konfiguration PDF_PACKINGSLIP_EXPORT_AT_SHIPPING_ACTION = False', 5000),
(152, '2024-01-26 14:26:01', 'Konfiguration NO_SHIPPING_EMAIL = 0', 1),
(153, '2024-02-11 14:53:22', 'Kundengruppen Konfiguration Wiederverkäufer - DE:<br />customers_status_name = Wiederverkäufer - DE<br />customers_status_public = 0<br />customers_status_show_price = 1<br />customers_status_show_price_tax = 0<br />customers_status_discount = 10%<br />customers_status_ot_discount_flag = 0<br />customers_status_ot_discount = 0.00<br />customers_status_graduated_prices = 1<br />customers_status_add_tax_ot = 1<br />customers_status_payment_unallowed = <br />customers_status_shipping_unallowed = <br />customers_status_payment_target = 8<br />customers_status_skonto = <br />customers_status_default_admin_paymentmethod = invoice<br />customers_status_delivery_conditions = <br />export_note_text = <br />export_note = 0<br />customers_fsk18 = 0<br />customers_fsk18_display = 0<br />customers_status_discount_attributes = <br />account_value_alert_status = 0<br />account_value_alert_limit = 0.0000<br />sort_order = 4<br />', 5000),
(154, '2024-02-11 15:22:32', 'Kundengruppen Konfiguration Wiederverkäufer - DE:<br />customers_status_name = Wiederverkäufer - DE<br />customers_status_public = 1<br />customers_status_show_price = 1<br />customers_status_show_price_tax = 1<br />customers_status_discount = 10.00<br />customers_status_ot_discount_flag = 0<br />customers_status_ot_discount = 0.00<br />customers_status_graduated_prices = 1<br />customers_status_add_tax_ot = 1<br />customers_status_payment_unallowed = <br />customers_status_shipping_unallowed = <br />customers_status_payment_target = 8<br />customers_status_skonto = <br />customers_status_default_admin_paymentmethod = invoice<br />customers_status_delivery_conditions = <br />export_note_text = <br />export_note = 0<br />customers_fsk18 = 0<br />customers_fsk18_display = 0<br />customers_status_discount_attributes = <br />account_value_alert_status = 0<br />account_value_alert_limit = 0.0000<br />sort_order = 4<br />', 5000),
(155, '2024-03-21 13:41:07', 'Konfiguration MODULE_PAYMENT_MONEYORDER_PAYTO = Rolf Brendemühl | Postbank Hamburg | BLZ: 20010020 | Konto Nr. 108780202 | IBAN: DE37200100200108780202 | BIC: PBNKDEFFXXX', 5000),
(156, '2024-03-26 16:34:10', 'Konfiguration MARGENRECHNER_EBAYFEE_PERCENT = 11', 5000),
(157, '2024-03-26 16:34:41', 'Konfiguration MARGENRECHNER_FIXKOSTEN_PERCENT = 10', 5000),
(158, '2024-03-26 16:35:19', 'Konfiguration MARGENRECHNER_HITMEISTERFEE_PERCENT = 13', 5000),
(159, '2024-03-26 16:35:28', 'Konfiguration MARGENRECHNER_AMAZONFEE_PERCENT = 12', 5000),
(160, '2024-05-21 14:26:24', 'Konfiguration RESERVE_STOCK_FOR_OFFERS = false', 5000),
(161, '2024-05-21 14:35:30', 'Konfiguration STOCK_MARK_PRODUCT_OUT_OF_STOCK = <font color=red>&nbsp;im Moment vergriffen&nbsp;</font>', 5000),
(162, '2024-05-21 14:39:45', 'Konfiguration STOCK_MARK_PRODUCT_OUT_OF_STOCK = <strong><font color=red>&nbsp;im Moment vergriffen&nbsp;</font>', 5000),
(163, '2024-05-21 14:41:37', 'Konfiguration STOCK_MARK_PRODUCT_OUT_OF_STOCK = <font color=#00b1d2>&nbsp;im Moment vergriffen&nbsp;</font>', 5000),
(164, '2024-05-21 17:28:54', 'Konfiguration STOCK_MARK_PRODUCT_OUT_OF_STOCK = <strong><font color=red>&nbsp;leider ist nicht mehr im Lager, wird aber umgehend nachbestelltn&nbsp;</font>', 5000),
(165, '2024-05-21 17:31:00', 'Konfiguration STOCK_MARK_PRODUCT_OUT_OF_STOCK = <strong><font color=red>&nbsp;derzeit ausverkauft&nbsp;</font>', 5000),
(166, '2024-05-21 17:32:38', 'Konfiguration STOCK_MARK_PRODUCT_OUT_OF_STOCK = <strong><font color=red>&nbsp;Lagerbestandslimit erreicht&nbsp;</font>', 5000),
(167, '2024-05-21 17:37:15', 'Konfiguration STOCK_MARK_PRODUCT_OUT_OF_STOCK = <strong><font color=red>&nbsp;das Lagerbestandslimit ist erreicht !&nbsp;</font>', 5000),
(168, '2024-10-10 19:19:42', 'Konfiguration BANK_WRAP = Rolf Brendemühl<br>Postbank Hamburg<br>BLZ: 20010020<br>KTN: 108780202<br>IBAN: DE37200100200108780202<br>SWIFT/BIC: PBNKDEFF<br>Paypal Zahlungen bitte an: info@alubogencenter.com', 5000),
(169, '2024-10-18 15:19:12', 'Konfiguration BANK_WRAP = <br>Rolf Brendemühl<br>Postbank Hamburg<br>BLZ: 20010020<br>Konto Nr.: 108780202<br>IBAN: DE37200100200108780202<br>SWIFT/BIC: PBNKDEFF<br>Paypal Zahlungen bitte an: info@alubogencenter.com', 5000),
(170, '2024-10-18 15:19:34', 'Konfiguration STORE_NAME_ADDRESS = Alubogencenter.de\r\nInh. Rolf Brendemühl\r\nHamburger Straße 4b\r\n21244 Buchholz i.d.N.\r\nTel: +49 (0) 4181 137352\r\n<br>Email: info@alubogencenter.com<br>\r\nUSt.-ID: DE815479160', 5000),
(171, '2024-10-18 15:19:47', 'Konfiguration SHOP_COMPANY_STREET = Hamburger Straße 4b', 5000),
(172, '2024-10-18 15:19:57', 'Konfiguration SHOP_COMPANY_SUBURB = Eingang um das Haus herum', 5000),
(173, '2024-10-18 15:20:03', 'Konfiguration SHOP_COMPANY_POSTCODE = 21244', 5000),
(174, '2024-10-18 15:20:09', 'Konfiguration SHOP_COMPANY_CITY = Buchholz i.d.N.', 5000),
(175, '2024-10-18 15:20:16', 'Konfiguration STORE_NAME = Alubogencenter.de', 5000),
(176, '2024-10-18 15:20:58', 'Konfiguration MODULE_PAYMENT_MONEYORDER_PAYTO = Rolf Brendemühl | Postbank Hamburg | BLZ: 20010020 | Konto Nr. 108780202 | IBAN: DE37200100200108780202 | BIC: PBNKDEFFXXX', 5000),
(177, '2024-10-18 15:21:07', 'Konfiguration STORE_OWNER_EMAIL_ADDRESS = info@alubogencenter.com', 5000),
(178, '2024-10-18 15:21:29', 'Konfiguration STORE_OWNER_VAT_ID = DE815479160', 5000),
(179, '2024-10-18 15:21:40', 'Konfiguration STORE_COUNTRY = 81', 5000),
(180, '2024-10-18 15:21:47', 'Konfiguration STORE_ZONE = 79', 5000),
(181, '2025-02-17 11:42:58', 'Konfiguration MARGENRECHNER_FIXKOSTEN_PERCENT = 15', 5000),
(182, '2025-02-17 11:44:30', 'Konfiguration MARGENRECHNER_FIXKOSTEN_PERCENT = 20', 5000),
(183, '2025-03-05 13:35:38', 'Konfiguration WARNING_DAYSPAN_LEVEL_4 = 30', 5000),
(184, '2025-04-07 13:29:11', 'Konfiguration BOX_SPECIAL_PRODUCT_ID = 510', 5000),
(185, '2025-04-07 13:30:27', 'Konfiguration USE_XSELL = true', 5000),
(186, '2025-04-07 13:30:32', 'Konfiguration USE_XSELL = false', 5000),
(187, '2025-04-07 13:53:35', 'Konfiguration ADMINMAIL_AT_SHOPORDER = 0', 5000),
(188, '2025-05-23 19:50:43', 'Kundengruppen Konfiguration Kaufland (Real):<br />customers_status_name = Kaufland (Real)<br />customers_status_public = 0<br />customers_status_show_price = 1<br />customers_status_show_price_tax = 1<br />customers_status_discount = 0<br />customers_status_ot_discount_flag = 0<br />customers_status_ot_discount = 0.00<br />customers_status_graduated_prices = 0<br />customers_status_add_tax_ot = 1<br />customers_status_payment_unallowed = invoice<br />customers_status_shipping_unallowed = <br />customers_status_payment_target = 21<br />customers_status_skonto = <br />customers_status_default_admin_paymentmethod = <br />customers_status_delivery_conditions = <br />export_note_text = <br />export_note = 0<br />customers_fsk18 = 0<br />customers_fsk18_display = 0<br />customers_status_discount_attributes = <br />account_value_alert_status = 0<br />account_value_alert_limit = 0.0000<br />sort_order = 10<br />', 5000),
(189, '2025-07-20 15:09:13', 'Konfiguration BOX_MARKETING = 1,3:,,', 5001),
(190, '2025-07-20 15:09:44', 'Konfiguration BOX_MARKETING = 1,3:510,,', 5001);
INSERT INTO `history` (`history_id`, `date_added`, `comments`, `editor_id`) VALUES
(191, '2025-07-20 15:10:42', 'Konfiguration BOX_MARKETING = 1,3:510,301,250', 5001),
(192, '2025-10-14 15:03:52', 'Konfiguration WARNING_LAWYER_EMAIL = RA-Export@nox-store.de', 5000),
(193, '2025-10-14 15:07:05', 'Konfiguration WARNING_AUTOMATIC = 0', 5000),
(194, '2025-10-14 15:07:12', 'Konfiguration WARNING_AUTOMATIC = 1', 5000),
(195, '2025-10-14 15:07:24', 'Konfiguration WARNING_DAYSPAN_LEVEL_1 = 3', 5000),
(196, '2025-10-14 15:07:54', 'Konfiguration WARNING_DAYSPAN_LEVEL_2 = 7', 5000),
(197, '2025-10-14 15:08:01', 'Konfiguration WARNING_DAYSPAN_LEVEL_3 = 14', 5000),
(198, '2025-12-21 10:04:42', 'Konfiguration YES_BOXES = admin.php;best_sellers.php;categories_groups.php;categories_struct.php;content.php;infobox.php;information.php;languages.php;last_viewed.php;loginbox.php;manufacturers.php;marketing.php;newsletter.php;pop_cart.php;product_notifications.php;search.php;search_ean.php;shopping_cart.php;specials.php;yesdsgvo.php', 5001),
(199, '2025-12-21 10:05:47', 'Konfiguration YES_BOXES = admin.php;best_sellers.php;categories_groups.php;categories_struct.php;content.php;infobox.php;information.php;languages.php;last_viewed.php;loginbox.php;manufacturers.php;marketing.php;newsletter.php;pop_cart.php;product_notifications.php;search.php;search_ean.php;shopping_cart.php;specials.php;whats_new.php;yesdsgvo.php', 5001),
(200, '2025-12-21 10:07:31', 'Konfiguration SHOW_STARTPAGE_CONTENT = 1', 5001),
(201, '2025-12-21 10:07:47', 'Konfiguration SHOW_STARTPAGE_CONTENT = 0', 5001),
(202, '2025-12-21 10:08:22', 'Konfiguration BOX_MARKETING = 0,3:', 5001);

-- --------------------------------------------------------

--
-- Tabellenstruktur für Tabelle `history_bestand`
--

CREATE TABLE `history_bestand` (
  `id` int(11) NOT NULL,
  `products_id` int(11) NOT NULL DEFAULT '0',
  `ebay_id` varchar(20) NOT NULL DEFAULT '',
  `orders_id` int(11) NOT NULL DEFAULT '0',
  `transaction_id` varchar(12) NOT NULL DEFAULT '',
  `quantity_change` int(11) NOT NULL DEFAULT '0',
  `title` varchar(128) NOT NULL DEFAULT '',
  `date_saved` timestamp NOT NULL DEFAULT CURRENT_TIMESTAMP,
  `storage_id` int(11) NOT NULL DEFAULT '0',
  `editor_id` int(11) NOT NULL,
  `source` varchar(8) NOT NULL
) ENGINE=MyISAM DEFAULT CHARSET=utf8;

--
-- Daten für Tabelle `history_bestand`
--

INSERT INTO `history_bestand` (`id`, `products_id`, `ebay_id`, `orders_id`, `transaction_id`, `quantity_change`, `title`, `date_saved`, `storage_id`, `editor_id`, `source`) VALUES
(1, 1, '', 0, '', 10000, '(Orig: 0 / Neu: 10000)Der physikalische Bestand wurde durch Mitarbeiter geändert zu 10000.', '2020-03-09 15:16:01', 0, 1, 'direct'),
(2, 2, '', 0, '', 10000, '(Orig: 0 / Neu: 10000)Der physikalische Bestand wurde durch Mitarbeiter geändert zu 10000.', '2020-03-09 15:16:03', 0, 1, 'direct'),
(3, 3, '', 0, '', 10000, '(Orig: 0 / Neu: 10000)Der physikalische Bestand wurde durch Mitarbeiter geändert zu 10000.', '2020-03-09 15:16:05', 0, 1, 'direct'),
(4, 4, '', 0, '', 10000, '(Orig: 0 / Neu: 10000)Der physikalische Bestand wurde durch Mitarbeiter geändert zu 10000.', '2020-03-09 15:16:07', 0, 1, 'direct'),
(5, 5, '', 0, '', 10000, '(Orig: 0 / Neu: 10000)Der physikalische Bestand wurde durch Mitarbeiter geändert zu 10000.', '2020-03-09 15:16:09', 0, 1, 'direct'),
(6, 6, '', 0, '', 10000, '(Orig: 0 / Neu: 10000)Der physikalische Bestand wurde durch Mitarbeiter geändert zu 10000.', '2020-03-09 15:16:12', 0, 1, 'direct'),
(7, 7, '', 0, '', 10000, '(Orig: 0 / Neu: 10000)Der physikalische Bestand wurde durch Mitarbeiter geändert zu 10000.', '2020-03-09 15:16:14', 0, 1, 'direct'),
(8, 8, '', 0, '', 10000, '(Orig: 0 / Neu: 10000)Der physikalische Bestand wurde durch Mitarbeiter geändert zu 10000.', '2020-03-09 15:16:15', 0, 1, 'direct'),
(9, 9, '', 0, '', 10000, '(Orig: 0 / Neu: 10000)Der physikalische Bestand wurde durch Mitarbeiter geändert zu 10000.', '2020-03-09 15:16:17', 0, 1, 'direct'),
(10, 10, '', 0, '', 10000, '(Orig: 0 / Neu: 10000)Der physikalische Bestand wurde durch Mitarbeiter geändert zu 10000.', '2020-03-09 15:16:19', 0, 1, 'direct'),
(11, 11, '', 0, '', 10000, '(Orig: 0 / Neu: 10000)Der physikalische Bestand wurde durch Mitarbeiter geändert zu 10000.', '2020-03-09 15:16:21', 0, 1, 'direct'),
(12, 12, '', 0, '', 10000, '(Orig: 0 / Neu: 10000)Der physikalische Bestand wurde durch Mitarbeiter geändert zu 10000.', '2020-03-09 15:16:23', 0, 1, 'direct'),
(13, 13, '', 0, '', 10000, '(Orig: 0 / Neu: 10000)Der physikalische Bestand wurde durch Mitarbeiter geändert zu 10000.', '2020-03-09 15:16:26', 0, 1, 'direct'),
(14, 14, '', 0, '', 10000, '(Orig: 0 / Neu: 10000)Der physikalische Bestand wurde durch Mitarbeiter geändert zu 10000.', '2020-03-09 15:16:28', 0, 1, 'direct'),
(15, 179, '', 0, '', 10, '(Orig: 0 / Neu: 10)lets go', '2023-09-21 16:39:03', 0, 5000, 'direct'),
(16, 279, '', 0, '', 50, '(Orig: 0 / Neu: 50)lets go', '2023-09-21 16:40:03', 0, 5000, 'direct'),
(17, 172, '', 0, '', 20, '(Orig: 0 / Neu: 20)Lets go', '2023-09-21 16:41:12', 0, 5000, 'direct'),
(18, 277, '', 0, '', 50, '(Orig: 0 / Neu: 50)Lets go', '2023-09-21 16:42:34', 0, 5000, 'direct'),
(19, 512, '', 0, '', 6, '(Orig: 0 / Neu: 6)Charge 6177890', '2023-09-23 11:16:27', 0, 5000, 'direct'),
(20, 180, '', 0, '', 2, '(Orig: 0 / Neu: 2)Charge E3929', '2023-09-23 11:20:58', 0, 5000, 'direct'),
(21, 400, '', 0, '', 2, '(Orig: 0 / Neu: 2)Charge 371764', '2023-09-23 11:40:33', 0, 5000, 'direct'),
(22, 380, '', 0, '', 30, '(Orig: 0 / Neu: 30)alle rein', '2023-09-23 12:25:44', 0, 5000, 'direct'),
(23, 381, '', 0, '', 28, '(Orig: 0 / Neu: 28)alle rein', '2023-09-23 12:34:27', 0, 5000, 'direct'),
(24, 539, '', 0, '', 4, '(Orig: 0 / Neu: 4)Geschenk von IMH', '2023-09-23 13:21:35', 0, 5000, 'direct'),
(25, 437, '', 0, '', 2, '(Orig: 0 / Neu: 2)alles rein', '2023-09-24 08:08:57', 0, 5000, 'direct'),
(26, 100, '', 0, '', 30, '(Orig: 0 / Neu: 30)30', '2023-09-24 09:44:13', 0, 5000, 'direct'),
(27, 101, '', 0, '', 277, '(Orig: 0 / Neu: 277)277', '2023-09-24 09:54:23', 0, 5000, 'direct'),
(28, 102, '', 0, '', 58, '(Orig: 0 / Neu: 58)58', '2023-09-24 10:02:25', 0, 5000, 'direct'),
(29, 103, '', 0, '', 48, '(Orig: 0 / Neu: 48)48', '2023-09-24 10:14:32', 0, 5000, 'direct'),
(30, 104, '', 0, '', 61, '(Orig: 0 / Neu: 61)61', '2023-09-24 10:43:17', 0, 5000, 'direct'),
(31, 105, '', 0, '', 56, '(Orig: 0 / Neu: 56)56', '2023-09-24 10:56:12', 0, 5000, 'direct'),
(32, 107, '', 0, '', 68, '(Orig: 0 / Neu: 68)5KF6 + 1RBK2', '2023-09-24 11:03:56', 0, 5000, 'direct'),
(33, 108, '', 0, '', 8, '(Orig: 0 / Neu: 8)8', '2023-09-24 11:29:08', 0, 5000, 'direct'),
(34, 110, '', 0, '', 169, '(Orig: 0 / Neu: 169)169', '2023-09-24 11:58:29', 0, 5000, 'direct'),
(35, 114, '', 0, '', 16, '(Orig: 0 / Neu: 16)16', '2023-09-24 12:04:15', 0, 5000, 'direct'),
(36, 117, '', 0, '', 117, '(Orig: 0 / Neu: 117)13RBK3 + 2RBK1 (40)+ 11RBK2 (15)', '2023-09-24 12:41:19', 0, 5000, 'direct'),
(37, 120, '', 0, '', 57, '(Orig: 0 / Neu: 57)13RBK4 + 2RBK1 (18)', '2023-09-24 12:53:15', 0, 5000, 'direct'),
(38, 122, '', 0, '', 22, '(Orig: 0 / Neu: 22)22', '2023-09-24 13:03:36', 0, 5000, 'direct'),
(39, 123, '', 0, '', 9, '(Orig: 0 / Neu: 9)9', '2023-09-24 13:07:39', 0, 5000, 'direct'),
(40, 126, '', 0, '', 73, '(Orig: 0 / Neu: 73)Der physikalische Bestand wurde durch Mitarbeiter geändert zu 73.', '2023-09-30 16:07:31', 0, 5000, 'direct'),
(41, 127, '', 0, '', 75, '(Orig: 0 / Neu: 75)Der physikalische Bestand wurde durch Mitarbeiter geändert zu 75.', '2023-09-30 16:17:53', 0, 5000, 'direct'),
(42, 136, '', 0, '', 50, '(Orig: 0 / Neu: 50)Der physikalische Bestand wurde durch Mitarbeiter geändert zu 50.', '2023-09-30 16:22:55', 0, 5000, 'direct'),
(43, 138, '', 0, '', 50, '(Orig: 0 / Neu: 50)Der physikalische Bestand wurde durch Mitarbeiter geändert zu 50.', '2023-09-30 16:26:58', 0, 5000, 'direct'),
(44, 141, '', 0, '', 50, '(Orig: 0 / Neu: 50)Der physikalische Bestand wurde durch Mitarbeiter geändert zu 50.', '2023-09-30 16:31:21', 0, 5000, 'direct'),
(45, 156, '', 0, '', 41, '(Orig: 0 / Neu: 41)Der physikalische Bestand wurde durch Mitarbeiter geändert zu 41.', '2023-09-30 17:41:46', 0, 5000, 'direct'),
(46, 158, '', 0, '', 3, '(Orig: 0 / Neu: 3)Der physikalische Bestand wurde durch Mitarbeiter geändert zu 3.', '2023-09-30 17:49:24', 0, 5000, 'direct'),
(47, 166, '', 0, '', 2, '(Orig: 0 / Neu: 2)Der physikalische Bestand wurde durch Mitarbeiter geändert zu 2.', '2023-09-30 18:03:19', 0, 5000, 'direct'),
(48, 540, '', 0, '', 120, '(Orig: 0 / Neu: 120)all in', '2023-10-01 09:16:30', 0, 5000, 'direct'),
(49, 250, '', 0, '', 8, '(Orig: 0 / Neu: 8)alle rein', '2023-10-07 12:30:44', 0, 5000, 'direct'),
(50, 281, '', 0, '', 14, '(Orig: 0 / Neu: 14)alle rein', '2023-10-07 12:36:55', 0, 5000, 'direct'),
(51, 283, '', 0, '', 45, '(Orig: 0 / Neu: 45)alle rein', '2023-10-07 12:49:22', 0, 5000, 'direct'),
(52, 282, '', 0, '', 45, '(Orig: 0 / Neu: 45)alle rein', '2023-10-07 12:51:32', 0, 5000, 'direct'),
(53, 283, '', 0, '', -37, '(Orig: 45 / Neu: 8)Berichtigung', '2023-10-07 12:55:11', 0, 5000, 'direct'),
(54, 284, '', 0, '', 120, '(Orig: 0 / Neu: 120)alle rein', '2023-10-07 13:04:30', 0, 5000, 'direct'),
(55, 286, '', 0, '', 36, '(Orig: 0 / Neu: 36)alle rein', '2023-10-07 13:19:05', 0, 5000, 'direct'),
(56, 287, '', 0, '', 19, '(Orig: 0 / Neu: 19)alle rein', '2023-10-07 13:24:50', 0, 5000, 'direct'),
(57, 288, '', 0, '', 42, '(Orig: 0 / Neu: 42)alle rein', '2023-10-07 13:34:19', 0, 5000, 'direct'),
(58, 289, '', 0, '', 34, '(Orig: 0 / Neu: 34)alle rein', '2023-10-07 13:43:04', 0, 5000, 'direct'),
(59, 290, '', 0, '', 38, '(Orig: 0 / Neu: 38)alle rein', '2023-10-07 13:48:03', 0, 5000, 'direct'),
(60, 291, '', 0, '', 20, '(Orig: 0 / Neu: 20)alle rein', '2023-10-07 13:52:42', 0, 5000, 'direct'),
(61, 292, '', 0, '', 18, '(Orig: 0 / Neu: 18)alle rein', '2023-10-07 13:58:47', 0, 5000, 'direct'),
(62, 293, '', 0, '', 20, '(Orig: 0 / Neu: 20)alle rein', '2023-10-07 14:03:00', 0, 5000, 'direct'),
(63, 438, '', 0, '', 2, '(Orig: 0 / Neu: 2)alle rein', '2023-10-07 14:27:07', 0, 5000, 'direct'),
(64, 181, '', 0, '', 10, '(Orig: 0 / Neu: 10)alle rein', '2023-10-07 14:56:34', 0, 5000, 'direct'),
(65, 275, '', 0, '', 240, '(Orig: 0 / Neu: 240)alle rein', '2023-10-07 16:42:13', 0, 5000, 'direct'),
(66, 276, '', 0, '', 10, '(Orig: 0 / Neu: 10)alle rein', '2023-10-08 10:06:08', 0, 5000, 'direct'),
(67, 441, '', 0, '', 8, '(Orig: 0 / Neu: 8)alle rein', '2023-10-08 10:39:20', 0, 5000, 'direct'),
(68, 442, '', 0, '', 2, '(Orig: 0 / Neu: 2)alle rein', '2023-10-08 11:04:55', 0, 5000, 'direct'),
(69, 443, '', 0, '', 5, '(Orig: 0 / Neu: 5)alle rein', '2023-10-08 11:54:10', 0, 5000, 'direct'),
(70, 444, '', 0, '', 11, '(Orig: 0 / Neu: 11)alle rein', '2023-10-08 12:05:27', 0, 5000, 'direct'),
(71, 445, '', 0, '', 2, '(Orig: 0 / Neu: 2)alle rein', '2023-10-08 12:26:50', 0, 5000, 'direct'),
(72, 301, '', 0, '', 118, '(Orig: 0 / Neu: 118)alle rein', '2023-10-14 12:22:36', 0, 5000, 'direct'),
(73, 332, '', 0, '', 10, '(Orig: 0 / Neu: 10)Der physikalische Bestand wurde durch Mitarbeiter geändert zu 10.', '2023-10-14 12:32:54', 0, 5000, 'direct'),
(74, 324, '', 0, '', 116, '(Orig: 0 / Neu: 116)Der physikalische Bestand wurde durch Mitarbeiter geändert zu 116.', '2023-10-14 12:39:16', 0, 5000, 'direct'),
(75, 302, '', 0, '', 21, '(Orig: 0 / Neu: 21)Der physikalische Bestand wurde durch Mitarbeiter geändert zu 21.', '2023-10-14 12:46:16', 0, 5000, 'direct'),
(76, 360, '', 0, '', 110, '(Orig: 0 / Neu: 110)Der physikalische Bestand wurde durch Mitarbeiter geändert zu 110.', '2023-10-14 12:53:13', 0, 5000, 'direct'),
(77, 330, '', 0, '', 128, '(Orig: 0 / Neu: 128)Der physikalische Bestand wurde durch Mitarbeiter geändert zu 128.', '2023-10-14 13:12:36', 0, 5000, 'direct'),
(78, 341, '', 0, '', 37, '(Orig: 0 / Neu: 37)Der physikalische Bestand wurde durch Mitarbeiter geändert zu 37.', '2023-10-14 13:20:01', 0, 5000, 'direct'),
(79, 335, '', 0, '', 363, '(Orig: 0 / Neu: 363)Der physikalische Bestand wurde durch Mitarbeiter geändert zu 363.', '2023-10-14 13:31:47', 0, 5000, 'direct'),
(80, 368, '', 0, '', 15, '(Orig: 0 / Neu: 15)Der physikalische Bestand wurde durch Mitarbeiter geändert zu 15.', '2023-10-14 13:51:50', 0, 5000, 'direct'),
(81, 239, '', 0, '', 10, '(Orig: 0 / Neu: 10)Der physikalische Bestand wurde durch Mitarbeiter geändert zu 10.', '2023-10-14 14:01:03', 0, 5000, 'direct'),
(82, 258, '', 0, '', 33, '(Orig: 0 / Neu: 33)Der physikalische Bestand wurde durch Mitarbeiter geändert zu 33.', '2023-10-14 14:06:02', 0, 5000, 'direct'),
(83, 210, '', 0, '', 10, '(Orig: 0 / Neu: 10)Der physikalische Bestand wurde durch Mitarbeiter geändert zu 10.', '2023-10-15 08:12:54', 0, 5000, 'direct'),
(84, 392, '', 0, '', 38, '(Orig: 0 / Neu: 38)Der physikalische Bestand wurde durch Mitarbeiter geändert zu 38.', '2023-10-15 08:24:00', 0, 5000, 'direct'),
(85, 327, '', 0, '', 118, '(Orig: 0 / Neu: 118)Der physikalische Bestand wurde durch Mitarbeiter geändert zu 118.', '2023-10-15 08:32:28', 0, 5000, 'direct'),
(86, 329, '', 0, '', 75, '(Orig: 0 / Neu: 75)Der physikalische Bestand wurde durch Mitarbeiter geändert zu 75.', '2023-10-15 08:57:50', 0, 5000, 'direct'),
(87, 325, '', 0, '', 102, '(Orig: 0 / Neu: 102)Der physikalische Bestand wurde durch Mitarbeiter geändert zu 102.', '2023-10-15 09:07:20', 0, 5000, 'direct'),
(88, 347, '', 0, '', 27, '(Orig: 0 / Neu: 27)Der physikalische Bestand wurde durch Mitarbeiter geändert zu 27.', '2023-10-15 09:56:54', 0, 5000, 'direct'),
(89, 209, '', 0, '', 10, '(Orig: 0 / Neu: 10)Der physikalische Bestand wurde durch Mitarbeiter geändert zu 10.', '2023-10-15 10:17:41', 0, 5000, 'direct'),
(90, 446, '', 0, '', 53, '(Orig: 0 / Neu: 53)Der physikalische Bestand wurde durch Mitarbeiter geändert zu 53.', '2023-10-15 10:26:47', 0, 5000, 'direct'),
(91, 300, '', 0, '', 13, '(Orig: 0 / Neu: 13)Der physikalische Bestand wurde durch Mitarbeiter geändert zu 13.', '2023-10-15 10:36:09', 0, 5000, 'direct'),
(92, 304, '', 0, '', 72, '(Orig: 0 / Neu: 72)Der physikalische Bestand wurde durch Mitarbeiter geändert zu 72.', '2023-10-15 10:43:33', 0, 5000, 'direct'),
(93, 318, '', 0, '', 285, '(Orig: 0 / Neu: 285)Der physikalische Bestand wurde durch Mitarbeiter geändert zu 285.', '2023-10-15 10:52:22', 0, 5000, 'direct'),
(94, 219, '', 0, '', 330, '(Orig: 0 / Neu: 330)Der physikalische Bestand wurde durch Mitarbeiter geändert zu 330.', '2023-10-15 11:03:17', 0, 5000, 'direct'),
(95, 331, '', 0, '', 103, '(Orig: 0 / Neu: 103)Der physikalische Bestand wurde durch Mitarbeiter geändert zu 103.', '2023-10-15 11:12:41', 0, 5000, 'direct'),
(96, 383, '', 0, '', 15, '(Orig: 0 / Neu: 15)Der physikalische Bestand wurde durch Mitarbeiter geändert zu 15.', '2023-10-15 11:26:09', 0, 5000, 'direct'),
(97, 395, '', 0, '', 70, '(Orig: 0 / Neu: 70)Der physikalische Bestand wurde durch Mitarbeiter geändert zu 70.', '2023-10-15 11:40:44', 0, 5000, 'direct'),
(98, 447, '', 0, '', 42, '(Orig: 0 / Neu: 42)Der physikalische Bestand wurde durch Mitarbeiter geändert zu 42.', '2023-10-15 11:53:45', 0, 5000, 'direct'),
(99, 317, '', 0, '', 130, '(Orig: 0 / Neu: 130)Der physikalische Bestand wurde durch Mitarbeiter geändert zu 130.', '2023-10-15 12:06:06', 0, 5000, 'direct'),
(100, 305, '', 0, '', 12, '(Orig: 0 / Neu: 12)Der physikalische Bestand wurde durch Mitarbeiter geändert zu 12.', '2023-10-15 12:14:15', 0, 5000, 'direct'),
(101, 334, '', 0, '', 52, '(Orig: 0 / Neu: 52)Der physikalische Bestand wurde durch Mitarbeiter geändert zu 52.', '2023-10-15 12:23:35', 0, 5000, 'direct'),
(102, 211, '', 0, '', 10, '(Orig: 0 / Neu: 10)Der physikalische Bestand wurde durch Mitarbeiter geändert zu 10.', '2023-10-15 12:31:01', 0, 5000, 'direct'),
(103, 175, '', 0, '', 11, '(Orig: 0 / Neu: 11)Der physikalische Bestand wurde durch Mitarbeiter geändert zu 11.', '2023-10-15 12:35:05', 0, 5000, 'direct'),
(104, 410, '', 0, '', 193, '(Orig: 0 / Neu: 193)Der physikalische Bestand wurde durch Mitarbeiter geändert zu 193.', '2023-10-15 12:41:44', 0, 5000, 'direct'),
(105, 197, '', 0, '', 8, '(Orig: 0 / Neu: 8)Der physikalische Bestand wurde durch Mitarbeiter geändert zu 8.', '2023-10-15 12:49:26', 0, 5000, 'direct'),
(106, 328, '', 0, '', 166, '(Orig: 0 / Neu: 166)Der physikalische Bestand wurde durch Mitarbeiter geändert zu 166.', '2023-10-15 12:59:42', 0, 5000, 'direct'),
(107, 342, '', 0, '', 92, '(Orig: 0 / Neu: 92)Der physikalische Bestand wurde durch Mitarbeiter geändert zu 92.', '2023-10-15 13:08:16', 0, 5000, 'direct'),
(108, 306, '', 0, '', 141, '(Orig: 0 / Neu: 141)Der physikalische Bestand wurde durch Mitarbeiter geändert zu 141.', '2023-10-15 13:31:07', 0, 5000, 'direct'),
(109, 294, '', 0, '', 192, '(Orig: 0 / Neu: 192)Der physikalische Bestand wurde durch Mitarbeiter geändert zu 192.', '2023-10-15 13:39:38', 0, 5000, 'direct'),
(110, 321, '', 0, '', 57, '(Orig: 0 / Neu: 57)Der physikalische Bestand wurde durch Mitarbeiter geändert zu 57.', '2023-10-15 13:49:36', 0, 5000, 'direct'),
(111, 365, '', 0, '', 32, '(Orig: 0 / Neu: 32)Der physikalische Bestand wurde durch Mitarbeiter geändert zu 32.', '2023-10-15 14:02:53', 0, 5000, 'direct'),
(112, 231, '', 0, '', 14, '(Orig: 0 / Neu: 14)Der physikalische Bestand wurde durch Mitarbeiter geändert zu 14.', '2023-10-15 14:08:27', 0, 5000, 'direct'),
(113, 356, '', 0, '', 10, '(Orig: 0 / Neu: 10)Der physikalische Bestand wurde durch Mitarbeiter geändert zu 10.', '2023-10-15 14:20:14', 0, 5000, 'direct'),
(114, 295, '', 0, '', 126, '(Orig: 0 / Neu: 126)Der physikalische Bestand wurde durch Mitarbeiter geändert zu 126.', '2023-10-15 14:27:51', 0, 5000, 'direct'),
(115, 345, '', 0, '', 28, '(Orig: 0 / Neu: 28)Der physikalische Bestand wurde durch Mitarbeiter geändert zu 28.', '2023-10-15 14:45:34', 0, 5000, 'direct'),
(116, 176, '', 0, '', 160, '(Orig: 0 / Neu: 160)EK2300022', '2023-10-20 13:22:35', 0, 5000, 'direct'),
(117, 309, '', 0, '', 16, '(Orig: 0 / Neu: 16)Der physikalische Bestand wurde durch Mitarbeiter geändert zu 16.', '2023-10-21 10:14:43', 0, 5000, 'direct'),
(118, 417, '', 0, '', 15, '(Orig: 0 / Neu: 15)Der physikalische Bestand wurde durch Mitarbeiter geändert zu 15.', '2023-10-21 10:30:14', 0, 5000, 'direct'),
(119, 310, '', 0, '', 17, '(Orig: 0 / Neu: 17)Der physikalische Bestand wurde durch Mitarbeiter geändert zu 17.', '2023-10-21 10:37:41', 0, 5000, 'direct'),
(120, 363, '', 0, '', 16, '(Orig: 0 / Neu: 16)Der physikalische Bestand wurde durch Mitarbeiter geändert zu 16.', '2023-10-21 10:41:53', 0, 5000, 'direct'),
(121, 346, '', 0, '', 1, '(Orig: 0 / Neu: 1)Der physikalische Bestand wurde durch Mitarbeiter geändert zu 1.', '2023-10-21 10:47:19', 0, 5000, 'direct'),
(122, 349, '', 0, '', 32, '(Orig: 0 / Neu: 32)Der physikalische Bestand wurde durch Mitarbeiter geändert zu 32.', '2023-10-21 11:00:08', 0, 5000, 'direct'),
(123, 311, '', 0, '', 71, '(Orig: 0 / Neu: 71)Der physikalische Bestand wurde durch Mitarbeiter geändert zu 71.', '2023-10-21 11:32:13', 0, 5000, 'direct'),
(124, 320, '', 0, '', 8, '(Orig: 0 / Neu: 8)Der physikalische Bestand wurde durch Mitarbeiter geändert zu 8.', '2023-10-21 11:50:55', 0, 5000, 'direct'),
(125, 251, '', 0, '', 9, '(Orig: 0 / Neu: 9)Der physikalische Bestand wurde durch Mitarbeiter geändert zu 9.', '2023-10-21 11:54:14', 0, 5000, 'direct'),
(126, 296, '', 0, '', 16, '(Orig: 0 / Neu: 16)Der physikalische Bestand wurde durch Mitarbeiter geändert zu 16.', '2023-10-21 12:09:49', 0, 5000, 'direct'),
(127, 358, '', 0, '', 13, '(Orig: 0 / Neu: 13)Der physikalische Bestand wurde durch Mitarbeiter geändert zu 13.', '2023-10-21 12:16:34', 0, 5000, 'direct'),
(128, 326, '', 0, '', 9, '(Orig: 0 / Neu: 9)Der physikalische Bestand wurde durch Mitarbeiter geändert zu 9.', '2023-10-21 12:20:38', 0, 5000, 'direct'),
(129, 297, '', 0, '', 15, '(Orig: 0 / Neu: 15)Der physikalische Bestand wurde durch Mitarbeiter geändert zu 15.', '2023-10-21 12:35:38', 0, 5000, 'direct'),
(130, 313, '', 0, '', 6, '(Orig: 0 / Neu: 6)Der physikalische Bestand wurde durch Mitarbeiter geändert zu 6.', '2023-10-21 12:40:47', 0, 5000, 'direct'),
(131, 299, '', 0, '', 20, '(Orig: 0 / Neu: 20)Der physikalische Bestand wurde durch Mitarbeiter geändert zu 20.', '2023-10-21 13:38:47', 0, 5000, 'direct'),
(132, 343, '', 0, '', 12, '(Orig: 0 / Neu: 12)Der physikalische Bestand wurde durch Mitarbeiter geändert zu 12.', '2023-10-21 13:45:25', 0, 5000, 'direct'),
(133, 314, '', 0, '', 39, '(Orig: 0 / Neu: 39)Der physikalische Bestand wurde durch Mitarbeiter geändert zu 39.', '2023-10-21 13:53:59', 0, 5000, 'direct'),
(134, 298, '', 0, '', 50, '(Orig: 0 / Neu: 50)Der physikalische Bestand wurde durch Mitarbeiter geändert zu 50.', '2023-10-21 14:00:30', 0, 5000, 'direct'),
(135, 337, '', 0, '', 4, '(Orig: 0 / Neu: 4)Der physikalische Bestand wurde durch Mitarbeiter geändert zu 4.', '2023-10-21 14:09:36', 0, 5000, 'direct'),
(136, 405, '', 0, '', 20, '(Orig: 0 / Neu: 20)Der physikalische Bestand wurde durch Mitarbeiter geändert zu 20.', '2023-10-21 14:31:11', 0, 5000, 'direct'),
(137, 386, '', 0, '', 25, '(Orig: 0 / Neu: 25)Der physikalische Bestand wurde durch Mitarbeiter geändert zu 25.', '2023-10-21 14:36:05', 0, 5000, 'direct'),
(138, 357, '', 0, '', 4, '(Orig: 0 / Neu: 4)Der physikalische Bestand wurde durch Mitarbeiter geändert zu 4.', '2023-10-21 14:42:22', 0, 5000, 'direct'),
(139, 388, '', 0, '', 4, '(Orig: 0 / Neu: 4)Der physikalische Bestand wurde durch Mitarbeiter geändert zu 4.', '2023-10-21 14:50:54', 0, 5000, 'direct'),
(140, 407, '', 0, '', 15, '(Orig: 0 / Neu: 15)Der physikalische Bestand wurde durch Mitarbeiter geändert zu 15.', '2023-10-21 14:55:47', 0, 5000, 'direct'),
(141, 403, '', 0, '', 12, '(Orig: 0 / Neu: 12)Der physikalische Bestand wurde durch Mitarbeiter geändert zu 12.', '2023-10-21 15:00:45', 0, 5000, 'direct'),
(142, 364, '', 0, '', 11, '(Orig: 0 / Neu: 11)Der physikalische Bestand wurde durch Mitarbeiter geändert zu 11.', '2023-10-21 15:05:59', 0, 5000, 'direct'),
(143, 316, '', 0, '', 14, '(Orig: 0 / Neu: 14)Der physikalische Bestand wurde durch Mitarbeiter geändert zu 14.', '2023-10-21 15:13:57', 0, 5000, 'direct'),
(144, 319, '', 0, '', 3, '(Orig: 0 / Neu: 3)Der physikalische Bestand wurde durch Mitarbeiter geändert zu 3.', '2023-10-21 15:22:36', 0, 5000, 'direct'),
(145, 378, '', 0, '', 2, '(Orig: 0 / Neu: 2)Der physikalische Bestand wurde durch Mitarbeiter geändert zu 2.', '2023-10-21 15:57:01', 0, 5000, 'direct'),
(146, 351, '', 0, '', 4, '(Orig: 0 / Neu: 4)Der physikalische Bestand wurde durch Mitarbeiter geändert zu 4.', '2023-10-21 16:31:49', 0, 5000, 'direct'),
(147, 370, '', 0, '', 2, '(Orig: 0 / Neu: 2)Der physikalische Bestand wurde durch Mitarbeiter geändert zu 2.', '2023-10-22 08:04:38', 0, 5000, 'direct'),
(148, 189, '', 0, '', 6, '(Orig: 0 / Neu: 6)Der physikalische Bestand wurde durch Mitarbeiter geändert zu 6.', '2023-10-22 08:15:12', 0, 5000, 'direct'),
(149, 453, '', 0, '', 1, '(Orig: 0 / Neu: 1)Der physikalische Bestand wurde durch Mitarbeiter geändert zu 1.', '2023-10-22 09:02:37', 0, 5000, 'direct'),
(150, 268, '', 0, '', 12, '(Orig: 0 / Neu: 12)Der physikalische Bestand wurde durch Mitarbeiter geändert zu 12.', '2023-10-22 09:25:50', 0, 5000, 'direct'),
(151, 413, '', 0, '', 1, '(Orig: 0 / Neu: 1)Der physikalische Bestand wurde durch Mitarbeiter geändert zu 1.', '2023-10-22 10:09:52', 0, 5000, 'direct'),
(152, 377, '', 0, '', 28, '(Orig: 0 / Neu: 28)Der physikalische Bestand wurde durch Mitarbeiter geändert zu 28.', '2023-10-22 10:15:50', 0, 5000, 'direct'),
(153, 382, '', 0, '', 49, '(Orig: 0 / Neu: 49)Der physikalische Bestand wurde durch Mitarbeiter geändert zu 49.', '2023-10-22 10:21:32', 0, 5000, 'direct'),
(154, 362, '', 0, '', 36, '(Orig: 0 / Neu: 36)Der physikalische Bestand wurde durch Mitarbeiter geändert zu 36.', '2023-10-22 10:28:02', 0, 5000, 'direct'),
(155, 409, '', 0, '', 4, '(Orig: 0 / Neu: 4)Der physikalische Bestand wurde durch Mitarbeiter geändert zu 4.', '2023-10-22 10:34:37', 0, 5000, 'direct'),
(156, 408, '', 0, '', 3, '(Orig: 0 / Neu: 3)Der physikalische Bestand wurde durch Mitarbeiter geändert zu 3.', '2023-10-22 10:40:28', 0, 5000, 'direct'),
(157, 456, '', 0, '', 1, '(Orig: 0 / Neu: 1)Der physikalische Bestand wurde durch Mitarbeiter geändert zu 1.', '2023-10-22 11:09:42', 0, 5000, 'direct'),
(158, 458, '', 0, '', 4, '(Orig: 0 / Neu: 4)Der physikalische Bestand wurde durch Mitarbeiter geändert zu 4.', '2023-10-22 11:26:49', 0, 5000, 'direct'),
(159, 465, '', 0, '', 4, '(Orig: 0 / Neu: 4)Der physikalische Bestand wurde durch Mitarbeiter geändert zu 4.', '2023-10-22 12:07:24', 0, 5000, 'direct'),
(160, 466, '', 0, '', 15, '(Orig: 0 / Neu: 15)Der physikalische Bestand wurde durch Mitarbeiter geändert zu 15.', '2023-10-22 12:20:37', 0, 5000, 'direct'),
(161, 475, '', 0, '', 5, '(Orig: 0 / Neu: 5)Der physikalische Bestand wurde durch Mitarbeiter geändert zu 5.', '2023-10-22 12:55:07', 0, 5000, 'direct'),
(162, 471, '', 0, '', 4, '(Orig: 0 / Neu: 4)Der physikalische Bestand wurde durch Mitarbeiter geändert zu 4.', '2023-10-22 12:55:55', 0, 5000, 'direct'),
(163, 476, '', 0, '', 3, '(Orig: 0 / Neu: 3)Der physikalische Bestand wurde durch Mitarbeiter geändert zu 3.', '2023-10-22 12:56:31', 0, 5000, 'direct'),
(164, 332, '', 0, '', 100, '(Orig: 10 / Neu: 110)Charge 56583\r\nER2300025', '2023-10-25 15:29:51', 0, 5000, 'direct'),
(165, 179, '', 0, '', 10, '(Orig: 10 / Neu: 20)+10', '2023-10-27 10:58:59', 0, 5000, 'direct'),
(166, 477, '', 0, '', 48, '(Orig: 0 / Neu: 48)Der physikalische Bestand wurde durch Mitarbeiter geändert zu 48.', '2023-10-28 10:07:19', 0, 5000, 'direct'),
(167, 323, '', 0, '', 15, '(Orig: 0 / Neu: 15)Der physikalische Bestand wurde durch Mitarbeiter geändert zu 15.', '2023-10-28 10:14:28', 0, 5000, 'direct'),
(168, 429, '', 0, '', 26, '(Orig: 0 / Neu: 26)Der physikalische Bestand wurde durch Mitarbeiter geändert zu 26.', '2023-10-28 10:28:43', 0, 5000, 'direct'),
(169, 374, '', 0, '', 10, '(Orig: 0 / Neu: 10)Der physikalische Bestand wurde durch Mitarbeiter geändert zu 10.', '2023-10-28 10:35:20', 0, 5000, 'direct'),
(170, 373, '', 0, '', 46, '(Orig: 0 / Neu: 46)Der physikalische Bestand wurde durch Mitarbeiter geändert zu 46.', '2023-10-28 10:39:42', 0, 5000, 'direct'),
(171, 371, '', 0, '', 10, '(Orig: 0 / Neu: 10)Der physikalische Bestand wurde durch Mitarbeiter geändert zu 10.', '2023-10-28 10:44:50', 0, 5000, 'direct'),
(172, 172, '', 0, '', 35, '(Orig: 20 / Neu: 35)Der physikalische Bestand wurde durch Mitarbeiter geändert zu 35.', '2023-10-29 12:38:00', 0, 5000, 'direct'),
(173, 172, '', 0, '', 55, '(Orig: 35 / Neu: 55)Der physikalische Bestand wurde durch Mitarbeiter geändert zu 55.', '2023-10-29 12:38:07', 0, 5000, 'direct'),
(174, 179, '', 0, '', 35, '(Orig: 20 / Neu: 35)Der physikalische Bestand wurde durch Mitarbeiter geändert zu 35.', '2023-10-29 12:38:54', 0, 5000, 'direct'),
(175, 328, '', 0, '', -3, '(Orig: 166 / Neu: 163)RE2300056', '2023-10-30 10:35:13', 0, 5000, 'direct'),
(176, 284, '', 0, '', 0, '(Orig: 120 / Neu: 120)RE2300057', '2023-11-02 15:45:56', 0, 5000, 'direct'),
(177, 336, '', 0, '', 100, '(Orig: 0 / Neu: 100)Der physikalische Bestand wurde durch Mitarbeiter geändert zu 100.', '2023-11-05 10:16:03', 0, 5000, 'direct'),
(178, 478, '', 0, '', 10, '(Orig: 0 / Neu: 10)Der physikalische Bestand wurde durch Mitarbeiter geändert zu 10.', '2023-11-10 06:40:53', 0, 5000, 'direct'),
(179, 515, '', 0, '', 35, '(Orig: 0 / Neu: 35)Der physikalische Bestand wurde durch Mitarbeiter geändert zu 35.', '2023-11-10 06:46:42', 0, 5000, 'direct'),
(180, 287, '', 0, '', 50, '(Orig: 19 / Neu: 69)EL2300027', '2023-11-14 07:29:38', 0, 5000, 'direct'),
(181, 121, '', 0, '', 5, '(Orig: 0 / Neu: 5)EL2300027', '2023-11-14 07:32:12', 0, 5000, 'direct'),
(182, 284, '', 0, '', -10, '(Orig: 120 / Neu: 110)LS2300057 Weseloh', '2023-11-18 12:50:18', 0, 5000, 'direct'),
(183, 284, '', 0, '', -10, '(Orig: 110 / Neu: 100)LS2300058 Weseloh', '2023-11-18 12:50:52', 0, 5000, 'direct'),
(184, 284, '', 0, '', 0, '(Orig: 100 / Neu: 100)Hoppla', '2023-11-18 12:51:55', 0, 5000, 'direct'),
(185, 345, '', 0, '', -3, '(Orig: 28 / Neu: 25)LS2300059', '2023-11-21 13:25:18', 0, 5000, 'direct'),
(186, 120, '', 0, '', -1, '(Orig: 57 / Neu: 56)LS2300059', '2023-11-21 13:26:38', 0, 5000, 'direct'),
(187, 343, '', 0, '', -1, '(Orig: 12 / Neu: 11)LS2300059', '2023-11-21 13:27:47', 0, 5000, 'direct'),
(188, 316, '', 0, '', -2, '(Orig: 14 / Neu: 12)LS2300060', '2023-11-23 09:10:07', 0, 5000, 'direct'),
(189, 298, '', 0, '', -4, '(Orig: 50 / Neu: 46)LS2300060', '2023-11-23 09:16:23', 0, 5000, 'direct'),
(190, 362, '', 0, '', -3, '(Orig: 36 / Neu: 33)LS-2300060', '2023-11-23 09:18:34', 0, 5000, 'direct'),
(191, 310, '', 0, '', -3, '(Orig: 17 / Neu: 14)LS2300062', '2023-12-07 12:27:37', 0, 5000, 'direct'),
(192, 334, '', 0, '', -5, '(Orig: 52 / Neu: 47)LS2300063', '2023-12-07 14:57:16', 0, 5000, 'direct'),
(193, 421, '', 0, '', 10, '(Orig: 0 / Neu: 10)Der physikalische Bestand wurde durch Mitarbeiter geändert zu 10.', '2023-12-17 16:02:13', 0, 5000, 'direct'),
(194, 346, '', 0, '', 14, '(Orig: 1 / Neu: 15)EL2300029', '2023-12-17 16:07:47', 0, 5000, 'direct'),
(195, 337, '', 0, '', 8, '(Orig: 4 / Neu: 12)EL2300029', '2023-12-17 16:11:21', 0, 5000, 'direct'),
(196, 413, '', 0, '', 4, '(Orig: 1 / Neu: 5)EL2300029', '2023-12-17 16:13:49', 0, 5000, 'direct'),
(197, 253, '', 0, '', 2, '(Orig: 0 / Neu: 2)Der physikalische Bestand wurde durch Mitarbeiter geändert zu 2.', '2023-12-19 16:06:11', 0, 5000, 'direct'),
(198, 253, '', 0, '', -2, '(Orig: 2 / Neu: 0)RE2300064', '2023-12-27 12:48:06', 0, 5000, 'direct'),
(199, 304, '', 0, '', -1, '(Orig: 72 / Neu: 71)RE-NR: 5000, Physikalische Bestandsänderung durch Versand (-1 Stk.)', '2024-01-05 11:16:18', 1, 5000, ''),
(200, 304, '', 0, '', 1, '(Orig: 71 / Neu: 72)Re-Nr 5000 Statuswechsel zu Offen', '2024-01-05 11:54:35', 0, 1, ''),
(201, 304, '', 0, '', -1, '(Orig: 72 / Neu: 71)Re-Nr 5000 Statuswechsel zu Abgeschlossen', '2024-01-05 11:59:59', 0, 1, ''),
(202, 301, '', 0, '', -2, '(Orig: 118 / Neu: 116)RE-NR: 5001, Physikalische Bestandsänderung durch Versand (-2 Stk.)', '2024-01-09 11:57:48', 1, 5000, ''),
(203, 327, '', 0, '', -1, '(Orig: 118 / Neu: 117)RE-NR: 5002, Physikalische Bestandsänderung durch Versand (-1 Stk.)', '2024-01-17 11:59:15', 1, 5000, ''),
(204, 290, '', 0, '', -1, '(Orig: 38 / Neu: 37)RE-NR: 5003, Physikalische Bestandsänderung durch Versand (-1 Stk.)', '2024-01-17 11:59:15', 1, 5000, ''),
(205, 320, '', 0, '', -1, '(Orig: 8 / Neu: 7)RE-NR: 5004, Physikalische Bestandsänderung durch Versand (-1 Stk.)', '2024-01-23 11:20:13', 1, 5000, ''),
(206, 294, '', 0, '', -16, '(Orig: 192 / Neu: 176)RE2400002', '2024-01-24 12:05:43', 0, 5000, 'direct'),
(207, 288, '', 0, '', -2, '(Orig: 42 / Neu: 40)RE-NR: 5005, Physikalische Bestandsänderung durch Versand (-2 Stk.)', '2024-01-27 10:24:06', 1, 5000, ''),
(208, 288, '', 0, '', -1, '(Orig: 40 / Neu: 39)RE-NR: 5006, Physikalische Bestandsänderung durch Versand (-1 Stk.)', '2024-01-28 08:50:26', 1, 5000, ''),
(209, 329, '', 0, '', -16, '(Orig: 75 / Neu: 59)RE-NR: 5008, Physikalische Bestandsänderung durch Versand (-16 Stk.)', '2024-01-31 06:38:26', 1, 5000, ''),
(210, 240, '', 0, '', 4, '(Orig: 0 / Neu: 4)Der physikalische Bestand wurde durch Mitarbeiter geändert zu 4.', '2024-01-31 13:06:49', 0, 5000, 'direct'),
(211, 327, '', 0, '', -8, '(Orig: 117 / Neu: 109)RE2400004', '2024-01-31 16:47:56', 0, 5000, 'direct'),
(212, 296, '', 0, '', -1, '(Orig: 16 / Neu: 15)RE2400003', '2024-01-31 17:19:49', 0, 5000, 'direct'),
(213, 299, '', 0, '', -2, '(Orig: 20 / Neu: 18)RE2400003', '2024-01-31 17:24:23', 0, 5000, 'direct'),
(214, 287, '', 0, '', -1, '(Orig: 69 / Neu: 68)RE-NR: 5009, Physikalische Bestandsänderung durch Versand (-1 Stk.)', '2024-02-03 07:51:38', 1, 5000, ''),
(215, 341, '', 0, '', -20, '(Orig: 37 / Neu: 17)RE2400006', '2024-02-09 14:39:22', 0, 5000, 'direct'),
(216, 330, '', 0, '', -1, '(Orig: 128 / Neu: 127)RE-NR: 5010, Physikalische Bestandsänderung durch Versand (-1 Stk.)', '2024-02-11 11:08:59', 1, 5000, ''),
(217, 500, '', 0, '', 1, '(Orig: 0 / Neu: 1)Der physikalische Bestand wurde durch Mitarbeiter geändert zu 1.', '2024-02-11 13:45:29', 0, 5000, 'direct'),
(218, 286, '', 0, '', -1, '(Orig: 36 / Neu: 35)RE-NR: 5011, Physikalische Bestandsänderung durch Versand (-1 Stk.)', '2024-02-14 12:54:52', 1, 5000, ''),
(219, 345, '', 0, '', -2, '(Orig: 25 / Neu: 23)RE2400008', '2024-02-18 10:37:04', 0, 5000, 'direct'),
(220, 341, '', 0, '', 150, '(Orig: 17 / Neu: 167)ER2400001', '2024-02-18 12:48:26', 0, 5000, 'direct'),
(221, 328, '', 0, '', -6, '(Orig: 163 / Neu: 157)RE2400010', '2024-02-19 15:56:06', 0, 5000, 'direct'),
(222, 395, '', 0, '', -20, '(Orig: 70 / Neu: 50)RE2400009', '2024-02-19 15:57:39', 0, 5000, 'direct'),
(223, 395, '', 0, '', -20, '(Orig: 50 / Neu: 30)RE2400005', '2024-02-19 15:58:57', 0, 5000, 'direct'),
(224, 458, '', 0, '', -2, '(Orig: 4 / Neu: 2)RE2400012', '2024-02-26 12:16:12', 0, 5000, 'direct'),
(225, 343, '', 0, '', -1, '(Orig: 11 / Neu: 10)RE-NR: 5012, Physikalische Bestandsänderung durch Versand (-1 Stk.)', '2024-02-27 17:10:47', 1, 5000, ''),
(226, 120, '', 0, '', -1, '(Orig: 56 / Neu: 55)RE-NR: 5013, Physikalische Bestandsänderung durch Versand (-1 Stk.)', '2024-02-28 12:10:28', 1, 5000, ''),
(227, 120, '', 0, '', -1, '(Orig: 55 / Neu: 54)RE2400001', '2024-02-28 12:30:38', 0, 5000, 'direct'),
(228, 480, '', 0, '', 59, '(Orig: 0 / Neu: 59)EL2400002', '2024-03-09 13:06:16', 0, 5000, 'direct'),
(229, 379, '', 0, '', 32, '(Orig: 0 / Neu: 32)EL2400002', '2024-03-09 16:16:45', 0, 5000, 'direct'),
(230, 436, '', 0, '', 39, '(Orig: 0 / Neu: 39)EL2400002', '2024-03-09 16:24:30', 0, 5000, 'direct'),
(231, 286, '', 0, '', -4, '(Orig: 35 / Neu: 31)RE-NR: 5014, Physikalische Bestandsänderung durch Versand (-4 Stk.)', '2024-03-10 16:55:49', 1, 5000, ''),
(232, 360, '', 0, '', -1, '(Orig: 110 / Neu: 109)RE-NR: 5015, Physikalische Bestandsänderung durch Versand (-1 Stk.)', '2024-03-20 06:10:31', 1, 5000, ''),
(233, 301, '', 0, '', -2, '(Orig: 116 / Neu: 114)RE-NR: 5017, Physikalische Bestandsänderung durch Versand (-2 Stk.)', '2024-03-22 06:31:38', 1, 5000, ''),
(234, 289, '', 0, '', -2, '(Orig: 34 / Neu: 32)RE-NR: 5016, Physikalische Bestandsänderung durch Versand (-2 Stk.)', '2024-03-22 06:35:29', 1, 5000, ''),
(235, 290, '', 0, '', -2, '(Orig: 37 / Neu: 35)RE-NR: 5016, Physikalische Bestandsänderung durch Versand (-2 Stk.)', '2024-03-22 06:35:29', 1, 5000, ''),
(236, 301, '', 0, '', -5, '(Orig: 114 / Neu: 109)RE-NR: 5018, Physikalische Bestandsänderung durch Versand (-5 Stk.)', '2024-03-23 09:35:23', 1, 5000, ''),
(237, 283, '', 0, '', -8, '(Orig: 8 / Neu: 0)RE-NR: 5019, Physikalische Bestandsänderung durch Versand (-8 Stk.)', '2024-04-03 09:34:42', 1, 5000, ''),
(238, 510, '', 0, '', 60, '(Orig: 0 / Neu: 60)Der physikalische Bestand wurde durch Mitarbeiter geändert zu 60.', '2024-04-08 11:02:38', 0, 5000, 'direct'),
(239, 301, '', 0, '', -2, '(Orig: 109 / Neu: 107)RE-NR: 5020, Physikalische Bestandsänderung durch Versand (-2 Stk.)', '2024-04-09 06:52:03', 1, 5000, ''),
(240, 510, '', 0, '', -1, '(Orig: 60 / Neu: 59)RE-NR: 5021, Physikalische Bestandsänderung durch Versand (-1 Stk.)', '2024-04-14 08:44:37', 1, 5000, ''),
(241, 482, '', 0, '', 3, '(Orig: 0 / Neu: 3)ER2400005', '2024-04-14 09:06:45', 0, 5000, 'direct'),
(242, 483, '', 0, '', 10, '(Orig: 0 / Neu: 10)ER2400005', '2024-04-14 09:09:17', 0, 5000, 'direct'),
(243, 345, '', 0, '', 10, '(Orig: 23 / Neu: 33)ER2400005 mit WAZ', '2024-04-14 09:19:35', 0, 5000, 'direct'),
(244, 301, '', 0, '', -1, '(Orig: 107 / Neu: 106)RE-NR: 5022, Physikalische Bestandsänderung durch Versand (-1 Stk.)', '2024-04-16 07:50:00', 1, 5000, ''),
(245, 282, '', 0, '', -1, '(Orig: 45 / Neu: 44)RE-NR: 5023, Physikalische Bestandsänderung durch Versand (-1 Stk.)', '2024-04-19 11:13:14', 1, 5000, ''),
(246, 296, '', 0, '', -3, '(Orig: 15 / Neu: 12)RE-NR: 5024, Physikalische Bestandsänderung durch Versand (-3 Stk.)', '2024-04-25 14:08:23', 1, 5000, ''),
(247, 286, '', 0, '', -2, '(Orig: 31 / Neu: 29)RE-NR: 5027, Physikalische Bestandsänderung durch Versand (-2 Stk.)', '2024-04-25 14:08:23', 1, 5000, ''),
(248, 287, '', 0, '', -1, '(Orig: 68 / Neu: 67)RE-NR: 5027, Physikalische Bestandsänderung durch Versand (-1 Stk.)', '2024-04-25 14:08:23', 1, 5000, ''),
(249, 499, '', 0, '', 200, '(Orig: 0 / Neu: 200)Der physikalische Bestand wurde durch Mitarbeiter geändert zu 200.', '2024-04-27 08:44:42', 0, 5000, 'direct'),
(250, 402, '', 0, '', 1, '(Orig: 0 / Neu: 1)Bildmuster', '2024-04-29 09:11:59', 0, 5000, 'direct'),
(251, 176, '', 0, '', -4, '(Orig: 160 / Neu: 156)RE-NR: 5028, Physikalische Bestandsänderung durch Versand (-4 Stk.)', '2024-05-13 07:58:11', 1, 5000, ''),
(252, 341, '', 0, '', -8, '(Orig: 167 / Neu: 159)RE2400017', '2024-05-16 17:12:00', 0, 5000, 'direct'),
(253, 331, '', 0, '', -4, '(Orig: 103 / Neu: 99)RE2400015', '2024-05-16 17:15:04', 0, 5000, 'direct'),
(254, 317, '', 0, '', -64, '(Orig: 130 / Neu: 66)RE2400014', '2024-05-16 17:17:06', 0, 5000, 'direct'),
(255, 328, '', 0, '', -25, '(Orig: 157 / Neu: 132)RE2400018', '2024-05-18 12:27:50', 0, 5000, 'direct'),
(256, 336, '', 0, '', 80, '(Orig: 100 / Neu: 180)ER2400008', '2024-05-19 13:24:38', 0, 5000, 'direct'),
(257, 342, '', 0, '', -18, '(Orig: 92 / Neu: 74)RE2400000', '2024-05-21 09:50:09', 0, 5000, 'direct'),
(258, 284, '', 0, '', -10, '(Orig: 100 / Neu: 90)RE2300062', '2024-05-21 11:40:44', 0, 5000, 'direct'),
(259, 334, '', 0, '', -4, '(Orig: 47 / Neu: 43)RE-NR: 5029, Physikalische Bestandsänderung durch Versand (-4 Stk.)', '2024-05-21 11:46:57', 1, 5000, ''),
(260, 287, '', 0, '', -2, '(Orig: 67 / Neu: 65)RE2300060', '2024-05-21 15:12:36', 0, 5000, 'direct'),
(261, 288, '', 0, '', -2, '(Orig: 39 / Neu: 37)RE2300060', '2024-05-21 15:15:55', 0, 5000, 'direct'),
(262, 328, '', 0, '', -30, '(Orig: 132 / Neu: 102)RE2400019', '2024-06-10 10:55:15', 0, 5000, 'direct'),
(263, 492, '', 0, '', 15, '(Orig: 0 / Neu: 15)ER2400009', '2024-06-13 09:09:56', 0, 5000, 'direct'),
(264, 247, '', 0, '', 10, '(Orig: 0 / Neu: 10)ER2400009', '2024-06-13 09:10:45', 0, 5000, 'direct'),
(265, 318, '', 0, '', -1, '(Orig: 285 / Neu: 284)RE-NR: 5030, Physikalische Bestandsänderung durch Versand (-1 Stk.)', '2024-06-14 10:19:47', 1, 5000, ''),
(266, 328, '', 0, '', -60, '(Orig: 102 / Neu: 42)AB2400019', '2024-06-17 14:58:02', 0, 5000, 'direct'),
(267, 510, '', 0, '', -1, '(Orig: 59 / Neu: 58)RE-NR: 5031, Physikalische Bestandsänderung durch Versand (-1 Stk.)', '2024-06-19 14:42:13', 1, 5000, ''),
(268, 510, '', 0, '', -2, '(Orig: 58 / Neu: 56)RE-NR: 5032, Physikalische Bestandsänderung durch Versand (-2 Stk.)', '2024-06-23 11:11:49', 1, 5000, ''),
(269, 297, '', 0, '', -1, '(Orig: 15 / Neu: 14)RE-NR: 5033, Physikalische Bestandsänderung durch Versand (-1 Stk.)', '2024-06-26 18:32:21', 1, 5000, ''),
(270, 510, '', 0, '', -1, '(Orig: 56 / Neu: 55)RE-NR: 5034, Physikalische Bestandsänderung durch Versand (-1 Stk.)', '2024-06-27 13:04:13', 1, 5000, ''),
(271, 510, '', 0, '', 1, '(Orig: 55 / Neu: 56)Aus Re-Nr.: 5031 / Reklamation 1 -> Rueckbuchung ohne Retoureauftrag  1 Stk.', '2024-06-30 19:52:43', 1, 5000, ''),
(272, 301, '', 0, '', -6, '(Orig: 106 / Neu: 100)RE-NR: 5035, Physikalische Bestandsänderung durch Versand (-6 Stk.)', '2024-07-13 11:05:09', 1, 5000, ''),
(273, 176, '', 0, '', -30, '(Orig: 156 / Neu: 126)LS2400021', '2024-07-17 16:22:38', 0, 5000, 'direct'),
(274, 317, '', 0, '', -2, '(Orig: 66 / Neu: 64)RE-NR: 5036, Physikalische Bestandsänderung durch Versand (-2 Stk.)', '2024-07-18 07:53:24', 1, 5000, ''),
(275, 341, '', 0, '', -20, '(Orig: 159 / Neu: 139)RE2400022', '2024-07-23 14:43:01', 0, 5000, 'direct'),
(276, 301, '', 0, '', -2, '(Orig: 100 / Neu: 98)RE-NR: 5037, Physikalische Bestandsänderung durch Versand (-2 Stk.)', '2024-07-23 14:43:43', 1, 5000, ''),
(277, 331, '', 0, '', -6, '(Orig: 99 / Neu: 93)RE2400023', '2024-07-26 16:26:56', 0, 5000, 'direct'),
(278, 327, '', 0, '', -1, '(Orig: 109 / Neu: 108)RE-NR: 5038, Physikalische Bestandsänderung durch Versand (-1 Stk.)', '2024-07-27 10:36:28', 1, 5000, ''),
(279, 332, '', 0, '', -1, '(Orig: 110 / Neu: 109)RE-NR: 5039, Physikalische Bestandsänderung durch Versand (-1 Stk.)', '2024-07-31 13:29:18', 1, 5000, ''),
(280, 301, '', 0, '', -4, '(Orig: 98 / Neu: 94)RE-NR: 5040, Physikalische Bestandsänderung durch Versand (-4 Stk.)', '2024-08-01 13:54:53', 1, 5000, ''),
(281, 301, '', 0, '', -8, '(Orig: 94 / Neu: 86)RE-NR: 5041, Physikalische Bestandsänderung durch Versand (-8 Stk.)', '2024-08-03 11:27:11', 1, 5000, ''),
(282, 510, '', 0, '', -1, '(Orig: 56 / Neu: 55)RE-NR: 5042, Physikalische Bestandsänderung durch Versand (-1 Stk.)', '2024-08-05 08:02:04', 1, 5000, ''),
(283, 289, '', 0, '', -1, '(Orig: 32 / Neu: 31)RE-NR: 5043, Physikalische Bestandsänderung durch Versand (-1 Stk.)', '2024-08-07 11:20:26', 1, 5000, ''),
(284, 317, '', 0, '', -4, '(Orig: 64 / Neu: 60)RE-NR: 5044, Physikalische Bestandsänderung durch Versand (-4 Stk.)', '2024-08-07 11:20:27', 1, 5000, ''),
(285, 430, '', 0, '', 26, '(Orig: 0 / Neu: 26)ER2300000', '2024-08-10 13:50:46', 0, 5000, 'direct'),
(286, 431, '', 0, '', 20, '(Orig: 0 / Neu: 20)ER2400007', '2024-08-10 15:00:20', 0, 5000, 'direct'),
(287, 195, '', 0, '', 1, '(Orig: 0 / Neu: 1)ER2100013', '2024-08-10 15:23:47', 0, 5000, 'direct'),
(288, 235, '', 0, '', 3, '(Orig: 0 / Neu: 3)ER2300025', '2024-08-10 15:39:19', 0, 5000, 'direct'),
(289, 236, '', 0, '', 3, '(Orig: 0 / Neu: 3)ER2300025', '2024-08-10 15:47:41', 0, 5000, 'direct'),
(290, 118, '', 0, '', 14, '(Orig: 0 / Neu: 14)ER2300022', '2024-08-10 16:22:10', 0, 5000, 'direct'),
(291, 462, '', 0, '', 4, '(Orig: 0 / Neu: 4)ER2000017', '2024-08-10 16:45:36', 0, 5000, 'direct'),
(292, 318, '', 0, '', -1, '(Orig: 284 / Neu: 283)RE-NR: 5046, Physikalische Bestandsänderung durch Versand (-1 Stk.)', '2024-08-23 10:43:23', 1, 5000, ''),
(293, 298, '', 0, '', -8, '(Orig: 46 / Neu: 38)6 Stück in RE2400026\r\n2 Stück in RE2400003', '2024-08-26 11:58:22', 0, 5000, 'direct'),
(294, 362, '', 0, '', -5, '(Orig: 33 / Neu: 28)RE2400026', '2024-08-26 12:57:55', 0, 5000, 'direct'),
(295, 288, '', 0, '', -1, '(Orig: 37 / Neu: 36)Re-Nr 5048 Statuswechsel zu Abgeholt / Im Voraus Versendet', '2024-08-27 15:06:33', 0, 5000, ''),
(296, 288, '', 0, '', 1, '(Orig: 36 / Neu: 37)Re-Nr 5048 Statuswechsel zu Bezahlt', '2024-08-27 15:07:15', 0, 5000, ''),
(297, 288, '', 0, '', -2, '(Orig: 37 / Neu: 35)RE-NR: 5047, Physikalische Bestandsänderung durch Versand (-2 Stk.)', '2024-08-27 15:07:56', 1, 5000, ''),
(298, 288, '', 0, '', -1, '(Orig: 35 / Neu: 34)RE-NR: 5048, Physikalische Bestandsänderung durch Versand (-1 Stk.)', '2024-08-27 15:07:56', 1, 5000, ''),
(299, 318, '', 0, '', -8, '(Orig: 283 / Neu: 275)RE-NR: 5049, Physikalische Bestandsänderung durch Versand (-8 Stk.)', '2024-08-29 15:43:27', 1, 5000, ''),
(300, 286, '', 0, '', -2, '(Orig: 29 / Neu: 27)RE-NR: 5053, Physikalische Bestandsänderung durch Versand (-2 Stk.)', '2024-08-30 13:27:28', 1, 5000, ''),
(301, 287, '', 0, '', -2, '(Orig: 65 / Neu: 63)RE-NR: 5053, Physikalische Bestandsänderung durch Versand (-2 Stk.)', '2024-08-30 13:27:28', 1, 5000, ''),
(302, 289, '', 0, '', -1, '(Orig: 31 / Neu: 30)RE-NR: 5054, Physikalische Bestandsänderung durch Versand (-1 Stk.)', '2024-09-01 11:26:14', 1, 5000, ''),
(303, 540, '', 0, '', -95, '(Orig: 120 / Neu: 25)Reserve', '2024-09-01 11:53:02', 0, 5000, 'direct'),
(304, 499, '', 0, '', -100, '(Orig: 200 / Neu: -100)Der physikalische Bestand wurde durch Mitarbeiter geändert zu -100.', '2024-09-01 11:54:12', 0, 5000, 'direct'),
(305, 499, '', 0, '', 100, '(Orig: -100 / Neu: 0)100', '2024-09-02 12:33:17', 0, 5000, 'direct'),
(306, 499, '', 0, '', 100, '(Orig: 0 / Neu: 100)100 +', '2024-09-02 12:34:24', 0, 5000, 'direct'),
(307, 329, '', 0, '', -5, '(Orig: 59 / Neu: 54)RE-NR: 5050, Physikalische Bestandsänderung durch Versand (-5 Stk.)', '2024-09-02 13:19:48', 1, 5000, ''),
(308, 289, '', 0, '', -2, '(Orig: 30 / Neu: 28)RE-NR: 5055, Physikalische Bestandsänderung durch Versand (-2 Stk.)', '2024-09-05 13:08:53', 1, 5000, ''),
(309, 328, '', 0, '', 128, '(Orig: 42 / Neu: 170)haben jetzt Plätze bekommen', '2024-09-13 11:04:21', 0, 5000, 'direct'),
(310, 365, '', 0, '', -15, '(Orig: 32 / Neu: 17)RE2400027', '2024-09-13 13:51:09', 0, 5000, 'direct'),
(311, 510, '', 0, '', -2, '(Orig: 55 / Neu: 53)RE-NR: 5056, Physikalische Bestandsänderung durch Versand (-2 Stk.)', '2024-09-14 12:48:31', 1, 5000, ''),
(312, 295, '', 0, '', -2, '(Orig: 126 / Neu: 124)RE-NR: 5057, Physikalische Bestandsänderung durch Versand (-2 Stk.)', '2024-09-18 13:35:16', 1, 5000, ''),
(313, 499, '', 0, '', -1, '(Orig: 100 / Neu: 99)RE-NR: 5058, Physikalische Bestandsänderung durch Versand (-1 Stk.)', '2024-09-28 09:35:37', 1, 5000, ''),
(314, 342, '', 0, '', -8, '(Orig: 74 / Neu: 66)RE2400030', '2024-09-30 08:13:54', 0, 5000, 'direct'),
(315, 510, '', 0, '', -1, '(Orig: 53 / Neu: 52)RE-NR: 5059, Physikalische Bestandsänderung durch Versand (-1 Stk.)', '2024-10-01 10:43:06', 1, 5000, ''),
(316, 318, '', 0, '', -4, '(Orig: 275 / Neu: 271)RE-NR: 5060, Physikalische Bestandsänderung durch Versand (-4 Stk.)', '2024-10-04 11:52:50', 1, 5000, ''),
(317, 321, '', 0, '', -25, '(Orig: 57 / Neu: 32)RE2400031', '2024-10-04 12:17:47', 0, 5000, 'direct'),
(318, 510, '', 0, '', -1, '(Orig: 52 / Neu: 51)RE-NR: 5061, Physikalische Bestandsänderung durch Versand (-1 Stk.)', '2024-10-08 11:04:51', 1, 5000, ''),
(319, 510, '', 0, '', -2, '(Orig: 51 / Neu: 49)RE-NR: 5070, Physikalische Bestandsänderung durch Versand (-2 Stk.)', '2024-10-15 11:06:24', 1, 5000, ''),
(320, 105, '', 0, '', -2, '(Orig: 56 / Neu: 54)RE-NR: 5062, Physikalische Bestandsänderung durch Versand (-2 Stk.)', '2024-10-17 15:17:30', 1, 5000, ''),
(321, 284, '', 0, '', -5, '(Orig: 90 / Neu: 85)RE2400033', '2024-10-21 11:46:38', 0, 5000, 'direct'),
(322, 288, '', 0, '', -1, '(Orig: 34 / Neu: 33)RE-NR: 5073, Physikalische Bestandsänderung durch Versand (-1 Stk.)', '2024-10-21 11:50:15', 1, 5000, ''),
(323, 290, '', 0, '', -1, '(Orig: 35 / Neu: 34)RE-NR: 5074, Physikalische Bestandsänderung durch Versand (-1 Stk.)', '2024-10-23 08:18:47', 1, 5000, ''),
(324, 321, '', 0, '', -3, '(Orig: 32 / Neu: 29)RE2400032', '2024-10-25 14:22:39', 0, 5000, 'direct'),
(325, 290, '', 0, '', -2, '(Orig: 34 / Neu: 32)RE2400028', '2024-10-25 14:25:10', 0, 5000, 'direct'),
(326, 499, '', 0, '', -1, '(Orig: 99 / Neu: 98)RE-NR: 5075, Physikalische Bestandsänderung durch Versand (-1 Stk.)', '2024-10-30 15:33:17', 1, 5000, ''),
(327, 510, '', 0, '', -7, '(Orig: 49 / Neu: 42)RE-NR: 5076, Physikalische Bestandsänderung durch Versand (-7 Stk.)', '2024-11-04 18:35:42', 1, 5000, ''),
(328, 294, '', 0, '', -2, '(Orig: 176 / Neu: 174)RE-NR: 5077, Physikalische Bestandsänderung durch Versand (-2 Stk.)', '2024-11-12 11:43:41', 1, 5000, ''),
(329, 317, '', 0, '', -6, '(Orig: 60 / Neu: 54)RE-NR: 5078, Physikalische Bestandsänderung durch Versand (-6 Stk.)', '2024-11-12 11:43:41', 1, 5000, ''),
(330, 288, '', 0, '', -2, '(Orig: 33 / Neu: 31)RE-NR: 5081, Physikalische Bestandsänderung durch Versand (-2 Stk.)', '2024-11-19 08:22:59', 1, 5000, ''),
(331, 291, '', 0, '', -1, '(Orig: 20 / Neu: 19)RE-NR: 5081, Physikalische Bestandsänderung durch Versand (-1 Stk.)', '2024-11-19 08:22:59', 1, 5000, ''),
(332, 105, '', 0, '', -1, '(Orig: 54 / Neu: 53)RE-NR: 5082, Physikalische Bestandsänderung durch Versand (-1 Stk.)', '2024-11-21 08:53:15', 1, 5000, ''),
(333, 331, '', 0, '', -2, '(Orig: 93 / Neu: 91)RE-NR: 5084, Physikalische Bestandsänderung durch Versand (-2 Stk.)', '2024-11-25 13:54:14', 1, 5000, ''),
(334, 114, '', 0, '', -1, '(Orig: 16 / Neu: 15)RE-NR: 5083, Physikalische Bestandsänderung durch Versand (-1 Stk.)', '2024-11-26 16:33:50', 1, 5000, ''),
(335, 104, '', 0, '', -3, '(Orig: 61 / Neu: 58)RE-NR: 5085, Physikalische Bestandsänderung durch Versand (-3 Stk.)', '2024-11-26 16:33:50', 1, 5000, ''),
(336, 510, '', 0, '', -2, '(Orig: 42 / Neu: 40)RE-NR: 5086, Physikalische Bestandsänderung durch Versand (-2 Stk.)', '2024-11-27 12:01:12', 1, 5000, ''),
(337, 446, '', 0, '', -1, '(Orig: 53 / Neu: 52)RE-NR: 5087, Physikalische Bestandsänderung durch Versand (-1 Stk.)', '2024-11-27 17:09:27', 1, 5000, ''),
(338, 510, '', 0, '', -2, '(Orig: 40 / Neu: 38)RE-NR: 5088, Physikalische Bestandsänderung durch Versand (-2 Stk.)', '2024-11-27 17:09:27', 1, 5000, ''),
(339, 127, '', 0, '', -2, '(Orig: 75 / Neu: 73)RE-NR: 5089, Physikalische Bestandsänderung durch Versand (-2 Stk.)', '2024-12-02 15:46:40', 1, 5000, ''),
(340, 510, '', 0, '', -1, '(Orig: 38 / Neu: 37)RE-NR: 5090, Physikalische Bestandsänderung durch Versand (-1 Stk.)', '2024-12-05 10:47:04', 1, 5000, ''),
(341, 294, '', 0, '', -2, '(Orig: 174 / Neu: 172)RE-NR: 5091, Physikalische Bestandsänderung durch Versand (-2 Stk.)', '2024-12-07 09:28:22', 1, 5000, ''),
(342, 328, '', 0, '', -16, '(Orig: 170 / Neu: 154)LS2400035', '2024-12-12 15:34:48', 0, 5000, 'direct'),
(343, 301, '', 0, '', -4, '(Orig: 86 / Neu: 82)RE-NR: 5092, Physikalische Bestandsänderung durch Versand (-4 Stk.)', '2025-01-02 13:17:43', 1, 5000, ''),
(344, 298, '', 0, '', -1, '(Orig: 38 / Neu: 37)RE-NR: 5093, Physikalische Bestandsänderung durch Versand (-1 Stk.)', '2025-01-04 14:00:24', 1, 5000, ''),
(345, 301, '', 0, '', -10, '(Orig: 82 / Neu: 72)RE-NR: 5094, Physikalische Bestandsänderung durch Versand (-10 Stk.)', '2025-01-07 17:00:30', 1, 5000, ''),
(346, 301, '', 0, '', -2, '(Orig: 72 / Neu: 70)RE-NR: 5095, Physikalische Bestandsänderung durch Versand (-2 Stk.)', '2025-01-07 17:00:30', 1, 5000, ''),
(347, 317, '', 0, '', -4, '(Orig: 54 / Neu: 50)RE-NR: 5096, Physikalische Bestandsänderung durch Versand (-4 Stk.)', '2025-01-10 14:52:39', 1, 5000, ''),
(348, 286, '', 0, '', -2, '(Orig: 27 / Neu: 25)RE-NR: 5097, Physikalische Bestandsänderung durch Versand (-2 Stk.)', '2025-01-13 16:15:55', 1, 5000, ''),
(349, 301, '', 0, '', -1, '(Orig: 70 / Neu: 69)RE-NR: 5098, Physikalische Bestandsänderung durch Versand (-1 Stk.)', '2025-01-14 16:13:24', 1, 5000, ''),
(350, 301, '', 0, '', -2, '(Orig: 69 / Neu: 67)RE-NR: 5099, Physikalische Bestandsänderung durch Versand (-2 Stk.)', '2025-01-16 06:47:35', 1, 5000, ''),
(351, 317, '', 0, '', -8, '(Orig: 50 / Neu: 42)RE-2500000', '2025-01-17 12:12:42', 0, 5000, 'direct'),
(352, 447, '', 0, '', -4, '(Orig: 42 / Neu: 38)RE-NR: 5100, Physikalische Bestandsänderung durch Versand (-4 Stk.)', '2025-01-20 12:30:13', 1, 5000, ''),
(353, 317, '', 0, '', -8, '(Orig: 42 / Neu: 34)RE-NR: 5101, Physikalische Bestandsänderung durch Versand (-8 Stk.)', '2025-01-20 15:09:57', 1, 5000, ''),
(354, 318, '', 0, '', -6, '(Orig: 271 / Neu: 265)RE-NR: 5102, Physikalische Bestandsänderung durch Versand (-6 Stk.)', '2025-01-22 16:03:24', 1, 5000, ''),
(355, 301, '', 0, '', -5, '(Orig: 67 / Neu: 62)RE-NR: 5103, Physikalische Bestandsänderung durch Versand (-5 Stk.)', '2025-01-27 16:20:04', 1, 5000, ''),
(356, 295, '', 0, '', -4, '(Orig: 124 / Neu: 120)RE-NR: 5104, Physikalische Bestandsänderung durch Versand (-4 Stk.)', '2025-01-29 06:00:14', 1, 5000, ''),
(357, 341, '', 0, '', -4, '(Orig: 139 / Neu: 135)LS2500003', '2025-01-30 16:49:45', 0, 5000, 'direct'),
(358, 305, '', 0, '', -2, '(Orig: 12 / Neu: 10)LS2500003', '2025-01-30 16:51:23', 0, 5000, 'direct'),
(359, 318, '', 0, '', -4, '(Orig: 265 / Neu: 261)RE-NR: 5106, Physikalische Bestandsänderung durch Versand (-4 Stk.)', '2025-02-02 14:41:42', 1, 5000, ''),
(360, 499, '', 0, '', -3, '(Orig: 98 / Neu: 95)RE-NR: 5107, Physikalische Bestandsänderung durch Versand (-3 Stk.)', '2025-02-04 05:52:04', 0, 5000, ''),
(361, 436, '', 0, '', -1, '(Orig: 39 / Neu: 38)RE-NR: 5105, Physikalische Bestandsänderung durch Versand (-1 Stk.)', '2025-02-04 11:30:16', 0, 5000, ''),
(362, 444, '', 0, '', -1, '(Orig: 11 / Neu: 10)RE-NR: 5105, Physikalische Bestandsänderung durch Versand (-1 Stk.)', '2025-02-04 11:30:16', 0, 5000, ''),
(363, 360, '', 0, '', -2, '(Orig: 109 / Neu: 107)RE-NR: 5108, Physikalische Bestandsänderung durch Versand (-2 Stk.)', '2025-02-07 06:02:03', 0, 5000, ''),
(364, 496, '', 0, '', 2, '(Orig: 0 / Neu: 2)Der physikalische Bestand wurde durch Mitarbeiter geändert zu 2.', '2025-02-09 08:49:16', 0, 5000, 'direct'),
(365, 497, '', 0, '', 2, '(Orig: 0 / Neu: 2)Der physikalische Bestand wurde durch Mitarbeiter geändert zu 2.', '2025-02-09 08:49:20', 0, 5000, 'direct'),
(366, 498, '', 0, '', 2, '(Orig: 0 / Neu: 2)Der physikalische Bestand wurde durch Mitarbeiter geändert zu 2.', '2025-02-09 08:49:22', 0, 5000, 'direct'),
(367, 501, '', 0, '', 2, '(Orig: 0 / Neu: 2)Der physikalische Bestand wurde durch Mitarbeiter geändert zu 2.', '2025-02-09 08:49:25', 0, 5000, 'direct'),
(368, 502, '', 0, '', 2, '(Orig: 0 / Neu: 2)Der physikalische Bestand wurde durch Mitarbeiter geändert zu 2.', '2025-02-09 08:49:28', 0, 5000, 'direct'),
(369, 503, '', 0, '', 2, '(Orig: 0 / Neu: 2)Der physikalische Bestand wurde durch Mitarbeiter geändert zu 2.', '2025-02-09 08:49:32', 0, 5000, 'direct'),
(370, 499, '', 0, '', -2, '(Orig: 95 / Neu: 93)RE-NR: 5109, Physikalische Bestandsänderung durch Versand (-2 Stk.)', '2025-02-10 06:48:13', 0, 5000, '');
INSERT INTO `history_bestand` (`id`, `products_id`, `ebay_id`, `orders_id`, `transaction_id`, `quantity_change`, `title`, `date_saved`, `storage_id`, `editor_id`, `source`) VALUES
(371, 290, '', 0, '', -1, '(Orig: 32 / Neu: 31)RE-NR: 5110, Physikalische Bestandsänderung durch Versand (-1 Stk.)', '2025-02-10 16:43:09', 0, 5000, ''),
(372, 318, '', 0, '', -2, '(Orig: 261 / Neu: 259)RE-NR: 5112, Physikalische Bestandsänderung durch Versand (-2 Stk.)', '2025-02-10 16:43:09', 0, 5000, ''),
(373, 325, '', 0, '', -3, '(Orig: 102 / Neu: 99)RE-NR: 5113, Physikalische Bestandsänderung durch Versand (-3 Stk.)', '2025-02-12 16:38:57', 0, 5000, ''),
(374, 499, '', 0, '', -1, '(Orig: 93 / Neu: 92)RE-NR: 5114, Physikalische Bestandsänderung durch Versand (-1 Stk.)', '2025-02-12 16:38:57', 0, 5000, ''),
(375, 318, '', 0, '', -20, '(Orig: 259 / Neu: 239)RE-NR: 5111, Physikalische Bestandsänderung durch Versand (-20 Stk.)', '2025-02-12 16:45:22', 0, 5000, ''),
(376, 505, '', 0, '', 1, '(Orig: 0 / Neu: 1)EL2500000', '2025-02-13 16:20:36', 0, 5000, 'direct'),
(377, 504, '', 0, '', 1, '(Orig: 0 / Neu: 1)EL2500000', '2025-02-13 16:23:06', 0, 5000, 'direct'),
(378, 506, '', 0, '', 10, '(Orig: 0 / Neu: 10)EL2500000', '2025-02-13 16:24:31', 0, 5000, 'direct'),
(379, 508, '', 0, '', 50, '(Orig: 0 / Neu: 50)EL2500000', '2025-02-13 16:26:01', 0, 5000, 'direct'),
(380, 342, '', 0, '', -2, '(Orig: 66 / Neu: 64)RE-NR: 5115, Physikalische Bestandsänderung durch Versand (-2 Stk.)', '2025-02-14 07:14:04', 0, 5000, ''),
(381, 510, '', 0, '', -1, '(Orig: 37 / Neu: 36)RE-NR: 5116, Physikalische Bestandsänderung durch Versand (-1 Stk.)', '2025-02-15 14:31:44', 0, 5000, ''),
(382, 341, '', 0, '', -5, '(Orig: 135 / Neu: 130)RE-NR: 5117, Physikalische Bestandsänderung durch Versand (-5 Stk.)', '2025-02-17 09:45:08', 0, 5000, ''),
(383, 510, '', 0, '', -1, '(Orig: 36 / Neu: 35)RE-NR: 5118, Physikalische Bestandsänderung durch Versand (-1 Stk.)', '2025-02-20 12:32:17', 0, 5000, ''),
(384, 332, '', 0, '', -1, '(Orig: 109 / Neu: 108)RE2500003', '2025-02-21 14:01:04', 0, 5000, 'direct'),
(385, 102, '', 0, '', -2, '(Orig: 58 / Neu: 56)RE2500003', '2025-02-21 14:02:02', 0, 5000, 'direct'),
(386, 302, '', 0, '', -8, '(Orig: 21 / Neu: 13)RE2500004', '2025-02-21 14:03:12', 0, 5000, 'direct'),
(387, 289, '', 0, '', -1, '(Orig: 28 / Neu: 27)RE-NR: 5119, Physikalische Bestandsänderung durch Versand (-1 Stk.)', '2025-02-22 10:41:02', 0, 5000, ''),
(388, 289, '', 0, '', -1, '(Orig: 27 / Neu: 26)RE-NR: 5121, Physikalische Bestandsänderung durch Versand (-1 Stk.)', '2025-02-26 11:35:27', 0, 5000, ''),
(389, 290, '', 0, '', -1, '(Orig: 31 / Neu: 30)RE-NR: 5123, Physikalische Bestandsänderung durch Versand (-1 Stk.)', '2025-03-03 15:26:16', 0, 5000, ''),
(390, 301, '', 0, '', -4, '(Orig: 62 / Neu: 58)RE-NR: 5124, Physikalische Bestandsänderung durch Versand (-4 Stk.)', '2025-03-03 15:26:16', 0, 5000, ''),
(391, 378, '', 0, '', -1, '(Orig: 2 / Neu: 1)RE-NR: 5122, Physikalische Bestandsänderung durch Versand (-1 Stk.)', '2025-03-07 13:58:30', 0, 5000, ''),
(392, 327, '', 0, '', -4, '(Orig: 108 / Neu: 104)RE-NR: 5125, Physikalische Bestandsänderung durch Versand (-4 Stk.)', '2025-03-07 13:58:30', 0, 5000, ''),
(393, 103, '', 0, '', -2, '(Orig: 48 / Neu: 46)RE-NR: 5126, Physikalische Bestandsänderung durch Versand (-2 Stk.)', '2025-03-07 13:58:30', 0, 5000, ''),
(394, 284, '', 0, '', -3, '(Orig: 85 / Neu: 82)RE-NR: 5126, Physikalische Bestandsänderung durch Versand (-3 Stk.)', '2025-03-07 13:58:30', 0, 5000, ''),
(395, 286, '', 0, '', -2, '(Orig: 25 / Neu: 23)RE-NR: 5126, Physikalische Bestandsänderung durch Versand (-2 Stk.)', '2025-03-07 13:58:30', 0, 5000, ''),
(396, 370, '', 0, '', -2, '(Orig: 2 / Neu: 0)RE-NR: 5127, Physikalische Bestandsänderung durch Versand (-2 Stk.)', '2025-03-10 06:31:22', 0, 5000, ''),
(397, 317, '', 0, '', -2, '(Orig: 34 / Neu: 32)RE-NR: 5120, Physikalische Bestandsänderung durch Versand (-2 Stk.)', '2025-03-12 12:03:31', 0, 5000, ''),
(398, 318, '', 0, '', -64, '(Orig: 239 / Neu: 175)LS2500006', '2025-03-13 06:50:46', 0, 5000, 'direct'),
(399, 327, '', 0, '', -1, '(Orig: 104 / Neu: 103)RE-NR: 5128, Physikalische Bestandsänderung durch Versand (-1 Stk.)', '2025-03-14 11:10:45', 0, 5000, ''),
(400, 499, '', 0, '', -1, '(Orig: 92 / Neu: 91)RE-NR: 5129, Physikalische Bestandsänderung durch Versand (-1 Stk.)', '2025-03-17 11:08:23', 0, 5000, ''),
(401, 126, '', 0, '', -1, '(Orig: 73 / Neu: 72)RE-NR: 5130, Physikalische Bestandsänderung durch Versand (-1 Stk.)', '2025-03-17 15:56:09', 0, 5000, ''),
(402, 301, '', 0, '', -4, '(Orig: 58 / Neu: 54)RE-NR: 5130, Physikalische Bestandsänderung durch Versand (-4 Stk.)', '2025-03-17 15:56:09', 0, 5000, ''),
(403, 292, '', 0, '', -1, '(Orig: 18 / Neu: 17)RE-NR: 5131, Physikalische Bestandsänderung durch Versand (-1 Stk.)', '2025-03-18 06:29:32', 0, 5000, ''),
(404, 287, '', 0, '', -3, '(Orig: 63 / Neu: 60)RE-NR: 5132, Physikalische Bestandsänderung durch Versand (-3 Stk.)', '2025-03-18 15:35:14', 0, 5000, ''),
(405, 330, '', 0, '', -4, '(Orig: 127 / Neu: 123)RE-NR: 5135, Physikalische Bestandsänderung durch Versand (-4 Stk.)', '2025-03-19 12:21:44', 0, 5000, ''),
(406, 302, '', 0, '', -4, '(Orig: 13 / Neu: 9)RE-NR: 5134, Physikalische Bestandsänderung durch Versand (-4 Stk.)', '2025-03-20 11:58:36', 0, 5000, ''),
(407, 105, '', 0, '', -1, '(Orig: 53 / Neu: 52)RE-NR: 5136, Physikalische Bestandsänderung durch Versand (-1 Stk.)', '2025-03-20 11:58:36', 0, 5000, ''),
(408, 127, '', 0, '', -2, '(Orig: 73 / Neu: 71)RE-NR: 5136, Physikalische Bestandsänderung durch Versand (-2 Stk.)', '2025-03-20 11:58:36', 0, 5000, ''),
(409, 324, '', 0, '', -2, '(Orig: 116 / Neu: 114)RE-NR: 5136, Physikalische Bestandsänderung durch Versand (-2 Stk.)', '2025-03-20 11:58:36', 0, 5000, ''),
(410, 392, '', 0, '', -1, '(Orig: 38 / Neu: 37)RE-NR: 5136, Physikalische Bestandsänderung durch Versand (-1 Stk.)', '2025-03-20 11:58:36', 0, 5000, ''),
(411, 510, '', 0, '', -1, '(Orig: 35 / Neu: 34)RE-NR: 5137, Physikalische Bestandsänderung durch Versand (-1 Stk.)', '2025-03-23 15:21:30', 0, 5000, ''),
(412, 301, '', 0, '', -1, '(Orig: 54 / Neu: 53)RE-NR: 5138, Physikalische Bestandsänderung durch Versand (-1 Stk.)', '2025-03-23 15:21:30', 0, 5000, ''),
(413, 287, '', 0, '', -1, '(Orig: 60 / Neu: 59)RE-NR: 5139, Physikalische Bestandsänderung durch Versand (-1 Stk.)', '2025-03-25 12:29:50', 0, 5000, ''),
(414, 286, '', 0, '', -4, '(Orig: 23 / Neu: 19)RE-NR: 5133, Physikalische Bestandsänderung durch Versand (-4 Stk.)', '2025-03-25 12:40:07', 0, 5000, ''),
(415, 287, '', 0, '', -6, '(Orig: 59 / Neu: 53)RE-NR: 5133, Physikalische Bestandsänderung durch Versand (-6 Stk.)', '2025-03-25 12:40:07', 0, 5000, ''),
(416, 287, '', 0, '', -1, '(Orig: 53 / Neu: 52)RE-NR: 5140, Physikalische Bestandsänderung durch Versand (-1 Stk.)', '2025-03-26 16:51:59', 0, 5000, ''),
(417, 286, '', 0, '', -10, '(Orig: 19 / Neu: 9)RE-NR: 5141, Physikalische Bestandsänderung durch Versand (-10 Stk.)', '2025-03-28 15:29:00', 0, 5000, ''),
(418, 289, '', 0, '', -5, '(Orig: 26 / Neu: 21)RE-NR: 5141, Physikalische Bestandsänderung durch Versand (-5 Stk.)', '2025-03-28 15:29:00', 0, 5000, ''),
(419, 284, '', 0, '', -3, '(Orig: 82 / Neu: 79)RE-NR: 5142, Physikalische Bestandsänderung durch Versand (-3 Stk.)', '2025-03-28 15:29:00', 0, 5000, ''),
(420, 287, '', 0, '', -1, '(Orig: 52 / Neu: 51)RE-NR: 5142, Physikalische Bestandsänderung durch Versand (-1 Stk.)', '2025-03-28 15:29:00', 0, 5000, ''),
(421, 290, '', 0, '', -1, '(Orig: 30 / Neu: 29)RE-NR: 5143, Physikalische Bestandsänderung durch Versand (-1 Stk.)', '2025-03-31 16:13:59', 0, 5000, ''),
(422, 301, '', 0, '', -2, '(Orig: 53 / Neu: 51)RE-NR: 5144, Physikalische Bestandsänderung durch Versand (-2 Stk.)', '2025-04-02 13:04:21', 0, 5000, ''),
(423, 341, '', 0, '', -2, '(Orig: 130 / Neu: 128)AB2500007', '2025-04-02 13:35:04', 0, 5000, 'direct'),
(424, 342, '', 0, '', -4, '(Orig: 64 / Neu: 60)RE-NR: 5145, Physikalische Bestandsänderung durch Versand (-4 Stk.)', '2025-04-04 15:17:07', 0, 5000, ''),
(425, 107, '', 0, '', -1, '(Orig: 68 / Neu: 67)RE-NR: 5146, Physikalische Bestandsänderung durch Versand (-1 Stk.)', '2025-04-05 08:11:45', 0, 5000, ''),
(426, 325, '', 0, '', -6, '(Orig: 99 / Neu: 93)RE-NR: 5147, Physikalische Bestandsänderung durch Versand (-6 Stk.)', '2025-04-08 06:27:35', 0, 5000, ''),
(427, 286, '', 0, '', -2, '(Orig: 9 / Neu: 7)RE-NR: 5148, Physikalische Bestandsänderung durch Versand (-2 Stk.)', '2025-04-08 06:27:35', 0, 5000, ''),
(428, 327, '', 0, '', -2, '(Orig: 103 / Neu: 101)RE-NR: 5149, Physikalische Bestandsänderung durch Versand (-2 Stk.)', '2025-04-08 16:20:05', 0, 5000, ''),
(429, 290, '', 0, '', -1, '(Orig: 29 / Neu: 28)RE-NR: 5150, Physikalische Bestandsänderung durch Versand (-1 Stk.)', '2025-04-11 09:42:49', 0, 5000, ''),
(430, 388, '', 0, '', -1, '(Orig: 4 / Neu: 3)Re-Nr 5151 Statuswechsel zu Abgeholt / Im Voraus Versendet', '2025-04-11 11:16:15', 0, 5000, ''),
(431, 388, '', 0, '', 1, '(Orig: 3 / Neu: 4)Re-Nr 5151 Statuswechsel zu Bezahlt', '2025-04-11 11:17:39', 0, 5000, ''),
(432, 388, '', 0, '', -1, '(Orig: 4 / Neu: 3)RE-NR: 5151, Physikalische Bestandsänderung durch Versand (-1 Stk.)', '2025-04-11 11:18:04', 0, 5000, ''),
(433, 345, '', 0, '', -1, '(Orig: 33 / Neu: 32)RE-NR: 5152, Physikalische Bestandsänderung durch Versand (-1 Stk.)', '2025-04-14 12:31:37', 0, 5000, ''),
(434, 429, '', 0, '', -2, '(Orig: 26 / Neu: 24)RE-NR: 5152, Physikalische Bestandsänderung durch Versand (-2 Stk.)', '2025-04-14 12:31:37', 0, 5000, ''),
(435, 290, '', 0, '', -1, '(Orig: 28 / Neu: 27)RE-NR: 5153, Physikalische Bestandsänderung durch Versand (-1 Stk.)', '2025-04-16 07:06:07', 0, 5000, ''),
(436, 292, '', 0, '', -1, '(Orig: 17 / Neu: 16)RE-NR: 5154, Physikalische Bestandsänderung durch Versand (-1 Stk.)', '2025-04-17 07:51:15', 0, 5000, ''),
(437, 286, '', 0, '', 50, '(Orig: 7 / Neu: 57)EL2500005', '2025-04-17 11:21:47', 0, 5000, 'direct'),
(438, 370, '', 0, '', 3, '(Orig: 0 / Neu: 3)EL2500005', '2025-04-17 11:31:33', 0, 5000, 'direct'),
(439, 345, '', 0, '', -3, '(Orig: 32 / Neu: 29)RE-NR: 5156, Physikalische Bestandsänderung durch Versand (-3 Stk.)', '2025-04-22 07:48:10', 0, 5000, ''),
(440, 107, '', 0, '', 1, '(Orig: 67 / Neu: 68)Warenr&uuml;cknahme in Reklamation 2.', '2025-04-22 10:33:39', 0, 5000, ''),
(441, 120, '', 0, '', -1, '(Orig: 54 / Neu: 53)RE-NR: 5157, Physikalische Bestandsänderung durch Versand (-1 Stk.)', '2025-04-22 11:30:23', 0, 5000, ''),
(442, 297, '', 0, '', -3, '(Orig: 14 / Neu: 11)RE-NR: 5155, Physikalische Bestandsänderung durch Versand (-3 Stk.)', '2025-04-23 08:32:17', 0, 5000, ''),
(443, 289, '', 0, '', -2, '(Orig: 21 / Neu: 19)RE-NR: 5160, Physikalische Bestandsänderung durch Versand (-2 Stk.)', '2025-04-23 08:32:17', 0, 5000, ''),
(444, 382, '', 0, '', -2, '(Orig: 49 / Neu: 47)RE-NR: 5159, Physikalische Bestandsänderung durch Versand (-2 Stk.)', '2025-04-24 08:16:27', 0, 5000, ''),
(445, 301, '', 0, '', -6, '(Orig: 51 / Neu: 45)RE-NR: 5161, Physikalische Bestandsänderung durch Versand (-6 Stk.)', '2025-04-24 08:16:27', 0, 5000, ''),
(446, 342, '', 0, '', -20, '(Orig: 60 / Neu: 40)LS2500009', '2025-04-24 08:33:36', 0, 5000, 'direct'),
(447, 302, '', 0, '', 162, '(Orig: 9 / Neu: 171)EL2500006', '2025-04-29 10:49:04', 0, 5000, 'direct'),
(448, 302, '', 0, '', -2, '(Orig: 171 / Neu: 169)LS2500010', '2025-04-29 11:49:37', 0, 5000, 'direct'),
(449, 176, '', 0, '', -4, '(Orig: 126 / Neu: 122)RE-NR: 5162, Physikalische Bestandsänderung durch Versand (-4 Stk.)', '2025-05-03 09:04:51', 0, 5000, ''),
(450, 302, '', 0, '', -4, '(Orig: 169 / Neu: 165)RE-NR: 5163, Physikalische Bestandsänderung durch Versand (-4 Stk.)', '2025-05-05 11:17:14', 0, 5000, ''),
(451, 325, '', 0, '', -2, '(Orig: 93 / Neu: 91)RE-NR: 5164, Physikalische Bestandsänderung durch Versand (-2 Stk.)', '2025-05-05 11:17:14', 0, 5000, ''),
(452, 282, '', 0, '', -1, '(Orig: 44 / Neu: 43)RE-NR: 5165, Physikalische Bestandsänderung durch Versand (-1 Stk.)', '2025-05-07 11:35:10', 0, 5000, ''),
(453, 105, '', 0, '', -2, '(Orig: 52 / Neu: 50)RE-NR: 5166, Physikalische Bestandsänderung durch Versand (-2 Stk.)', '2025-05-07 11:35:10', 0, 5000, ''),
(454, 281, '', 0, '', -1, '(Orig: 14 / Neu: 13)Zur Re-Nr. 5165 wurde Artikel 1x hinzugefügt.', '2025-05-07 12:58:30', 0, 5000, ''),
(455, 282, '', 0, '', 1, '(Orig: 43 / Neu: 44)Aus Re-Nr. 5165 wurde Artikel 1x entfernt.', '2025-05-07 12:58:38', 0, 5000, ''),
(456, 107, '', 0, '', -2, '(Orig: 68 / Neu: 66)RE-NR: 5167, Physikalische Bestandsänderung durch Versand (-2 Stk.)', '2025-05-09 11:55:20', 0, 5000, ''),
(457, 288, '', 0, '', -2, '(Orig: 31 / Neu: 29)RE-NR: 5167, Physikalische Bestandsänderung durch Versand (-2 Stk.)', '2025-05-09 11:55:20', 0, 5000, ''),
(458, 300, '', 0, '', -3, '(Orig: 13 / Neu: 10)RE-NR: 5167, Physikalische Bestandsänderung durch Versand (-3 Stk.)', '2025-05-09 11:55:20', 0, 5000, ''),
(459, 330, '', 0, '', -2, '(Orig: 123 / Neu: 121)RE-NR: 5168, Physikalische Bestandsänderung durch Versand (-2 Stk.)', '2025-05-09 11:55:20', 0, 5000, ''),
(460, 316, '', 0, '', -4, '(Orig: 12 / Neu: 8)LS2500011', '2025-05-09 12:54:08', 0, 5000, 'direct'),
(461, 510, '', 0, '', -1, '(Orig: 34 / Neu: 33)RE-NR: 5170, Physikalische Bestandsänderung durch Versand (-1 Stk.)', '2025-05-11 08:30:40', 0, 5000, ''),
(462, 337, '', 0, '', -1, '(Orig: 12 / Neu: 11)RE-NR: 5169, Physikalische Bestandsänderung durch Versand (-1 Stk.)', '2025-05-12 11:15:46', 0, 5000, ''),
(463, 507, '', 0, '', 20, '(Orig: 0 / Neu: 20)EL2500007', '2025-05-12 15:14:19', 0, 5000, 'direct'),
(464, 509, '', 0, '', 120, '(Orig: 0 / Neu: 120)EL2500007', '2025-05-12 15:16:26', 0, 5000, 'direct'),
(465, 105, '', 0, '', -2, '(Orig: 50 / Neu: 48)RE-NR: 5172, Physikalische Bestandsänderung durch Versand (-2 Stk.)', '2025-05-13 15:50:40', 0, 5000, ''),
(466, 104, '', 0, '', -2, '(Orig: 58 / Neu: 56)RE-NR: 5173, Physikalische Bestandsänderung durch Versand (-2 Stk.)', '2025-05-14 11:30:00', 0, 5000, ''),
(467, 356, '', 0, '', -2, '(Orig: 10 / Neu: 8)RE-NR: 5174, Physikalische Bestandsänderung durch Versand (-2 Stk.)', '2025-05-14 11:30:00', 0, 5000, ''),
(468, 446, '', 0, '', -2, '(Orig: 52 / Neu: 50)RE-NR: 5175, Physikalische Bestandsänderung durch Versand (-2 Stk.)', '2025-05-14 11:30:00', 0, 5000, ''),
(469, 284, '', 0, '', -4, '(Orig: 79 / Neu: 75)RE-NR: 5179, Physikalische Bestandsänderung durch Versand (-4 Stk.)', '2025-05-26 15:50:02', 0, 5000, ''),
(470, 289, '', 0, '', -1, '(Orig: 19 / Neu: 18)RE-NR: 5179, Physikalische Bestandsänderung durch Versand (-1 Stk.)', '2025-05-26 15:50:03', 0, 5000, ''),
(471, 114, '', 0, '', -1, '(Orig: 15 / Neu: 14)RE-NR: 5180, Physikalische Bestandsänderung durch Versand (-1 Stk.)', '2025-05-26 15:50:03', 0, 5000, ''),
(472, 176, '', 0, '', -1, '(Orig: 122 / Neu: 121)RE-NR: 5181, Physikalische Bestandsänderung durch Versand (-1 Stk.)', '2025-05-27 16:00:45', 0, 5000, ''),
(473, 117, '', 0, '', -4, '(Orig: 117 / Neu: 113)RE-NR: 5182, Physikalische Bestandsänderung durch Versand (-4 Stk.)', '2025-05-27 16:00:45', 0, 5000, ''),
(474, 105, '', 0, '', -2, '(Orig: 48 / Neu: 46)RE-NR: 5183, Physikalische Bestandsänderung durch Versand (-2 Stk.)', '2025-06-03 15:53:56', 0, 5000, ''),
(475, 287, '', 0, '', -2, '(Orig: 51 / Neu: 49)RE-NR: 5183, Physikalische Bestandsänderung durch Versand (-2 Stk.)', '2025-06-03 15:53:56', 0, 5000, ''),
(476, 302, '', 0, '', -2, '(Orig: 165 / Neu: 163)RE-NR: 5184, Physikalische Bestandsänderung durch Versand (-2 Stk.)', '2025-06-03 15:53:57', 0, 5000, ''),
(477, 362, '', 0, '', -1, '(Orig: 28 / Neu: 27)RE-NR: 5185, Physikalische Bestandsänderung durch Versand (-1 Stk.)', '2025-06-08 16:29:51', 0, 5000, ''),
(478, 302, '', 0, '', -20, '(Orig: 163 / Neu: 143)LS2500014', '2025-06-12 18:26:16', 0, 5000, 'direct'),
(479, 510, '', 0, '', -2, '(Orig: 33 / Neu: 31)RE-NR: 5186, Physikalische Bestandsänderung durch Versand (-2 Stk.)', '2025-06-16 15:19:51', 0, 5000, ''),
(480, 301, '', 0, '', -3, '(Orig: 45 / Neu: 42)RE-NR: 5187, Physikalische Bestandsänderung durch Versand (-3 Stk.)', '2025-06-17 15:31:56', 0, 5000, ''),
(481, 103, '', 0, '', -2, '(Orig: 46 / Neu: 44)RE-NR: 5188, Physikalische Bestandsänderung durch Versand (-2 Stk.)', '2025-06-24 13:35:57', 0, 5000, ''),
(482, 351, '', 0, '', -2, '(Orig: 4 / Neu: 2)RE2500014', '2025-06-24 13:42:05', 0, 5000, 'direct'),
(483, 320, '', 0, '', -1, '(Orig: 7 / Neu: 6)RE-NR: 5189, Physikalische Bestandsänderung durch Versand (-1 Stk.)', '2025-06-26 14:05:25', 0, 5000, ''),
(484, 114, '', 0, '', -2, '(Orig: 14 / Neu: 12)RE-NR: 5191, Physikalische Bestandsänderung durch Versand (-2 Stk.)', '2025-06-29 11:07:57', 0, 5000, ''),
(485, 430, '', 0, '', -8, '(Orig: 26 / Neu: 18)RE-NR: 5190, Physikalische Bestandsänderung durch Versand (-8 Stk.)', '2025-06-30 13:28:43', 0, 5000, ''),
(486, 510, '', 0, '', -1, '(Orig: 31 / Neu: 30)RE-NR: 5192, Physikalische Bestandsänderung durch Versand (-1 Stk.)', '2025-06-30 13:28:43', 0, 5000, ''),
(487, 105, '', 0, '', -3, '(Orig: 46 / Neu: 43)RE-NR: 5193, Physikalische Bestandsänderung durch Versand (-3 Stk.)', '2025-07-03 11:22:28', 0, 5000, ''),
(488, 317, '', 0, '', -1, '(Orig: 32 / Neu: 31)RE-NR: 5194, Physikalische Bestandsänderung durch Versand (-1 Stk.)', '2025-07-03 11:50:26', 0, 5000, ''),
(489, 286, '', 0, '', -2, '(Orig: 57 / Neu: 55)RE-NR: 5195, Physikalische Bestandsänderung durch Versand (-2 Stk.)', '2025-07-07 11:18:04', 0, 5000, ''),
(490, 287, '', 0, '', -2, '(Orig: 49 / Neu: 47)RE-NR: 5195, Physikalische Bestandsänderung durch Versand (-2 Stk.)', '2025-07-07 11:18:04', 0, 5000, ''),
(491, 105, '', 0, '', -1, '(Orig: 43 / Neu: 42)RE-NR: 5196, Physikalische Bestandsänderung durch Versand (-1 Stk.)', '2025-07-07 15:17:29', 0, 5001, ''),
(492, 294, '', 0, '', -4, '(Orig: 172 / Neu: 168)RE-NR: 5197, Physikalische Bestandsänderung durch Versand (-4 Stk.)', '2025-07-11 17:01:20', 0, 5000, ''),
(493, 294, '', 0, '', -4, '(Orig: 168 / Neu: 164)LS2400024', '2025-07-11 17:38:13', 0, 5000, 'direct'),
(494, 105, '', 0, '', -2, '(Orig: 42 / Neu: 40)RE-NR: 5198, Physikalische Bestandsänderung durch Versand (-2 Stk.)', '2025-07-15 12:53:43', 0, 5000, ''),
(495, 114, '', 0, '', -1, '(Orig: 12 / Neu: 11)RE-NR: 5199, Physikalische Bestandsänderung durch Versand (-1 Stk.)', '2025-07-15 12:53:43', 0, 5000, ''),
(496, 301, '', 0, '', -4, '(Orig: 42 / Neu: 38)RE-NR: 5200, Physikalische Bestandsänderung durch Versand (-4 Stk.)', '2025-07-16 07:17:23', 0, 5000, ''),
(497, 295, '', 0, '', -1, '(Orig: 120 / Neu: 119)LS2500018', '2025-07-16 07:30:40', 0, 5000, 'direct'),
(498, 107, '', 0, '', -2, '(Orig: 66 / Neu: 64)RE-NR: 5201, Physikalische Bestandsänderung durch Versand (-2 Stk.)', '2025-07-18 15:28:03', 0, 5000, ''),
(499, 295, '', 0, '', -2, '(Orig: 119 / Neu: 117)RE-NR: 5202, Physikalische Bestandsänderung durch Versand (-2 Stk.)', '2025-07-18 15:28:03', 0, 5000, ''),
(500, 114, '', 0, '', -1, '(Orig: 11 / Neu: 10)RE-NR: 5203, Physikalische Bestandsänderung durch Versand (-1 Stk.)', '2025-07-20 12:31:22', 0, 5000, ''),
(501, 510, '', 0, '', -1, '(Orig: 30 / Neu: 29)RE-NR: 5204, Physikalische Bestandsänderung durch Versand (-1 Stk.)', '2025-07-21 16:12:43', 0, 5000, ''),
(502, 328, '', 0, '', -2, '(Orig: 154 / Neu: 152)RE-NR: 5205, Physikalische Bestandsänderung durch Versand (-2 Stk.)', '2025-07-22 14:19:59', 0, 5000, ''),
(503, 120, '', 0, '', -6, '(Orig: 53 / Neu: 47)RE-NR: 5206, Physikalische Bestandsänderung durch Versand (-6 Stk.)', '2025-07-24 13:51:46', 0, 5000, ''),
(504, 478, '', 0, '', -2, '(Orig: 10 / Neu: 8)RE-NR: 5206, Physikalische Bestandsänderung durch Versand (-2 Stk.)', '2025-07-24 13:51:46', 0, 5000, ''),
(505, 282, '', 0, '', -1, '(Orig: 44 / Neu: 43)RE-NR: 5207, Physikalische Bestandsänderung durch Versand (-1 Stk.)', '2025-07-24 13:51:46', 0, 5000, ''),
(506, 287, '', 0, '', -1, '(Orig: 47 / Neu: 46)RE-NR: 5207, Physikalische Bestandsänderung durch Versand (-1 Stk.)', '2025-07-24 13:51:46', 0, 5000, ''),
(507, 110, '', 0, '', -1, '(Orig: 169 / Neu: 168)RE-NR: 5208, Physikalische Bestandsänderung durch Versand (-1 Stk.)', '2025-07-28 14:11:30', 0, 5000, ''),
(508, 291, '', 0, '', -1, '(Orig: 19 / Neu: 18)RE-NR: 5209, Physikalische Bestandsänderung durch Versand (-1 Stk.)', '2025-07-30 15:48:20', 0, 5000, ''),
(509, 104, '', 0, '', -2, '(Orig: 56 / Neu: 54)RE-NR: 5210, Physikalische Bestandsänderung durch Versand (-2 Stk.)', '2025-07-30 15:48:20', 0, 5000, ''),
(510, 286, '', 0, '', -2, '(Orig: 55 / Neu: 53)RE-NR: 5210, Physikalische Bestandsänderung durch Versand (-2 Stk.)', '2025-07-30 15:48:20', 0, 5000, ''),
(511, 287, '', 0, '', -3, '(Orig: 46 / Neu: 43)RE-NR: 5211, Physikalische Bestandsänderung durch Versand (-3 Stk.)', '2025-08-02 18:22:24', 0, 5000, ''),
(512, 510, '', 0, '', -1, '(Orig: 29 / Neu: 28)RE-NR: 5212, Physikalische Bestandsänderung durch Versand (-1 Stk.)', '2025-08-04 14:19:43', 0, 5000, ''),
(513, 331, '', 0, '', -4, '(Orig: 91 / Neu: 87)RE-NR: 5213, Physikalische Bestandsänderung durch Versand (-4 Stk.)', '2025-08-04 14:19:43', 0, 5000, ''),
(514, 405, '', 0, '', -2, '(Orig: 20 / Neu: 18)RE2500018', '2025-08-06 07:49:55', 0, 5000, 'direct'),
(515, 105, '', 0, '', -1, '(Orig: 40 / Neu: 39)RE-NR: 5214, Physikalische Bestandsänderung durch Versand (-1 Stk.)', '2025-08-07 17:33:06', 0, 5000, ''),
(516, 166, '', 0, '', -2, '(Orig: 2 / Neu: 0)RE-NR: 5215, Physikalische Bestandsänderung durch Versand (-2 Stk.)', '2025-08-10 15:36:47', 0, 5000, ''),
(517, 510, '', 0, '', -5, '(Orig: 28 / Neu: 23)RE-NR: 5216, Physikalische Bestandsänderung durch Versand (-5 Stk.)', '2025-08-10 15:36:47', 0, 5000, ''),
(518, 291, '', 0, '', -2, '(Orig: 18 / Neu: 16)RE-NR: 5217, Physikalische Bestandsänderung durch Versand (-2 Stk.)', '2025-08-11 19:03:03', 0, 5000, ''),
(519, 378, '', 0, '', 8, '(Orig: 1 / Neu: 9)ER2500008', '2025-08-11 19:17:48', 0, 5000, 'direct'),
(520, 321, '', 0, '', -2, '(Orig: 29 / Neu: 27)RE-NR: 5218, Physikalische Bestandsänderung durch Versand (-2 Stk.)', '2025-08-13 15:58:20', 0, 5001, ''),
(521, 323, '', 0, '', -4, '(Orig: 15 / Neu: 11)RE-NR: 5218, Physikalische Bestandsänderung durch Versand (-4 Stk.)', '2025-08-13 15:58:20', 0, 5001, ''),
(522, 356, '', 0, '', -6, '(Orig: 8 / Neu: 2)RE-NR: 5219, Physikalische Bestandsänderung durch Versand (-6 Stk.)', '2025-08-14 16:08:10', 0, 5000, ''),
(523, 289, '', 0, '', -5, '(Orig: 18 / Neu: 13)RE-NR: 5220, Physikalische Bestandsänderung durch Versand (-5 Stk.)', '2025-08-14 16:08:10', 0, 5000, ''),
(524, 499, '', 0, '', -1, '(Orig: 91 / Neu: 90)RE-NR: 5221, Physikalische Bestandsänderung durch Versand (-1 Stk.)', '2025-08-17 14:34:54', 0, 5000, ''),
(525, 510, '', 0, '', -3, '(Orig: 23 / Neu: 20)RE-NR: 5223, Physikalische Bestandsänderung durch Versand (-3 Stk.)', '2025-08-18 17:45:29', 0, 5000, ''),
(526, 327, '', 0, '', -2, '(Orig: 101 / Neu: 99)RE-NR: 5224, Physikalische Bestandsänderung durch Versand (-2 Stk.)', '2025-08-18 17:45:29', 0, 5000, ''),
(527, 510, '', 0, '', -1, '(Orig: 20 / Neu: 19)RE-NR: 5225, Physikalische Bestandsänderung durch Versand (-1 Stk.)', '2025-08-18 19:01:58', 0, 5000, ''),
(528, 318, '', 0, '', -10, '(Orig: 175 / Neu: 165)RE-NR: 5222, Physikalische Bestandsänderung durch Versand (-10 Stk.)', '2025-08-20 07:58:44', 0, 5000, ''),
(529, 105, '', 0, '', -2, '(Orig: 39 / Neu: 37)RE-NR: 5226, Physikalische Bestandsänderung durch Versand (-2 Stk.)', '2025-08-22 16:19:15', 0, 5000, ''),
(530, 104, '', 0, '', -3, '(Orig: 54 / Neu: 51)RE-NR: 5227, Physikalische Bestandsänderung durch Versand (-3 Stk.)', '2025-08-25 04:26:44', 0, 5000, ''),
(531, 327, '', 0, '', -3, '(Orig: 99 / Neu: 96)RE-NR: 5228, Physikalische Bestandsänderung durch Versand (-3 Stk.)', '2025-08-26 14:15:16', 0, 5000, ''),
(532, 105, '', 0, '', -1, '(Orig: 37 / Neu: 36)RE-NR: 5229, Physikalische Bestandsänderung durch Versand (-1 Stk.)', '2025-08-30 08:04:24', 0, 5000, ''),
(533, 104, '', 0, '', -2, '(Orig: 51 / Neu: 49)RE-NR: 5230, Physikalische Bestandsänderung durch Versand (-2 Stk.)', '2025-09-03 17:01:21', 0, 5000, ''),
(534, 104, '', 0, '', -2, '(Orig: 49 / Neu: 47)RE-NR: 5232, Physikalische Bestandsänderung durch Versand (-2 Stk.)', '2025-09-11 16:39:34', 0, 5000, ''),
(535, 105, '', 0, '', -3, '(Orig: 36 / Neu: 33)RE-NR: 5231, Physikalische Bestandsänderung durch Versand (-3 Stk.)', '2025-09-12 14:03:30', 0, 5000, ''),
(536, 108, '', 0, '', -3, '(Orig: 8 / Neu: 5)RE-NR: 5231, Physikalische Bestandsänderung durch Versand (-3 Stk.)', '2025-09-12 14:03:30', 0, 5000, ''),
(537, 330, '', 0, '', -6, '(Orig: 121 / Neu: 115)RE-NR: 5233, Physikalische Bestandsänderung durch Versand (-6 Stk.)', '2025-09-12 14:03:30', 0, 5000, ''),
(538, 356, '', 0, '', -2, '(Orig: 2 / Neu: 0)RE-NR: 5234, Physikalische Bestandsänderung durch Versand (-2 Stk.)', '2025-09-18 17:59:07', 0, 5000, ''),
(539, 105, '', 0, '', -1, '(Orig: 33 / Neu: 32)RE-NR: 5235, Physikalische Bestandsänderung durch Versand (-1 Stk.)', '2025-09-18 17:59:07', 0, 5000, ''),
(540, 286, '', 0, '', -1, '(Orig: 53 / Neu: 52)RE-NR: 5235, Physikalische Bestandsänderung durch Versand (-1 Stk.)', '2025-09-18 17:59:07', 0, 5000, ''),
(541, 321, '', 0, '', -4, '(Orig: 27 / Neu: 23)RE-NR: 5236, Physikalische Bestandsänderung durch Versand (-4 Stk.)', '2025-09-18 17:59:07', 0, 5000, ''),
(542, 104, '', 0, '', -2, '(Orig: 47 / Neu: 45)RE-NR: 5237, Physikalische Bestandsänderung durch Versand (-2 Stk.)', '2025-09-21 09:50:29', 0, 5000, ''),
(543, 105, '', 0, '', -2, '(Orig: 32 / Neu: 30)RE-NR: 5237, Physikalische Bestandsänderung durch Versand (-2 Stk.)', '2025-09-21 09:50:29', 0, 5000, ''),
(544, 288, '', 0, '', -1, '(Orig: 29 / Neu: 28)RE-NR: 5238, Physikalische Bestandsänderung durch Versand (-1 Stk.)', '2025-09-23 15:56:09', 0, 5000, ''),
(545, 317, '', 0, '', -20, '(Orig: 31 / Neu: 11)RE-NR: 5239, Physikalische Bestandsänderung durch Versand (-20 Stk.)', '2025-09-25 11:35:50', 0, 5000, ''),
(546, 12, '', 0, '', -1, '(Orig: 10000 / Neu: 9999)RE-NR: 5240, Physikalische Bestandsänderung durch Versand (-1 Stk.)', '2025-09-27 14:48:49', 0, 5000, ''),
(547, 105, '', 0, '', -1, '(Orig: 30 / Neu: 29)RE-NR: 5241, Physikalische Bestandsänderung durch Versand (-1 Stk.)', '2025-09-27 14:48:49', 0, 5000, ''),
(548, 405, '', 0, '', -4, '(Orig: 18 / Neu: 14)RE2500020', '2025-09-27 15:34:31', 0, 5000, 'direct'),
(549, 287, '', 0, '', -1, '(Orig: 43 / Neu: 42)RE-NR: 5242, Physikalische Bestandsänderung durch Versand (-1 Stk.)', '2025-09-28 18:09:52', 0, 5000, ''),
(550, 356, '', 0, '', 25, '(Orig: 0 / Neu: 25)EL2500010', '2025-09-29 17:17:08', 0, 5000, 'direct'),
(551, 301, '', 0, '', 147, '(Orig: 38 / Neu: 185)EL2500010', '2025-09-29 17:33:34', 0, 5000, 'direct'),
(552, 301, '', 0, '', -12, '(Orig: 185 / Neu: 173)LS2500013', '2025-09-29 17:36:02', 0, 5000, 'direct'),
(553, 298, '', 0, '', -2, '(Orig: 37 / Neu: 35)RE-NR: 5243, Physikalische Bestandsänderung durch Versand (-2 Stk.)', '2025-09-30 12:15:45', 0, 5000, ''),
(554, 317, '', 0, '', 16, '(Orig: 11 / Neu: 27)Restmenge alter Preis', '2025-09-30 14:48:16', 0, 5000, 'direct'),
(555, 286, '', 0, '', 1, '(Orig: 52 / Neu: 53)Aus Re-Nr.: 5235 / Reklamation 3 -> Rueckbuchung ohne Retoureauftrag 1 Stk.', '2025-10-06 15:25:33', 0, 5000, ''),
(556, 343, '', 0, '', -6, '(Orig: 10 / Neu: 4)LS2500022', '2025-10-08 18:11:20', 0, 5000, 'direct'),
(557, 327, '', 0, '', -2, '(Orig: 96 / Neu: 94)RE-NR: 5245, Physikalische Bestandsänderung durch Versand (-2 Stk.)', '2025-10-11 16:21:48', 0, 5000, ''),
(558, 331, '', 0, '', -2, '(Orig: 87 / Neu: 85)LS2500023', '2025-10-13 13:49:10', 0, 5000, 'direct'),
(559, 499, '', 0, '', -3, '(Orig: 90 / Neu: 87)RE-NR: 5246, Physikalische Bestandsänderung durch Versand (-3 Stk.)', '2025-10-13 14:03:36', 0, 5000, ''),
(560, 320, '', 0, '', -1, '(Orig: 6 / Neu: 5)RE-NR: 5247, Physikalische Bestandsänderung durch Versand (-1 Stk.)', '2025-10-13 14:03:36', 0, 5000, ''),
(561, 510, '', 0, '', -3, '(Orig: 19 / Neu: 16)RE-NR: 5248, Physikalische Bestandsänderung durch Versand (-3 Stk.)', '2025-10-13 14:03:36', 0, 5000, ''),
(562, 105, '', 0, '', -1, '(Orig: 29 / Neu: 28)RE-NR: 5249, Physikalische Bestandsänderung durch Versand (-1 Stk.)', '2025-10-16 17:34:01', 0, 5000, ''),
(563, 287, '', 0, '', -1, '(Orig: 42 / Neu: 41)RE-NR: 5250, Physikalische Bestandsänderung durch Versand (-1 Stk.)', '2025-10-19 15:08:48', 0, 5000, ''),
(564, 108, '', 0, '', -5, '(Orig: 5 / Neu: 0)RE-NR: 5244, Physikalische Bestandsänderung durch Versand (-5 Stk.)', '2025-10-20 15:28:51', 0, 5000, ''),
(565, 101, '', 0, '', -5, '(Orig: 277 / Neu: 272)RE-NR: 5251, Physikalische Bestandsänderung durch Versand (-5 Stk.)', '2025-10-20 15:28:51', 0, 5000, ''),
(566, 103, '', 0, '', -1, '(Orig: 44 / Neu: 43)RE-NR: 5252, Physikalische Bestandsänderung durch Versand (-1 Stk.)', '2025-10-23 14:16:54', 0, 5000, ''),
(567, 446, '', 0, '', -20, '(Orig: 50 / Neu: 30)RE-NR: 5253, Physikalische Bestandsänderung durch Versand (-20 Stk.)', '2025-10-23 14:16:54', 0, 5000, ''),
(568, 176, '', 0, '', -1, '(Orig: 121 / Neu: 120)RE-NR: 5254, Physikalische Bestandsänderung durch Versand (-1 Stk.)', '2025-10-26 10:03:52', 0, 5000, ''),
(569, 301, '', 0, '', -1, '(Orig: 173 / Neu: 172)RE-NR: 5254, Physikalische Bestandsänderung durch Versand (-1 Stk.)', '2025-10-26 10:03:52', 0, 5000, ''),
(570, 360, '', 0, '', -4, '(Orig: 107 / Neu: 103)RE-NR: 5254, Physikalische Bestandsänderung durch Versand (-4 Stk.)', '2025-10-26 10:03:52', 0, 5000, ''),
(571, 107, '', 0, '', -1, '(Orig: 64 / Neu: 63)RE-NR: 5255, Physikalische Bestandsänderung durch Versand (-1 Stk.)', '2025-11-02 11:44:33', 0, 5000, ''),
(572, 331, '', 0, '', -50, '(Orig: 85 / Neu: 35)LS2500024', '2025-11-03 17:00:25', 0, 5000, 'direct'),
(573, 392, '', 0, '', -10, '(Orig: 37 / Neu: 27)LS2500024', '2025-11-03 17:01:42', 0, 5000, 'direct'),
(574, 329, '', 0, '', -6, '(Orig: 54 / Neu: 48)RE-NR: 5256, Physikalische Bestandsänderung durch Versand (-6 Stk.)', '2025-11-03 17:04:16', 0, 5000, ''),
(575, 110, '', 0, '', -1, '(Orig: 168 / Neu: 167)RE-NR: 5257, Physikalische Bestandsänderung durch Versand (-1 Stk.)', '2025-11-05 06:48:26', 0, 5000, ''),
(576, 510, '', 0, '', -1, '(Orig: 16 / Neu: 15)RE-NR: 5258, Physikalische Bestandsänderung durch Versand (-1 Stk.)', '2025-11-06 16:53:26', 0, 5000, ''),
(577, 295, '', 0, '', -4, '(Orig: 117 / Neu: 113)RE-NR: 5259, Physikalische Bestandsänderung durch Versand (-4 Stk.)', '2025-11-06 16:53:26', 0, 5000, ''),
(578, 121, '', 0, '', -3, '(Orig: 5 / Neu: 2)RE-NR: 5260, Physikalische Bestandsänderung durch Versand (-3 Stk.)', '2025-11-10 15:31:03', 0, 5000, ''),
(579, 286, '', 0, '', -5, '(Orig: 53 / Neu: 48)RE-NR: 5260, Physikalische Bestandsänderung durch Versand (-5 Stk.)', '2025-11-10 15:31:03', 0, 5000, ''),
(580, 289, '', 0, '', -5, '(Orig: 13 / Neu: 8)RE-NR: 5260, Physikalische Bestandsänderung durch Versand (-5 Stk.)', '2025-11-10 15:31:03', 0, 5000, ''),
(581, 290, '', 0, '', -3, '(Orig: 27 / Neu: 24)RE-NR: 5260, Physikalische Bestandsänderung durch Versand (-3 Stk.)', '2025-11-10 15:31:03', 0, 5000, ''),
(582, 176, '', 0, '', -1, '(Orig: 120 / Neu: 119)RE-NR: 5261, Physikalische Bestandsänderung durch Versand (-1 Stk.)', '2025-11-10 15:31:03', 0, 5000, ''),
(583, 107, '', 0, '', -1, '(Orig: 63 / Neu: 62)RE-NR: 5262, Physikalische Bestandsänderung durch Versand (-1 Stk.)', '2025-11-11 13:55:46', 0, 5000, ''),
(584, 281, '', 0, '', -1, '(Orig: 13 / Neu: 12)RE-NR: 5263, Physikalische Bestandsänderung durch Versand (-1 Stk.)', '2025-11-12 18:21:28', 0, 5000, ''),
(585, 284, '', 0, '', -2, '(Orig: 75 / Neu: 73)RE-NR: 5263, Physikalische Bestandsänderung durch Versand (-2 Stk.)', '2025-11-12 18:21:28', 0, 5000, ''),
(586, 286, '', 0, '', -2, '(Orig: 48 / Neu: 46)RE-NR: 5263, Physikalische Bestandsänderung durch Versand (-2 Stk.)', '2025-11-12 18:21:28', 0, 5000, ''),
(587, 317, '', 0, '', -13, '(Orig: 27 / Neu: 14)LS2500025 Teil Charge 371601 ', '2025-11-12 19:58:09', 0, 5000, 'direct'),
(588, 317, '', 0, '', 113, '(Orig: 14 / Neu: 127)Zugang Charge 371601', '2025-11-12 19:59:23', 0, 5000, 'direct'),
(589, 317, '', 0, '', -10, '(Orig: 127 / Neu: 117)waren nur 103 Stück', '2025-11-12 19:59:49', 0, 5000, 'direct'),
(590, 325, '', 0, '', -60, '(Orig: 91 / Neu: 31)LS2500025', '2025-11-12 20:03:10', 0, 5000, 'direct'),
(591, 104, '', 0, '', -4, '(Orig: 45 / Neu: 41)RE-NR: 5264, Physikalische Bestandsänderung durch Versand (-4 Stk.)', '2025-11-14 14:46:14', 0, 5000, ''),
(592, 290, '', 0, '', -2, '(Orig: 24 / Neu: 22)RE-NR: 5264, Physikalische Bestandsänderung durch Versand (-2 Stk.)', '2025-11-14 14:46:14', 0, 5000, ''),
(593, 114, '', 0, '', -1, '(Orig: 10 / Neu: 9)RE-NR: 5265, Physikalische Bestandsänderung durch Versand (-1 Stk.)', '2025-11-17 16:34:02', 0, 5000, ''),
(594, 510, '', 0, '', -2, '(Orig: 15 / Neu: 13)RE-NR: 5266, Physikalische Bestandsänderung durch Versand (-2 Stk.)', '2025-11-18 16:47:20', 1, 5000, ''),
(595, 110, '', 0, '', -1, '(Orig: 167 / Neu: 166)RE-NR: 5267, Physikalische Bestandsänderung durch Versand (-1 Stk.)', '2025-11-19 14:15:37', 1, 5000, ''),
(596, 105, '', 0, '', -1, '(Orig: 28 / Neu: 27)RE-NR: 5268, Physikalische Bestandsänderung durch Versand (-1 Stk.)', '2025-11-22 08:27:32', 1, 5000, ''),
(597, 499, '', 0, '', -2, '(Orig: 87 / Neu: 85)RE-NR: 5269, Physikalische Bestandsänderung durch Versand (-2 Stk.)', '2025-11-22 08:27:32', 1, 5000, ''),
(598, 105, '', 0, '', -1, '(Orig: 27 / Neu: 26)RE-NR: 5270, Physikalische Bestandsänderung durch Versand (-1 Stk.)', '2025-11-22 08:27:32', 1, 5000, ''),
(599, 105, '', 0, '', -1, '(Orig: 26 / Neu: 25)RE-NR: 5271, Physikalische Bestandsänderung durch Versand (-1 Stk.)', '2025-11-28 21:32:33', 1, 5001, ''),
(600, 478, '', 0, '', -1, '(Orig: 8 / Neu: 7)RE-NR: 5272, Physikalische Bestandsänderung durch Versand (-1 Stk.)', '2025-12-02 15:54:33', 1, 5000, ''),
(601, 478, '', 0, '', -2, '(Orig: 7 / Neu: 5)RE-NR: 5273, Physikalische Bestandsänderung durch Versand (-2 Stk.)', '2025-12-02 15:54:33', 1, 5000, ''),
(602, 120, '', 0, '', -1, '(Orig: 47 / Neu: 46)RE-NR: 5274, Physikalische Bestandsänderung durch Versand (-1 Stk.)', '2025-12-02 15:54:33', 1, 5000, ''),
(603, 288, '', 0, '', -2, '(Orig: 28 / Neu: 26)RE-NR: 5275, Physikalische Bestandsänderung durch Versand (-2 Stk.)', '2025-12-03 18:37:17', 1, 5000, ''),
(604, 105, '', 0, '', -1, '(Orig: 25 / Neu: 24)RE-NR: 5276, Physikalische Bestandsänderung durch Versand (-1 Stk.)', '2025-12-05 13:07:03', 1, 5000, ''),
(605, 110, '', 0, '', -2, '(Orig: 166 / Neu: 164)RE-NR: 5276, Physikalische Bestandsänderung durch Versand (-2 Stk.)', '2025-12-05 13:07:03', 1, 5000, ''),
(606, 286, '', 0, '', -20, '(Orig: 46 / Neu: 26)RE-NR: 5277, Physikalische Bestandsänderung durch Versand (-20 Stk.)', '2025-12-05 13:07:03', 1, 5000, ''),
(607, 287, '', 0, '', -5, '(Orig: 41 / Neu: 36)RE-NR: 5277, Physikalische Bestandsänderung durch Versand (-5 Stk.)', '2025-12-05 13:07:03', 1, 5000, ''),
(608, 510, '', 0, '', -1, '(Orig: 13 / Neu: 12)RE-NR: 5279, Physikalische Bestandsänderung durch Versand (-1 Stk.)', '2025-12-06 10:06:56', 1, 5000, ''),
(609, 327, '', 0, '', -3, '(Orig: 94 / Neu: 91)RE-NR: 5280, Physikalische Bestandsänderung durch Versand (-3 Stk.)', '2025-12-08 14:46:10', 1, 5000, ''),
(610, 335, '', 0, '', -30, '(Orig: 363 / Neu: 333)RE-NR: 5281, Physikalische Bestandsänderung durch Versand (-30 Stk.)', '2025-12-08 14:46:10', 1, 5000, ''),
(611, 499, '', 0, '', -3, '(Orig: 85 / Neu: 82)RE-NR: 5282, Physikalische Bestandsänderung durch Versand (-3 Stk.)', '2025-12-08 14:46:10', 1, 5000, ''),
(612, 335, '', 0, '', -8, '(Orig: 333 / Neu: 325)LS2500016', '2025-12-08 15:36:17', 0, 5000, 'direct'),
(613, 110, '', 0, '', -1, '(Orig: 164 / Neu: 163)RE-NR: 5283, Physikalische Bestandsänderung durch Versand (-1 Stk.)', '2025-12-10 16:47:34', 1, 5000, ''),
(614, 101, '', 0, '', -1, '(Orig: 272 / Neu: 271)RE-NR: 5284, Physikalische Bestandsänderung durch Versand (-1 Stk.)', '2025-12-11 18:32:04', 1, 5000, ''),
(615, 290, '', 0, '', -1, '(Orig: 22 / Neu: 21)RE-NR: 5285, Physikalische Bestandsänderung durch Versand (-1 Stk.)', '2025-12-13 13:58:09', 1, 5000, ''),
(616, 301, '', 0, '', -6, '(Orig: 172 / Neu: 166)RE-NR: 5286, Physikalische Bestandsänderung durch Versand (-6 Stk.)', '2025-12-17 15:56:22', 1, 5000, ''),
(617, 286, '', 0, '', -5, '(Orig: 26 / Neu: 21)RE-NR: 5287, Physikalische Bestandsänderung durch Versand (-5 Stk.)', '2025-12-19 16:21:45', 1, 5000, '');

-- --------------------------------------------------------

--
-- Tabellenstruktur für Tabelle `incoming_payments`
--

