CREATE TABLE `products_to_categories` (
  `products_id` int(11) NOT NULL DEFAULT '0',
  `categories_id` int(11) NOT NULL DEFAULT '0'
) ENGINE=MyISAM DEFAULT CHARSET=utf8;

--
-- Daten für Tabelle `products_to_categories`
--

INSERT INTO `products_to_categories` (`products_id`, `categories_id`) VALUES
(1, 30),
(2, 30),
(3, 30),
(4, 30),
(5, 30),
(6, 30),
(7, 30),
(8, 30),
(9, 30),
(10, 30),
(11, 30),
(12, 30),
(13, 30),
(14, 30),
(15, 30),
(16, 30),
(17, 30),
(18, 30),
(19, 30),
(20, 30),
(20, 73),
(100, 74),
(101, 74),
(102, 74),
(103, 74),
(104, 74),
(105, 74),
(106, 74),
(107, 74),
(108, 74),
(109, 74),
(110, 74),
(111, 74),
(112, 74),
(113, 74),
(114, 74),
(115, 74),
(116, 74),
(117, 74),
(118, 74),
(119, 74),
(120, 74),
(121, 74),
(122, 74),
(123, 74),
(124, 74),
(125, 74),
(126, 56),
(127, 56),
(128, 56),
(129, 56),
(130, 56),
(131, 56),
(132, 56),
(133, 56),
(134, 56),
(135, 56),
(136, 56),
(137, 56),
(138, 56),
(139, 56),
(140, 56),
(141, 56),
(142, 56),
(143, 56),
(144, 57),
(145, 57),
(146, 57),
(147, 57),
(148, 57),
(149, 57),
(150, 57),
(151, 57),
(152, 57),
(153, 57),
(154, 57),
(155, 57),
(156, 57),
(157, 57),
(158, 57),
(159, 57),
(160, 57),
(161, 57),
(162, 57),
(163, 57),
(164, 57),
(165, 57),
(166, 57),
(167, 57),
(168, 57),
(169, 57),
(170, 67),
(171, 64),
(172, 43),
(173, 75),
(174, 75),
(175, 62),
(176, 62),
(177, 63),
(178, 63),
(179, 43),
(180, 70),
(181, 64),
(182, 62),
(183, 62),
(184, 62),
(185, 62),
(186, 62),
(187, 62),
(188, 62),
(189, 62),
(190, 62),
(191, 62),
(192, 66),
(193, 66),
(194, 63),
(195, 63),
(196, 63),
(197, 62),
(198, 62),
(199, 62),
(200, 62),
(201, 71),
(202, 62),
(203, 73),
(204, 73),
(205, 66),
(206, 62),
(207, 62),
(208, 62),
(209, 62),
(210, 62),
(211, 62),
(212, 61),
(213, 62),
(214, 62),
(215, 62),
(216, 62),
(217, 62),
(218, 62),
(219, 62),
(220, 62),
(221, 66),
(222, 62),
(223, 62),
(224, 62),
(225, 62),
(226, 62),
(227, 62),
(228, 62),
(229, 61),
(230, 62),
(231, 62),
(232, 62),
(233, 62),
(234, 62),
(235, 62),
(236, 62),
(237, 62),
(238, 62),
(239, 62),
(240, 62),
(241, 62),
(242, 62),
(243, 62),
(244, 62),
(245, 62),
(246, 62),
(247, 62),
(248, 62),
(249, 62),
(250, 47),
(251, 62),
(252, 62),
(253, 63),
(254, 70),
(255, 62),
(256, 62),
(257, 70),
(258, 62),
(259, 62),
(260, 62),
(261, 62),
(262, 62),
(263, 62),
(264, 62),
(265, 62),
(266, 62),
(267, 61),
(268, 62),
(269, 62),
(270, 63),
(271, 61),
(272, 63),
(273, 62),
(274, 62),
(275, 62),
(276, 62),
(277, 43),
(278, 62),
(279, 43),
(280, 62),
(281, 47),
(282, 47),
(283, 47),
(284, 47),
(285, 47),
(286, 47),
(287, 47),
(288, 47),
(289, 47),
(290, 47),
(291, 47),
(292, 47),
(293, 47),
(294, 62),
(295, 62),
(296, 62),
(297, 62),
(298, 62),
(299, 62),
(300, 62),
(301, 62),
(302, 62),
(303, 62),
(304, 62),
(305, 62),
(306, 62),
(307, 62),
(308, 62),
(309, 62),
(310, 62),
(311, 62),
(312, 62),
(313, 62),
(314, 62),
(315, 62),
(316, 62),
(317, 62),
(318, 62),
(319, 62),
(320, 62),
(321, 62),
(322, 62),
(323, 66),
(324, 62),
(325, 62),
(326, 62),
(327, 62),
(328, 62),
(329, 62),
(330, 62),
(331, 62),
(332, 62),
(333, 62),
(334, 62),
(335, 62),
(336, 62),
(337, 62),
(338, 63),
(339, 62),
(340, 62),
(341, 62),
(342, 62),
(343, 62),
(344, 62),
(345, 62),
(346, 62),
(347, 62),
(348, 62),
(349, 62),
(350, 62),
(351, 62),
(352, 62),
(353, 62),
(354, 62),
(355, 62),
(356, 62),
(357, 62),
(358, 62),
(359, 62),
(360, 62),
(361, 62),
(362, 61),
(363, 62),
(364, 62),
(365, 62),
(366, 62),
(367, 62),
(368, 62),
(369, 62),
(370, 62),
(371, 66),
(372, 66),
(373, 66),
(374, 66),
(375, 66),
(376, 66),
(377, 61),
(378, 62),
(379, 63),
(380, 61),
(381, 61),
(382, 61),
(383, 62),
(384, 63),
(385, 62),
(386, 62),
(387, 62),
(388, 62),
(389, 64),
(390, 70),
(391, 62),
(392, 62),
(393, 62),
(394, 62),
(395, 62),
(396, 62),
(397, 66),
(398, 61),
(399, 66),
(400, 70),
(401, 62),
(402, 63),
(403, 62),
(404, 62),
(405, 62),
(406, 61),
(407, 62),
(408, 61),
(409, 61),
(410, 62),
(411, 61),
(412, 61),
(413, 61),
(414, 61),
(415, 63),
(416, 63),
(417, 62),
(418, 70),
(419, 73),
(420, 63),
(421, 61),
(422, 63),
(423, 62),
(424, 62),
(425, 62),
(426, 70),
(427, 70),
(428, 65),
(429, 66),
(430, 63),
(431, 61),
(432, 62),
(433, 66),
(434, 63),
(435, 63),
(436, 63),
(437, 65),
(438, 67),
(439, 70),
(440, 70),
(441, 59),
(442, 63),
(443, 59),
(444, 63),
(445, 59),
(446, 62),
(447, 62),
(448, 62),
(449, 62),
(450, 62),
(451, 62),
(452, 62),
(453, 62),
(454, 61),
(455, 61),
(456, 60),
(457, 59),
(458, 59),
(459, 59),
(460, 59),
(461, 59),
(462, 59),
(463, 59),
(464, 59),
(465, 59),
(466, 59),
(467, 59),
(468, 59),
(469, 59),
(470, 59),
(471, 78),
(472, 78),
(473, 78),
(474, 78),
(475, 78),
(476, 78),
(477, 66),
(478, 74),
(479, 63),
(480, 63),
(481, 61),
(482, 61),
(483, 61),
(484, 63),
(485, 62),
(486, 63),
(487, 63),
(488, 63),
(489, 63),
(490, 61),
(491, 65),
(492, 61),
(493, 62),
(494, 54),
(495, 54),
(496, 77),
(497, 77),
(498, 77),
(499, 43),
(499, 76),
(500, 44),
(501, 77),
(502, 77),
(503, 77),
(504, 76),
(505, 76),
(506, 76),
(507, 76),
(508, 76),
(509, 76),
(510, 76),
(511, 74),
(512, 70),
(513, 47),
(514, 70),
(515, 62),
(516, 62),
(517, 62),
(518, 62),
(519, 45),
(520, 45),
(521, 45),
(522, 45),
(523, 45),
(524, 45),
(525, 45),
(526, 45),
(527, 45),
(528, 45),
(529, 45),
(530, 45),
(531, 45),
(532, 45),
(533, 45),
(534, 45),
(535, 45),
(536, 45),
(537, 45),
(538, 45),
(539, 75),
(540, 43),
(541, 44),
(542, 44);

-- --------------------------------------------------------

--
-- Tabellenstruktur für Tabelle `products_to_characteristics`
--

CREATE TABLE `products_to_characteristics` (
  `products_to_characteristics_id` int(11) NOT NULL,
  `products_id` int(11) NOT NULL DEFAULT '0',
  `products_characteristic_set_id` int(11) NOT NULL DEFAULT '0'
) ENGINE=MyISAM DEFAULT CHARSET=utf8;

--
-- Daten für Tabelle `products_to_characteristics`
--

INSERT INTO `products_to_characteristics` (`products_to_characteristics_id`, `products_id`, `products_characteristic_set_id`) VALUES
(322, 0, 0),
(2629, 279, 511),
(2627, 179, 348),
(2626, 179, 347),
(2625, 179, 346),
(2637, 277, 351),
(12932, 421, 783),
(2624, 179, 344),
(12931, 421, 776),
(2623, 179, 345),
(2634, 172, 343),
(2633, 172, 337),
(2632, 172, 349),
(12930, 421, 771),
(12460, 283, 248),
(12929, 421, 277),
(12928, 421, 270),
(12927, 421, 267),
(12397, 281, 248),
(12376, 250, 248),
(12439, 282, 248),
(12502, 285, 248),
(12544, 287, 248),
(12585, 289, 241),
(12627, 291, 248),
(12669, 293, 248),
(12375, 250, 241),
(12374, 250, 896),
(12396, 281, 241),
(12395, 281, 896),
(12438, 282, 241),
(12437, 282, 896),
(12459, 283, 241),
(12668, 293, 241),
(12648, 292, 248),
(12481, 284, 248),
(12523, 286, 248),
(12565, 288, 248),
(12606, 290, 248),
(12647, 292, 241),
(12373, 250, 240),
(12372, 250, 234),
(12394, 281, 240),
(12393, 281, 234),
(12436, 282, 240),
(12435, 282, 234),
(12458, 283, 896),
(12667, 293, 896),
(12646, 292, 896),
(12626, 291, 241),
(12605, 290, 241),
(12584, 289, 896),
(12564, 288, 241),
(12543, 287, 241),
(12522, 286, 241),
(12501, 285, 241),
(12480, 284, 241),
(12457, 283, 240),
(12434, 282, 252),
(12392, 281, 252),
(12371, 250, 252),
(12370, 250, 760),
(12666, 293, 240),
(12645, 292, 240),
(12625, 291, 896),
(12604, 290, 896),
(12583, 289, 240),
(12563, 288, 896),
(12542, 287, 896),
(12521, 286, 896),
(12500, 285, 896),
(12479, 284, 896),
(12456, 283, 234),
(12433, 282, 760),
(12391, 281, 760),
(12624, 291, 240),
(12603, 290, 240),
(12582, 289, 234),
(12562, 288, 240),
(12541, 287, 240),
(12520, 286, 240),
(12499, 285, 240),
(12478, 284, 240),
(12455, 283, 252),
(12432, 282, 232),
(12390, 281, 232),
(12369, 250, 232),
(12665, 293, 234),
(12664, 293, 252),
(12663, 293, 760),
(12662, 293, 232),
(12661, 293, 571),
(12644, 292, 234),
(12643, 292, 252),
(12642, 292, 760),
(12641, 292, 232),
(12640, 292, 571),
(12623, 291, 234),
(12622, 291, 252),
(12621, 291, 760),
(12620, 291, 232),
(12619, 291, 571),
(12602, 290, 234),
(12601, 290, 252),
(12600, 290, 760),
(12599, 290, 232),
(12598, 290, 571),
(12581, 289, 252),
(12580, 289, 760),
(12579, 289, 232),
(12578, 289, 571),
(12577, 289, 570),
(12561, 288, 234),
(12560, 288, 252),
(12559, 288, 760),
(12558, 288, 232),
(12557, 288, 571),
(12540, 287, 234),
(12539, 287, 252),
(12538, 287, 760),
(12537, 287, 232),
(12536, 287, 571),
(12519, 286, 234),
(12518, 286, 252),
(12517, 286, 760),
(12516, 286, 232),
(12515, 286, 571),
(12498, 285, 234),
(12497, 285, 252),
(12496, 285, 760),
(12495, 285, 232),
(12494, 285, 571),
(12477, 284, 234),
(12476, 284, 252),
(12475, 284, 760),
(12474, 284, 232),
(12473, 284, 571),
(12454, 283, 760),
(12453, 283, 232),
(12452, 283, 571),
(12451, 283, 570),
(12450, 283, 567),
(12431, 282, 571),
(12430, 282, 570),
(12429, 282, 567),
(12428, 282, 566),
(12427, 282, 217),
(12389, 281, 571),
(12388, 281, 570),
(12387, 281, 567),
(12386, 281, 566),
(12385, 281, 216),
(12368, 250, 571),
(12367, 250, 570),
(12366, 250, 567),
(12365, 250, 566),
(12364, 250, 215),
(12660, 293, 570),
(12639, 292, 570),
(12618, 291, 570),
(12597, 290, 570),
(12576, 289, 567),
(12556, 288, 570),
(12535, 287, 570),
(12514, 286, 570),
(12493, 285, 570),
(12472, 284, 570),
(12449, 283, 566),
(12426, 282, 621),
(12384, 281, 621),
(12363, 250, 621),
(12926, 421, 335),
(12925, 421, 254),
(12924, 421, 259),
(12923, 421, 362),
(12922, 421, 456),
(12921, 421, 257),
(2628, 279, 510),
(2636, 277, 349),
(2622, 179, 505),
(2631, 172, 506),
(2635, 277, 506),
(12920, 421, 283),
(12919, 421, 325),
(12918, 421, 887),
(3263, 254, 248),
(3255, 440, 267),
(3254, 440, 335),
(3253, 440, 254),
(3252, 440, 261),
(3251, 440, 308),
(3250, 440, 362),
(3249, 440, 258),
(3248, 440, 325),
(3247, 440, 248),
(3246, 440, 241),
(3245, 440, 491),
(3244, 440, 240),
(3243, 440, 234),
(3398, 257, 248),
(3397, 257, 241),
(3389, 439, 335),
(3388, 439, 254),
(3387, 439, 261),
(3386, 439, 320),
(3385, 439, 364),
(3384, 439, 443),
(3383, 439, 258),
(3382, 439, 325),
(3381, 439, 248),
(3380, 439, 241),
(3379, 439, 491),
(3378, 439, 240),
(3377, 439, 234),
(6323, 389, 270),
(6287, 438, 335),
(6286, 438, 254),
(6285, 438, 263),
(6284, 438, 493),
(6283, 438, 364),
(6282, 438, 440),
(6281, 438, 256),
(6280, 438, 325),
(6279, 438, 248),
(6278, 438, 241),
(6277, 438, 491),
(6276, 438, 240),
(6275, 438, 234),
(12883, 436, 783),
(12882, 436, 776),
(12881, 436, 771),
(12880, 436, 277),
(12879, 436, 270),
(12878, 436, 267),
(12877, 436, 335),
(12876, 436, 254),
(12875, 436, 263),
(12874, 436, 486),
(12873, 436, 362),
(12872, 436, 485),
(9197, 435, 335),
(9196, 435, 254),
(9195, 435, 263),
(9194, 435, 487),
(9193, 435, 364),
(9192, 435, 444),
(9191, 435, 257),
(9190, 435, 283),
(9189, 435, 325),
(9188, 435, 248),
(9187, 435, 241),
(9186, 435, 491),
(9185, 435, 240),
(9184, 435, 234),
(9173, 434, 335),
(9172, 434, 254),
(9171, 434, 264),
(9170, 434, 488),
(9169, 434, 364),
(9168, 434, 444),
(9167, 434, 257),
(9166, 434, 283),
(9165, 434, 325),
(9164, 434, 248),
(9163, 434, 241),
(9162, 434, 491),
(9161, 434, 240),
(9160, 434, 234),
(14196, 430, 783),
(14195, 430, 776),
(14194, 430, 771),
(14193, 430, 277),
(14192, 430, 270),
(14191, 430, 267),
(14190, 430, 335),
(14189, 430, 254),
(14188, 430, 263),
(14187, 430, 493),
(14186, 430, 362),
(14185, 430, 446),
(14184, 430, 257),
(14183, 430, 283),
(9077, 422, 335),
(9076, 422, 254),
(9075, 422, 263),
(9074, 422, 489),
(9073, 422, 362),
(9072, 422, 440),
(9071, 422, 257),
(9070, 422, 283),
(9069, 422, 325),
(9068, 422, 248),
(9067, 422, 241),
(9066, 422, 491),
(9065, 422, 240),
(9064, 422, 234),
(9006, 420, 335),
(9005, 420, 254),
(9004, 420, 263),
(9003, 420, 314),
(9002, 420, 362),
(9001, 420, 455),
(9000, 420, 257),
(8999, 420, 283),
(8998, 420, 325),
(8997, 420, 248),
(8996, 420, 241),
(8995, 420, 491),
(8994, 420, 240),
(8993, 420, 234),
(8992, 420, 333),
(8983, 416, 267),
(8982, 416, 335),
(8981, 416, 254),
(8980, 416, 263),
(8979, 416, 490),
(8978, 416, 362),
(8977, 416, 459),
(8976, 416, 257),
(8975, 416, 283),
(8974, 416, 325),
(8973, 416, 248),
(8972, 416, 241),
(8971, 416, 240),
(8970, 416, 234),
(12871, 436, 257),
(12870, 436, 283),
(12869, 436, 325),
(9183, 435, 333),
(9159, 434, 333),
(9063, 422, 333),
(8969, 416, 333),
(8799, 415, 254),
(8798, 415, 263),
(8797, 415, 492),
(8796, 415, 362),
(8795, 415, 460),
(8794, 415, 257),
(8793, 415, 283),
(8792, 415, 325),
(8791, 415, 248),
(8790, 415, 241),
(8789, 415, 491),
(8788, 415, 240),
(8787, 415, 234),
(8786, 415, 333),
(9100, 402, 254),
(9099, 402, 263),
(9098, 402, 493),
(9097, 402, 364),
(9096, 402, 440),
(9095, 402, 257),
(9094, 402, 283),
(9093, 402, 325),
(9092, 402, 248),
(9091, 402, 241),
(9090, 402, 491),
(9089, 402, 240),
(9088, 402, 234),
(9087, 402, 333),
(12659, 293, 567),
(12638, 292, 567),
(12617, 291, 567),
(12596, 290, 567),
(12575, 289, 566),
(12555, 288, 567),
(12534, 287, 567),
(12513, 286, 567),
(12492, 285, 567),
(12471, 284, 567),
(12448, 283, 217),
(12425, 282, 251),
(12383, 281, 251),
(12362, 250, 251),
(3242, 440, 333),
(3241, 440, 232),
(3376, 439, 333),
(3375, 439, 232),
(6274, 438, 333),
(6273, 438, 232),
(12868, 436, 887),
(12867, 436, 248),
(9182, 435, 760),
(9181, 435, 232),
(9158, 434, 760),
(9157, 434, 232),
(14182, 430, 325),
(14181, 430, 248),
(9062, 422, 760),
(9061, 422, 232),
(8991, 420, 760),
(8990, 420, 232),
(8968, 416, 760),
(8967, 416, 232),
(8785, 415, 760),
(8784, 415, 232),
(9086, 402, 760),
(9085, 402, 232),
(12917, 421, 248),
(8183, 414, 788),
(8182, 414, 783),
(8207, 408, 788),
(8206, 408, 783),
(7778, 380, 788),
(7777, 380, 783),
(7802, 381, 788),
(7801, 381, 783),
(7825, 406, 788),
(7824, 406, 783),
(8279, 271, 248),
(8278, 271, 241),
(7873, 412, 788),
(7872, 412, 783),
(7897, 212, 789),
(7896, 212, 782),
(7921, 413, 788),
(7920, 413, 783),
(7945, 377, 788),
(7944, 377, 783),
(7968, 229, 789),
(7967, 229, 782),
(7992, 382, 788),
(7991, 382, 783),
(8016, 411, 788),
(8015, 411, 783),
(8303, 267, 791),
(8302, 267, 782),
(8064, 362, 788),
(8063, 362, 783),
(8088, 431, 788),
(8087, 431, 783),
(8112, 398, 788),
(8111, 398, 783),
(8136, 409, 788),
(8135, 409, 783),
(8181, 414, 776),
(8180, 414, 771),
(8179, 414, 277),
(8178, 414, 270),
(8177, 414, 267),
(8176, 414, 335),
(8175, 414, 254),
(8174, 414, 259),
(8173, 414, 289),
(8172, 414, 364),
(8205, 408, 776),
(8204, 408, 771),
(8203, 408, 277),
(8202, 408, 270),
(8201, 408, 267),
(8200, 408, 335),
(8199, 408, 254),
(8198, 408, 259),
(8197, 408, 290),
(8196, 408, 364),
(7776, 380, 776),
(7775, 380, 771),
(7774, 380, 277),
(7773, 380, 272),
(7772, 380, 269),
(7771, 380, 335),
(7770, 380, 254),
(7769, 380, 260),
(7768, 380, 795),
(7767, 380, 366),
(7800, 381, 776),
(7799, 381, 771),
(7798, 381, 277),
(7797, 381, 495),
(7796, 381, 269),
(7795, 381, 335),
(7794, 381, 254),
(7793, 381, 260),
(7792, 381, 795),
(7791, 381, 366),
(7823, 406, 776),
(7822, 406, 771),
(7821, 406, 277),
(7820, 406, 270),
(7819, 406, 267),
(7818, 406, 335),
(7817, 406, 254),
(7816, 406, 259),
(7815, 406, 364),
(7814, 406, 445),
(8277, 271, 491),
(8276, 271, 240),
(8275, 271, 234),
(8274, 271, 333),
(8273, 271, 760),
(8272, 271, 232),
(8271, 271, 791),
(8270, 271, 782),
(8269, 271, 776),
(8268, 271, 771),
(7871, 412, 776),
(7870, 412, 771),
(7869, 412, 277),
(7868, 412, 270),
(7867, 412, 267),
(7866, 412, 335),
(7865, 412, 254),
(7864, 412, 259),
(7863, 412, 285),
(7862, 412, 362),
(7895, 212, 776),
(7894, 212, 771),
(7893, 212, 276),
(7892, 212, 270),
(7891, 212, 267),
(7890, 212, 335),
(7889, 212, 254),
(7888, 212, 259),
(7887, 212, 285),
(7886, 212, 364),
(7919, 413, 776),
(7918, 413, 771),
(7917, 413, 277),
(7916, 413, 270),
(7915, 413, 267),
(7914, 413, 335),
(7913, 413, 254),
(7912, 413, 259),
(7911, 413, 305),
(7910, 413, 364),
(7943, 377, 776),
(7942, 377, 771),
(7941, 377, 277),
(7940, 377, 270),
(7939, 377, 267),
(7938, 377, 335),
(7937, 377, 254),
(7936, 377, 259),
(7935, 377, 307),
(7934, 377, 362),
(7966, 229, 776),
(7965, 229, 771),
(7964, 229, 276),
(7963, 229, 270),
(7962, 229, 267),
(7961, 229, 335),
(7960, 229, 254),
(7959, 229, 259),
(7958, 229, 364),
(7957, 229, 447),
(7990, 382, 776),
(7989, 382, 771),
(7988, 382, 277),
(7987, 382, 270),
(7986, 382, 267),
(7985, 382, 335),
(7984, 382, 254),
(7983, 382, 259),
(7982, 382, 307),
(7981, 382, 364),
(8014, 411, 776),
(8013, 411, 771),
(8012, 411, 277),
(8011, 411, 270),
(8010, 411, 267),
(8009, 411, 335),
(8008, 411, 254),
(8007, 411, 259),
(8006, 411, 287),
(8005, 411, 364),
(8301, 267, 776),
(8300, 267, 771),
(8299, 267, 274),
(8298, 267, 270),
(8297, 267, 267),
(8296, 267, 796),
(8295, 267, 254),
(8294, 267, 259),
(8293, 267, 287),
(8292, 267, 362),
(8062, 362, 776),
(8061, 362, 771),
(8060, 362, 277),
(8059, 362, 270),
(8058, 362, 267),
(8057, 362, 335),
(8056, 362, 254),
(8055, 362, 259),
(8054, 362, 287),
(8053, 362, 362),
(8086, 431, 776),
(8085, 431, 771),
(8084, 431, 277),
(8083, 431, 270),
(8082, 431, 267),
(8081, 431, 335),
(8080, 431, 254),
(8079, 431, 259),
(8078, 431, 287),
(8077, 431, 362),
(8110, 398, 776),
(8109, 398, 771),
(8108, 398, 277),
(8107, 398, 270),
(8106, 398, 267),
(8105, 398, 335),
(8104, 398, 254),
(8103, 398, 259),
(8102, 398, 293),
(8101, 398, 364),
(8134, 409, 776),
(8133, 409, 771),
(8132, 409, 277),
(8131, 409, 270),
(8130, 409, 267),
(8129, 409, 335),
(8128, 409, 254),
(8127, 409, 259),
(8126, 409, 310),
(8125, 409, 362),
(7766, 380, 439),
(7765, 380, 257),
(7764, 380, 283),
(7763, 380, 325),
(7790, 381, 439),
(7789, 381, 257),
(7788, 381, 283),
(7787, 381, 325),
(8171, 414, 461),
(8170, 414, 257),
(7813, 406, 257),
(7812, 406, 283),
(7811, 406, 325),
(7810, 406, 248),
(8267, 271, 274),
(8266, 271, 270),
(8265, 271, 267),
(8264, 271, 796),
(8263, 271, 254),
(7861, 412, 440),
(7860, 412, 257),
(7859, 412, 283),
(7858, 412, 325),
(7857, 412, 248),
(7885, 212, 440),
(7884, 212, 257),
(7883, 212, 280),
(7882, 212, 328),
(7881, 212, 248),
(7909, 413, 440),
(7908, 413, 257),
(7907, 413, 283),
(7906, 413, 325),
(7905, 413, 248),
(7933, 377, 447),
(7932, 377, 257),
(7931, 377, 283),
(7930, 377, 325),
(7929, 377, 248),
(7956, 229, 257),
(7955, 229, 280),
(7954, 229, 328),
(7953, 229, 248),
(7980, 382, 447),
(7979, 382, 257),
(7978, 382, 283),
(7977, 382, 325),
(7976, 382, 248),
(8004, 411, 462),
(8003, 411, 257),
(8002, 411, 283),
(8001, 411, 325),
(8000, 411, 248),
(8291, 267, 452),
(8290, 267, 257),
(8289, 267, 280),
(8288, 267, 329),
(8287, 267, 248),
(8052, 362, 452),
(8051, 362, 257),
(8050, 362, 283),
(8049, 362, 325),
(8048, 362, 248),
(8076, 431, 444),
(8075, 431, 257),
(8074, 431, 283),
(8073, 431, 325),
(8072, 431, 248),
(8100, 398, 444),
(8099, 398, 257),
(8098, 398, 283),
(8097, 398, 325),
(8096, 398, 248),
(8124, 409, 463),
(8123, 409, 257),
(8122, 409, 283),
(8121, 409, 325),
(8120, 409, 248),
(8169, 414, 283),
(8168, 414, 325),
(8167, 414, 248),
(8195, 408, 451),
(8194, 408, 257),
(8193, 408, 283),
(8192, 408, 325),
(8191, 408, 248),
(2344, 419, 270),
(2343, 419, 267),
(2342, 419, 335),
(2341, 419, 254),
(2340, 419, 261),
(2339, 419, 316),
(2338, 419, 360),
(2337, 419, 457),
(2336, 419, 498),
(2335, 419, 325),
(2334, 419, 248),
(2333, 419, 241),
(2332, 419, 491),
(2331, 419, 240),
(2330, 419, 234),
(2329, 419, 333),
(2328, 419, 232),
(2361, 203, 270),
(2360, 203, 267),
(2359, 203, 335),
(2358, 203, 254),
(2357, 203, 261),
(2356, 203, 502),
(2355, 203, 364),
(2354, 203, 501),
(2353, 203, 496),
(2352, 203, 328),
(2351, 203, 248),
(2350, 203, 241),
(2349, 203, 491),
(2348, 203, 240),
(2347, 203, 234),
(2378, 204, 270),
(2377, 204, 267),
(2376, 204, 335),
(2375, 204, 254),
(2374, 204, 261),
(2373, 204, 502),
(2372, 204, 364),
(2371, 204, 501),
(2370, 204, 499),
(2369, 204, 328),
(2368, 204, 248),
(2367, 204, 241),
(2366, 204, 491),
(2365, 204, 240),
(2364, 204, 234),
(2346, 203, 333),
(2345, 203, 232),
(2363, 204, 333),
(2362, 204, 232),
(15246, 268, 271),
(2489, 235, 271),
(7102, 252, 267),
(15245, 268, 267),
(15244, 268, 335),
(15243, 268, 281),
(15242, 268, 261),
(15241, 268, 285),
(15240, 268, 391),
(15239, 268, 367),
(15238, 268, 419),
(15237, 268, 257),
(15236, 268, 329),
(15235, 268, 887),
(15234, 268, 248),
(15233, 268, 241),
(15232, 268, 491),
(15231, 268, 240),
(11652, 314, 254),
(11651, 314, 261),
(11650, 314, 317),
(11649, 314, 360),
(11648, 314, 456),
(11647, 314, 257),
(11646, 314, 283),
(11645, 314, 325),
(11644, 314, 887),
(11643, 314, 248),
(11642, 314, 241),
(11641, 314, 491),
(11640, 314, 240),
(11639, 314, 234),
(11638, 314, 333),
(11637, 314, 760),
(11636, 314, 232),
(6880, 216, 270),
(6879, 216, 267),
(6878, 216, 335),
(6877, 216, 254),
(6876, 216, 261),
(6875, 216, 317),
(6874, 216, 362),
(6873, 216, 456),
(6872, 216, 257),
(6871, 216, 328),
(6870, 216, 248),
(6869, 216, 241),
(6868, 216, 491),
(6867, 216, 240),
(6866, 216, 234),
(6865, 216, 333),
(6864, 216, 232),
(11677, 298, 254),
(11676, 298, 261),
(11675, 298, 317),
(11674, 298, 362),
(11673, 298, 456),
(11672, 298, 257),
(11671, 298, 283),
(11670, 298, 325),
(11669, 298, 887),
(11668, 298, 248),
(11667, 298, 241),
(11666, 298, 491),
(11665, 298, 240),
(11664, 298, 234),
(11663, 298, 333),
(11662, 298, 760),
(11661, 298, 232),
(2455, 237, 232),
(2456, 237, 333),
(2457, 237, 234),
(2458, 237, 240),
(2459, 237, 491),
(2460, 237, 241),
(2461, 237, 248),
(2462, 237, 328),
(2463, 237, 257),
(2464, 237, 456),
(2465, 237, 364),
(2466, 237, 317),
(2467, 237, 261),
(2468, 237, 254),
(2469, 237, 335),
(2470, 237, 267),
(2471, 237, 270),
(10731, 337, 335),
(10730, 337, 254),
(10729, 337, 261),
(10728, 337, 317),
(10727, 337, 364),
(10726, 337, 456),
(10725, 337, 257),
(10724, 337, 283),
(10723, 337, 325),
(10722, 337, 248),
(10721, 337, 241),
(10720, 337, 491),
(10719, 337, 240),
(10718, 337, 234),
(10717, 337, 333),
(10716, 337, 760),
(10715, 337, 232),
(6322, 389, 267),
(6321, 389, 335),
(6320, 389, 254),
(6319, 389, 265),
(6318, 389, 504),
(6317, 389, 362),
(6316, 389, 472),
(6315, 389, 257),
(6314, 389, 325),
(6313, 389, 248),
(6312, 389, 241),
(6311, 389, 491),
(6310, 389, 240),
(6309, 389, 234),
(6308, 389, 333),
(11479, 181, 254),
(11478, 181, 265),
(11477, 181, 503),
(11476, 181, 362),
(11475, 181, 447),
(11474, 181, 257),
(11473, 181, 283),
(11472, 181, 325),
(11471, 181, 887),
(11470, 181, 248),
(11469, 181, 241),
(11468, 181, 491),
(11467, 181, 240),
(11466, 181, 234),
(11465, 181, 333),
(11464, 181, 760),
(6307, 389, 232),
(11463, 181, 232),
(2630, 279, 350),
(12447, 283, 621),
(12446, 283, 251),
(12470, 284, 566),
(12469, 284, 218),
(12468, 284, 621),
(12467, 284, 251),
(12491, 285, 566),
(12490, 285, 217),
(12489, 285, 621),
(12488, 285, 251),
(12512, 286, 566),
(12511, 286, 219),
(12510, 286, 621),
(12509, 286, 251),
(12533, 287, 566),
(12532, 287, 220),
(12531, 287, 621),
(12530, 287, 251),
(12554, 288, 566),
(12553, 288, 221),
(12552, 288, 621),
(12551, 288, 251),
(12574, 289, 222),
(12573, 289, 621),
(12572, 289, 251),
(12571, 289, 210),
(12595, 290, 566),
(12594, 290, 223),
(12593, 290, 621),
(12592, 290, 251),
(12616, 291, 566),
(12615, 291, 225),
(12614, 291, 621),
(12613, 291, 251),
(12637, 292, 566),
(12636, 292, 226),
(12635, 292, 621),
(12634, 292, 251),
(12658, 293, 566),
(12657, 293, 229),
(12656, 293, 621),
(12655, 293, 251),
(3142, 540, 348),
(3143, 540, 347),
(3144, 540, 346),
(3145, 540, 344),
(3146, 540, 345),
(3147, 540, 505),
(3262, 254, 241),
(3261, 254, 491),
(3260, 254, 240),
(3259, 254, 234),
(3258, 254, 333),
(3257, 254, 232),
(11355, 180, 254),
(11354, 180, 261),
(11353, 180, 308),
(11352, 180, 364),
(11351, 180, 440),
(11350, 180, 258),
(11349, 180, 283),
(3297, 427, 248),
(3296, 427, 241),
(3295, 427, 491),
(3294, 427, 240),
(3293, 427, 234),
(3292, 427, 333),
(3291, 427, 232),
(3313, 426, 248),
(3312, 426, 241),
(3311, 426, 491),
(3310, 426, 240),
(3309, 426, 234),
(3308, 426, 333),
(3307, 426, 232),
(3330, 418, 248),
(3329, 418, 241),
(3328, 418, 491),
(3327, 418, 240),
(3326, 418, 234),
(3325, 418, 333),
(3324, 418, 232),
(3347, 390, 248),
(3346, 390, 241),
(3345, 390, 491),
(3344, 390, 240),
(3343, 390, 234),
(3342, 390, 333),
(3341, 390, 232),
(11380, 400, 254),
(11379, 400, 261),
(11378, 400, 317),
(11377, 400, 362),
(11376, 400, 456),
(11375, 400, 258),
(11374, 400, 283),
(3396, 257, 491),
(3395, 257, 240),
(3394, 257, 234),
(3393, 257, 333),
(3392, 257, 232),
(11405, 512, 335),
(11404, 512, 254),
(11403, 512, 261),
(11402, 512, 323),
(11401, 512, 362),
(11400, 512, 473),
(11399, 512, 258),
(3256, 440, 270),
(3264, 254, 328),
(3265, 254, 258),
(3266, 254, 440),
(3267, 254, 363),
(3268, 254, 308),
(3269, 254, 261),
(3270, 254, 254),
(3271, 254, 335),
(3272, 254, 267),
(3273, 254, 270),
(11348, 180, 325),
(11347, 180, 887),
(11346, 180, 248),
(11345, 180, 241),
(11344, 180, 491),
(11343, 180, 240),
(11342, 180, 234),
(11341, 180, 333),
(11340, 180, 760),
(11339, 180, 232),
(3298, 427, 325),
(3299, 427, 258),
(3300, 427, 448),
(3301, 427, 360),
(3302, 427, 313),
(3303, 427, 261),
(3304, 427, 254),
(3305, 427, 335),
(3306, 427, 267),
(3314, 426, 325),
(3315, 426, 258),
(3316, 426, 448),
(3317, 426, 362),
(3318, 426, 313),
(3319, 426, 261),
(3320, 426, 254),
(3321, 426, 335),
(3322, 426, 267),
(3323, 426, 270),
(3331, 418, 325),
(3332, 418, 258),
(3333, 418, 457),
(3334, 418, 360),
(3335, 418, 316),
(3336, 418, 261),
(3337, 418, 254),
(3338, 418, 335),
(3339, 418, 267),
(3340, 418, 270),
(3348, 390, 325),
(3349, 390, 258),
(3350, 390, 457),
(3351, 390, 362),
(3352, 390, 316),
(3353, 390, 261),
(3354, 390, 254),
(3355, 390, 335),
(3356, 390, 267),
(3357, 390, 270),
(11373, 400, 325),
(11372, 400, 887),
(11371, 400, 248),
(11370, 400, 241),
(11369, 400, 491),
(11368, 400, 240),
(11367, 400, 234),
(11366, 400, 333),
(11365, 400, 760),
(11364, 400, 232),
(3390, 439, 267),
(3391, 439, 270),
(3399, 257, 328),
(3400, 257, 258),
(3401, 257, 482),
(3402, 257, 362),
(3403, 257, 321),
(3404, 257, 261),
(3405, 257, 254),
(3406, 257, 335),
(3407, 257, 267),
(3408, 257, 270),
(11398, 512, 325),
(11397, 512, 887),
(11396, 512, 248),
(11395, 512, 241),
(11394, 512, 491),
(11393, 512, 240),
(11392, 512, 234),
(11391, 512, 333),
(11390, 512, 760),
(11389, 512, 232),
(15631, 392, 788),
(15630, 392, 783),
(15629, 392, 776),
(15628, 392, 771),
(15627, 392, 277),
(15626, 392, 270),
(15625, 392, 267),
(15624, 392, 335),
(15623, 392, 254),
(15622, 392, 261),
(15621, 392, 304),
(15620, 392, 360),
(15619, 392, 472),
(15618, 392, 257),
(15617, 392, 283),
(15616, 392, 325),
(15584, 100, 887),
(15583, 100, 248),
(15582, 100, 241),
(15581, 100, 253),
(15580, 100, 622),
(15579, 100, 240),
(15578, 100, 234),
(15577, 100, 334),
(15569, 100, 610),
(15568, 100, 620),
(15567, 100, 547),
(15566, 100, 535),
(15565, 100, 603),
(15564, 100, 534),
(15563, 100, 519),
(15562, 433, 788),
(15561, 433, 783),
(15560, 433, 776),
(15559, 433, 771),
(15558, 433, 277),
(15557, 433, 270),
(15556, 433, 267),
(15555, 433, 796),
(15554, 433, 254),
(15546, 433, 887),
(15545, 433, 248),
(15544, 433, 241),
(15543, 433, 491),
(15542, 433, 240),
(15541, 433, 234),
(15540, 433, 333),
(15539, 433, 760),
(15538, 433, 232),
(15537, 477, 788),
(15536, 477, 783),
(15535, 477, 776),
(15534, 477, 771),
(15533, 477, 277),
(15532, 477, 270),
(15531, 477, 267),
(15523, 477, 283),
(15522, 477, 325),
(15521, 477, 887),
(15520, 477, 248),
(15519, 477, 241),
(15518, 477, 491),
(15517, 477, 240),
(15516, 477, 234),
(15515, 477, 333),
(15514, 477, 760),
(15513, 477, 232),
(15512, 166, 887),
(15511, 166, 248),
(15503, 158, 887),
(15502, 158, 248),
(15510, 166, 241),
(15501, 158, 241),
(15500, 158, 905),
(15499, 158, 238),
(15498, 158, 234),
(15497, 158, 904),
(15496, 158, 760),
(15495, 158, 232),
(15492, 156, 241),
(15491, 156, 905),
(15490, 156, 238),
(15489, 156, 234),
(15488, 156, 904),
(15487, 156, 760),
(15486, 156, 232),
(15456, 388, 254),
(15455, 388, 261),
(15454, 388, 319),
(15453, 388, 362),
(15452, 388, 465),
(15451, 388, 257),
(15450, 388, 283),
(15449, 388, 325),
(15448, 388, 887),
(15447, 388, 248),
(15446, 388, 241),
(15445, 388, 491),
(15444, 388, 240),
(15443, 388, 234),
(15442, 388, 333),
(15441, 388, 760),
(15433, 331, 267),
(15432, 331, 335),
(15431, 331, 254),
(15430, 331, 261),
(15429, 331, 306),
(15428, 331, 363),
(15427, 331, 445),
(15426, 331, 257),
(15375, 300, 788),
(15326, 209, 887),
(15325, 183, 887),
(15324, 347, 887),
(15323, 244, 887),
(15322, 260, 887),
(15321, 336, 788),
(15615, 392, 887),
(15198, 333, 887),
(15197, 210, 789),
(15172, 368, 788),
(15147, 258, 790),
(15122, 239, 789),
(15097, 233, 887),
(15096, 255, 887),
(15095, 335, 788),
(15070, 215, 887),
(15069, 341, 788),
(15044, 330, 788),
(15020, 360, 788),
(14995, 218, 789),
(14994, 218, 782),
(14993, 218, 776),
(15614, 392, 248),
(15613, 392, 241),
(15612, 392, 491),
(15576, 100, 760),
(15575, 100, 232),
(15574, 100, 579),
(15553, 433, 261),
(15552, 433, 306),
(15530, 477, 796),
(15529, 477, 254),
(15494, 156, 887),
(15493, 156, 248),
(15509, 166, 905),
(15464, 388, 788),
(15463, 388, 783),
(15462, 388, 776),
(15440, 388, 232),
(15439, 331, 788),
(15296, 325, 788),
(15272, 214, 887),
(15271, 329, 788),
(14992, 218, 771),
(14991, 218, 276),
(14990, 218, 270),
(14989, 218, 267),
(14988, 218, 335),
(14987, 218, 254),
(14970, 396, 788),
(14969, 396, 783),
(14968, 396, 776),
(14967, 396, 771),
(14214, 493, 267),
(14213, 493, 335),
(14212, 493, 254),
(14211, 493, 261),
(14168, 275, 267),
(14167, 275, 335),
(14166, 275, 254),
(14165, 275, 261),
(14139, 486, 270),
(14138, 486, 267),
(14137, 486, 335),
(14136, 486, 254),
(14118, 492, 782),
(14117, 492, 776),
(14116, 492, 771),
(14115, 492, 276),
(14069, 247, 782),
(14068, 247, 776),
(14067, 247, 771),
(14066, 247, 276),
(14065, 247, 270),
(14022, 484, 788),
(14021, 484, 783),
(14020, 484, 776),
(14000, 484, 232),
(13999, 499, 248),
(13998, 499, 241),
(13997, 499, 238),
(15611, 392, 240),
(15573, 100, 578),
(15551, 433, 362),
(15528, 477, 261),
(15508, 166, 238),
(15461, 388, 771),
(15438, 331, 783),
(15230, 268, 234),
(14986, 218, 261),
(14985, 218, 303),
(14984, 218, 362),
(14983, 218, 460),
(14982, 218, 257),
(14981, 218, 280),
(14980, 218, 328),
(14979, 218, 887),
(14978, 218, 248),
(14977, 218, 241),
(14976, 218, 491),
(14975, 218, 240),
(14966, 396, 277),
(14965, 396, 270),
(14964, 396, 267),
(14963, 396, 335),
(14962, 396, 254),
(14961, 396, 261),
(14960, 396, 303),
(14959, 396, 361),
(14958, 396, 460),
(14957, 396, 257),
(14956, 396, 283),
(14955, 396, 325),
(14954, 396, 887),
(14953, 396, 248),
(14952, 396, 241),
(14951, 396, 491),
(14950, 396, 240),
(14945, 302, 788),
(14920, 324, 788),
(14895, 332, 788),
(14210, 493, 502),
(14209, 493, 362),
(14208, 493, 501),
(14207, 493, 325),
(14206, 493, 887),
(14205, 493, 248),
(14204, 493, 241),
(14203, 493, 491),
(14202, 493, 240),
(14201, 493, 234),
(14200, 493, 333),
(14199, 493, 760),
(14198, 493, 232),
(14197, 430, 788),
(14173, 275, 790),
(14164, 275, 492),
(14163, 275, 362),
(14162, 275, 455),
(14161, 275, 257),
(14160, 275, 327),
(14159, 275, 887),
(14158, 275, 248),
(14157, 275, 241),
(14156, 275, 491),
(14155, 275, 240),
(14154, 275, 234),
(14153, 275, 333),
(14152, 275, 760),
(14151, 275, 232),
(14144, 486, 788),
(14143, 486, 783),
(14135, 486, 263),
(14134, 486, 883),
(14133, 486, 364),
(14132, 486, 447),
(14131, 486, 257),
(14130, 486, 283),
(14129, 486, 325),
(14128, 486, 887),
(14127, 486, 248),
(14126, 486, 241),
(14125, 486, 491),
(14124, 486, 240),
(14123, 486, 234),
(14122, 486, 333),
(14121, 486, 760),
(14120, 486, 232),
(14114, 492, 270),
(14113, 492, 267),
(14112, 492, 335),
(14111, 492, 254),
(14110, 492, 259),
(14109, 492, 289),
(14108, 492, 361),
(14107, 492, 466),
(14106, 492, 257),
(14105, 492, 280),
(14104, 492, 328),
(14103, 492, 887),
(14102, 492, 248),
(14101, 492, 241),
(14100, 492, 491),
(14099, 492, 240),
(14064, 247, 267),
(14063, 247, 335),
(14062, 247, 254),
(14061, 247, 261),
(14060, 247, 318),
(14059, 247, 361),
(14058, 247, 466),
(14057, 247, 257),
(14056, 247, 280),
(14055, 247, 328),
(14054, 247, 887),
(14053, 247, 248),
(14052, 247, 241),
(14051, 247, 491),
(14050, 247, 240),
(14049, 247, 234),
(14019, 484, 771),
(14018, 484, 270),
(14017, 484, 267),
(14016, 484, 335),
(14015, 484, 254),
(14014, 484, 263),
(14013, 484, 362),
(14012, 484, 478),
(14011, 484, 257),
(14010, 484, 283),
(14009, 484, 325),
(14008, 484, 887),
(14007, 484, 248),
(14006, 484, 241),
(14005, 484, 491),
(13996, 499, 234),
(13995, 499, 900),
(13994, 499, 899),
(13993, 499, 233),
(13982, 510, 248),
(13981, 510, 241),
(13980, 510, 234),
(13979, 510, 232),
(14225, 482, 325),
(14224, 482, 887),
(14223, 482, 248),
(14222, 482, 241),
(14221, 482, 491),
(14220, 482, 240),
(14172, 275, 783),
(14004, 484, 240),
(14219, 482, 234),
(14218, 482, 333),
(5946, 126, 701),
(5945, 126, 696),
(5944, 126, 648),
(5943, 126, 735),
(5942, 126, 675),
(5941, 126, 739),
(5940, 126, 740),
(5939, 126, 666),
(5938, 126, 719),
(5937, 126, 628),
(5936, 126, 248),
(5935, 126, 241),
(5934, 126, 759),
(5933, 126, 240),
(5932, 126, 234),
(5965, 127, 701),
(5964, 127, 696),
(5963, 127, 648),
(5962, 127, 734),
(5961, 127, 675),
(5960, 127, 739),
(5959, 127, 741),
(5958, 127, 666),
(5957, 127, 719),
(5956, 127, 628),
(5955, 127, 248),
(5954, 127, 241),
(5953, 127, 759),
(5952, 127, 240),
(5951, 127, 234),
(5983, 128, 701),
(5982, 128, 696),
(5981, 128, 648),
(5980, 128, 675),
(5979, 128, 739),
(5978, 128, 742),
(5977, 128, 666),
(5976, 128, 719),
(5975, 128, 628),
(5974, 128, 248),
(5973, 128, 241),
(5972, 128, 759),
(5971, 128, 240),
(5970, 128, 234),
(6001, 129, 701),
(6000, 129, 696),
(5999, 129, 648),
(5998, 129, 675),
(5997, 129, 739),
(5996, 129, 743),
(5995, 129, 666),
(5994, 129, 719),
(5993, 129, 628),
(5992, 129, 248),
(5991, 129, 241),
(5990, 129, 759),
(5989, 129, 240),
(5988, 129, 234),
(6019, 130, 701),
(6018, 130, 696),
(6017, 130, 648),
(6016, 130, 675),
(6015, 130, 739),
(6014, 130, 744),
(6013, 130, 666),
(6012, 130, 719),
(6011, 130, 628),
(6010, 130, 248),
(6009, 130, 241),
(6008, 130, 759),
(6007, 130, 240),
(6006, 130, 234),
(6037, 131, 701),
(6036, 131, 696),
(6035, 131, 648),
(6034, 131, 675),
(6033, 131, 739),
(6032, 131, 745),
(6031, 131, 666),
(6030, 131, 719),
(6029, 131, 628),
(6028, 131, 248),
(6027, 131, 241),
(6026, 131, 759),
(6025, 131, 240),
(6024, 131, 234),
(6055, 132, 701),
(6054, 132, 696),
(6053, 132, 648),
(6052, 132, 675),
(6051, 132, 739),
(6050, 132, 746),
(6049, 132, 666),
(6048, 132, 719),
(6047, 132, 628),
(6046, 132, 248),
(6045, 132, 241),
(6044, 132, 759),
(6043, 132, 240),
(6042, 132, 234),
(6073, 133, 701),
(6072, 133, 696),
(6071, 133, 648),
(6070, 133, 675),
(6069, 133, 739),
(6068, 133, 747),
(6067, 133, 666),
(6066, 133, 719),
(6065, 133, 628),
(6064, 133, 248),
(6063, 133, 241),
(6062, 133, 759),
(6061, 133, 240),
(6060, 133, 234),
(6091, 134, 701),
(6090, 134, 696),
(6089, 134, 648),
(6088, 134, 675),
(6087, 134, 739),
(6086, 134, 748),
(6085, 134, 666),
(6084, 134, 719),
(6083, 134, 628),
(6082, 134, 248),
(6081, 134, 241),
(6080, 134, 759),
(6079, 134, 240),
(6078, 134, 234),
(6108, 135, 701),
(6107, 135, 696),
(6106, 135, 648),
(6105, 135, 675),
(6104, 135, 738),
(6103, 135, 666),
(6102, 135, 719),
(6101, 135, 628),
(6100, 135, 248),
(6099, 135, 241),
(6098, 135, 759),
(6097, 135, 240),
(6096, 135, 234),
(6095, 135, 758),
(6127, 136, 701),
(6126, 136, 696),
(6125, 136, 648),
(6124, 136, 733),
(6123, 136, 675),
(6122, 136, 739),
(6121, 136, 749),
(6120, 136, 666),
(6119, 136, 719),
(6118, 136, 628),
(6117, 136, 248),
(6116, 136, 241),
(6115, 136, 759),
(6114, 136, 240),
(6145, 137, 701),
(6144, 137, 696),
(6143, 137, 648),
(6142, 137, 675),
(6141, 137, 739),
(6140, 137, 750),
(6139, 137, 666),
(6138, 137, 719),
(6137, 137, 628),
(6136, 137, 248),
(6135, 137, 241),
(6134, 137, 759),
(6133, 137, 240),
(6132, 137, 234),
(6164, 138, 701),
(6163, 138, 696),
(6162, 138, 648),
(6161, 138, 731),
(6160, 138, 675),
(6159, 138, 739),
(6158, 138, 751),
(6157, 138, 666),
(6156, 138, 719),
(6155, 138, 628),
(6154, 138, 248),
(6153, 138, 241),
(6152, 138, 759),
(6151, 138, 240),
(6150, 138, 234),
(6182, 139, 701),
(6181, 139, 696),
(6180, 139, 648),
(6179, 139, 675),
(6178, 139, 739),
(6177, 139, 752),
(6176, 139, 666),
(6175, 139, 719),
(6174, 139, 628),
(6173, 139, 248),
(6172, 139, 241),
(6171, 139, 759),
(6170, 139, 240),
(6169, 139, 234),
(6200, 140, 701),
(6199, 140, 696),
(6198, 140, 648),
(6197, 140, 675),
(6196, 140, 739),
(6195, 140, 753),
(6194, 140, 666),
(6193, 140, 719),
(6192, 140, 628),
(6191, 140, 248),
(6190, 140, 241),
(6189, 140, 759),
(6188, 140, 240),
(6187, 140, 234),
(6219, 141, 701),
(6218, 141, 696),
(6217, 141, 648),
(6216, 141, 732),
(6215, 141, 675),
(6214, 141, 739),
(6213, 141, 754),
(6212, 141, 666),
(6211, 141, 719),
(6210, 141, 628),
(6209, 141, 248),
(6208, 141, 241),
(6207, 141, 759),
(6206, 141, 240),
(6205, 141, 234),
(6237, 142, 701),
(6236, 142, 696),
(6235, 142, 648),
(6234, 142, 675),
(6233, 142, 739),
(6232, 142, 755),
(6231, 142, 666),
(6230, 142, 719),
(6229, 142, 628),
(6228, 142, 248),
(6227, 142, 241),
(6226, 142, 759),
(6225, 142, 240),
(6224, 142, 234),
(6255, 143, 701),
(6254, 143, 696),
(6253, 143, 648),
(6252, 143, 675),
(6251, 143, 739),
(6250, 143, 756),
(6249, 143, 666),
(6248, 143, 719),
(6247, 143, 628),
(6246, 143, 248),
(6245, 143, 241),
(6244, 143, 759),
(6243, 143, 240),
(6242, 143, 234),
(5931, 126, 758),
(5950, 127, 758),
(5969, 128, 758),
(5987, 129, 758),
(6005, 130, 758),
(6023, 131, 758),
(6041, 132, 758),
(6059, 133, 758),
(6077, 134, 758),
(6094, 135, 232),
(6113, 136, 234),
(6112, 136, 758),
(6131, 137, 758),
(6149, 138, 758),
(6168, 139, 758),
(6186, 140, 758),
(6204, 141, 758),
(6223, 142, 758),
(6241, 143, 758),
(5930, 126, 232),
(5949, 127, 232),
(5968, 128, 232),
(5986, 129, 232),
(6004, 130, 232),
(6022, 131, 232),
(6040, 132, 232),
(6058, 133, 232),
(6076, 134, 232),
(6111, 136, 232),
(6130, 137, 232),
(6148, 138, 232),
(6167, 139, 232),
(6185, 140, 232),
(6203, 141, 232),
(6222, 142, 232),
(6240, 143, 232),
(5947, 126, 708),
(5948, 126, 713),
(5966, 127, 708),
(5967, 127, 713),
(5984, 128, 708),
(5985, 128, 713),
(6002, 129, 708),
(6003, 129, 713),
(6020, 130, 708),
(6021, 130, 713),
(6038, 131, 708),
(6039, 131, 713),
(6056, 132, 708),
(6057, 132, 713),
(6074, 133, 708),
(6075, 133, 713),
(6092, 134, 708),
(6093, 134, 713),
(6109, 135, 708),
(6110, 135, 713),
(6128, 136, 708),
(6129, 136, 713),
(6146, 137, 708),
(6147, 137, 713),
(6165, 138, 708),
(6166, 138, 713),
(6183, 139, 708),
(6184, 139, 713),
(6201, 140, 708),
(6202, 140, 713),
(6220, 141, 708),
(6221, 141, 713),
(6238, 142, 708),
(6239, 142, 713),
(6256, 143, 708),
(6257, 143, 713),
(6288, 438, 267),
(6289, 438, 270),
(6290, 170, 232),
(6291, 170, 333),
(6292, 170, 234),
(6293, 170, 240),
(6294, 170, 491),
(6295, 170, 241),
(6296, 170, 248),
(6297, 170, 328),
(6298, 170, 256),
(6299, 170, 457),
(6300, 170, 364),
(6301, 170, 488),
(6302, 170, 263),
(6303, 170, 254),
(6304, 170, 335),
(6305, 170, 267),
(6306, 170, 270),
(6341, 171, 232),
(6342, 171, 333),
(6343, 171, 234),
(6344, 171, 240),
(6345, 171, 491),
(6346, 171, 241),
(6347, 171, 248),
(6348, 171, 328),
(6349, 171, 257),
(6350, 171, 463),
(6351, 171, 362),
(6352, 171, 265),
(6353, 171, 254),
(6354, 171, 335),
(6355, 171, 267),
(6356, 171, 270),
(12418, 513, 570),
(12417, 513, 567),
(12416, 513, 566),
(12415, 513, 221),
(12414, 513, 621),
(12413, 513, 251),
(12412, 513, 204),
(12411, 513, 608),
(12410, 513, 164),
(12409, 513, 195),
(12408, 513, 512),
(12407, 513, 887),
(12406, 513, 248),
(12405, 513, 241),
(12404, 513, 896),
(12403, 513, 240),
(7762, 380, 248),
(7786, 381, 248),
(7809, 406, 241),
(8262, 271, 259),
(7856, 412, 241),
(7880, 212, 241),
(7904, 413, 241),
(7928, 377, 241),
(7952, 229, 241),
(7975, 382, 241),
(7999, 411, 241),
(8286, 267, 241),
(8047, 362, 241),
(8071, 431, 241),
(8095, 398, 241),
(8119, 409, 241),
(12916, 421, 241),
(8166, 414, 241),
(8190, 408, 241),
(8231, 454, 788),
(8230, 454, 783),
(8229, 454, 776),
(8228, 454, 771),
(8227, 454, 277),
(8226, 454, 270),
(8225, 454, 267),
(8224, 454, 335),
(8223, 454, 254),
(8222, 454, 259),
(8221, 454, 295),
(8220, 454, 364),
(8219, 454, 763),
(8218, 454, 257),
(8217, 454, 283),
(8216, 454, 325),
(8215, 454, 248),
(12957, 455, 788),
(12956, 455, 783),
(12955, 455, 776),
(12954, 455, 771),
(12953, 455, 277),
(12952, 455, 270),
(12951, 455, 267),
(12950, 455, 335),
(12949, 455, 254),
(12948, 455, 259),
(12947, 455, 295),
(12946, 455, 364),
(12945, 455, 764),
(12944, 455, 257),
(12943, 455, 283),
(12942, 455, 325),
(12941, 455, 248),
(14845, 301, 788),
(14844, 301, 783),
(14843, 301, 776),
(14842, 301, 771),
(14841, 301, 277),
(14840, 301, 270),
(6841, 246, 270),
(6840, 246, 267),
(6839, 246, 765),
(6838, 246, 254),
(6837, 246, 261),
(6836, 246, 365),
(6835, 246, 484),
(6834, 246, 257),
(6833, 246, 328),
(6832, 246, 248),
(6831, 246, 241),
(6830, 246, 491),
(6829, 246, 240),
(6828, 246, 234),
(6827, 246, 333),
(6826, 246, 760),
(6825, 246, 232),
(15229, 268, 333),
(15228, 268, 760),
(15227, 268, 232),
(7084, 269, 270),
(7083, 269, 267),
(7082, 269, 335),
(7081, 269, 281),
(7080, 269, 261),
(7079, 269, 308),
(7078, 269, 391),
(7077, 269, 421),
(7076, 269, 257),
(7075, 269, 329),
(7074, 269, 248),
(7073, 269, 241),
(7072, 269, 491),
(7071, 269, 240),
(7070, 269, 234),
(7069, 269, 333),
(7068, 269, 760),
(7067, 269, 232),
(7101, 252, 335),
(7100, 252, 281),
(7099, 252, 261),
(7098, 252, 308),
(7097, 252, 391),
(7096, 252, 767),
(7095, 252, 421),
(7094, 252, 257),
(7093, 252, 328),
(7092, 252, 248),
(7091, 252, 241),
(7090, 252, 491),
(7089, 252, 240),
(7088, 252, 234),
(7087, 252, 333),
(7086, 252, 760),
(7085, 252, 232),
(7122, 262, 271),
(7121, 262, 267),
(7120, 262, 335),
(7119, 262, 281),
(7118, 262, 261),
(7117, 262, 310),
(7116, 262, 389),
(7115, 262, 397),
(7114, 262, 422),
(7113, 262, 257),
(7112, 262, 329),
(7111, 262, 248),
(7110, 262, 241),
(7109, 262, 491),
(7108, 262, 240),
(7107, 262, 234),
(7106, 262, 333),
(7105, 262, 760),
(7104, 262, 232),
(7141, 263, 271),
(7140, 263, 267),
(7139, 263, 335),
(7138, 263, 281),
(7137, 263, 261),
(7136, 263, 310),
(7135, 263, 391),
(7134, 263, 399),
(7133, 263, 422),
(7132, 263, 257),
(7131, 263, 329),
(7130, 263, 248),
(7129, 263, 241),
(7128, 263, 491),
(7127, 263, 240),
(7126, 263, 234),
(7125, 263, 333),
(7124, 263, 760),
(7123, 263, 232),
(7159, 264, 267),
(7158, 264, 335),
(7157, 264, 281),
(7156, 264, 261),
(7155, 264, 310),
(7154, 264, 769),
(7153, 264, 400),
(7152, 264, 422),
(7151, 264, 257),
(7150, 264, 329),
(7149, 264, 248),
(7148, 264, 241),
(7147, 264, 491),
(7146, 264, 240),
(7145, 264, 234),
(7144, 264, 333),
(7143, 264, 760),
(7142, 264, 232),
(7178, 265, 267),
(7177, 265, 335),
(7176, 265, 281),
(7175, 265, 261),
(7174, 265, 314),
(7173, 265, 391),
(7172, 265, 768),
(7171, 265, 423),
(7170, 265, 257),
(7169, 265, 329),
(7168, 265, 248),
(7167, 265, 241),
(7166, 265, 491),
(7165, 265, 240),
(7164, 265, 234),
(7163, 265, 334),
(7162, 265, 760),
(7161, 265, 232),
(7198, 261, 271),
(7197, 261, 267),
(7196, 261, 335),
(7195, 261, 281),
(7194, 261, 261),
(7193, 261, 316),
(7192, 261, 391),
(7191, 261, 402),
(7190, 261, 424),
(7189, 261, 257),
(7188, 261, 329),
(7187, 261, 248),
(7186, 261, 241),
(7185, 261, 491),
(7184, 261, 240),
(7183, 261, 234),
(7182, 261, 333),
(7181, 261, 760),
(7180, 261, 232),
(7217, 401, 270),
(7216, 401, 267),
(7215, 401, 335),
(7214, 401, 281),
(7213, 401, 261),
(7212, 401, 324),
(7211, 401, 389),
(7210, 401, 406),
(7209, 401, 427),
(7208, 401, 257),
(7207, 401, 325),
(7206, 401, 248),
(7205, 401, 241),
(7204, 401, 491),
(7203, 401, 240),
(7202, 401, 234),
(7201, 401, 333),
(7200, 401, 760),
(7199, 401, 232),
(7103, 252, 271),
(7160, 264, 271),
(7179, 265, 271),
(14839, 301, 267),
(14838, 301, 335),
(14837, 301, 254),
(14836, 301, 261),
(14835, 301, 291),
(14834, 301, 360),
(14833, 301, 794),
(14832, 301, 257),
(14831, 301, 283),
(14830, 301, 325),
(14829, 301, 887),
(7761, 380, 241),
(7760, 380, 491),
(7759, 380, 240),
(7758, 380, 234),
(7757, 380, 333),
(7756, 380, 760),
(7755, 380, 232),
(7785, 381, 241),
(7784, 381, 491),
(7783, 381, 240),
(7782, 381, 234),
(7781, 381, 333),
(7780, 381, 760),
(7779, 381, 232),
(7808, 406, 491),
(7807, 406, 240),
(7806, 406, 234),
(7805, 406, 333),
(7804, 406, 760),
(7803, 406, 232),
(8261, 271, 285),
(8260, 271, 362),
(8259, 271, 440),
(8258, 271, 257),
(8257, 271, 280),
(8256, 271, 329),
(7855, 412, 491),
(7854, 412, 240),
(7853, 412, 234),
(7852, 412, 333),
(7851, 412, 760),
(7850, 412, 232),
(7879, 212, 491),
(7878, 212, 240),
(7877, 212, 234),
(7876, 212, 333),
(7875, 212, 760),
(7874, 212, 232),
(7903, 413, 491),
(7902, 413, 240),
(7901, 413, 234),
(7900, 413, 333),
(7899, 413, 760),
(7898, 413, 232),
(7927, 377, 491),
(7926, 377, 240),
(7925, 377, 234),
(7924, 377, 333),
(7923, 377, 760),
(7922, 377, 232),
(7951, 229, 491),
(7950, 229, 240),
(7949, 229, 234),
(7948, 229, 333),
(7947, 229, 760),
(7946, 229, 232),
(7974, 382, 491),
(7973, 382, 240),
(7972, 382, 234),
(7971, 382, 333),
(7970, 382, 760),
(7969, 382, 232),
(7998, 411, 491),
(7997, 411, 240),
(7996, 411, 234),
(7995, 411, 333),
(7994, 411, 760),
(7993, 411, 232),
(8285, 267, 491),
(8284, 267, 240),
(8283, 267, 234),
(8282, 267, 333),
(8281, 267, 760),
(8280, 267, 232),
(8046, 362, 491),
(8045, 362, 240),
(8044, 362, 234),
(8043, 362, 333),
(8042, 362, 760),
(8041, 362, 232),
(8070, 431, 491),
(8069, 431, 240),
(8068, 431, 234),
(8067, 431, 333),
(8066, 431, 760),
(8065, 431, 232),
(8094, 398, 491),
(8093, 398, 240),
(8092, 398, 234),
(8091, 398, 333),
(8090, 398, 760),
(8089, 398, 232),
(8118, 409, 491),
(8117, 409, 240),
(8116, 409, 234),
(8115, 409, 333),
(8114, 409, 760),
(8113, 409, 232),
(12915, 421, 491),
(12914, 421, 240),
(12913, 421, 234),
(12912, 421, 333),
(12911, 421, 760),
(12910, 421, 232),
(8165, 414, 491),
(8164, 414, 240),
(8163, 414, 234),
(8162, 414, 333),
(8161, 414, 760),
(8160, 414, 232),
(8189, 408, 491),
(8188, 408, 240),
(8187, 408, 234),
(8186, 408, 333),
(8185, 408, 760),
(8184, 408, 232),
(8214, 454, 241),
(8213, 454, 491),
(8212, 454, 240),
(8211, 454, 234),
(8210, 454, 333),
(8209, 454, 760),
(8208, 454, 232),
(12940, 455, 241),
(12939, 455, 491),
(12938, 455, 240),
(12937, 455, 234),
(12936, 455, 333),
(12935, 455, 760),
(12934, 455, 232),
(12688, 471, 853),
(12687, 471, 872),
(12686, 471, 849),
(12685, 471, 844),
(12684, 471, 877),
(12683, 471, 817),
(12682, 471, 812),
(12681, 471, 806),
(12680, 471, 801),
(12679, 471, 887),
(12678, 471, 248),
(12677, 471, 241),
(12676, 471, 879),
(12675, 471, 240),
(12674, 471, 234),
(12673, 471, 878),
(12707, 472, 853),
(12706, 472, 872),
(12705, 472, 852),
(12704, 472, 844),
(12703, 472, 877),
(12702, 472, 816),
(12701, 472, 807),
(12700, 472, 797),
(12699, 472, 887),
(12698, 472, 248),
(12697, 472, 241),
(12696, 472, 879),
(12695, 472, 240),
(12694, 472, 234),
(12693, 472, 878),
(12726, 473, 853),
(12725, 473, 872),
(12724, 473, 851),
(12723, 473, 844),
(12722, 473, 841),
(12721, 473, 816),
(12720, 473, 806),
(12719, 473, 800),
(12718, 473, 887),
(12717, 473, 248),
(12716, 473, 241),
(12715, 473, 879),
(12714, 473, 240),
(12713, 473, 234),
(12712, 473, 878),
(12746, 474, 853),
(12745, 474, 872),
(12744, 474, 849),
(12743, 474, 844),
(12742, 474, 877),
(12741, 474, 817),
(12740, 474, 814),
(12739, 474, 806),
(12738, 474, 801),
(12737, 474, 887),
(12736, 474, 248),
(12735, 474, 241),
(12734, 474, 879),
(12733, 474, 240),
(12732, 474, 234),
(12731, 474, 878),
(12764, 475, 853),
(12763, 475, 872),
(12762, 475, 852),
(12761, 475, 877),
(12760, 475, 816),
(12759, 475, 807),
(12758, 475, 797),
(12757, 475, 887),
(12756, 475, 248),
(12755, 475, 241),
(12754, 475, 879),
(12753, 475, 240),
(12752, 475, 234),
(12751, 475, 878),
(12783, 476, 853),
(12782, 476, 872),
(12781, 476, 852),
(12780, 476, 844),
(12779, 476, 877),
(12778, 476, 816),
(12777, 476, 807),
(12776, 476, 797),
(12775, 476, 887),
(12774, 476, 248),
(12773, 476, 241),
(12772, 476, 879),
(12771, 476, 240),
(12770, 476, 234),
(12769, 476, 878),
(12672, 471, 760),
(12671, 471, 232),
(12692, 472, 760),
(12691, 472, 232),
(12711, 473, 760),
(12710, 473, 232),
(12730, 474, 760),
(12729, 474, 232),
(12750, 475, 760),
(12749, 475, 232),
(12768, 476, 760),
(12767, 476, 232),
(15320, 336, 783),
(15319, 336, 776),
(15318, 336, 771),
(15317, 336, 277),
(15316, 336, 270),
(15315, 336, 267),
(15314, 336, 335),
(15313, 336, 254),
(15312, 336, 261),
(15311, 336, 285),
(15310, 336, 361),
(15309, 336, 478),
(15308, 336, 257),
(15307, 336, 283),
(15306, 336, 325),
(15305, 336, 887),
(15304, 336, 248),
(15303, 336, 241),
(15302, 336, 491),
(15301, 336, 240),
(15300, 336, 234),
(15299, 336, 333),
(15298, 336, 760),
(15297, 336, 232),
(8522, 515, 232),
(8523, 515, 760),
(8524, 515, 333),
(8525, 515, 234),
(8526, 515, 240),
(8527, 515, 491),
(8528, 515, 241),
(8529, 515, 325),
(8530, 515, 283),
(8531, 515, 257),
(8532, 515, 440),
(8533, 515, 363),
(8534, 515, 308),
(8535, 515, 261),
(8536, 515, 254),
(8537, 515, 335),
(8538, 515, 267),
(8539, 515, 270),
(8540, 515, 277),
(8541, 515, 771),
(8542, 515, 776),
(8543, 515, 783),
(8544, 515, 788),
(8590, 516, 783),
(8589, 516, 776),
(8588, 516, 771),
(8587, 516, 277),
(8586, 516, 270),
(8585, 516, 267),
(8584, 516, 335),
(8583, 516, 254),
(8582, 516, 261),
(8581, 516, 880),
(8580, 516, 362),
(8579, 516, 471),
(8578, 516, 257),
(8577, 516, 283),
(8576, 516, 325),
(8575, 516, 248),
(8574, 516, 241),
(8573, 516, 491),
(8572, 516, 240),
(8571, 516, 234),
(8570, 516, 333),
(8569, 516, 760),
(8568, 516, 232),
(8591, 516, 788),
(8662, 517, 782),
(8661, 517, 776),
(8660, 517, 771),
(8659, 517, 274),
(8658, 517, 270),
(8657, 517, 267),
(8656, 517, 796),
(8655, 517, 281),
(8654, 517, 261),
(8653, 517, 881),
(8652, 517, 395),
(8651, 517, 397),
(8650, 517, 420),
(8649, 517, 257),
(8648, 517, 280),
(8647, 517, 329),
(8646, 517, 248),
(8645, 517, 241),
(8644, 517, 491),
(8643, 517, 240),
(8642, 517, 234),
(8641, 517, 333),
(8640, 517, 760),
(8639, 517, 232),
(8686, 518, 776),
(8685, 518, 771),
(8684, 518, 274),
(8683, 518, 271),
(8682, 518, 267),
(8681, 518, 796),
(8680, 518, 281),
(8679, 518, 261),
(8678, 518, 881),
(8677, 518, 391),
(8676, 518, 882),
(8675, 518, 420),
(8674, 518, 257),
(8673, 518, 280),
(8672, 518, 329),
(8671, 518, 248),
(8670, 518, 241),
(8669, 518, 491),
(8668, 518, 240),
(8667, 518, 234),
(8666, 518, 333),
(8665, 518, 760),
(8664, 518, 232),
(8663, 517, 791),
(8687, 518, 782),
(8688, 518, 791),
(8689, 251, 232),
(8690, 251, 760),
(8691, 251, 333),
(8692, 251, 240),
(8693, 251, 491),
(8694, 251, 241),
(8695, 251, 248),
(8696, 251, 328),
(8697, 251, 280),
(8698, 251, 257),
(8699, 251, 452),
(8700, 251, 362),
(8701, 251, 314),
(8702, 251, 261),
(8703, 251, 254),
(8704, 251, 378),
(8705, 251, 335),
(8706, 251, 267),
(8707, 251, 270),
(8708, 251, 276),
(8709, 251, 771),
(8710, 251, 776),
(8711, 251, 782),
(8712, 251, 788),
(8919, 253, 789),
(8918, 253, 782),
(8917, 253, 776),
(8916, 253, 771),
(8915, 253, 275),
(8914, 253, 270),
(8913, 253, 267),
(8912, 253, 335),
(8911, 253, 254),
(8910, 253, 263),
(8909, 253, 312),
(8908, 253, 363),
(8907, 253, 445),
(8906, 253, 257),
(8905, 253, 280),
(8904, 253, 328),
(8903, 253, 248),
(8902, 253, 241),
(8901, 253, 491),
(8900, 253, 240),
(8899, 253, 234),
(8898, 253, 333),
(8897, 253, 761),
(8896, 253, 232),
(9156, 479, 788),
(9155, 479, 783),
(9154, 479, 776),
(9153, 479, 771),
(9152, 479, 277),
(9151, 479, 270),
(9150, 479, 267),
(9149, 479, 335),
(9148, 479, 254),
(9147, 479, 263),
(9146, 479, 883),
(9145, 479, 362),
(9144, 479, 447),
(9143, 479, 257),
(9142, 479, 283),
(9141, 479, 325),
(9140, 479, 248),
(9139, 479, 241),
(9138, 479, 491),
(9137, 479, 240),
(9136, 479, 234),
(9135, 479, 333),
(9134, 479, 760),
(9133, 479, 232),
(8800, 415, 335),
(8801, 415, 267),
(8802, 415, 270),
(8803, 415, 277),
(8804, 415, 771),
(8805, 415, 776),
(8806, 415, 783),
(8807, 415, 788),
(12866, 436, 241),
(12865, 436, 491),
(12864, 436, 240),
(12863, 436, 234),
(12862, 436, 333),
(12861, 436, 760),
(12860, 436, 232),
(8832, 177, 232),
(8833, 177, 760),
(8834, 177, 333),
(8835, 177, 234),
(8836, 177, 240),
(8837, 177, 491),
(8838, 177, 241),
(8839, 177, 248),
(8840, 177, 325),
(8841, 177, 283),
(8842, 177, 257),
(8843, 177, 478),
(8844, 177, 364),
(8845, 177, 263),
(8846, 177, 254),
(8847, 177, 335),
(8848, 177, 267),
(8849, 177, 270),
(8850, 177, 277),
(8851, 177, 771),
(8852, 177, 776),
(8853, 177, 783),
(8854, 177, 788),
(8855, 178, 232),
(8856, 178, 760),
(8857, 178, 333),
(8858, 178, 234),
(8859, 178, 240),
(8860, 178, 491),
(8861, 178, 241),
(8862, 178, 248),
(8863, 178, 325),
(8864, 178, 283),
(8865, 178, 257),
(8866, 178, 445),
(8867, 178, 363),
(8868, 178, 312),
(8869, 178, 263),
(8870, 178, 254),
(8871, 178, 335),
(8872, 178, 267),
(8873, 178, 270),
(8874, 178, 277),
(8875, 178, 771),
(8876, 178, 776),
(8877, 178, 783),
(8878, 178, 788),
(8879, 196, 232),
(8880, 196, 760),
(8881, 196, 333),
(8882, 196, 234),
(8883, 196, 240),
(8884, 196, 491),
(8885, 196, 241),
(8886, 196, 248),
(8887, 196, 327),
(8888, 196, 257),
(8889, 196, 445),
(8890, 196, 363),
(8891, 196, 263),
(8892, 196, 254),
(8893, 196, 335),
(8894, 196, 267),
(8895, 196, 270),
(12858, 379, 783),
(12857, 379, 776),
(12856, 379, 771),
(12855, 379, 277),
(12854, 379, 270),
(12853, 379, 267),
(12852, 379, 335),
(12851, 379, 254),
(12850, 379, 263),
(12849, 379, 897),
(12848, 379, 364),
(12847, 379, 445),
(12846, 379, 257),
(12845, 379, 283),
(12844, 379, 325),
(12843, 379, 887),
(12842, 379, 248),
(12841, 379, 241),
(12840, 379, 491),
(12839, 379, 240),
(12838, 379, 234),
(12837, 379, 333),
(12836, 379, 760),
(12835, 379, 232),
(14180, 430, 241),
(14179, 430, 491),
(14178, 430, 240),
(14177, 430, 234),
(14176, 430, 333),
(14175, 430, 760),
(14174, 430, 232),
(8984, 416, 270),
(8985, 416, 277),
(8986, 416, 771),
(8987, 416, 776),
(8988, 416, 783),
(8989, 416, 788),
(9007, 420, 267),
(9008, 420, 270),
(9009, 420, 277),
(9010, 420, 771),
(9011, 420, 776),
(9012, 420, 783),
(9013, 420, 788),
(9014, 384, 232),
(9015, 384, 760),
(9016, 384, 333),
(9017, 384, 234),
(9018, 384, 240),
(9019, 384, 491),
(9020, 384, 241),
(9021, 384, 248),
(9022, 384, 325),
(9023, 384, 283),
(9024, 384, 257),
(9025, 384, 455),
(9026, 384, 363),
(9027, 384, 493),
(9028, 384, 263),
(9029, 384, 254),
(9030, 384, 335),
(9031, 384, 267),
(9032, 384, 270),
(9033, 384, 277),
(9034, 384, 771),
(9035, 384, 776),
(9036, 384, 783),
(9037, 384, 788),
(9038, 272, 232),
(9039, 272, 760),
(9040, 272, 333),
(9041, 272, 234),
(9042, 272, 240),
(9043, 272, 491),
(9044, 272, 241),
(9045, 272, 248),
(9046, 272, 329),
(9047, 272, 280),
(9048, 272, 257),
(9049, 272, 455),
(9050, 272, 363),
(9051, 272, 263),
(9052, 272, 254),
(9053, 272, 335),
(9054, 272, 267),
(9055, 272, 270),
(9056, 272, 274),
(9057, 272, 771),
(9058, 272, 776),
(9059, 272, 782),
(9060, 272, 791),
(9078, 422, 267),
(9079, 422, 270),
(9080, 422, 277),
(9081, 422, 771),
(9082, 422, 776),
(9083, 422, 783),
(9084, 422, 788),
(9101, 402, 335),
(9102, 402, 267),
(9103, 402, 270),
(9104, 402, 277),
(9105, 402, 771),
(9106, 402, 776),
(9107, 402, 783),
(9108, 402, 788),
(9109, 270, 232),
(9110, 270, 760),
(9111, 270, 333),
(9112, 270, 234),
(9113, 270, 240),
(9114, 270, 491),
(9115, 270, 241),
(9116, 270, 248),
(9117, 270, 329),
(9118, 270, 280),
(9119, 270, 257),
(9120, 270, 440),
(9121, 270, 364),
(9122, 270, 489),
(9123, 270, 263),
(9124, 270, 254),
(9125, 270, 335),
(9126, 270, 267),
(9127, 270, 270),
(9128, 270, 274),
(9129, 270, 771),
(9130, 270, 776),
(9131, 270, 782),
(9132, 270, 791),
(9174, 434, 267),
(9175, 434, 270),
(9176, 434, 277),
(9177, 434, 771),
(9178, 434, 776),
(9179, 434, 783),
(9180, 434, 788),
(9198, 435, 267),
(9199, 435, 270),
(9200, 435, 277),
(9201, 435, 771),
(9202, 435, 776),
(9203, 435, 783),
(9204, 435, 788),
(9205, 195, 232),
(9206, 195, 760),
(9207, 195, 333),
(9208, 195, 234),
(9209, 195, 240),
(9210, 195, 491),
(9211, 195, 241),
(9212, 195, 248),
(9213, 195, 327),
(9214, 195, 257),
(9215, 195, 444),
(9216, 195, 364),
(9217, 195, 487),
(9218, 195, 263),
(9219, 195, 254),
(9220, 195, 335),
(9221, 195, 267),
(9222, 195, 270),
(9223, 194, 232),
(9224, 194, 760),
(9225, 194, 333),
(9226, 194, 234),
(9227, 194, 240),
(9228, 194, 491),
(9229, 194, 241),
(9230, 194, 248),
(9231, 194, 327),
(9232, 194, 257),
(9233, 194, 444),
(9234, 194, 364),
(9235, 194, 263),
(9236, 194, 254),
(9237, 194, 335),
(9238, 194, 267),
(9239, 194, 270),
(11436, 442, 782),
(11435, 442, 776),
(11434, 442, 771),
(11433, 442, 276),
(11432, 442, 270),
(11431, 442, 267),
(11430, 442, 335),
(11429, 442, 254),
(11428, 442, 263),
(11427, 442, 488),
(11426, 442, 362),
(11425, 442, 481),
(11424, 442, 257),
(11423, 442, 280),
(11422, 442, 328),
(11421, 442, 887),
(11420, 442, 248),
(11419, 442, 241),
(11418, 442, 491),
(11417, 442, 240),
(11416, 442, 234),
(11415, 442, 333),
(11414, 442, 760),
(11413, 442, 232),
(11461, 444, 783),
(11460, 444, 776),
(11459, 444, 771),
(11458, 444, 277),
(11457, 444, 270),
(11456, 444, 267),
(11455, 444, 335),
(11454, 444, 254),
(11453, 444, 263),
(11452, 444, 488),
(11451, 444, 362),
(11450, 444, 457),
(11449, 444, 257),
(11448, 444, 283),
(11447, 444, 325),
(11446, 444, 887),
(11445, 444, 248),
(11444, 444, 241),
(11443, 444, 491),
(11442, 444, 240),
(11441, 444, 234),
(11440, 444, 333),
(11439, 444, 760),
(11438, 444, 232),
(9288, 338, 232),
(9289, 338, 760),
(9290, 338, 333),
(9291, 338, 234),
(9292, 338, 240),
(9293, 338, 491),
(9294, 338, 241),
(9295, 338, 248),
(9296, 338, 325),
(9297, 338, 283),
(9298, 338, 257),
(9299, 338, 456),
(9300, 338, 364),
(9301, 338, 263),
(9302, 338, 254),
(9303, 338, 335),
(9304, 338, 267),
(9305, 338, 270),
(9306, 338, 277),
(9307, 338, 771),
(9308, 338, 776),
(9309, 338, 783),
(9310, 338, 788),
(14828, 301, 248),
(14827, 301, 241),
(14826, 301, 491),
(14825, 301, 240),
(14824, 301, 234),
(14823, 301, 333),
(15094, 335, 783),
(15093, 335, 776),
(15092, 335, 771),
(15091, 335, 277),
(15090, 335, 270),
(15089, 335, 267),
(15088, 335, 335),
(15087, 335, 254),
(15086, 335, 261),
(15085, 335, 304),
(15084, 335, 362),
(15083, 335, 485),
(15082, 335, 257),
(15081, 335, 283),
(15080, 335, 325),
(15079, 335, 887),
(15078, 335, 248),
(15077, 335, 241),
(15076, 335, 491),
(15075, 335, 240),
(15074, 335, 234),
(15073, 335, 333),
(15072, 335, 760),
(15071, 335, 232),
(15225, 327, 788),
(15224, 327, 783),
(15223, 327, 776),
(15222, 327, 771),
(15221, 327, 277),
(15220, 327, 270),
(15219, 327, 267),
(15218, 327, 335),
(15217, 327, 254),
(15216, 327, 261),
(15215, 327, 304),
(15214, 327, 362),
(15213, 327, 472),
(15212, 327, 257),
(15211, 327, 283),
(15210, 327, 325),
(15209, 327, 887),
(15208, 327, 248),
(15207, 327, 241),
(15206, 327, 491),
(15205, 327, 240),
(15204, 327, 234),
(15203, 327, 333),
(15202, 327, 760),
(15295, 325, 783),
(15294, 325, 776),
(15293, 325, 771),
(15292, 325, 277),
(15291, 325, 270),
(15290, 325, 267),
(15289, 325, 335),
(15288, 325, 254),
(15287, 325, 261),
(15286, 325, 361),
(15285, 325, 478),
(15284, 325, 257),
(15283, 325, 283),
(15282, 325, 325),
(15281, 325, 887),
(15280, 325, 248),
(15279, 325, 241),
(15278, 325, 491),
(15277, 325, 240),
(15276, 325, 234),
(15275, 325, 333),
(15274, 325, 760),
(15273, 325, 232),
(15374, 300, 783),
(15373, 300, 776),
(15372, 300, 771),
(15371, 300, 277),
(15370, 300, 270),
(15369, 300, 267),
(15368, 300, 335),
(15367, 300, 254),
(15366, 300, 261),
(15365, 300, 306),
(15364, 300, 362),
(15363, 300, 257),
(15362, 300, 283),
(15361, 300, 325),
(15360, 300, 887),
(15359, 300, 248),
(15358, 300, 241),
(15357, 300, 491),
(15356, 300, 240),
(15355, 300, 234),
(15354, 300, 333),
(15353, 300, 760),
(15352, 300, 232),
(15019, 360, 783),
(15018, 360, 776),
(15017, 360, 771),
(15016, 360, 277),
(15015, 360, 270),
(15014, 360, 267),
(15013, 360, 335),
(15012, 360, 254),
(15011, 360, 261),
(15010, 360, 303),
(15009, 360, 362),
(15008, 360, 460),
(15007, 360, 257),
(15006, 360, 283),
(15005, 360, 325),
(15004, 360, 887),
(15003, 360, 248),
(15002, 360, 241),
(15001, 360, 491),
(15000, 360, 240),
(14999, 360, 234),
(14998, 360, 333),
(14997, 360, 760),
(14996, 360, 232),
(11209, 318, 788),
(11208, 318, 783),
(11207, 318, 776),
(11206, 318, 771),
(11205, 318, 277),
(11204, 318, 270),
(11203, 318, 267),
(11202, 318, 335),
(11201, 318, 254),
(11200, 318, 261),
(11199, 318, 306),
(11198, 318, 362),
(11197, 318, 445),
(11196, 318, 257),
(11195, 318, 283),
(11194, 318, 325),
(11193, 318, 248),
(11192, 318, 241),
(11191, 318, 491),
(11190, 318, 240),
(11189, 318, 234),
(11188, 318, 333),
(11187, 318, 760),
(11186, 318, 232),
(10261, 321, 788),
(10260, 321, 783),
(10259, 321, 776),
(10258, 321, 771),
(10257, 321, 277),
(10256, 321, 270),
(10255, 321, 267),
(10254, 321, 335),
(10253, 321, 254),
(10252, 321, 261),
(10251, 321, 486),
(10250, 321, 362),
(10249, 321, 440),
(10248, 321, 257),
(10247, 321, 283),
(10246, 321, 325),
(10245, 321, 248),
(10244, 321, 241),
(10243, 321, 491),
(10242, 321, 240),
(10241, 321, 234),
(10240, 321, 333),
(10239, 321, 760),
(10238, 321, 232),
(14944, 302, 783),
(14943, 302, 776),
(14942, 302, 771),
(14941, 302, 277),
(14940, 302, 270),
(14939, 302, 267),
(14938, 302, 335),
(14937, 302, 254),
(14936, 302, 261),
(14935, 302, 303),
(14934, 302, 360),
(14933, 302, 460),
(14932, 302, 257),
(14931, 302, 283),
(14930, 302, 325),
(14929, 302, 887),
(14928, 302, 248),
(14927, 302, 241),
(14926, 302, 491),
(14925, 302, 240),
(14924, 302, 234),
(14923, 302, 333),
(14922, 302, 760),
(14921, 302, 232),
(11312, 317, 783),
(11311, 317, 776),
(11310, 317, 771),
(11309, 317, 277),
(11308, 317, 270),
(11307, 317, 267),
(11306, 317, 335),
(11305, 317, 254),
(11304, 317, 261),
(11303, 317, 885),
(11302, 317, 362),
(11301, 317, 446),
(11300, 317, 257),
(11299, 317, 283),
(11298, 317, 325),
(11297, 317, 248),
(11296, 317, 241),
(11295, 317, 491),
(11294, 317, 240),
(11293, 317, 234),
(11292, 317, 333),
(11291, 317, 760),
(11290, 317, 232),
(15196, 210, 782),
(15195, 210, 776),
(15194, 210, 771),
(15193, 210, 276),
(15192, 210, 270),
(15191, 210, 267),
(15190, 210, 335),
(15189, 210, 254),
(15188, 210, 261),
(15187, 210, 304),
(15186, 210, 362),
(15185, 210, 476);
INSERT INTO `products_to_characteristics` (`products_to_characteristics_id`, `products_id`, `products_characteristic_set_id`) VALUES
(15184, 210, 257),
(15183, 210, 280),
(15182, 210, 328),
(15181, 210, 887),
(15180, 210, 248),
(15179, 210, 241),
(15178, 210, 491),
(15177, 210, 240),
(15176, 210, 234),
(15175, 210, 333),
(15174, 210, 760),
(15173, 210, 232),
(11980, 334, 776),
(11979, 334, 771),
(11978, 334, 277),
(11977, 334, 270),
(11976, 334, 267),
(11975, 334, 335),
(11974, 334, 254),
(11973, 334, 261),
(11972, 334, 307),
(11971, 334, 362),
(11970, 334, 459),
(11969, 334, 257),
(11968, 334, 283),
(11967, 334, 325),
(11966, 334, 887),
(11965, 334, 248),
(11964, 334, 241),
(11963, 334, 491),
(11962, 334, 240),
(11961, 334, 234),
(11960, 334, 333),
(11959, 334, 760),
(11958, 334, 232),
(14919, 324, 783),
(14918, 324, 776),
(14917, 324, 771),
(14916, 324, 277),
(14915, 324, 270),
(14914, 324, 267),
(14913, 324, 335),
(14912, 324, 254),
(14911, 324, 261),
(14910, 324, 303),
(14909, 324, 360),
(14908, 324, 884),
(14907, 324, 257),
(14906, 324, 283),
(14905, 324, 325),
(14904, 324, 887),
(14903, 324, 248),
(14902, 324, 241),
(14901, 324, 491),
(14900, 324, 240),
(14899, 324, 234),
(14898, 324, 333),
(14897, 324, 760),
(12032, 295, 788),
(12031, 295, 783),
(12030, 295, 776),
(12029, 295, 771),
(12028, 295, 277),
(12027, 295, 270),
(12026, 295, 267),
(12025, 295, 335),
(12024, 295, 254),
(12023, 295, 261),
(12022, 295, 310),
(12021, 295, 362),
(12020, 295, 447),
(12019, 295, 257),
(12018, 295, 283),
(12017, 295, 325),
(12016, 295, 887),
(12015, 295, 248),
(12014, 295, 241),
(12013, 295, 491),
(12012, 295, 240),
(12011, 295, 234),
(12010, 295, 333),
(12009, 295, 760),
(14896, 324, 232),
(14894, 332, 783),
(14893, 332, 776),
(14892, 332, 771),
(14891, 332, 277),
(14890, 332, 270),
(14889, 332, 267),
(14888, 332, 335),
(14887, 332, 254),
(14886, 332, 261),
(14885, 332, 302),
(14884, 332, 362),
(14883, 332, 475),
(14882, 332, 257),
(14881, 332, 283),
(14880, 332, 325),
(14879, 332, 887),
(14878, 332, 248),
(14877, 332, 241),
(14876, 332, 491),
(14875, 332, 240),
(14874, 332, 234),
(14873, 332, 333),
(14872, 332, 760),
(14871, 332, 232),
(10428, 356, 232),
(10429, 356, 760),
(10430, 356, 333),
(10431, 356, 234),
(10432, 356, 240),
(10433, 356, 491),
(10434, 356, 241),
(10435, 356, 248),
(10436, 356, 325),
(10437, 356, 283),
(10438, 356, 257),
(10439, 356, 469),
(10440, 356, 362),
(10441, 356, 309),
(10442, 356, 261),
(10443, 356, 254),
(10444, 356, 335),
(10445, 356, 267),
(10446, 356, 270),
(10447, 356, 277),
(10448, 356, 771),
(10449, 356, 776),
(10450, 356, 783),
(10451, 356, 788),
(10452, 342, 232),
(10453, 342, 760),
(10454, 342, 333),
(10455, 342, 234),
(10456, 342, 240),
(10457, 342, 491),
(10458, 342, 241),
(10459, 342, 248),
(10460, 342, 325),
(10461, 342, 283),
(10462, 342, 257),
(10463, 342, 455),
(10464, 342, 363),
(10465, 342, 308),
(10466, 342, 261),
(10467, 342, 254),
(10468, 342, 335),
(10469, 342, 267),
(10470, 342, 270),
(10471, 342, 277),
(10472, 342, 771),
(10473, 342, 776),
(10474, 342, 783),
(10475, 342, 788),
(11561, 320, 783),
(11560, 320, 776),
(11559, 320, 771),
(11558, 320, 277),
(11557, 320, 270),
(11556, 320, 267),
(11555, 320, 335),
(11554, 320, 254),
(11553, 320, 261),
(11552, 320, 314),
(11551, 320, 362),
(11550, 320, 452),
(11549, 320, 257),
(11548, 320, 283),
(11547, 320, 325),
(11546, 320, 887),
(11545, 320, 248),
(11544, 320, 241),
(11543, 320, 491),
(11542, 320, 240),
(11541, 320, 234),
(11540, 320, 333),
(11539, 320, 760),
(11538, 320, 232),
(15171, 368, 783),
(15170, 368, 776),
(15169, 368, 771),
(15168, 368, 277),
(15167, 368, 270),
(15166, 368, 267),
(15165, 368, 335),
(15164, 368, 254),
(15163, 368, 261),
(15162, 368, 304),
(15161, 368, 364),
(15160, 368, 485),
(15159, 368, 257),
(15158, 368, 283),
(15157, 368, 325),
(15156, 368, 887),
(15155, 368, 248),
(15154, 368, 241),
(15153, 368, 491),
(15152, 368, 240),
(15151, 368, 234),
(15150, 368, 333),
(15149, 368, 760),
(15148, 368, 232),
(14870, 176, 788),
(14869, 176, 783),
(14868, 176, 776),
(14867, 176, 771),
(14866, 176, 277),
(14865, 176, 270),
(14864, 176, 267),
(14863, 176, 335),
(14862, 176, 254),
(14861, 176, 261),
(14860, 176, 886),
(14859, 176, 362),
(14858, 176, 794),
(14857, 176, 257),
(14856, 176, 283),
(14855, 176, 325),
(14854, 176, 887),
(14853, 176, 248),
(14852, 176, 241),
(14851, 176, 491),
(14850, 176, 240),
(14849, 176, 234),
(14848, 176, 333),
(10547, 345, 232),
(10548, 345, 760),
(10549, 345, 333),
(10550, 345, 234),
(10551, 345, 240),
(10552, 345, 491),
(10553, 345, 241),
(10554, 345, 248),
(10555, 345, 325),
(10556, 345, 283),
(10557, 345, 257),
(10558, 345, 447),
(10559, 345, 364),
(10560, 345, 309),
(10561, 345, 261),
(10562, 345, 254),
(10563, 345, 335),
(10564, 345, 267),
(10565, 345, 270),
(10566, 345, 277),
(10567, 345, 771),
(10568, 345, 776),
(10569, 345, 783),
(10570, 345, 788),
(15068, 341, 783),
(15067, 341, 776),
(15066, 341, 771),
(15065, 341, 277),
(15064, 341, 270),
(15063, 341, 267),
(15062, 341, 335),
(15061, 341, 254),
(15060, 341, 261),
(15059, 341, 304),
(15058, 341, 361),
(15057, 341, 485),
(15056, 341, 257),
(15055, 341, 283),
(15054, 341, 325),
(15053, 341, 887),
(15052, 341, 248),
(15051, 341, 241),
(15050, 341, 491),
(15049, 341, 240),
(15048, 341, 234),
(15047, 341, 333),
(15046, 341, 760),
(15045, 341, 232),
(12007, 294, 788),
(12006, 294, 783),
(12005, 294, 776),
(12004, 294, 771),
(12003, 294, 277),
(12002, 294, 270),
(12001, 294, 267),
(12000, 294, 335),
(11999, 294, 254),
(11998, 294, 261),
(11997, 294, 308),
(11996, 294, 362),
(11995, 294, 440),
(11313, 317, 788),
(11289, 328, 283),
(11288, 328, 325),
(11287, 328, 248),
(11286, 328, 241),
(11285, 328, 491),
(11284, 328, 240),
(11283, 328, 234),
(11282, 328, 333),
(11281, 328, 760),
(11280, 328, 232),
(10619, 311, 232),
(10620, 311, 760),
(10621, 311, 333),
(10622, 311, 234),
(10623, 311, 240),
(10624, 311, 491),
(10625, 311, 241),
(10626, 311, 248),
(10627, 311, 325),
(10628, 311, 283),
(10629, 311, 257),
(10630, 311, 452),
(10631, 311, 360),
(10632, 311, 314),
(10633, 311, 261),
(10634, 311, 254),
(10635, 311, 335),
(10636, 311, 267),
(10637, 311, 270),
(10638, 311, 277),
(10639, 311, 771),
(10640, 311, 776),
(10641, 311, 783),
(10642, 311, 788),
(15270, 329, 783),
(15269, 329, 776),
(15268, 329, 771),
(15267, 329, 277),
(15266, 329, 270),
(15265, 329, 267),
(15264, 329, 335),
(15263, 329, 254),
(15262, 329, 261),
(15261, 329, 306),
(15260, 329, 360),
(15259, 329, 478),
(15258, 329, 257),
(15257, 329, 283),
(15256, 329, 325),
(15255, 329, 887),
(15254, 329, 248),
(15253, 329, 241),
(15252, 329, 491),
(15251, 329, 240),
(15250, 329, 234),
(15249, 329, 333),
(15248, 329, 760),
(15247, 329, 232),
(11256, 305, 788),
(11255, 305, 783),
(11254, 305, 776),
(11253, 305, 771),
(11252, 305, 277),
(11251, 305, 270),
(11250, 305, 267),
(11249, 305, 335),
(11248, 305, 254),
(11247, 305, 261),
(11246, 305, 308),
(11245, 305, 360),
(11244, 305, 459),
(11243, 305, 257),
(11242, 305, 283),
(11241, 305, 325),
(11240, 305, 248),
(11239, 305, 241),
(11238, 305, 491),
(11237, 305, 240),
(11236, 305, 234),
(11235, 305, 333),
(11234, 305, 760),
(11233, 305, 232),
(10732, 337, 267),
(10733, 337, 270),
(10734, 337, 277),
(10735, 337, 771),
(10736, 337, 776),
(10737, 337, 783),
(10738, 337, 788),
(14847, 176, 760),
(15043, 330, 783),
(15042, 330, 776),
(15041, 330, 771),
(15040, 330, 270),
(15039, 330, 267),
(15038, 330, 335),
(15037, 330, 254),
(15036, 330, 261),
(15035, 330, 304),
(15034, 330, 360),
(15033, 330, 485),
(15032, 330, 257),
(15031, 330, 283),
(15030, 330, 325),
(15029, 330, 887),
(15028, 330, 248),
(15027, 330, 241),
(15026, 330, 491),
(15025, 330, 240),
(15024, 330, 234),
(15023, 330, 333),
(15022, 330, 760),
(15021, 330, 232),
(15121, 239, 782),
(15120, 239, 776),
(15119, 239, 771),
(15118, 239, 276),
(15117, 239, 270),
(15116, 239, 267),
(15115, 239, 335),
(15114, 239, 254),
(15113, 239, 261),
(15112, 239, 303),
(15111, 239, 364),
(15110, 239, 485),
(15109, 239, 257),
(15108, 239, 280),
(15107, 239, 328),
(15106, 239, 887),
(15105, 239, 248),
(15104, 239, 241),
(15103, 239, 491),
(15102, 239, 240),
(15101, 239, 234),
(15100, 239, 333),
(15099, 239, 760),
(15098, 239, 232),
(15146, 258, 783),
(15145, 258, 776),
(15144, 258, 771),
(15143, 258, 277),
(15142, 258, 270),
(15141, 258, 267),
(15140, 258, 335),
(15139, 258, 254),
(15138, 258, 261),
(15137, 258, 303),
(15136, 258, 364),
(15135, 258, 485),
(15134, 258, 257),
(15133, 258, 283),
(15132, 258, 327),
(15131, 258, 887),
(15130, 258, 248),
(15129, 258, 241),
(15128, 258, 491),
(15127, 258, 240),
(15126, 258, 234),
(15125, 258, 333),
(15124, 258, 760),
(15123, 258, 232),
(11994, 294, 257),
(11993, 294, 283),
(11992, 294, 325),
(11991, 294, 887),
(11990, 294, 248),
(11989, 294, 241),
(11988, 294, 491),
(11987, 294, 240),
(11986, 294, 234),
(11985, 294, 333),
(11984, 294, 760),
(11983, 294, 232),
(11356, 180, 335),
(11357, 180, 267),
(11358, 180, 270),
(11359, 180, 277),
(11360, 180, 771),
(11361, 180, 776),
(11362, 180, 783),
(11363, 180, 788),
(11381, 400, 335),
(11382, 400, 267),
(11383, 400, 270),
(11384, 400, 277),
(11385, 400, 771),
(11386, 400, 776),
(11387, 400, 783),
(11388, 400, 788),
(11406, 512, 267),
(11407, 512, 270),
(11408, 512, 277),
(11409, 512, 771),
(11410, 512, 776),
(11411, 512, 783),
(11412, 512, 788),
(11437, 442, 789),
(11462, 444, 788),
(11480, 181, 335),
(11481, 181, 267),
(11482, 181, 270),
(11483, 181, 277),
(11484, 181, 771),
(11485, 181, 776),
(11486, 181, 783),
(11487, 181, 788),
(12008, 295, 232),
(11513, 349, 232),
(11514, 349, 760),
(11515, 349, 333),
(11516, 349, 234),
(11517, 349, 240),
(11518, 349, 491),
(11519, 349, 241),
(11520, 349, 248),
(11521, 349, 887),
(11522, 349, 325),
(11523, 349, 283),
(11524, 349, 257),
(11525, 349, 462),
(11526, 349, 364),
(11527, 349, 313),
(11528, 349, 261),
(11529, 349, 254),
(11530, 349, 335),
(11531, 349, 267),
(11532, 349, 270),
(11533, 349, 277),
(11534, 349, 771),
(11535, 349, 776),
(11536, 349, 783),
(11537, 349, 788),
(11562, 320, 788),
(11563, 296, 232),
(11564, 296, 760),
(11565, 296, 333),
(11566, 296, 234),
(11567, 296, 240),
(11568, 296, 491),
(11569, 296, 241),
(11570, 296, 248),
(11571, 296, 887),
(11572, 296, 325),
(11573, 296, 283),
(11574, 296, 257),
(11575, 296, 444),
(11576, 296, 362),
(11577, 296, 261),
(11578, 296, 254),
(11579, 296, 267),
(11580, 296, 270),
(11581, 296, 277),
(11582, 296, 771),
(11583, 296, 776),
(11584, 296, 783),
(11585, 296, 788),
(11586, 297, 232),
(11587, 297, 760),
(11588, 297, 333),
(11589, 297, 234),
(11590, 297, 240),
(11591, 297, 491),
(11592, 297, 241),
(11593, 297, 248),
(11594, 297, 887),
(11595, 297, 325),
(11596, 297, 283),
(11597, 297, 257),
(11598, 297, 463),
(11599, 297, 362),
(11600, 297, 316),
(11601, 297, 261),
(11602, 297, 254),
(11603, 297, 335),
(11604, 297, 267),
(11605, 297, 270),
(11606, 297, 277),
(11607, 297, 771),
(11608, 297, 776),
(11609, 297, 783),
(11610, 297, 788),
(11611, 299, 232),
(11612, 299, 760),
(11613, 299, 333),
(11614, 299, 234),
(11615, 299, 240),
(11616, 299, 491),
(11617, 299, 241),
(11618, 299, 248),
(11619, 299, 887),
(11620, 299, 325),
(11621, 299, 283),
(11622, 299, 257),
(11623, 299, 457),
(11624, 299, 362),
(11625, 299, 316),
(11626, 299, 261),
(11627, 299, 254),
(11628, 299, 335),
(11629, 299, 267),
(11630, 299, 270),
(11631, 299, 277),
(11632, 299, 771),
(11633, 299, 776),
(11634, 299, 783),
(11635, 299, 788),
(11653, 314, 335),
(11654, 314, 267),
(11655, 314, 270),
(11656, 314, 277),
(11657, 314, 771),
(11658, 314, 776),
(11659, 314, 783),
(11660, 314, 788),
(11678, 298, 335),
(11679, 298, 267),
(11680, 298, 270),
(11681, 298, 277),
(11682, 298, 771),
(11683, 298, 776),
(11684, 298, 783),
(11685, 298, 788),
(11686, 386, 232),
(11687, 386, 760),
(11688, 386, 333),
(11689, 386, 234),
(11690, 386, 240),
(11691, 386, 491),
(11692, 386, 241),
(11693, 386, 248),
(11694, 386, 887),
(11695, 386, 325),
(11696, 386, 283),
(11697, 386, 257),
(11698, 386, 461),
(11699, 386, 362),
(11700, 386, 318),
(11701, 386, 261),
(11702, 386, 254),
(11703, 386, 335),
(11704, 386, 267),
(11705, 386, 270),
(11706, 386, 277),
(11707, 386, 771),
(11708, 386, 776),
(11709, 386, 783),
(11710, 386, 788),
(11831, 403, 776),
(11830, 403, 771),
(11829, 403, 277),
(11828, 403, 270),
(11827, 403, 267),
(11826, 403, 335),
(11825, 403, 254),
(11824, 403, 261),
(11823, 403, 894),
(11822, 403, 362),
(11821, 403, 468),
(11820, 403, 257),
(11819, 403, 283),
(11818, 403, 325),
(11817, 403, 887),
(11816, 403, 248),
(11815, 403, 241),
(11814, 403, 491),
(11813, 403, 240),
(11812, 403, 234),
(11811, 403, 333),
(11810, 403, 760),
(11809, 403, 232),
(11734, 316, 232),
(11735, 316, 760),
(11736, 316, 333),
(11737, 316, 234),
(11738, 316, 240),
(11739, 316, 491),
(11740, 316, 241),
(11741, 316, 248),
(11742, 316, 887),
(11743, 316, 325),
(11744, 316, 283),
(11745, 316, 257),
(11746, 316, 443),
(11747, 316, 362),
(11748, 316, 487),
(11749, 316, 261),
(11750, 316, 254),
(11751, 316, 335),
(11752, 316, 267),
(11753, 316, 270),
(11754, 316, 277),
(11755, 316, 771),
(11756, 316, 776),
(11757, 316, 783),
(11758, 316, 788),
(11759, 378, 232),
(11760, 378, 760),
(11761, 378, 333),
(11762, 378, 234),
(11763, 378, 240),
(11764, 378, 491),
(11765, 378, 241),
(11766, 378, 248),
(11767, 378, 887),
(11768, 378, 325),
(11769, 378, 283),
(11770, 378, 257),
(11771, 378, 473),
(11772, 378, 362),
(11773, 378, 323),
(11774, 378, 261),
(11775, 378, 254),
(11776, 378, 335),
(11777, 378, 267),
(11778, 378, 270),
(11779, 378, 277),
(11780, 378, 771),
(11781, 378, 776),
(11782, 378, 783),
(11783, 378, 788),
(11784, 370, 232),
(11785, 370, 760),
(11786, 370, 333),
(11787, 370, 234),
(11788, 370, 240),
(11789, 370, 491),
(11790, 370, 241),
(11791, 370, 248),
(11792, 370, 887),
(11793, 370, 325),
(11794, 370, 283),
(11795, 370, 257),
(11796, 370, 464),
(11797, 370, 362),
(11798, 370, 297),
(11799, 370, 261),
(11800, 370, 254),
(11801, 370, 335),
(11802, 370, 267),
(11803, 370, 270),
(11804, 370, 277),
(11805, 370, 771),
(11806, 370, 776),
(11807, 370, 783),
(11808, 370, 788),
(11832, 403, 783),
(11833, 403, 788),
(15351, 446, 788),
(15350, 446, 783),
(15349, 446, 776),
(15348, 446, 771),
(15347, 446, 277),
(15346, 446, 270),
(15345, 446, 267),
(15344, 446, 335),
(15343, 446, 254),
(15342, 446, 261),
(15341, 446, 306),
(15340, 446, 360),
(15339, 446, 895),
(15338, 446, 257),
(15337, 446, 283),
(15336, 446, 325),
(15335, 446, 887),
(15334, 446, 248),
(15333, 446, 241),
(15332, 446, 491),
(15331, 446, 240),
(15330, 446, 234),
(15329, 446, 333),
(15400, 304, 788),
(15399, 304, 783),
(15398, 304, 776),
(15397, 304, 771),
(15396, 304, 277),
(15395, 304, 270),
(15394, 304, 267),
(15393, 304, 335),
(15392, 304, 254),
(15391, 304, 261),
(15390, 304, 306),
(15389, 304, 360),
(15388, 304, 445),
(15387, 304, 257),
(15386, 304, 283),
(15385, 304, 325),
(15384, 304, 887),
(15383, 304, 248),
(15382, 304, 241),
(15381, 304, 491),
(15380, 304, 240),
(15379, 304, 234),
(15378, 304, 333),
(15377, 304, 760),
(15376, 304, 232),
(15328, 446, 760),
(15327, 446, 232),
(15425, 331, 283),
(15424, 331, 325),
(15423, 331, 887),
(15422, 331, 248),
(15421, 331, 241),
(15420, 331, 491),
(15419, 331, 240),
(15418, 331, 234),
(15417, 331, 333),
(15416, 331, 760),
(15415, 331, 232),
(15414, 219, 362),
(15413, 219, 445),
(15412, 219, 257),
(15411, 219, 280),
(15410, 219, 328),
(15409, 219, 887),
(15408, 219, 248),
(15407, 219, 241),
(15406, 219, 491),
(15405, 219, 240),
(15404, 219, 234),
(15403, 219, 333),
(15402, 219, 760),
(15401, 219, 232),
(11981, 334, 783),
(11982, 334, 788),
(14846, 176, 232),
(12361, 250, 203),
(12360, 250, 608),
(12359, 250, 164),
(12358, 250, 195),
(12357, 250, 512),
(12382, 281, 204),
(12381, 281, 608),
(12380, 281, 164),
(12379, 281, 195),
(12378, 281, 512),
(12402, 513, 234),
(12401, 513, 252),
(12400, 513, 760),
(12399, 513, 232),
(12424, 282, 205),
(12423, 282, 608),
(12422, 282, 164),
(12421, 282, 195),
(12420, 282, 512),
(12445, 283, 206),
(12444, 283, 608),
(12443, 283, 164),
(12442, 283, 195),
(12441, 283, 512),
(12466, 284, 206),
(12465, 284, 608),
(12464, 284, 164),
(12463, 284, 195),
(12462, 284, 512),
(12487, 285, 207),
(12486, 285, 608),
(12485, 285, 164),
(12484, 285, 195),
(12483, 285, 512),
(12508, 286, 207),
(12507, 286, 608),
(12506, 286, 164),
(12505, 286, 195),
(12504, 286, 512),
(12529, 287, 208),
(12528, 287, 608),
(12527, 287, 164),
(12526, 287, 195),
(12525, 287, 512),
(12550, 288, 209),
(12549, 288, 608),
(12548, 288, 164),
(12547, 288, 195),
(12546, 288, 512),
(12570, 289, 608),
(12569, 289, 164),
(12568, 289, 195),
(12567, 289, 512),
(12591, 290, 211),
(12590, 290, 608),
(12589, 290, 164),
(12588, 290, 195),
(12587, 290, 512),
(12612, 291, 212),
(12611, 291, 608),
(12610, 291, 164),
(12609, 291, 195),
(12608, 291, 512),
(12633, 292, 213),
(12632, 292, 608),
(12631, 292, 164),
(12630, 292, 195),
(12629, 292, 512),
(12654, 293, 214),
(12653, 293, 608),
(12652, 293, 164),
(12651, 293, 195),
(12650, 293, 512),
(12377, 250, 887),
(12398, 281, 887),
(12419, 513, 571),
(12440, 282, 887),
(12461, 283, 887),
(12482, 284, 887),
(12503, 285, 887),
(12524, 286, 887),
(12545, 287, 887),
(12566, 288, 887),
(12586, 289, 248),
(12607, 290, 887),
(12628, 291, 887),
(12649, 292, 887),
(12670, 293, 887),
(12689, 471, 859),
(12690, 471, 868),
(12708, 472, 860),
(12709, 472, 865),
(12727, 473, 859),
(12728, 473, 866),
(12747, 474, 859),
(12748, 474, 868),
(12765, 475, 860),
(12766, 475, 865),
(12784, 476, 860),
(12785, 476, 865),
(12810, 480, 232),
(12811, 480, 760),
(12812, 480, 333),
(12813, 480, 234),
(12814, 480, 240),
(12815, 480, 491),
(12816, 480, 241),
(12817, 480, 248),
(12818, 480, 887),
(12819, 480, 325),
(12820, 480, 283),
(12821, 480, 257),
(12822, 480, 445),
(12823, 480, 362),
(12824, 480, 312),
(12825, 480, 263),
(12826, 480, 254),
(12827, 480, 335),
(12828, 480, 267),
(12829, 480, 270),
(12830, 480, 277),
(12831, 480, 771),
(12832, 480, 776),
(12833, 480, 783),
(12834, 480, 788),
(12859, 379, 788),
(12884, 436, 788),
(12982, 481, 788),
(12981, 481, 783),
(12980, 481, 776),
(12979, 481, 771),
(12978, 481, 277),
(12977, 481, 270),
(12976, 481, 267),
(12975, 481, 335),
(12974, 481, 254),
(12973, 481, 259),
(12972, 481, 310),
(12971, 481, 362),
(12970, 481, 457),
(12969, 481, 257),
(12968, 481, 283),
(12967, 481, 325),
(12966, 481, 887),
(12965, 481, 248),
(12964, 481, 241),
(12963, 481, 491),
(12962, 481, 240),
(12961, 481, 234),
(12960, 481, 333),
(12959, 481, 760),
(12958, 481, 232),
(12933, 421, 788),
(15610, 392, 234),
(15609, 392, 333),
(15608, 392, 761),
(15607, 392, 232),
(15550, 433, 445),
(15549, 433, 256),
(15548, 433, 283),
(15547, 433, 325),
(15437, 331, 776),
(15436, 331, 771),
(15435, 331, 277),
(15434, 331, 270),
(14949, 396, 234),
(14948, 396, 333),
(14947, 396, 760),
(14946, 396, 232),
(14142, 486, 776),
(14141, 486, 771),
(14140, 486, 277),
(14119, 492, 789),
(14098, 492, 234),
(14097, 492, 333),
(14096, 492, 760),
(14095, 492, 232),
(14070, 247, 789),
(14048, 247, 333),
(14047, 247, 760),
(14046, 247, 232),
(15572, 100, 575),
(15571, 100, 574),
(15570, 100, 557),
(15527, 477, 303),
(15526, 477, 362),
(15525, 477, 460),
(15524, 477, 256),
(15507, 166, 234),
(15506, 166, 904),
(15505, 166, 760),
(15504, 166, 232),
(15460, 388, 277),
(15459, 388, 270),
(15458, 388, 267),
(15457, 388, 335),
(15226, 238, 887),
(15201, 327, 232),
(15200, 303, 887),
(14974, 218, 234),
(14973, 218, 333),
(14972, 218, 760),
(14971, 218, 232),
(14822, 301, 760),
(14821, 301, 232),
(14215, 493, 270),
(14171, 275, 776),
(14170, 275, 771),
(14169, 275, 270),
(14003, 484, 234),
(14002, 484, 333),
(14001, 484, 760),
(14217, 482, 760),
(14226, 483, 232),
(14216, 482, 232);

-- --------------------------------------------------------

--
-- Tabellenstruktur für Tabelle `products_to_groups`
--

CREATE TABLE `products_to_groups` (
  `products_id` int(11) NOT NULL DEFAULT '0',
  `groups_id` int(11) NOT NULL DEFAULT '0'
) ENGINE=MyISAM DEFAULT CHARSET=utf8;

-- --------------------------------------------------------

--
-- Tabellenstruktur für Tabelle `products_vpe`
--

CREATE TABLE `products_vpe` (
  `products_vpe_id` int(11) NOT NULL DEFAULT '0',
  `language_id` int(11) NOT NULL DEFAULT '0',
  `products_vpe_name` varchar(32) NOT NULL
) ENGINE=MyISAM DEFAULT CHARSET=utf8;

-- --------------------------------------------------------

--
-- Tabellenstruktur für Tabelle `products_xsell`
--

CREATE TABLE `products_xsell` (
  `ID` int(10) NOT NULL,
  `products_id` int(10) UNSIGNED NOT NULL DEFAULT '1',
  `xsell_id` int(10) UNSIGNED NOT NULL DEFAULT '1',
  `sort_order` int(10) UNSIGNED NOT NULL DEFAULT '1',
  `reverse_cross_selling` int(1) NOT NULL
) ENGINE=MyISAM DEFAULT CHARSET=utf8;

-- --------------------------------------------------------

--
-- Tabellenstruktur für Tabelle `product_properties_xy_prices`
--

CREATE TABLE `product_properties_xy_prices` (
  `product_properties_xy_prices_id` int(11) NOT NULL,
  `products_id` int(11) NOT NULL,
  `products_properties_id_X` int(11) NOT NULL,
  `products_properties_id_Y` int(11) NOT NULL
) ENGINE=MyISAM DEFAULT CHARSET=utf8mb4 COLLATE=utf8mb4_unicode_ci;

-- --------------------------------------------------------

--
-- Tabellenstruktur für Tabelle `product_properties_xy_prices_values`
--

CREATE TABLE `product_properties_xy_prices_values` (
  `product_properties_xy_prices_values_id` int(11) NOT NULL,
  `product_properties_xy_prices_id` int(11) NOT NULL,
  `val_X` int(11) NOT NULL,
  `val_Y` int(11) NOT NULL,
  `xy_price` float NOT NULL
) ENGINE=MyISAM DEFAULT CHARSET=utf8mb4 COLLATE=utf8mb4_unicode_ci;

-- --------------------------------------------------------

--
-- Tabellenstruktur für Tabelle `product_properties_xy_prices_values_for_properties`
--

CREATE TABLE `product_properties_xy_prices_values_for_properties` (
  `product_properties_xy_prices_values_for_properties_id` int(11) NOT NULL,
  `product_properties_xy_prices_values_id` int(11) NOT NULL,
  `products_properties_id` int(11) NOT NULL,
  `price_netto` float NOT NULL
) ENGINE=MyISAM DEFAULT CHARSET=utf8mb4 COLLATE=utf8mb4_unicode_ci;

-- --------------------------------------------------------

--
-- Tabellenstruktur für Tabelle `product_un_classification`
--

CREATE TABLE `product_un_classification` (
  `product_un_classification_id` int(11) NOT NULL,
  `products_id` int(11) NOT NULL,
  `un_classifications_id` int(11) NOT NULL,
  `ADR_Class` varchar(16) COLLATE utf8mb4_unicode_ci NOT NULL,
  `Packaging_Group` varchar(32) COLLATE utf8mb4_unicode_ci NOT NULL,
  `Bk` varchar(8) COLLATE utf8mb4_unicode_ci NOT NULL,
  `TUNNEL_CATEGORY` varchar(24) COLLATE utf8mb4_unicode_ci NOT NULL
) ENGINE=InnoDB DEFAULT CHARSET=utf8mb4 COLLATE=utf8mb4_unicode_ci;

-- --------------------------------------------------------

--
-- Tabellenstruktur für Tabelle `push_customer_allocations`
--

CREATE TABLE `push_customer_allocations` (
  `push_customer_allocations_id` int(11) NOT NULL,
  `customers_id` int(11) NOT NULL,
  `allocation` varchar(16) NOT NULL
) ENGINE=MyISAM DEFAULT CHARSET=utf8;

-- --------------------------------------------------------

--
-- Tabellenstruktur für Tabelle `reclamations`
--

CREATE TABLE `reclamations` (
  `reclamations_id` int(11) NOT NULL,
  `orders_id` int(11) NOT NULL DEFAULT '0',
  `customers_id` int(11) NOT NULL DEFAULT '0',
  `ebay_id` varchar(32) NOT NULL DEFAULT '',
  `customers_cid` varchar(32) DEFAULT NULL,
  `customers_vat_id` varchar(20) DEFAULT NULL,
  `customers_status` int(11) DEFAULT NULL,
  `customers_status_name` varchar(32) NOT NULL DEFAULT '',
  `customers_status_image` varchar(64) DEFAULT NULL,
  `customers_status_discount` decimal(4,2) DEFAULT NULL,
  `customers_name` varchar(64) NOT NULL DEFAULT '',
  `customers_company` varchar(128) DEFAULT NULL,
  `customers_street_address` varchar(64) NOT NULL DEFAULT '',
  `customers_suburb` varchar(64) DEFAULT NULL,
  `customers_city` varchar(64) NOT NULL,
  `customers_postcode` varchar(10) NOT NULL DEFAULT '',
  `customers_state` varchar(32) DEFAULT NULL,
  `customers_country` varchar(32) NOT NULL DEFAULT '',
  `customers_telephone` varchar(32) NOT NULL DEFAULT '',
  `customers_email_address` varchar(96) NOT NULL DEFAULT '',
  `customers_address_format_id` int(5) NOT NULL DEFAULT '0',
  `delivery_name` varchar(64) NOT NULL DEFAULT '',
  `delivery_company` varchar(128) DEFAULT NULL,
  `delivery_street_address` varchar(64) NOT NULL DEFAULT '',
  `delivery_suburb` varchar(64) DEFAULT NULL,
  `delivery_city` varchar(64) NOT NULL,
  `delivery_postcode` varchar(10) NOT NULL DEFAULT '',
  `delivery_state` varchar(32) DEFAULT NULL,
  `delivery_country` varchar(32) NOT NULL DEFAULT '',
  `delivery_address_format_id` int(5) NOT NULL DEFAULT '0',
  `billing_name` varchar(64) NOT NULL DEFAULT '',
  `billing_company` varchar(128) DEFAULT NULL,
  `billing_street_address` varchar(64) NOT NULL DEFAULT '',
  `billing_suburb` varchar(64) DEFAULT NULL,
  `billing_city` varchar(64) NOT NULL,
  `billing_postcode` varchar(10) NOT NULL DEFAULT '',
  `billing_state` varchar(32) DEFAULT NULL,
  `billing_country` varchar(32) NOT NULL DEFAULT '',
  `billing_address_format_id` int(5) NOT NULL DEFAULT '0',
  `payment_method` varchar(32) NOT NULL DEFAULT '',
  `comments` varchar(255) DEFAULT NULL,
  `last_modified` datetime DEFAULT NULL,
  `date_created` datetime DEFAULT NULL,
  `date_payment` datetime NOT NULL DEFAULT '0000-00-00 00:00:00',
  `reclamations_status` int(5) NOT NULL DEFAULT '0',
  `reclamations_type` int(11) NOT NULL DEFAULT '0',
  `reclamations_date_finished` datetime DEFAULT NULL,
  `currency` char(3) DEFAULT NULL,
  `currency_value` decimal(14,6) DEFAULT NULL,
  `account_type` int(1) NOT NULL DEFAULT '0',
  `language` varchar(32) NOT NULL DEFAULT '',
  `versender` varchar(32) NOT NULL DEFAULT '',
  `rueckerstattung` int(11) NOT NULL DEFAULT '0',
  `send` int(1) NOT NULL DEFAULT '0',
  `send_status` int(1) NOT NULL DEFAULT '0',
  `repair` int(1) NOT NULL DEFAULT '0',
  `kto_nummer` varchar(32) NOT NULL DEFAULT '',
  `kto_inhaber` varchar(128) NOT NULL DEFAULT '',
  `kto_blz` varchar(32) NOT NULL DEFAULT '',
  `kto_bank` varchar(128) NOT NULL DEFAULT '',
  `rueckerstattungsbetrag` float NOT NULL DEFAULT '0',
  `rueckerstattungsgrund` text NOT NULL,
  `block_shipping` int(1) NOT NULL DEFAULT '0',
  `versender_proposal` varchar(32) NOT NULL DEFAULT '',
  `shipping_comments` text NOT NULL,
  `block_shipping_comment` varchar(255) NOT NULL,
  `block_shipping_end_date` datetime NOT NULL
) ENGINE=MyISAM DEFAULT CHARSET=utf8;

--
-- Daten für Tabelle `reclamations`
--

INSERT INTO `reclamations` (`reclamations_id`, `orders_id`, `customers_id`, `ebay_id`, `customers_cid`, `customers_vat_id`, `customers_status`, `customers_status_name`, `customers_status_image`, `customers_status_discount`, `customers_name`, `customers_company`, `customers_street_address`, `customers_suburb`, `customers_city`, `customers_postcode`, `customers_state`, `customers_country`, `customers_telephone`, `customers_email_address`, `customers_address_format_id`, `delivery_name`, `delivery_company`, `delivery_street_address`, `delivery_suburb`, `delivery_city`, `delivery_postcode`, `delivery_state`, `delivery_country`, `delivery_address_format_id`, `billing_name`, `billing_company`, `billing_street_address`, `billing_suburb`, `billing_city`, `billing_postcode`, `billing_state`, `billing_country`, `billing_address_format_id`, `payment_method`, `comments`, `last_modified`, `date_created`, `date_payment`, `reclamations_status`, `reclamations_type`, `reclamations_date_finished`, `currency`, `currency_value`, `account_type`, `language`, `versender`, `rueckerstattung`, `send`, `send_status`, `repair`, `kto_nummer`, `kto_inhaber`, `kto_blz`, `kto_bank`, `rueckerstattungsbetrag`, `rueckerstattungsgrund`, `block_shipping`, `versender_proposal`, `shipping_comments`, `block_shipping_comment`, `block_shipping_end_date`) VALUES
(1, 5031, 5036, '386915174875', '', '', 4, 'EBAY User', 'ebay_status.gif', 0.00, 'Uwe Hoffmann', '', 'Am Wald 12', '', 'Malschwitz OT Neudorf/Spree', '02694', NULL, 'Germany', '', '7051569de725c5891497@members.ebay.com', 5, 'Uwe Hoffmann', '', 'Am Wald 12', '', 'Malschwitz OT Neudorf/Spree', '02694', NULL, 'Germany', 5, 'Uwe Hoffmann', '', 'Am Wald 12', '', 'Malschwitz OT Neudorf/Spree', '02694', NULL, 'Germany', 5, 'eBay Payment', NULL, '2024-06-30 21:55:09', '2024-06-30 21:52:43', '0000-00-00 00:00:00', 3, 2, NULL, 'EUR', 0.000000, 0, 'german', '', 0, 0, 0, 0, '', '', '', '', 0, '', 0, '', '', '', '0000-00-00 00:00:00'),
(2, 5146, 5146, '', '', '', 1, 'Gast', 'Gast.gif', 0.00, 'Marco Frey', '', 'Römerhöfe 2', '', 'Schwaigern ', '74193', NULL, 'Germany', '', 'Marco_frey@gmx.de', 5, 'Marco Frey', '', 'Römerhöfe 2', '', 'Schwaigern ', '74193', NULL, 'Germany', 5, 'Marco Frey', '', 'Römerhöfe 2', '', 'Schwaigern ', '74193', NULL, 'Germany', 5, 'yes_ppp', NULL, '2025-04-22 12:33:39', '2025-04-22 12:33:39', '0000-00-00 00:00:00', 3, 6, NULL, 'EUR', 0.000000, 0, 'german', '', 0, 0, 0, 0, '', '', '', '', 0, '', 0, '', '', '', '0000-00-00 00:00:00'),
(3, 5235, 5023, '', '', '', 4, 'EBAY User', 'ebay_status.gif', 0.00, 'Jan Patrick Zimmer', '', 'Meiereiweg 3', '', 'Großenwiehe', '24969', '', 'Germany', 'Invalid Request', '0d944efb3ded73e55092@members.ebay.com', 5, 'Jan Patrick Zimmer', '', 'Meiereiweg 3', '', 'Großenwiehe', '24969', '', 'Germany', 5, 'Jan Patrick Zimmer', '', 'Meiereiweg 3', '', 'Großenwiehe', '24969', '', 'Germany', 5, '', 'Reklamation Typ \"Widerruf | Ruecktritt\" aus Auftrag 5235', NULL, '2025-10-06 17:25:33', '0000-00-00 00:00:00', 3, 2, NULL, 'EUR', 1.000000, 0, 'german', '', 0, 0, 0, 0, '', '', '', '', 0, '', 0, '', '', '', '0000-00-00 00:00:00');

-- --------------------------------------------------------

--
-- Tabellenstruktur für Tabelle `reclamations_bestandssperre`
--

CREATE TABLE `reclamations_bestandssperre` (
  `reclamations_bestandssperre_id` int(11) NOT NULL,
  `reclamations_id` int(11) NOT NULL DEFAULT '0',
  `products_id` int(11) NOT NULL DEFAULT '0',
  `storage_id` int(11) NOT NULL DEFAULT '0',
  `quantity` int(11) NOT NULL DEFAULT '0'
) ENGINE=MyISAM DEFAULT CHARSET=utf8;

-- --------------------------------------------------------

--
-- Tabellenstruktur für Tabelle `reclamations_products`
--

CREATE TABLE `reclamations_products` (
  `reclamations_products_id` int(11) NOT NULL,
  `reclamations_id` int(11) NOT NULL DEFAULT '0',
  `products_id` int(11) NOT NULL DEFAULT '0',
  `products_model` varchar(64) DEFAULT NULL,
  `products_name` varchar(128) NOT NULL DEFAULT '',
  `products_price` decimal(15,4) NOT NULL DEFAULT '0.0000',
  `products_discount_made` decimal(4,2) DEFAULT NULL,
  `final_price` decimal(15,4) NOT NULL DEFAULT '0.0000',
  `products_tax` decimal(7,4) NOT NULL DEFAULT '0.0000',
  `products_quantity` int(2) NOT NULL DEFAULT '0',
  `allow_tax` int(1) NOT NULL DEFAULT '0',
  `false_products_id` int(11) NOT NULL,
  `quantity_shipped` int(11) NOT NULL
) ENGINE=MyISAM DEFAULT CHARSET=utf8;

--
-- Daten für Tabelle `reclamations_products`
--

INSERT INTO `reclamations_products` (`reclamations_products_id`, `reclamations_id`, `products_id`, `products_model`, `products_name`, `products_price`, `products_discount_made`, `final_price`, `products_tax`, `products_quantity`, `allow_tax`, `false_products_id`, `quantity_shipped`) VALUES
(1, 1, 510, '4066077004927', 'Schnittfester Arbeitshandschuh aus Qualitäts-Rindspaltleder, Größe 10 Universal', 0.0000, 0.00, 0.0000, 0.0000, 1, 1, 0, 0),
(2, 2, 107, '4066077000318', 'Alu Anschweißnippel, G 1¼\" BSPP  Länge 65/25 mm, DN 32', 0.0000, 0.00, 0.0000, 0.0000, 1, 0, 0, 0),
(3, 3, 286, '4066077000165', 'Alu Gewindemuffe, ¾\" BSPP  Länge 40 mm | ähnl. DIN 2986, aus EN AW-6060,  AlMgSi0,5', 0.0000, NULL, 0.0000, 0.0000, 1, 0, 0, 0);

-- --------------------------------------------------------

--
-- Tabellenstruktur für Tabelle `reclamations_products_properties`
--

CREATE TABLE `reclamations_products_properties` (
  `reclamations_products_properties_id` int(11) NOT NULL,
  `reclamations_products_id` int(11) NOT NULL,
  `property_title` varchar(64) NOT NULL,
  `property_value` varchar(64) NOT NULL,
  `input_span` int(11) NOT NULL
) ENGINE=MyISAM DEFAULT CHARSET=utf8;

-- --------------------------------------------------------

--
-- Tabellenstruktur für Tabelle `reclamations_products_serials`
--

CREATE TABLE `reclamations_products_serials` (
  `reclamations_products_serials_id` int(11) NOT NULL,
  `reclamations_products_id` int(11) NOT NULL DEFAULT '0',
  `products_id` int(11) NOT NULL DEFAULT '0',
  `serial_number` varchar(128) NOT NULL DEFAULT ''
) ENGINE=MyISAM DEFAULT CHARSET=utf8;

-- --------------------------------------------------------

--
-- Tabellenstruktur für Tabelle `reclamations_reasons`
--

CREATE TABLE `reclamations_reasons` (
  `reclamations_reasons_id` int(11) NOT NULL,
  `reason` varchar(64) NOT NULL,
  `date_added` datetime NOT NULL
) ENGINE=MyISAM DEFAULT CHARSET=utf8;

--
-- Daten für Tabelle `reclamations_reasons`
--

INSERT INTO `reclamations_reasons` (`reclamations_reasons_id`, `reason`, `date_added`) VALUES
(1, 'Transportschaden', '2010-11-24 22:45:15'),
(2, 'Ware hat nicht gefallen', '2010-11-24 22:45:24'),
(3, 'Qualitätsproblem', '2010-11-24 22:45:46'),
(4, 'Fehlbestellung / Widerruf', '2010-11-24 22:46:01');

-- --------------------------------------------------------

--
-- Tabellenstruktur für Tabelle `reclamations_recalculate`
--

CREATE TABLE `reclamations_recalculate` (
  `reclamations_recalculate_id` int(11) NOT NULL,
  `reclamations_id` int(11) NOT NULL DEFAULT '0',
  `n_price` decimal(15,4) NOT NULL DEFAULT '0.0000',
  `b_price` decimal(15,4) NOT NULL DEFAULT '0.0000',
  `tax` decimal(15,4) NOT NULL DEFAULT '0.0000',
  `tax_rate` decimal(7,4) NOT NULL DEFAULT '0.0000',
  `class` varchar(32) NOT NULL DEFAULT ''
) ENGINE=MyISAM DEFAULT CHARSET=utf8;

-- --------------------------------------------------------

--
-- Tabellenstruktur für Tabelle `reclamations_status`
--

CREATE TABLE `reclamations_status` (
  `reclamations_status_id` int(11) NOT NULL DEFAULT '0',
  `language_id` int(11) NOT NULL DEFAULT '1',
  `reclamations_status_name` varchar(32) NOT NULL DEFAULT ''
) ENGINE=MyISAM DEFAULT CHARSET=utf8;

--
-- Daten für Tabelle `reclamations_status`
--

INSERT INTO `reclamations_status` (`reclamations_status_id`, `language_id`, `reclamations_status_name`) VALUES
(3, 2, 'Abgeschlossen'),
(1, 2, 'Eingeleitet'),
(2, 2, 'In Bearbeitung');

-- --------------------------------------------------------

--
-- Tabellenstruktur für Tabelle `reclamations_status_history`
--

CREATE TABLE `reclamations_status_history` (
  `reclamations_status_history_id` int(11) NOT NULL,
  `reclamations_id` int(11) NOT NULL DEFAULT '0',
  `reclamations_status_id` int(5) NOT NULL DEFAULT '0',
  `date_added` datetime NOT NULL DEFAULT '0000-00-00 00:00:00',
  `customer_notified` int(1) DEFAULT '0',
  `comments` text,
  `editor_id` int(11) NOT NULL DEFAULT '0'
) ENGINE=MyISAM DEFAULT CHARSET=utf8;

--
-- Daten für Tabelle `reclamations_status_history`
--

INSERT INTO `reclamations_status_history` (`reclamations_status_history_id`, `reclamations_id`, `reclamations_status_id`, `date_added`, `customer_notified`, `comments`, `editor_id`) VALUES
(1, 1, 1, '2024-06-30 21:52:43', 0, 'Die Rückerstattung 1 wurde angelegt.', 5000),
(2, 1, 1, '2024-06-30 21:52:43', 0, 'Angelegt: nicht mal ausgepackt', 5000),
(3, 1, 1, '2024-06-30 21:55:09', 0, 'Die R&uuml;erstattung #1 wurde gezahlt. Kommentar:  kein Kommentar hinterlegt', 5000),
(4, 1, 3, '2024-06-30 21:55:09', 0, 'Die Reklamation wurde mit Bezahltmeldung der R&uuml;erstattung 1 auf den Status \"Abgeschlossen\" gesetzt.', 5000),
(5, 2, 3, '2025-04-22 12:33:39', 0, 'Artikel Alu Anschweißnippel, G 1¼\" BSPP  Länge 65/25 mm, DN 32 (pID 107) mit 1 Stk in Filiale Stammlager gespeichert', 5000),
(6, 3, 3, '2025-10-06 17:25:33', 0, 'AngelegtReklamation Typ \"Widerruf | Ruecktritt\" aus Auftrag 5235', 5000),
(7, 3, 3, '2025-10-06 17:25:33', 0, 'Die Rückerstattung 3 wurde angelegt.', 5000),
(8, 3, 3, '2025-10-06 17:27:12', 0, 'Die Daten der Reklamation wurden geändert - Alle Kosten wurden gelöscht.', 5000),
(9, 3, 3, '2025-10-08 07:22:33', 0, 'Die R&uuml;erstattung #3 wurde gezahlt. Kommentar: Teilware + gedoppelte Versandkosten', 5000);

-- --------------------------------------------------------

--
-- Tabellenstruktur für Tabelle `reclamations_total`
--

CREATE TABLE `reclamations_total` (
  `reclamations_total_id` int(10) UNSIGNED NOT NULL,
  `reclamations_id` int(11) NOT NULL DEFAULT '0',
  `title` varchar(255) NOT NULL DEFAULT '',
  `text` varchar(255) NOT NULL DEFAULT '',
  `value` decimal(15,4) NOT NULL DEFAULT '0.0000',
  `class` varchar(32) NOT NULL DEFAULT '',
  `sort_order` int(11) NOT NULL DEFAULT '0'
) ENGINE=MyISAM DEFAULT CHARSET=utf8;

--
-- Daten für Tabelle `reclamations_total`
--

INSERT INTO `reclamations_total` (`reclamations_total_id`, `reclamations_id`, `title`, `text`, `value`, `class`, `sort_order`) VALUES
(1, 1, 'Zwischensumme', '0,00 EUR', 0.0000, 'ot_subtotal', 0),
(2, 1, '<b>Summe</b>', '0.00 EUR', 0.0000, 'ot_total', 50),
(3, 3, 'Zwischensumme', '0,00 EUR', 0.0000, 'ot_subtotal', 10),
(4, 3, '<b>Summe</b>', '0,00 EUR', 0.0000, 'ot_total', 50),
(5, 3, 'Enth. MwSt. 19%', '0,00 EUR', 0.0000, 'ot_tax', 50);

-- --------------------------------------------------------

--
-- Tabellenstruktur für Tabelle `reclamations_to_reclamations_reasons`
--

CREATE TABLE `reclamations_to_reclamations_reasons` (
  `reclamations_id` int(11) NOT NULL,
  `reclamations_reasons_id` int(11) NOT NULL
) ENGINE=MyISAM DEFAULT CHARSET=utf8;

--
-- Daten für Tabelle `reclamations_to_reclamations_reasons`
--

INSERT INTO `reclamations_to_reclamations_reasons` (`reclamations_id`, `reclamations_reasons_id`) VALUES
(1, 4),
(3, 4);

-- --------------------------------------------------------

--
-- Tabellenstruktur für Tabelle `reclamations_types`
--

CREATE TABLE `reclamations_types` (
  `reclamations_types_id` int(11) NOT NULL,
  `reclamations_types_title` varchar(128) NOT NULL DEFAULT ''
) ENGINE=MyISAM DEFAULT CHARSET=utf8;

--
-- Daten für Tabelle `reclamations_types`
--

INSERT INTO `reclamations_types` (`reclamations_types_id`, `reclamations_types_title`) VALUES
(2, 'Widerruf | Ruecktritt'),
(3, 'Defekt | Ersatzversand'),
(4, 'Falschlieferung | Neuversand'),
(5, 'Falsche Adresse | Neuversand'),
(6, 'Vereinfachte Warenrücknahme');

-- --------------------------------------------------------

--
-- Tabellenstruktur für Tabelle `retouren`
--

CREATE TABLE `retouren` (
  `retoure_id` int(11) NOT NULL,
  `orders_id` int(11) NOT NULL DEFAULT '0',
  `reclamations_id` int(11) NOT NULL DEFAULT '0',
  `customers_id` int(11) NOT NULL DEFAULT '0',
  `shipping_company` varchar(128) NOT NULL DEFAULT '',
  `shipping_name` varchar(128) NOT NULL DEFAULT '',
  `shipping_name2` varchar(128) NOT NULL DEFAULT '',
  `shipping_street` varchar(128) NOT NULL DEFAULT '',
  `shipping_street2` varchar(128) NOT NULL DEFAULT '',
  `shipping_postcode` varchar(6) NOT NULL DEFAULT '',
  `shipping_city` varchar(128) NOT NULL DEFAULT '',
  `shipping_country` varchar(128) NOT NULL DEFAULT '',
  `date_created` datetime NOT NULL DEFAULT '0000-00-00 00:00:00',
  `date_initiated` datetime NOT NULL DEFAULT '0000-00-00 00:00:00',
  `date_finished` datetime NOT NULL DEFAULT '0000-00-00 00:00:00',
  `retoure_status` int(11) NOT NULL DEFAULT '0',
  `versender` varchar(32) NOT NULL DEFAULT '',
  `costs` float NOT NULL DEFAULT '0'
) ENGINE=MyISAM DEFAULT CHARSET=utf8;

-- --------------------------------------------------------

--
-- Tabellenstruktur für Tabelle `retoure_products`
--

CREATE TABLE `retoure_products` (
  `retoure_products_id` int(11) NOT NULL,
  `retoure_id` int(11) NOT NULL DEFAULT '0',
  `products_id` int(11) NOT NULL DEFAULT '0',
  `products_model` varchar(64) DEFAULT NULL,
  `products_name` varchar(64) NOT NULL DEFAULT '',
  `products_quantity` int(2) NOT NULL DEFAULT '0',
  `false_products_id` int(11) NOT NULL
) ENGINE=MyISAM DEFAULT CHARSET=utf8;

-- --------------------------------------------------------

--
-- Tabellenstruktur für Tabelle `retoure_products_properties`
--

CREATE TABLE `retoure_products_properties` (
  `retoure_products_properties_id` int(11) NOT NULL,
  `retoure_products_id` int(11) NOT NULL,
  `property_title` varchar(64) NOT NULL,
  `property_value` varchar(64) NOT NULL,
  `input_span` int(11) NOT NULL
) ENGINE=MyISAM DEFAULT CHARSET=utf8;

-- --------------------------------------------------------

--
-- Tabellenstruktur für Tabelle `retoure_products_serials`
--

CREATE TABLE `retoure_products_serials` (
  `retoure_products_serials_id` int(11) NOT NULL,
  `retoure_products_id` int(11) NOT NULL DEFAULT '0',
  `products_id` int(11) NOT NULL DEFAULT '0',
  `serial_number` varchar(128) NOT NULL DEFAULT ''
) ENGINE=MyISAM DEFAULT CHARSET=utf8;

-- --------------------------------------------------------

--
-- Tabellenstruktur für Tabelle `retoure_status`
--

CREATE TABLE `retoure_status` (
  `retoure_status_id` int(11) NOT NULL,
  `retoure_status_name` varchar(64) NOT NULL DEFAULT ''
) ENGINE=MyISAM DEFAULT CHARSET=utf8;

--
-- Daten für Tabelle `retoure_status`
--

INSERT INTO `retoure_status` (`retoure_status_id`, `retoure_status_name`) VALUES
(1, 'Angelegt'),
(2, 'Abholung angewiesen'),
(3, 'Beendet'),
(4, 'Fehlgeschlagen');

-- --------------------------------------------------------

--
-- Tabellenstruktur für Tabelle `retoure_status_history`
--

CREATE TABLE `retoure_status_history` (
  `retoure_status_history_id` int(11) NOT NULL,
  `retoure_id` int(11) NOT NULL DEFAULT '0',
  `retoure_status_id` int(5) NOT NULL DEFAULT '0',
  `date_added` datetime NOT NULL DEFAULT '0000-00-00 00:00:00',
  `customer_notified` int(1) DEFAULT '0',
  `comments` text,
  `editor_id` int(11) NOT NULL DEFAULT '0'
) ENGINE=MyISAM DEFAULT CHARSET=utf8;

--
-- Daten für Tabelle `retoure_status_history`
--

INSERT INTO `retoure_status_history` (`retoure_status_history_id`, `retoure_id`, `retoure_status_id`, `date_added`, `customer_notified`, `comments`, `editor_id`) VALUES
(1, 1, 1, '2010-03-25 22:13:04', 0, 'Aus der Reklamation 1 heraus angelegt.', 1),
(2, 1, 2, '2010-03-25 22:25:27', 0, 'Neuer Status. Keine Retoureinfo per Email versendet', 1),
(3, 1, 2, '2010-03-25 22:25:41', 0, 'Wareneingang wurde gebucht.', 1),
(4, 1, 3, '2010-03-25 22:25:41', 0, 'Auf neuen Status gesetzt.', 1),
(5, 2, 1, '2013-11-06 17:27:01', 0, 'Aus der Reklamation 2 heraus angelegt.', 1),
(6, 2, 2, '2013-11-06 17:27:49', 1, 'Retoureinfo per Email an system@yes-websolutions.de versendet', 1);

-- --------------------------------------------------------

--
-- Tabellenstruktur für Tabelle `reviews`
--

CREATE TABLE `reviews` (
  `reviews_id` int(11) NOT NULL,
  `products_id` int(11) NOT NULL DEFAULT '0',
  `customers_id` int(11) DEFAULT NULL,
  `customers_name` varchar(64) NOT NULL DEFAULT '',
  `reviews_rating` int(1) DEFAULT NULL,
  `date_added` datetime DEFAULT NULL,
  `last_modified` datetime DEFAULT NULL,
  `reviews_read` int(5) NOT NULL DEFAULT '0'
) ENGINE=MyISAM DEFAULT CHARSET=utf8;

-- --------------------------------------------------------

--
-- Tabellenstruktur für Tabelle `reviews_description`
--

CREATE TABLE `reviews_description` (
  `reviews_id` int(11) NOT NULL DEFAULT '0',
  `languages_id` int(11) NOT NULL DEFAULT '0',
  `reviews_text` text NOT NULL
) ENGINE=MyISAM DEFAULT CHARSET=utf8;

-- --------------------------------------------------------

--
-- Tabellenstruktur für Tabelle `rueckerstattungen_status`
--

CREATE TABLE `rueckerstattungen_status` (
  `rueckerstattungen_status_id` int(11) NOT NULL,
  `rueckerstattungen_status_title` varchar(32) NOT NULL DEFAULT ''
) ENGINE=MyISAM DEFAULT CHARSET=utf8;

--
-- Daten für Tabelle `rueckerstattungen_status`
--

INSERT INTO `rueckerstattungen_status` (`rueckerstattungen_status_id`, `rueckerstattungen_status_title`) VALUES
(1, 'Offen'),
(2, 'Ueberwiesen'),
(3, 'Keine Rueckerstattung'),
(4, 'In Bearbeitung');

-- --------------------------------------------------------

--
-- Tabellenstruktur für Tabelle `rueckerstattungen_status_history`
--

CREATE TABLE `rueckerstattungen_status_history` (
  `rueckerstattungen_status_history_id` int(11) NOT NULL,
  `rueckerstattungen_id` int(11) NOT NULL DEFAULT '0',
  `rueckerstattungen_status_id` int(5) NOT NULL DEFAULT '0',
  `date_added` datetime NOT NULL DEFAULT '0000-00-00 00:00:00',
  `customer_notified` int(1) DEFAULT '0',
  `comments` text,
  `editor_id` int(11) NOT NULL DEFAULT '0'
) ENGINE=MyISAM DEFAULT CHARSET=utf8;

--
-- Daten für Tabelle `rueckerstattungen_status_history`
--

INSERT INTO `rueckerstattungen_status_history` (`rueckerstattungen_status_history_id`, `rueckerstattungen_id`, `rueckerstattungen_status_id`, `date_added`, `customer_notified`, `comments`, `editor_id`) VALUES
(1, 1, 1, '2024-06-30 21:52:43', 0, 'Aus Reklamation 1 heraus angelegt. / Kommentar: war aber eBay', 5000),
(2, 1, 2, '2024-06-30 21:55:09', 0, 'Auf neuen Status Ueberwiesen gesetzt. Kommentar:  kein Kommentar hinterlegt', 5000),
(3, 1, 2, '2024-06-30 21:55:09', 0, 'Die Reklamation #1 wurde mit Bezahltmeldung auf den Status \"Abgeschlossen\" gesetzt.', 5000),
(4, 1, 2, '2024-07-09 08:21:28', 0, 'Die Rueckerstattung wurde gedruckt.', 5000),
(5, 2, 2, '2025-04-22 12:34:16', 0, 'Auf neuen Status Ueberwiesen gesetzt. Kommentar:  kein Kommentar hinterlegt', 5000),
(6, 2, 2, '2025-04-22 12:36:36', 0, 'Die Art der Rückerstattung wurde in Paypal geändert.', 5000),
(7, 2, 2, '2025-04-22 12:36:42', 0, 'Die Rueckerstattung wurde gedruckt.', 5000),
(8, 2, 2, '2025-04-22 12:55:27', 0, 'Die Rueckerstattung wurde gedruckt.', 5000),
(9, 2, 2, '2025-04-22 12:55:48', 0, 'Die Rueckerstattung wurde gedruckt.', 5000),
(10, 3, 1, '2025-10-06 17:25:33', 0, 'Aus Reklamation 3 heraus angelegt. Reklamation Typ \"Widerruf | Ruecktritt\" aus Auftrag 5235', 5000),
(11, 3, 1, '2025-10-06 17:31:16', 0, 'Daten der R&uuml;erstattung wurden aktualisiert: kto_inhaber: , kto_nummer: , kto_bank: , kto_iban: , kto_swift: , kto_blz: , kto_grund: Reklamation Typ \"Widerruf | Ruecktritt\" aus Auftrag 5235, betrag: 25,50 EUR', 5000),
(12, 3, 1, '2025-10-06 17:32:23', 0, 'Die Rueckerstattung wurde gedruckt.', 5000),
(13, 3, 1, '2025-10-06 17:34:16', 0, '18,00 € Ware + 7,50 € gedoppelte Versandkosten', 5000),
(14, 3, 1, '2025-10-06 17:34:55', 0, 'Die Rueckerstattung wurde gedruckt.', 5000),
(15, 3, 2, '2025-10-08 07:22:33', 0, 'Auf neuen Status Ueberwiesen gesetzt. Kommentar: Teilware + gedoppelte Versandkosten', 5000);

-- --------------------------------------------------------

--
-- Tabellenstruktur für Tabelle `rueckerstattungen_types`
--

CREATE TABLE `rueckerstattungen_types` (
  `rueckerstattungen_type_id` int(11) NOT NULL,
  `rueckerstattungen_type_title` varchar(128) NOT NULL DEFAULT ''
) ENGINE=MyISAM DEFAULT CHARSET=utf8;

--
-- Daten für Tabelle `rueckerstattungen_types`
--

INSERT INTO `rueckerstattungen_types` (`rueckerstattungen_type_id`, `rueckerstattungen_type_title`) VALUES
(1, 'Keine Rückerstattung'),
(2, 'Bank/Überweisung'),
(3, 'Bar'),
(4, 'Paypal'),
(5, 'Kreditkarte'),
(6, 'Amazon'),
(7, 'eBay');

-- --------------------------------------------------------

--
-- Tabellenstruktur für Tabelle `search_allocations`
--

CREATE TABLE `search_allocations` (
  `word` varchar(32) NOT NULL,
  `pid` text NOT NULL,
  `language_id` int(1) NOT NULL
) ENGINE=MyISAM DEFAULT CHARSET=utf8;

-- --------------------------------------------------------

--
-- Tabellenstruktur für Tabelle `secupay_payment_allocations`
--

CREATE TABLE `secupay_payment_allocations` (
  `secupay_payment_allocations_id` int(11) NOT NULL,
  `orders_id` int(11) NOT NULL,
  `payment_transaction_id` varchar(64) NOT NULL,
  `transaction_id` varchar(64) NOT NULL
) ENGINE=InnoDB DEFAULT CHARSET=utf8;

-- --------------------------------------------------------

--
-- Tabellenstruktur für Tabelle `shipper_profiles`
--

CREATE TABLE `shipper_profiles` (
  `shipper_profiles_id` int(11) NOT NULL,
  `profile_name` varchar(32) NOT NULL,
  `versender` varchar(16) NOT NULL,
  `versender_params` text NOT NULL
) ENGINE=InnoDB DEFAULT CHARSET=utf8;

-- --------------------------------------------------------

--
-- Tabellenstruktur für Tabelle `shippings`
--

CREATE TABLE `shippings` (
  `id` int(11) NOT NULL,
  `orders_id` int(11) NOT NULL DEFAULT '0',
  `reclamations_id` int(11) NOT NULL DEFAULT '0',
  `customers_id` int(11) NOT NULL DEFAULT '0',
  `weight` float DEFAULT NULL,
  `packages` int(11) NOT NULL DEFAULT '0',
  `versender` varchar(128) NOT NULL DEFAULT '',
  `date_added` datetime NOT NULL DEFAULT '0000-00-00 00:00:00',
  `date_finished` datetime NOT NULL DEFAULT '0000-00-00 00:00:00',
  `name1` varchar(64) NOT NULL DEFAULT '',
  `name2` varchar(64) NOT NULL DEFAULT '',
  `company` varchar(128) DEFAULT NULL,
  `street1` varchar(64) NOT NULL DEFAULT '',
  `street2` varchar(64) NOT NULL DEFAULT '',
  `postcode` varchar(10) NOT NULL,
  `city` varchar(64) NOT NULL DEFAULT '',
  `country_id` int(11) NOT NULL DEFAULT '0',
  `country_name` varchar(64) NOT NULL DEFAULT '',
  `country_special` varchar(64) NOT NULL DEFAULT '',
  `ebay_id` varchar(20) NOT NULL DEFAULT '',
  `email` varchar(64) NOT NULL DEFAULT '',
  `status` int(1) NOT NULL DEFAULT '0',
  `csv_status` int(1) NOT NULL DEFAULT '0',
  `comments` text NOT NULL,
  `feedback_mail_sent` int(1) NOT NULL,
  `pdf_status` int(1) NOT NULL,
  `tracking_id` varchar(64) NOT NULL,
  `shipper_export_status` int(1) NOT NULL,
  `email_send_status` int(1) NOT NULL,
  `additional_params` text NOT NULL,
  `secupay_send_status` int(1) DEFAULT '0' COMMENT 'Wurde die Versandmeldung an secupay uebergeben?',
  `stop_recreate` int(1) NOT NULL COMMENT 'verhindern das geloeschte DHL Label im versandmodul gemeldet werden bzw neu erzeugt werden'
) ENGINE=MyISAM DEFAULT CHARSET=utf8;

--
-- Daten für Tabelle `shippings`
--

INSERT INTO `shippings` (`id`, `orders_id`, `reclamations_id`, `customers_id`, `weight`, `packages`, `versender`, `date_added`, `date_finished`, `name1`, `name2`, `company`, `street1`, `street2`, `postcode`, `city`, `country_id`, `country_name`, `country_special`, `ebay_id`, `email`, `status`, `csv_status`, `comments`, `feedback_mail_sent`, `pdf_status`, `tracking_id`, `shipper_export_status`, `email_send_status`, `additional_params`, `secupay_send_status`, `stop_recreate`) VALUES
(1, 5000, 0, 5007, 0, 1, 'DHL', '2024-01-05 12:15:43', '2024-01-05 12:16:18', 'OL SKOOL CUSTOMS GMBH', '', '', 'Industriestr.20', '', '64807', 'Dieburg', 81, 'Germany', '', '386536853308', '34b3c5cd7872aebf9870@members.ebay.com', 1, 1, '', 0, 1, '', 0, 0, '', 0, 0),
(2, 5001, 0, 5008, 0, 1, 'DHL', '2024-01-09 12:56:22', '2024-01-09 12:57:48', 'Honstein', '', '', 'Wiesenblick6', '', '26892', 'Dörpen', 81, 'Germany', '', '386531532348', '01a680fba858d73fa496@members.ebay.com', 1, 1, '', 0, 1, '', 0, 0, '', 0, 0),
(3, 5002, 0, 5009, 0, 1, 'DHL', '2024-01-17 12:58:14', '2024-01-17 12:59:15', 'Isabella Stulberg', '', '', 'Neue Gärten 4', '', '32657', 'Lemgo', 81, 'Germany', '', '386536780887', '034f921e9d201ca86f50@members.ebay.com', 1, 1, '', 0, 1, '', 0, 0, '', 0, 0),
(4, 5003, 0, 5010, 0, 1, 'DHL', '2024-01-17 12:58:15', '2024-01-17 12:59:15', 'Tobias Mitterer', '', '', 'Polsdorf 63', '', '90584', 'Allersberg', 81, 'Germany', '', '386586934270', '1a7dea61d4864910bc94@members.ebay.com', 1, 1, '', 0, 1, '', 0, 0, '', 0, 0),
(5, 5004, 0, 5011, 0, 1, 'DHL', '2024-01-23 12:19:31', '2024-01-23 12:20:14', 'Firma KS Autoservice Peter Lang', '', '', 'Boschstraße 2', '', '71384', 'Weinstadt', 81, 'Germany', '', '386537489130', '0d47043b11579ffc3290@members.ebay.com', 1, 1, '', 0, 1, '', 0, 0, '', 0, 0),
(6, 5005, 0, 5012, 0, 1, 'DHL', '2024-01-27 11:23:49', '2024-01-27 11:24:06', 'mirko müller', '', '', 'Güstebieser Loose 1', '', '16259', 'Neulewin', 81, 'Germany', '', '386586934270', '00d4b9ab2b2a0c6806c0@members.ebay.com', 1, 1, '', 0, 1, '', 0, 2, '', 0, 0),
(7, 5006, 0, 5013, 0, 1, 'DHL', '2024-01-28 09:50:17', '2024-01-28 09:50:26', 'Mirko Müller', '', '', 'Güstebieser Loose 1', '', '16259', 'Neulewin', 81, 'Germany', '', '', 'schweiss-rohrleitungsbau-m.mueller@web.de', 1, 1, '', 0, 1, '', 0, 2, '', 0, 0),
(8, 5008, 0, 5014, 0, 1, 'DHL', '2024-01-31 07:38:15', '2024-01-31 07:38:26', 'Edwin Van Bloemendaal', '', 'VBF fabrications', 'Rehpfad 7', '', '29358', 'Eicklinge', 81, 'Germany', '', '', 'info@gcmotorsports.nl', 1, 1, '', 0, 1, '', 0, 2, '', 0, 0),
(9, 5009, 0, 5016, 0, 1, 'DHL', '2024-02-03 08:51:27', '2024-02-03 08:51:38', 'Daniel Haake', '', '', 'Dorfstraße 51', '', '18513', 'Deyelsdorf', 81, 'Germany', '', '386586934270', '6aa793c47b84fda56a38@members.ebay.com', 1, 1, '', 0, 1, '', 0, 2, '', 0, 0),
(10, 5010, 0, 5017, 0, 1, 'DHL', '2024-02-11 12:08:48', '2024-02-11 12:08:59', 'Tim Hempelmann ', '', '', 'Melittastraße 1', '', '32427', 'Minden', 81, 'Germany', '', '', 'tim.hempelmann@web.de', 1, 1, '', 0, 1, '', 0, 2, '', 0, 0),
(11, 5011, 0, 5016, 0, 1, 'DHL', '2024-02-14 13:54:39', '2024-02-14 13:54:52', 'Daniel Haake', '', '', 'Dorfstraße 51', '', '18513', 'Deyelsdorf', 81, 'Germany', '', '386586934270', '6aa793c47b84fda56a38@members.ebay.com', 1, 1, '', 0, 1, '', 0, 2, '', 0, 0),
(12, 5012, 0, 5018, 0, 1, 'DHL', '2024-02-27 18:10:33', '2024-02-27 18:10:47', 'Michael Sels', '', '', 'Mellenseestraße 33', '', '10319', 'Berlin', 81, 'Germany', '', '', 'Michael.Sels@web.de', 1, 1, '', 0, 1, '', 0, 2, '', 0, 0),
(13, 5013, 0, 5019, 0, 1, 'DHL', '2024-02-28 13:10:17', '2024-02-28 13:10:28', 'Ludger Sudbrock', '', 'Trinkwasserversorgungsgemeinschaft Bokel e.V.', 'Friedhofstraße 7', '', '33397', 'Rietberg', 81, 'Germany', '', '', 'tvb.ev@web.de', 1, 1, '', 0, 1, '', 0, 2, '', 0, 0),
(14, 5014, 0, 5020, 0, 1, 'DHL', '2024-03-10 17:55:38', '2024-03-10 17:55:49', 'Marc Sommer', '', 'Stahl- und Metallbau', 'Altholzkrug 41', '', '24976', 'Handewitt', 81, 'Germany', '', '386586934270', '0d857faa7fc055c0cd77@members.ebay.com', 1, 1, '', 0, 1, '', 0, 2, '', 0, 0),
(15, 5015, 0, 5021, 0, 1, 'DHL', '2024-03-20 07:09:06', '2024-03-20 07:10:31', 'Andre Lieblein', '', '', 'Pfannstraße 2a', '', '97753', 'Karlstadt', 81, 'Germany', '', '386536766728', '6c8bf6169adc1754bd55@members.ebay.com', 1, 1, '', 0, 1, '', 0, 2, '', 0, 0),
(16, 5017, 0, 5023, 0, 1, 'DHL', '2024-03-22 07:31:24', '2024-03-22 07:31:38', 'Jan Patrick Zimmer', '', '', 'Meiereiweg 3', '', '24969', 'Großenwiehe', 81, 'Germany', '', '386531532348', '0d944efb3ded73e55092@members.ebay.com', 1, 1, '', 0, 1, '', 0, 2, '', 0, 0),
(17, 5016, 0, 5022, 0, 1, 'DHL', '2024-03-22 07:35:15', '2024-03-22 07:35:29', 'Martin Rosenmaier', '', 'Rosenmaier', 'Grafenschlag 143', '', '3912', 'Grafenschlag', 14, 'Austria', '', '', 'technik-rosenmaier@a1.net', 1, 1, '', 0, 1, '', 0, 2, '', 0, 0),
(18, 5018, 0, 5024, 0, 1, 'DHL', '2024-03-23 10:35:09', '2024-03-23 10:35:23', 'Nick Mildner', '', '', 'Glenetalstraße 5', '', '31061', 'Brunkensen', 81, 'Germany', '', '386531532348', '06cad295df1f4fe85784@members.ebay.com', 1, 1, '', 0, 1, '', 0, 2, '', 0, 0),
(19, 5019, 0, 5025, 0, 1, 'DHL', '2024-04-03 11:34:32', '2024-04-03 11:34:42', 'Willi Rühl', '', '', 'Haagscher Weg 14', '', '47623', 'Kevelaer', 81, 'Germany', '', '386586934270', '01b484bda291bb7cb280@members.ebay.com', 1, 1, '', 0, 1, '', 0, 2, '', 0, 0),
(20, 5020, 0, 5027, 0, 1, 'DHL', '2024-04-09 08:51:48', '2024-04-09 08:52:03', 'Florian Riedel', '', '', 'Am Osterberg 13', '', '30855', 'Langenhagen', 81, 'Germany', '', '386531532348', '36af6815375d92f95c21@members.ebay.com', 1, 1, '', 0, 1, '', 0, 2, '', 0, 0),
(21, 5021, 0, 5028, 0, 1, 'DHL', '2024-04-14 10:44:24', '2024-04-14 10:44:37', 'Steffen Ebert', '', '', 'Krückauring 21 c', '', '24568', 'Kaltenkirchen', 81, 'Germany', '', '386915174875', '36c8f1668c914676f185@members.ebay.com', 1, 1, '', 0, 1, '', 0, 2, '', 0, 0),
(22, 5022, 0, 5029, 0, 1, 'DHL', '2024-04-16 09:48:27', '2024-04-16 09:50:00', 'Dominik Horvath', '', '', 'Blumenstraße 17', '', '82383', 'Hohenpeissenberg', 81, 'Germany', '', '386531532348', '6da8ee21bc566e0fc680@members.ebay.com', 1, 1, '', 0, 1, '', 0, 2, '', 0, 0),
(23, 5023, 0, 5030, 0, 1, 'DHL', '2024-04-19 13:13:07', '2024-04-19 13:13:14', 'Inh. E. Wichmann', '', 'A. Blancke Metallbau e.K.', 'Jeddeloher Damm 4', '', '26188', 'Edewecht', 81, 'Germany', '', '386586934270', '6dc6ef00133a6e0d6927@members.ebay.com', 1, 1, '', 0, 1, '', 0, 2, '', 0, 0),
(24, 5024, 0, 5031, 0, 1, 'DHL', '2024-04-25 16:08:06', '2024-04-25 16:08:23', 'Yachthafen Magdeburg GmbH', '', '', 'Am Winterhafen 1', '', '39114', 'Magdeburg', 81, 'Germany', '', '386537492836', '1b8389d004ce9b65c131@members.ebay.com', 1, 1, '', 0, 1, '', 0, 2, '', 0, 0),
(25, 5027, 0, 5032, 0, 1, 'DHL', '2024-04-25 16:08:06', '2024-04-25 16:08:23', 'Jaster  Hydraulik', '', '', 'Am Königshügel 2', '', '24866', 'Busdorf', 81, 'Germany', '', '', '01b83d17d9742e5b2c91@members.ebay.com', 1, 1, '', 0, 1, '', 0, 2, '', 0, 0),
(26, 5028, 0, 5033, 0, 1, 'DHL', '2024-05-13 09:55:53', '2024-05-13 09:58:11', 'Christian Mallin', '', '', 'Lindenweg 7', '', '18249', 'Peetsch', 81, 'Germany', '', '386586663730', '1bb138d9aca8150c5469@members.ebay.com', 1, 1, '', 0, 1, '', 0, 2, '', 0, 0),
(27, 5029, 0, 5034, 0, 1, 'DHL', '2024-05-21 13:44:45', '2024-05-21 13:46:57', 'Arnd Held', '', '', 'Augsburger Straße 10', '', '86497', 'Horgau', 81, 'Germany', '', '386536898699', '6f20dff69846fe6f3a11@members.ebay.com', 1, 1, '', 0, 1, '', 0, 2, '', 0, 0),
(38, 5030, 0, 5035, 0, 1, 'D.H.L.', '2024-06-14 10:51:39', '2024-06-14 12:19:47', 'Lars Medanic', '', 'Gaeskits', 'Marderweg 16', '', '71116', 'Gärtringen', 81, 'Germany', '', '', 'sauresahne@icloud.com', 1, 1, '', 0, 1, '', 0, 2, '', 0, 0),
(39, 5031, 0, 5036, 0, 1, 'D.H.L.', '2024-06-19 16:42:03', '2024-06-19 16:42:13', 'Uwe Hoffmann', '', '', 'Am Wald 12', '', '02694', 'Malschwitz OT Neudorf/Spree', 81, 'Germany', '', '386915174875', '7051569de725c5891497@members.ebay.com', 1, 1, '', 0, 1, '', 0, 2, '', 0, 0),
(40, 5032, 0, 5037, 0, 1, 'D.H.L.', '2024-06-23 13:11:39', '2024-06-23 13:11:49', 'Martina   Glaser', '', '', 'Friedrich-Ebert-Straße 3', '', '64646', 'Heppenheim', 81, 'Germany', '', '386915174875', '0e0f883fa1d96ac44783@members.ebay.com', 1, 1, '', 0, 1, '', 0, 2, '', 0, 0),
(41, 5033, 0, 5038, 0, 1, 'D.H.L.', '2024-06-26 20:32:06', '2024-06-26 20:32:21', 'Chris Sporn', '', '', 'Hauptstraße 70', '', '08261', 'Schöneck', 81, 'Germany', '', '386537495780', '00e13b195f9e36a90402@members.ebay.com', 1, 1, '', 0, 1, '', 0, 2, '', 0, 0),
(42, 5034, 0, 5039, 0, 1, 'D.H.L.', '2024-06-27 15:04:04', '2024-06-27 15:04:13', 'Thomas Sellmann', '', '', 'Mühlenstraße 57', '', '45659', 'Recklinghausen', 81, 'Germany', '', '', 'tomedoc@icloud.com', 1, 1, '', 0, 1, '', 0, 2, '', 0, 0),
(43, 5035, 0, 5041, 0, 1, 'D.H.L.', '2024-07-13 13:04:57', '2024-07-13 13:05:09', 'BK Performance Parts e.K.', '', '', 'Hamelner Straße 8', '', '30974', 'Wennigsen', 81, 'Germany', '', '386531532348', '1c51648f2dba15b8ac92@members.ebay.com', 1, 1, '', 0, 1, '', 0, 2, '', 0, 0),
(44, 5036, 0, 5042, 0, 1, 'D.H.L.', '2024-07-18 09:53:14', '2024-07-18 09:53:24', 'Günter  Zöchling ', '', '', 'Kienastgasse 7', '', '3390', 'Melk ', 14, 'Austria', '', '', 'gue@gez.at', 1, 1, '', 0, 1, '', 0, 2, '', 0, 0),
(45, 5037, 0, 5043, 0, 1, 'D.H.L.', '2024-07-23 16:43:35', '2024-07-23 16:43:43', 'D-A-Packs 3268425 Priska Waldharr', '', '', 'Am Rain 53', '', '83088', 'Kiefersfeld', 81, 'Germany', '', '386531532348', '71b75817407da7675922@members.ebay.com', 1, 1, '', 0, 1, '', 0, 2, '', 0, 0),
(46, 5038, 0, 5044, 0, 1, 'D.H.L.', '2024-07-27 12:36:20', '2024-07-27 12:36:28', 'Stefan Miller', '', '', 'Füssenerstraße 23', '', '87672', 'Roßhaupten', 81, 'Germany', '', '386536780887', '71e214c9b2de5dc08228@members.ebay.com', 1, 1, '', 0, 1, '', 0, 2, '', 0, 0),
(47, 5039, 0, 5045, 0, 1, 'D.H.L.', '2024-07-31 15:29:10', '2024-07-31 15:29:18', 'Jochen Rohm ', '', '', 'Herrenkellergasse 2', '', '89073', 'Ulm', 81, 'Germany', '', '', 'j.rohm@web.de', 1, 1, '', 0, 1, '', 0, 2, '', 0, 0),
(48, 5040, 0, 5046, 0, 1, 'D.H.L.', '2024-08-01 15:54:45', '2024-08-01 15:54:53', 'MTO Maschinenbau GmbH', '', '', 'Industriegebiet 32', '', '66453', 'Gersheim', 81, 'Germany', '', '386531532348', '1c86622322581f22ad49@members.ebay.com', 1, 1, '', 0, 1, '', 0, 2, '', 0, 0),
(49, 5041, 0, 5047, 0, 1, 'D.H.L.', '2024-08-03 13:27:04', '2024-08-03 13:27:11', 'Sabine Schweisthal', '', '', 'Mathias-Hudler-Weg 6', '', '85229', 'Markt Indersdorf', 81, 'Germany', '', '386531532348', '3912c09a5a0b365c2c18@members.ebay.com', 1, 1, '', 0, 1, '', 0, 2, '', 0, 0),
(50, 5042, 0, 5048, 0, 1, 'D.H.L.', '2024-08-05 10:01:56', '2024-08-05 10:02:04', 'Bergmaier-Gocht', '', '', 'Reschreiterstraße 16', '', '80933', 'München', 81, 'Germany', '', '386915174875', '391e8dc7bc333fdad129@members.ebay.com', 1, 1, '', 0, 1, '', 0, 2, '', 0, 0),
(51, 5043, 0, 5049, 0, 1, 'D.H.L.', '2024-08-07 13:20:19', '2024-08-07 13:20:27', 'Werner Mezger', '', 'Stahl-u. Maschinenbau', 'Philippsburger Weg 8', '', '76676', 'Graben-Neudorf', 81, 'Germany', '', '386586934270', '7255cc8da24d7d699818@members.ebay.com', 1, 1, '', 0, 1, '', 0, 2, '', 0, 0),
(52, 5044, 0, 5050, 0, 1, 'D.H.L.', '2024-08-07 13:20:19', '2024-08-07 13:20:27', 'Andreas Koß', '', 'amko verpackung GmbH', 'Robertsweg 10', '', '45896', 'Gelsenkirchen', 81, 'Germany', '', '', 'info@amko-verpackung.de', 1, 1, '', 0, 1, '', 0, 2, '', 0, 0),
(53, 5046, 0, 5055, 0, 1, 'D.H.L.', '2024-08-23 12:43:15', '2024-08-23 12:43:23', 'Jürgen Sinn', '', 'Mechanische Werkstatt', 'Rosenstrasse33', '', '74321', 'Bietigheim-Bissingen', 81, 'Germany', '', '', 'info@sinn-mechanische-werkstatt.de', 1, 1, '', 0, 1, '', 0, 2, '', 0, 0),
(54, 5047, 0, 5056, 0, 1, 'D.H.L.', '2024-08-27 17:07:46', '2024-08-27 17:07:56', 'Stefan Bittermann', '', 'Rheinischer Eisenhandel GmbH', 'Karl-Heinz-Kipp-Straße 40', '', '55232', 'Alzey', 81, 'Germany', '', '386586934270', '1ccaf91955738def6032@members.ebay.com', 1, 1, '', 0, 1, '', 0, 2, '', 0, 0),
(55, 5048, 0, 5057, 0, 1, 'D.H.L.', '2024-08-27 17:07:46', '2024-08-27 17:07:56', 'Stefan Bittermann', '', 'Rheinischer Eisenhandel GmbH', 'Karl-Heinz-Kipp-Straße 40', '', '55232', 'Alzey', 81, 'Germany', '', '', 's.bittermann@re-az.de', 1, 1, '', 0, 1, '', 0, 2, '', 0, 0),
(56, 5049, 0, 5058, 0, 1, 'D.H.L.', '2024-08-29 17:43:20', '2024-08-29 17:43:27', 'Adrian Schopferer', '', 'DICOSY GmbH', 'Gutenbergstraße 2', '', '77955', 'Ettenheim', 81, 'Germany', '', '', 'adrian.schopferer@dicosy.de', 1, 1, '', 0, 1, '', 0, 2, '', 0, 0),
(57, 5053, 0, 5060, 0, 1, 'D.H.L.', '2024-08-30 15:27:19', '2024-08-30 15:27:28', 'Schneider  Metallbau', '', '', 'Mühlwiesenweg 30a', '', '96472', 'Rödental', 81, 'Germany', '', '', '39a4964220084b36ae48@members.ebay.com', 1, 1, '', 0, 1, '', 0, 2, '', 0, 0),
(58, 5054, 0, 5061, 0, 1, 'D.H.L.', '2024-09-01 13:26:06', '2024-09-01 13:26:14', 'KFZ-Woltering GmbH', '', '', 'Westfalenring 20', '', '45739', 'Oer-Erkenschwick', 81, 'Germany', '', '386586934270', '39a8472f76b0378c6a28@members.ebay.com', 1, 1, '', 0, 1, '', 0, 2, '', 0, 0),
(59, 5050, 0, 5059, 0, 1, 'D.H.L.', '2024-09-02 15:19:36', '2024-09-02 15:19:48', 'Edwin van Bloemendaal ', '', 'VBFabrications ', 'Rehpfad 7', '', '29358', 'Eicklingen ', 81, 'Germany', '', '', 'edwinvanbloemendaal@gmail.com', 1, 1, '', 0, 1, '', 0, 2, '', 0, 0),
(60, 5055, 0, 5062, 0, 1, 'D.H.L.', '2024-09-05 15:08:42', '2024-09-05 15:08:53', 'Bernhard Stürzl', '', 'Bs-Specialparts', 'Mittenwalder Straße 28', '', '82467', 'Garmisch-Partenkirchen', 81, 'Germany', '', '', 'bs-specialparts@gmx.de', 1, 1, '', 0, 1, '', 0, 2, '', 0, 0),
(61, 5056, 0, 5064, 0, 1, 'D.H.L.', '2024-09-14 14:48:23', '2024-09-14 14:48:31', 'Eusebio Tapia', '', '', 'Waidachanger 3b', '', '81249', 'München', 81, 'Germany', '', '386915174875', '1cf874f5a6b705112f44@members.ebay.com', 1, 1, '', 0, 1, '', 0, 2, '', 0, 0),
(62, 5057, 0, 5065, 0, 1, 'D.H.L.', '2024-09-18 15:35:06', '2024-09-18 15:35:16', 'STW Stahl- & Metallbau GmbH Sezer Sahin', '', '', 'Runtestraße 2 + 4', '', '59457', 'Werl', 81, 'Germany', '', '386536924416', '3a05361ce621528ed677@members.ebay.com', 1, 1, '', 0, 1, '', 0, 2, '', 0, 0),
(63, 5058, 0, 5066, 0, 1, 'D.H.L.', '2024-09-28 11:35:26', '2024-09-28 11:35:37', 'Rosemarie Birk', '', '', 'August-Hirsch-Straße 12/1', '', '73441', 'Bopfingen', 81, 'Germany', '', '387351047425', '0e8ead45d5ce34c83295@members.ebay.com', 1, 1, '', 0, 1, '', 0, 2, '', 0, 0),
(64, 5059, 0, 5067, 0, 1, 'D.H.L.', '2024-10-01 12:20:20', '2024-10-01 12:43:06', 'Frank Titschen', '', '', 'Hahnenweide 28', '', '47918', 'Tönisvorst', 81, 'Germany', '', '386915174875', '3a4ab376de49524b4c18@members.ebay.com', 1, 1, '', 0, 1, '', 0, 2, '', 0, 0),
(65, 5060, 0, 5068, 0, 1, 'D.H.L.', '2024-10-04 13:52:32', '2024-10-04 13:52:50', 'Elke Tetzlaff', '', 'Stahlhandel MSH Güstrow GmbH', 'Rövertannen 21', '', '18273', 'Güstrow', 81, 'Germany', '', '', 'e.tetzlaff@stahlhandel-msh.de', 1, 1, '', 0, 1, '', 0, 2, '', 0, 0),
(66, 5061, 0, 5069, 0, 1, 'D.H.L.', '2024-10-08 13:02:58', '2024-10-08 13:04:51', 'Manfred Scharnik', '', '', 'Wittenburger Straße 20', '', '19205', 'Krembz', 81, 'Germany', '', '386915174875', '74ddbbce6675cf3b1129@members.ebay.com', 1, 1, '', 0, 1, '', 0, 2, '', 0, 0),
(67, 5070, 0, 5071, 0, 1, 'D.H.L.', '2024-10-15 13:06:12', '2024-10-15 13:06:24', 'Christoph Basse', '', '', 'Hafenstraße 18', 'Epikfilm GmbH', '32423', 'Minden', 81, 'Germany', '', '386915174875', '3a9790174c237f91e870@members.ebay.com', 1, 1, '', 0, 1, '', 0, 2, '', 0, 0),
(68, 5062, 0, 5070, 0, 1, 'D.H.L.', '2024-10-17 17:17:23', '2024-10-17 17:17:30', 'Tobias Schweizer', '', '', 'Guldengasse 41', '', '79369', 'Wyhl am Kaiserstuhl', 81, 'Germany', '', '', 'schweizertobias@web.de', 1, 1, '', 0, 1, '', 0, 2, '', 0, 0),
(69, 5073, 0, 5072, 0, 1, 'D.H.L.', '2024-10-21 13:50:07', '2024-10-21 13:50:15', 'Petra Bomkamp', '', '', 'Zum Wildgehege 8', '', '48734', 'Reken', 81, 'Germany', '', '386586934270', '00ead05e782ad57e9608@members.ebay.com', 1, 1, '', 0, 1, '', 0, 2, '', 0, 0),
(70, 5074, 0, 5072, 0, 1, 'D.H.L.', '2024-10-23 10:18:28', '2024-10-23 10:18:47', 'Petra Bomkamp', '', '', 'Zum Wildgehege 8', '', '48734', 'Reken', 81, 'Germany', '', '386586934270', '00ead05e782ad57e9608@members.ebay.com', 1, 1, '', 0, 1, '', 0, 2, '', 0, 0),
(71, 5075, 0, 5074, 0, 1, 'D.H.L.', '2024-10-30 16:32:52', '2024-10-30 16:33:17', 'Nikolai Nöbel', '', '', 'Weidedamm 7', '', '28844', 'Weyhe', 81, 'Germany', '', '387351047425', '3ae3e998ca62ceceff97@members.ebay.com', 1, 1, '', 0, 1, '', 0, 2, '', 0, 0),
(72, 5076, 0, 5075, 0, 1, 'D.H.L.', '2024-11-04 19:35:32', '2024-11-04 19:35:42', 'Philipp Sämisch', '', 'Baustoffhandel Natusch OHG', 'Wilhelmstraße 17', '', '02957', 'Krauschwitz', 81, 'Germany', '', '386915174875', '7603fcd6459a2ce6c156@members.ebay.com', 1, 1, '', 0, 1, '', 0, 2, '', 0, 0),
(73, 5077, 0, 5076, 0, 1, 'D.H.L.', '2024-11-12 12:43:32', '2024-11-12 12:43:41', 'Marcel Seidel', '', 'BK Metall und Anlagenbau GmbH', 'Carl.-F.-W. Borgward Straße 10', 'Enercon Montagepodest', '28832', 'Achim', 81, 'Germany', '', '', 'm.seidel@bk-metall-anlagenbau.de', 1, 1, '', 0, 1, '', 0, 2, '', 0, 0),
(74, 5078, 0, 5078, 0, 1, 'D.H.L.', '2024-11-12 12:43:32', '2024-11-12 12:43:41', 'Michael Angerer', '', 'Breidenbach Metallbau GmbH', 'August-Moralt-Straße 6', '', '86971', 'Peiting', 81, 'Germany', '', '', 'Einkauf@breidenbach-metall.de', 1, 1, '', 0, 1, '', 0, 2, '', 0, 0),
(75, 5081, 0, 5080, 0, 1, 'D.H.L.', '2024-11-19 09:22:50', '2024-11-19 09:22:59', 'Michael  Schweiger', '', '', 'Freisinger Straße 10', '', '84072', 'Au  i.d.Hallertau', 81, 'Germany', '', '', '769a583e94ce6da3d745@members.ebay.com', 1, 1, '', 0, 1, '', 0, 2, '', 0, 0),
(76, 5082, 0, 5081, 0, 1, 'D.H.L.', '2024-11-21 09:53:06', '2024-11-21 09:53:15', 'Bastian Binnefeld', '', 'RiMO Germany GmbH & Co. KG', 'Amerikastraße 4', '', '58675', 'Hemer', 81, 'Germany', '', '', 'bbinnefeld@rimo-germany.com', 1, 1, '', 0, 1, '', 0, 2, '', 0, 0),
(77, 5084, 0, 5083, 0, 1, 'D.H.L.', '2024-11-25 14:54:02', '2024-11-25 14:54:14', 'Timo Jene', '', '', 'Kilian-Weick-Straße 6', '', '76661', 'Philippsburg ', 81, 'Germany', '', '', 'timo.jene@web.de', 1, 1, '', 0, 1, '', 0, 2, '', 0, 0),
(78, 5083, 0, 5082, 0, 1, 'D.H.L.', '2024-11-26 17:33:41', '2024-11-26 17:33:50', 'Nicole Betschmann', '', 'ESP 60194', 'Züricher Straße 29', '', '79761', 'Waldshut-Tiengen', 81, 'Germany', '', '', 'p.engeli@gmx.ch', 1, 1, '', 0, 1, '', 0, 2, '', 0, 0),
(79, 5085, 0, 5084, 0, 1, 'D.H.L.', '2024-11-26 17:33:41', '2024-11-26 17:33:50', 'Patrick Irmscher', '', 'Irmscher Factory GmbH', 'Göppersdorfer Str. 51', '', '09217', 'Burgstädt', 81, 'Germany', '', '', 'info@irmscher-factory.de', 1, 1, '', 0, 1, '', 0, 2, '', 0, 0),
(80, 5086, 0, 5085, 0, 1, 'D.H.L.', '2024-11-27 13:01:02', '2024-11-27 13:01:12', 'a+ gmbh', '', '', 'Werkstraße 3', '', '04564', 'Böhlen', 81, 'Germany', '', '386915174875', '00ede0432846e2aa0613@members.ebay.com', 1, 1, '', 0, 1, '', 0, 2, '', 0, 0),
(81, 5087, 0, 5086, 0, 1, 'D.H.L.', '2024-11-27 18:09:20', '2024-11-27 18:09:27', 'Joachim Ryschka', '', '', 'Waldstraße 24', '', '45661', 'Recklinghausen', 81, 'Germany', '', '386586595544', '076f64286459a2e12e38@members.ebay.com', 1, 1, '', 0, 1, '', 0, 2, '', 0, 0),
(82, 5088, 0, 5087, 0, 1, 'D.H.L.', '2024-11-27 18:09:20', '2024-11-27 18:09:27', 'Rene\' Sluma', '', '', 'Emscherstraße 148', '', '46049', 'Oberhausen', 81, 'Germany', '', '386915174875', '00edee4171794db82650@members.ebay.com', 1, 1, '', 0, 1, '', 0, 2, '', 0, 0),
(83, 5089, 0, 5088, 0, 1, 'D.H.L.', '2024-12-02 16:46:28', '2024-12-02 16:46:40', 'Robert  Kretschmer ', '', '', 'Stauffenbergstraße 31', '', '07318', 'Saalfeld ', 81, 'Germany', '', '', 'kretschmer.robert1@gmx.de', 1, 1, '', 0, 1, '', 0, 2, '', 0, 0),
(84, 5090, 0, 5090, 0, 1, 'D.H.L.', '2024-12-05 11:46:58', '2024-12-05 11:47:04', 'Egerhard Schnädelbach', '', '', 'Otto-Wanner-Straße 17a', '', '86836', 'Klosterlechfeld', 81, 'Germany', '', '386915174875', '7744d7d240107ed5fb36@members.ebay.com', 1, 1, '', 0, 1, '', 0, 2, '', 0, 0),
(85, 5091, 0, 5091, 0, 1, 'D.H.L.', '2024-12-07 10:28:15', '2024-12-07 10:28:22', 'Moritz Schlecht', '', '', 'Blöcherhalde 20', '', '72213', 'Altensteig', 81, 'Germany', '', '386536955331', '077563d5375586e50653@members.ebay.com', 1, 1, '', 0, 1, '', 0, 2, '', 0, 0),
(86, 5092, 0, 5046, 0, 1, 'D.H.L.', '2025-01-02 14:17:32', '2025-01-02 14:17:43', 'MTO Maschinenbau GmbH', '', '', 'Industriegebiet 32', '', '66453', 'Gersheim', 81, 'Germany', '', '386531532348', '1c86622322581f22ad49@members.ebay.com', 1, 1, '', 0, 1, '', 0, 2, '', 0, 0),
(87, 5093, 0, 5092, 0, 1, 'D.H.L.', '2025-01-04 15:00:15', '2025-01-04 15:00:24', 'Peter  Stich', '', '', 'Kaltenmühle 5', '', '95671', 'Bärnau', 81, 'Germany', '', '386537505717', '787fcafde4de35391895@members.ebay.com', 1, 1, '', 0, 1, '', 0, 2, '', 0, 0),
(88, 5094, 0, 5093, 0, 1, 'D.H.L.', '2025-01-07 18:00:18', '2025-01-07 18:00:30', 'Thomas Nowak', '', '', 'Ehingerstr.57', '', '47249', 'Duisburg', 81, 'Germany', '', '386531532348', '78a0fff1d1739e815340@members.ebay.com', 1, 1, '', 0, 1, '', 0, 2, '', 0, 0),
(89, 5095, 0, 5094, 0, 1, 'D.H.L.', '2025-01-07 18:00:19', '2025-01-07 18:00:30', 'Florian Scheu', '', '', 'Eschenauerstraße 16', '', '65594', 'Runkel / Hofen', 81, 'Germany', '', '386531532348', '01e28bd767c1bbfc2837@members.ebay.com', 1, 1, '', 0, 1, '', 0, 2, '', 0, 0),
(90, 5096, 0, 5095, 0, 1, 'D.H.L.', '2025-01-10 15:52:32', '2025-01-10 15:52:39', 'Bernd Zant', '', 'Goodparts Bernd Zant GmbH', 'Christian-Wolff-Straße 5a', '', '84085', 'Langquaid', 81, 'Germany', '', '', 'info@good-parts.de', 1, 1, '', 0, 1, '', 0, 2, '', 0, 0),
(91, 5097, 0, 5096, 0, 1, 'D.H.L.', '2025-01-13 17:15:46', '2025-01-13 17:15:55', 'Thomas Matthiesen ', '', 'Werner Marten Metallbau GmbH', 'Bäckerstraat 1', '', '24392', 'Boren', 81, 'Germany', '', '', 'info@werner-marten.de', 1, 1, '', 0, 1, '', 0, 2, '', 0, 0),
(92, 5098, 0, 5097, 0, 1, 'D.H.L.', '2025-01-14 17:13:16', '2025-01-14 17:13:24', 'Martin  Gipperich', '', '', 'Am Lußnacken 5', '', '57489', 'Drolshagen', 81, 'Germany', '', '386531532348', '78ecbde1e38a6c07fa37@members.ebay.com', 1, 1, '', 0, 1, '', 0, 2, '', 0, 0),
(93, 5099, 0, 5098, 0, 1, 'D.H.L.', '2025-01-16 07:47:28', '2025-01-16 07:47:35', 'Thies Dilsen', '', '', 'Hauptstraße 1', '', '24980', 'Schafflund', 81, 'Germany', '', '386531532348', '078fd3b459afd7c92b20@members.ebay.com', 1, 1, '', 0, 1, '', 0, 2, '', 0, 0),
(94, 5100, 0, 5099, 0, 1, 'D.H.L.', '2025-01-20 13:30:01', '2025-01-20 13:30:13', 'Hagen Halle', '', '', 'Gottlob-König-Straße 16', '', '99628', 'Buttstädt OT Hardisleben', 81, 'Germany', '', '', 'hh-89@gmx.de', 1, 1, '', 0, 1, '', 0, 2, '', 0, 0),
(95, 5101, 0, 5100, 0, 1, 'D.H.L.', '2025-01-20 16:09:48', '2025-01-20 16:09:57', 'Andreas Schimf', '', 'Ankner GmbH', 'Waldstraße 21', '', '86453', 'Dasing-Lindl', 81, 'Germany', '', '', 'a.schimf@ankner.de', 1, 1, '', 0, 1, '', 0, 2, '', 0, 0),
(96, 5102, 0, 5101, 0, 1, 'D.H.L.', '2025-01-22 17:03:17', '2025-01-22 17:03:24', 'Nicola Schiava', '', 'Bavaria Stahlhandel GmbH', 'Maffeistraße 10', '', '85254', 'Sulzemoos', 81, 'Germany', '', '', 'info@bavaria-stahlhandel.de', 1, 1, '', 0, 1, '', 0, 2, '', 0, 0),
(97, 5103, 0, 5102, 0, 1, 'D.H.L.', '2025-01-27 17:19:56', '2025-01-27 17:20:04', 'Markus Wilfer', '', '', 'Breitenloher Weg 21', '', '91166', 'Georgensgmünd', 81, 'Germany', '', '386531532348', '1e5c539f79ff71b8b028@members.ebay.com', 1, 1, '', 0, 1, '', 0, 2, '', 0, 0),
(98, 5104, 0, 5103, 0, 1, 'D.H.L.', '2025-01-29 07:00:03', '2025-01-29 07:00:14', 'Blumberg Martin', '', '', 'Fichtenauer Straße19', '', '12589', 'Berlin', 81, 'Germany', '', '386536924416', '3cc146336c02ae0ba661@members.ebay.com', 1, 1, '', 0, 1, '', 0, 2, '', 0, 0),
(99, 5106, 0, 5105, 0, 1, 'D.H.L.', '2025-02-02 15:41:30', '2025-02-02 15:41:42', 'Kevin van der Linden', '', 'TV LOGISTIK', 'Hanns-Martin-Schleyer-Straße 8', '65031051', '54294', 'Trier', 81, 'Germany', '', '', 'kevin.vdl.89@gmail.com', 1, 1, '', 0, 1, '', 0, 2, '', 0, 0),
(100, 5107, 0, 5106, 0, 1, 'D.H.L.', '2025-02-04 06:51:54', '2025-02-04 06:52:04', 'Andre Hermann', '', '', 'Neumühlweg 134', '', '90449', 'Nürnberg', 81, 'Germany', '', '387351047425', '3ce306302f29833d1651@members.ebay.com', 1, 1, '', 0, 1, '', 0, 2, '', 0, 0),
(101, 5105, 0, 5104, 0, 1, 'D.H.L.', '2025-02-04 12:30:05', '2025-02-04 12:30:16', 'Manuela Ide', '', 'AMAS Technology GmbH', 'Am Alten Postweg 6', '', '19294', 'Neu Kaliß', 81, 'Germany', '', '', 'm.ide@amas-gmbh.de', 1, 1, '', 0, 1, '', 0, 2, '', 0, 0),
(102, 5108, 0, 5107, 0, 1, 'D.H.L.', '2025-02-07 07:01:54', '2025-02-07 07:02:03', 'Michael Nolte', '', '', 'Virmondstraße 143', '', '47877', 'Willich', 81, 'Germany', '', '386536766728', '79d82a3daa757ce00883@members.ebay.com', 1, 1, '', 0, 1, '', 0, 2, '', 0, 0),
(103, 5109, 0, 5108, 0, 1, 'D.H.L.', '2025-02-10 07:48:06', '2025-02-10 07:48:13', 'Philipp Peter Plaschke', '', '', 'Husumer Baum 26', '', '24837', 'Schleswig', 81, 'Germany', '', '387351047425', '3d026a237fed6af54977@members.ebay.com', 1, 1, '', 0, 1, '', 0, 2, '', 0, 0),
(104, 5110, 0, 5109, 0, 1, 'D.H.L.', '2025-02-10 17:42:58', '2025-02-10 17:43:09', 'Wolfgang Hupfer', '', '', 'Etzelweg 225', '', '66482', 'Zweibrücken', 81, 'Germany', '', '386586934270', '7a0b12ea05d86dfc1588@members.ebay.com', 1, 1, '', 0, 1, '', 0, 2, '', 0, 0),
(105, 5112, 0, 5105, 0, 1, 'D.H.L.', '2025-02-10 17:42:59', '2025-02-10 17:43:09', 'Kevin van der Linden', '', 'TV LOGISTIK', 'Hanns-Martin-Schleyer-Straße 8', '65031051', '54294', 'Trier', 81, 'Germany', '', '', 'kevin.vdl.89@gmail.com', 1, 1, '', 0, 1, '', 0, 2, '', 0, 0),
(106, 5113, 0, 5111, 0, 1, 'D.H.L.', '2025-02-12 17:38:48', '2025-02-12 17:38:57', 'Helmut Stevens', '', '', 'Hans-Böckler-Straße 10a', '', '47877', 'Willich', 81, 'Germany', '', '386536814311', '01e88808ca2434f77d60@members.ebay.com', 1, 1, '', 0, 1, '', 0, 2, '', 0, 0),
(107, 5114, 0, 5112, 0, 1, 'D.H.L.', '2025-02-12 17:38:49', '2025-02-12 17:38:57', 'Novak Donald', '', '', 'Bayernstraße 11', '', '97440', 'Ettleben', 81, 'Germany', '', '387351047425', '01e8881efa2a17364894@members.ebay.com', 1, 1, '', 0, 1, '', 0, 2, '', 0, 0),
(108, 5111, 0, 5110, 0, 1, 'D.H.L.', '2025-02-12 17:45:15', '2025-02-12 17:45:22', 'Michael Sterzenbach', '', 'Stahlwerk Laser & Metallbau GmbH', 'Meysstraße 1', '', '53773', 'Hennef', 81, 'Germany', '', '', 'michael.sterzenbach@stahlwerk-gmbh.de', 1, 1, '', 0, 1, '', 0, 2, '', 0, 0),
(109, 5115, 0, 5113, 0, 1, 'D.H.L.', '2025-02-14 08:13:55', '2025-02-14 08:14:04', 'Andreas Klippstein', '', 'MvL Metallbaumeister', 'Altbuchhorster Straße 27', '', '15537', 'Grünheide (Mark)', 81, 'Germany', '', '', 'von-lachner@web.de', 1, 1, '', 0, 1, '', 0, 2, '', 0, 0),
(110, 5116, 0, 5114, 0, 1, 'D.H.L.', '2025-02-15 15:31:34', '2025-02-15 15:31:44', 'Dennis von Poten', '', '', 'Wickingstraße 8', '', '49525', 'Lengerich', 81, 'Germany', '', '386915174875', '07a3bb7f620a55ed3769@members.ebay.com', 1, 1, '', 0, 1, '', 0, 2, '', 0, 0),
(111, 5117, 0, 5115, 0, 1, 'D.H.L.', '2025-02-17 10:44:59', '2025-02-17 10:45:08', 'David Sachs', '', 'EAST RACING Motorsport', 'Hofer Straße 136', '', '09353', 'Oberlungwitz', 81, 'Germany', '', '', 'info@east-racing.de', 1, 1, '', 0, 1, '', 0, 2, '', 0, 0),
(112, 5118, 0, 5116, 0, 1, 'D.H.L.', '2025-02-20 13:32:10', '2025-02-20 13:32:17', 'Michael Stabe', '', '', 'Agnes-Miegel-Strasse 38', '', '30826', 'Garbsen', 81, 'Germany', '', '386915174875', '00f4e8f60f69e579f224@members.ebay.com', 1, 1, '', 0, 1, '', 0, 2, '', 0, 0),
(113, 5119, 0, 5117, 0, 1, 'D.H.L.', '2025-02-22 11:40:55', '2025-02-22 11:41:02', 'Maik Schalbe', '', '', 'Lange Straße 24', '', '99189', 'Walschleben', 81, 'Germany', '', '386586934270', '07a82fb00812d8ec3744@members.ebay.com', 1, 1, '', 0, 1, '', 0, 2, '', 0, 0),
(114, 5121, 0, 5120, 0, 1, 'D.H.L.', '2025-02-26 12:35:18', '2025-02-26 12:35:27', 'Simone Mirbach', '', 'KM Blechbearbeitung GmbH', 'Am Sandborn 18', '', '63500', 'Seligenstadt Froschhausen', 81, 'Germany', '', '', 'info@km-blechbearbeitung.de', 1, 1, '', 0, 1, '', 0, 2, '', 0, 0),
(115, 5123, 0, 5122, 0, 1, 'D.H.L.', '2025-03-03 16:25:51', '2025-03-03 16:26:16', 'Thomas Dohse', '', '', 'Sandstraße 35', '', '16515', 'Oranienburg', 81, 'Germany', '', '', 'thomas.dohse@online.de', 1, 1, '', 0, 1, '', 0, 2, '', 0, 0),
(116, 5124, 0, 5123, 0, 1, 'D.H.L.', '2025-03-03 16:25:51', '2025-03-03 16:26:16', 'Lara Marie Deutrich', '', 'HeiMat GmbH', 'Vredener Straße 171', '', '48703', 'Stadtlohn', 81, 'Germany', '', '', 'lm.deutrich@heimat-gmbh.de', 1, 1, '', 0, 1, '', 0, 2, '', 0, 0),
(117, 5122, 0, 5121, 0, 1, 'D.H.L.', '2025-03-07 14:58:20', '2025-03-07 14:58:30', 'Gerd Metz', '', 'Mecklenburger Metallguss GmbH - MMG', 'Teterower Straße 1', '', '17192', 'Waren (Müritz)', 81, 'Germany', '', '', 'metz@mmg-propeller.de', 1, 1, '', 0, 1, '', 0, 2, '', 0, 0),
(118, 5125, 0, 5095, 0, 1, 'D.H.L.', '2025-03-07 14:58:20', '2025-03-07 14:58:30', 'Bernd Zant', '', 'Goodparts Bernd Zant GmbH', 'Christian-Wolff-Straße 5a', '', '84085', 'Langquaid', 81, 'Germany', '', '', 'info@good-parts.de', 1, 1, '', 0, 1, '', 0, 2, '', 0, 0),
(119, 5126, 0, 5124, 0, 1, 'D.H.L.', '2025-03-07 14:58:20', '2025-03-07 14:58:30', 'Achim Meier', '', 'Achim Meier Werkzeuge', 'Siegtalstraße 30a', '', '57548', 'Freusburg', 81, 'Germany', '', '', 'einkauf@meier-service.com', 1, 1, '', 0, 1, '', 0, 2, '', 0, 0),
(120, 5127, 0, 5125, 0, 1, 'D.H.L.', '2025-03-10 07:31:13', '2025-03-10 07:31:22', 'Simon Kirchberger', '', 'KS Metallbau & Dienstleistungen', 'Dorfstraße 24', '', '94130', 'Obernzell', 81, 'Germany', '', '', 'ks-lohndienstleistungen@web.de', 1, 1, '', 0, 1, '', 0, 2, '', 0, 0),
(121, 5120, 0, 5118, 0, 1, 'D.H.L.', '2025-03-12 13:03:21', '2025-03-12 13:03:31', 'Davide Santomauro', '', 'Santomauro SA', 'Via cantonale 51', '', '6574', 'Vira (Gambarogno)', 204, 'Switzerland', '', '', 'info@santomauro.ch', 1, 1, '', 0, 1, '', 0, 2, '', 0, 0),
(122, 5128, 0, 5127, 0, 1, 'D.H.L.', '2025-03-14 12:10:33', '2025-03-14 12:10:45', 'Marcel Müller', '', '', 'Magdeburger Chaussee 151', '', '06193', 'Petersberg', 81, 'Germany', '', '386536780887', '07b582aa393cc1700544@members.ebay.com', 1, 1, '', 0, 1, '', 0, 2, '', 0, 0),
(123, 5129, 0, 5128, 0, 1, 'D.H.L.', '2025-03-17 12:08:17', '2025-03-17 12:08:23', 'Renate Drögemüller', '', '', 'Fröbelstraße15', '5. OG', '25421', 'Pinneberg', 81, 'Germany', '', '387351047425', '7b75f982e9cd5e40e944@members.ebay.com', 1, 1, '', 0, 1, '', 0, 2, '', 0, 0),
(124, 5130, 0, 5129, 0, 1, 'D.H.L.', '2025-03-17 16:56:01', '2025-03-17 16:56:09', 'Michael Rathje', '', '', 'Vor den Höfen 4a', '', '29646', 'Bispingen', 81, 'Germany', '', '', 'Rathjemichael@aol.com', 1, 1, '', 0, 1, '', 0, 2, '', 0, 0),
(125, 5131, 0, 5130, 0, 1, 'D.H.L.', '2025-03-18 07:29:11', '2025-03-18 07:29:32', 'Thomas Lindner', '', '', 'Am Steinbach 40', '', '09661', 'Striegistal', 81, 'Germany', '', '386586934270', '7b7fc7601609a5bed379@members.ebay.com', 1, 1, '', 0, 1, '', 0, 2, '', 0, 0),
(126, 5132, 0, 5131, 0, 1, 'D.H.L.', '2025-03-18 16:35:07', '2025-03-18 16:35:14', 'Simon Föhner', '', '', 'Dorfstraße 2', '', '89150', 'Laichingen', 81, 'Germany', '', '386586934270', '7b86faf1508d5ee06942@members.ebay.com', 1, 1, '', 0, 1, '', 0, 2, '', 0, 0),
(127, 5135, 0, 5133, 0, 1, 'D.H.L.', '2025-03-19 13:21:37', '2025-03-19 13:21:44', 'Daniel Schieck', '', 'A. Schieck GmbH', 'Neue Grünhainer Straße 20', '', '08315', 'Lauter-Bernsbach', 81, 'Germany', '', '', 'einkauf@feinblechbau.com', 1, 1, '', 0, 1, '', 0, 2, '', 0, 0),
(128, 5134, 0, 5134, 0, 1, 'D.H.L.', '2025-03-20 12:58:25', '2025-03-20 12:58:36', 'Frank Tillmann', '', 'Pallenberg GmbH', 'Wickingstraße 34', '', '59269', 'Beckum', 81, 'Germany', '', '', 'f.tillmann@pallenberg-gmbh.de', 1, 1, '', 0, 1, '', 0, 2, '', 0, 0),
(129, 5136, 0, 5135, 0, 1, 'D.H.L.', '2025-03-20 12:58:25', '2025-03-20 12:58:36', 'Michael Rathje', '', '', 'Vor den Höfen 4 a', '', '29646', 'Bispingen ', 81, 'Germany', '', '', 'Rathjemichael@aol.com', 1, 1, '', 0, 1, '', 0, 2, '', 0, 0),
(130, 5137, 0, 5136, 0, 1, 'D.H.L.', '2025-03-23 16:21:21', '2025-03-23 16:21:30', 'Friedrich Ahlgrimm', '', '', 'Vor den Höfen 4', '', '30916', 'Isernhagen', 81, 'Germany', '', '386915174875', '0f7693a462714daa6386@members.ebay.com', 1, 1, '', 0, 1, '', 0, 2, '', 0, 0),
(131, 5138, 0, 5137, 0, 1, 'D.H.L.', '2025-03-23 16:21:22', '2025-03-23 16:21:30', 'Michael Reinhardt', '', '', 'Neue Straße 10 d', '', '06774', 'Pouch', 81, 'Germany', '', '386531532348', '1eeedec907c0c1150576@members.ebay.com', 1, 1, '', 0, 1, '', 0, 2, '', 0, 0),
(132, 5139, 0, 5138, 0, 1, 'D.H.L.', '2025-03-25 13:29:43', '2025-03-25 13:29:50', 'Robin Krull', '', '', 'Am Heegeberg 9', '', '34233', 'Fuldatal', 81, 'Germany', '', '386586934270', '1ef427ca7d2db77ee248@members.ebay.com', 1, 1, '', 0, 1, '', 0, 2, '', 0, 0),
(133, 5133, 0, 5132, 0, 1, 'D.H.L.', '2025-03-25 13:39:58', '2025-03-25 13:40:07', 'Manuel Heindl', '', 'Kühberger Metalltechnik GmbH', 'Gewerbegebiet Manzing 10a', '', '94065', 'Waldkirchen', 81, 'Germany', '', '', 'manuel.heindl@kuehberger-metalltechnik.de', 1, 1, '', 0, 1, '', 0, 2, '', 0, 0),
(134, 5140, 0, 5139, 0, 1, 'D.H.L.', '2025-03-26 17:51:50', '2025-03-26 17:51:59', 'Philipp Rauschendorfer', '', '', 'Thomas Lehner Weg 11', '', '84152', 'Mengkofen', 81, 'Germany', '', '386586934270', '1ef6a001ebcad5dc5128@members.ebay.com', 1, 1, '', 0, 1, '', 0, 2, '', 0, 0),
(135, 5141, 0, 5140, 0, 1, 'D.H.L.', '2025-03-28 16:28:53', '2025-03-28 16:29:00', 'Hanspeter Stark', '', 'Eschler Fahrzeugbau AG', 'Industriestrasse 23', '', '9552', 'Bronschhofen', 204, 'Switzerland', '', '', 'lager@eschler-fahrzeugbau.ch', 1, 1, '', 0, 1, '', 0, 2, '', 0, 0),
(136, 5142, 0, 5141, 0, 1, 'D.H.L.', '2025-03-28 16:28:53', '2025-03-28 16:29:00', 'Nicolas Neuburger', '', 'ITS Nutzfahrzeuge GmbH', 'Bismarckstraße 36', '', '72793', 'Pfullingen', 81, 'Germany', '', '', 'konstruktion@its-nfz.de', 1, 1, '', 0, 1, '', 0, 2, '', 0, 0),
(137, 5143, 0, 5142, 0, 1, 'D.H.L.', '2025-03-31 18:13:52', '2025-03-31 18:13:59', 'Jörg Wähling', '', 'Karosserie- und Nutzfahrzeugtechnik GmbH', 'Stenzelring 9', '', '21107', 'Hamburg', 81, 'Germany', '', '', 'ge@klotz-wedekind.de', 1, 1, '', 0, 1, '', 0, 2, '', 0, 0),
(138, 5144, 0, 5144, 0, 1, 'D.H.L.', '2025-04-02 15:04:10', '2025-04-02 15:04:21', 'Rudi Blank', '', '', 'Ruppiner Chaussee 291A', '', '13503', 'Berlin', 81, 'Germany', '', '386531532348', '01f09b950da5957baf27@members.ebay.com', 1, 1, '', 0, 1, '', 0, 2, '', 0, 0),
(139, 5145, 0, 5145, 0, 1, 'D.H.L.', '2025-04-04 17:16:54', '2025-04-04 17:17:07', 'David Lösch', '', '', 'Schumannstraße 10', '', '71691', 'Freiberg am Neckar', 81, 'Germany', '', '', 'davidjonasloesch@gmail.com', 1, 1, '', 0, 1, '', 0, 2, '', 0, 0),
(140, 5146, 0, 5146, 0, 1, 'D.H.L.', '2025-04-05 10:11:38', '2025-04-05 10:11:45', 'Marco Frey', '', '', 'Römerhöfe 2', '', '74193', 'Schwaigern ', 81, 'Germany', '', '', 'Marco_frey@gmx.de', 1, 1, '', 0, 1, '', 0, 2, '', 0, 0),
(141, 5147, 0, 5147, 0, 1, 'D.H.L.', '2025-04-08 08:27:28', '2025-04-08 08:27:35', 'Rene Bernhardt', '', 'Zweiradcenter Bernhardt', 'Rudolf-Weber-Straße 102', '', '08294', 'Lössnitz', 81, 'Germany', '', '', 'info@zweiradcenter-bernhardt.de', 1, 1, '', 0, 1, '', 0, 2, '', 0, 0),
(142, 5148, 0, 5025, 0, 1, 'D.H.L.', '2025-04-08 08:27:28', '2025-04-08 08:27:35', 'Willi Rühl', '', '', 'Haagscher Weg 14', '', '47623', 'Kevelaer', 81, 'Germany', '', '386586934270', '01b484bda291bb7cb280@members.ebay.com', 1, 1, '', 0, 1, '', 0, 2, '', 0, 0),
(143, 5149, 0, 5144, 0, 1, 'D.H.L.', '2025-04-08 18:19:57', '2025-04-08 18:20:05', 'Rudi Blank', '', '', 'Ruppiner Chaussee 291A', '', '13503', 'Berlin', 81, 'Germany', '', '386536780887', '01f09b950da5957baf27@members.ebay.com', 1, 1, '', 0, 1, '', 0, 2, '', 0, 0),
(144, 5150, 0, 5148, 0, 1, 'D.H.L.', '2025-04-11 11:42:42', '2025-04-11 11:42:49', 'Patrick Trepke', '', 'Metallbildnerei P. Trepke', 'Nieder-Breidenbacher-Straße 4', '', '36329', 'Romrod', 81, 'Germany', '', '', 'trepke.patrick@web.de', 1, 1, '', 0, 1, '', 0, 2, '', 0, 0),
(145, 5151, 0, 5149, 0, 1, 'D.H.L.', '2025-04-11 13:17:55', '2025-04-11 13:18:04', 'Bühnenservice Berlin Deko', '', 'Stiftung Oper in Berlin', 'Am Wriezener Bahnhof 1', 'Zufahrt 2', '10243', 'Berlin', 81, 'Germany', '', '', 'einkauf-deko@buehnenserviceberlin.de', 1, 1, '', 0, 1, '', 0, 2, '', 0, 0),
(146, 5152, 0, 5151, 0, 1, 'D.H.L.', '2025-04-14 14:31:30', '2025-04-14 14:31:37', 'Georg Birner', '', 'Birner Industriekühler GmbH', 'Rathausplatz 1', '', '92637', 'Rothenstadt bei Weiden', 81, 'Germany', '', '', 'g.birner@industriekuehler.com', 1, 1, '', 0, 1, '', 0, 2, '', 0, 0),
(147, 5153, 0, 5153, 0, 1, 'D.H.L.', '2025-04-16 09:05:51', '2025-04-16 09:06:07', 'Marcel  Schimmrick ', '', '', 'Mühlenweg 3', '', '03159', 'Neiße-Malxetal ', 81, 'Germany', '', '', 'mit29fulcrum78@gmail.com', 1, 1, '', 0, 1, '', 0, 2, '', 0, 0),
(148, 5154, 0, 5154, 0, 1, 'D.H.L.', '2025-04-17 09:51:08', '2025-04-17 09:51:15', 'Gelfert Landtechnik', '', '', 'Freiberger Straße 4', '', '09629', 'Dittmannsdorf', 81, 'Germany', '', '386586934270', '00f97b47e449bdb9b268@members.ebay.com', 1, 1, '', 0, 1, '', 0, 2, '', 0, 0),
(149, 5156, 0, 5151, 0, 1, 'D.H.L.', '2025-04-22 09:47:59', '2025-04-22 09:48:10', 'Georg Birner', '', 'Birner Industriekühler GmbH', 'Rathausplatz 1', '', '92637', 'Rothenstadt bei Weiden', 81, 'Germany', '', '', 'g.birner@industriekuehler.com', 1, 1, '', 0, 1, '', 0, 2, '', 0, 0),
(150, 5157, 0, 5156, 0, 1, 'D.H.L.', '2025-04-22 13:30:12', '2025-04-22 13:30:23', 'Markus Maier', '', '', 'Ölgartenweg 11', '', '94527', 'Aholming', 81, 'Germany', '', '388257383397', '00f9f237ab923898b218@members.ebay.com', 1, 1, '', 0, 1, '', 0, 2, '', 0, 0),
(151, 5155, 0, 5155, 0, 1, 'D.H.L.', '2025-04-23 10:32:11', '2025-04-23 10:32:17', 'Johannes Kleibner ', '', '', 'Mitterndorfer Straße 37', '', '2440', 'Mitterndorf an der Fischa ', 14, 'Austria', '', '', 'pinkywinky@live.at', 1, 1, '', 0, 1, '', 0, 2, '', 0, 0),
(152, 5160, 0, 5159, 0, 1, 'D.H.L.', '2025-04-23 10:32:11', '2025-04-23 10:32:17', 'Johannes Reindl', '', 'Franz Metallbau GmbH', 'Mühlenstraße 6', '', '95666', 'Mitterteich', 81, 'Germany', '', '', 'info@franz-metallbau.de', 1, 1, '', 0, 1, '', 0, 2, '', 0, 0),
(153, 5159, 0, 5158, 0, 1, 'D.H.L.', '2025-04-24 10:16:20', '2025-04-24 10:16:27', 'Jürgen Roither', '', '', 'Eibenstraße 60', '', '4600', 'Wels', 14, 'Austria', '', '', 'juergen_roither@outlook.com', 1, 1, '', 0, 1, '', 0, 2, '', 0, 0),
(154, 5161, 0, 5160, 0, 1, 'D.H.L.', '2025-04-24 10:16:20', '2025-04-24 10:16:27', 'Martin Hesselbarth', '', '', 'Schellsieben 3', '', '09569', 'Oederan', 81, 'Germany', '', '386531532348', '07d0876e5cf9b5719324@members.ebay.com', 1, 1, '', 0, 1, '', 0, 2, '', 0, 0),
(155, 5162, 0, 5161, 0, 1, 'D.H.L.', '2025-05-03 11:04:45', '2025-05-03 11:04:51', 'Jutta Schmidt', '', '', 'Speckfeld 40', '', '33824', 'Werther', 81, 'Germany', '', '386586663730', '7d66dcfbe572bcb11077@members.ebay.com', 1, 1, '', 0, 1, '', 0, 2, '', 0, 0),
(156, 5163, 0, 5162, 0, 1, 'D.H.L.', '2025-05-05 13:17:07', '2025-05-05 13:17:14', 'Martin Hesselbarth', '', '', 'Schellsieben 3', '', '09569', 'Oederan', 81, 'Germany', '', '', 'Hesselbarth.Martin@gmx.de', 1, 1, '', 0, 1, '', 0, 2, '', 0, 0),
(157, 5164, 0, 5163, 0, 1, 'D.H.L.', '2025-05-05 13:17:08', '2025-05-05 13:17:14', 'Timo Schenk', '', '', 'St.-Georgs-Weg 12', '', '74831', 'Gundelsheim', 81, 'Germany', '', '386536814311', '7d7b2d4938d6ce080e20@members.ebay.com', 1, 1, '', 0, 1, '', 0, 2, '', 0, 0),
(158, 5165, 0, 5142, 0, 1, 'D.H.L.', '2025-05-07 13:35:01', '2025-05-07 13:35:10', 'Markus Wähling', '', 'Klotz + Wedekind Karosserie- und Nutzfahrzeugtechnik GmbH', 'Stenzelring 9', '', '21107', 'Hamburg', 81, 'Germany', '', '', 'ge@klotz-wedekind.de', 1, 1, '', 0, 1, '', 0, 2, '', 0, 0),
(159, 5166, 0, 5164, 0, 1, 'D.H.L.', '2025-05-07 13:35:02', '2025-05-07 13:35:10', 'Carsten Dosedal', '', '', 'Kapfweg 14', '', '88178', 'Heimenkirch', 81, 'Germany', '', '', 'davidgabriel@aon.at', 1, 1, '', 0, 1, '', 0, 2, '', 0, 0),
(160, 5167, 0, 5165, 0, 1, 'D.H.L.', '2025-05-09 13:55:12', '2025-05-09 13:55:20', 'Michael Rathje', '', '', 'Vor den Höfen 4 a ', '', '29646', 'Bispingen ', 81, 'Germany', '', '', 'Rathjemichael@aol.com', 1, 1, '', 0, 1, '', 0, 2, '', 0, 0),
(161, 5168, 0, 5133, 0, 1, 'D.H.L.', '2025-05-09 13:55:13', '2025-05-09 13:55:20', 'Daniel Schieck', '', 'A. Schieck GmbH', 'Neue Grünhainer Straße 20', '', '08315', 'Lauter-Bernsbach', 81, 'Germany', '', '', 'einkauf@feinblechbau.com', 1, 1, '', 0, 1, '', 0, 2, '', 0, 0),
(162, 5170, 0, 5167, 0, 1, 'D.H.L.', '2025-05-11 10:30:30', '2025-05-11 10:30:40', 'Andreas Riedel', '', 'Wegro GmbH', 'Adlerstraße 67', '', '25462', 'Rellingen', 81, 'Germany', '', '386915174875', '3edf0d849c6b66378f15@members.ebay.com', 1, 1, '', 0, 1, '', 0, 2, '', 0, 0),
(163, 5169, 0, 5166, 0, 1, 'D.H.L.', '2025-05-12 13:15:39', '2025-05-12 13:15:46', 'Murat Yavuzcetin', '', 'QMT GmbH Quality Metal Technic', 'Zur Finkenkuhle 42', '', '38259', 'Salzgitter', 81, 'Germany', '', '', 'yavuzcetin@qmt-gmbh.de', 1, 1, '', 0, 1, '', 0, 2, '', 0, 0),
(164, 5172, 0, 5168, 0, 1, 'D.H.L.', '2025-05-13 17:50:30', '2025-05-13 17:50:40', 'Michael  Rathje', '', '', 'Vor den Höfen 4 a ', '', '29646', 'Bispingen ', 81, 'Germany', '', '', 'Rathjemichael@aol.com', 1, 1, '', 0, 1, '', 0, 2, '', 0, 0),
(165, 5173, 0, 5169, 0, 1, 'D.H.L.', '2025-05-14 13:29:52', '2025-05-14 13:30:00', 'Stefan Henken', '', '', 'Greimelstraße 54', '', '83236', 'Übersee', 81, 'Germany', '', '388257383397', '7ddac0eb6725a45afd39@members.ebay.com', 1, 1, '', 0, 1, '', 0, 2, '', 0, 0),
(166, 5174, 0, 5170, 0, 1, 'D.H.L.', '2025-05-14 13:29:52', '2025-05-14 13:30:00', 'Martin Schramm', '', '', 'Albersdorfer Straße 35', '', '94535', 'Eging am See', 81, 'Germany', '', '', 'martin.schramm1@gmail.com', 1, 1, '', 0, 1, '', 0, 2, '', 0, 0),
(167, 5175, 0, 5171, 0, 1, 'D.H.L.', '2025-05-14 13:29:53', '2025-05-14 13:30:00', 'Lang Rennsporttechnik', '', '', 'Heimburgstraße 2', '', '97421', 'Schweinfurt', 81, 'Germany', '', '386586595544', '3eee46b9deba238de568@members.ebay.com', 1, 1, '', 0, 1, '', 0, 2, '', 0, 0),
(168, 5179, 0, 5173, 0, 1, 'D.H.L.', '2025-05-26 17:49:53', '2025-05-26 17:50:03', 'Inhaber: Jörn Siewert', '', 'Siewert  Wasserschadenortung', 'Seilerstraße 1', '', '77815', 'Bühl', 81, 'Germany', '', '', '7e1810d3bd74476ddf10@members.ebay.com', 1, 1, '', 0, 1, '', 0, 2, '', 0, 0),
(169, 5180, 0, 5174, 0, 1, 'D.H.L.', '2025-05-26 17:49:54', '2025-05-26 17:50:03', 'Heiko Kruck', '', '', 'Hagenau Nr. 7', '', '39624', 'Kalbe  (Milde)', 81, 'Germany', '', '388257383397', '7e40e0ee80c58d476630@members.ebay.com', 1, 1, '', 0, 1, '', 0, 2, '', 0, 0),
(170, 5181, 0, 5161, 0, 1, 'D.H.L.', '2025-05-27 18:00:36', '2025-05-27 18:00:45', 'Jutta Schmidt', '', '', 'Speckfeld 40', '', '33824', 'Werther', 81, 'Germany', '', '386586663730', '7d66dcfbe572bcb11077@members.ebay.com', 1, 1, '', 0, 1, '', 0, 2, '', 0, 0),
(171, 5182, 0, 5175, 0, 1, 'D.H.L.', '2025-05-27 18:00:37', '2025-05-27 18:00:45', 'Patrick Krabler', '', '', 'Hauptstraße 56', '', '86694', 'Feldheim', 81, 'Germany', '', '388257383397', '00fcd8f018704a7e403d@members.ebay.com', 1, 1, '', 0, 1, '', 0, 2, '', 0, 0),
(172, 5183, 0, 5176, 0, 1, 'D.H.L.', '2025-06-03 17:53:47', '2025-06-03 17:53:56', 'Michael Rathje', '', '', 'Vor den Höfen 4 a', '', '29646', 'Bispingen ', 81, 'Germany', '', '', 'Rathjemichael@aol.com', 1, 1, '', 0, 1, '', 0, 2, '', 0, 0),
(173, 5184, 0, 5160, 0, 1, 'D.H.L.', '2025-06-03 17:53:48', '2025-06-03 17:53:57', 'Martin Hesselbarth', '', '', 'Schellsieben 3', '', '09569', 'Oederan', 81, 'Germany', '', '388341081613', '07d0876e5cf9b5719324@members.ebay.com', 1, 1, '', 0, 1, '', 0, 2, '', 0, 0),
(174, 5185, 0, 5177, 0, 1, 'D.H.L.', '2025-06-08 18:29:40', '2025-06-08 18:29:51', 'Bruce  Henni ', '', 'Henni GmbH ', 'Asemweg 2', '', '73249', 'Wernau ', 81, 'Germany', '', '', 'henni@hennigmbh.de', 1, 1, '', 0, 1, '', 0, 2, '', 0, 0),
(175, 5186, 0, 5178, 0, 1, 'D.H.L.', '2025-06-16 17:19:43', '2025-06-16 17:19:51', 'Gabriela Podborny', '', '', 'Hamm-Mühle 7', '', '52222', 'Stolberg (Rhld)', 81, 'Germany', '', '386915174875', '00fe6ebc8385a6496c07@members.ebay.com', 1, 1, '', 0, 1, '', 0, 2, '', 0, 0),
(176, 5187, 0, 5179, 0, 1, 'D.H.L.', '2025-06-17 17:31:42', '2025-06-17 17:31:56', 'Robert Brückner', '', 'Mücke Motorsport GmbH', 'Karlshofer Weg 5', '', '12529', 'Schönefeld', 81, 'Germany', '', '', 'R.Brueckner@muecke-motorsport-classic.de', 1, 1, '', 0, 1, '', 0, 2, '', 0, 0),
(177, 5188, 0, 5180, 0, 1, 'D.H.L.', '2025-06-24 15:35:47', '2025-06-24 15:35:57', 'Matthias Probst', '', '', 'Lieserstraße 9', '', '54518', 'Platten', 81, 'Germany', '', '388257383397', '7f8b18e35bd5ce372482@members.ebay.com', 1, 1, '', 0, 1, '', 0, 2, '', 0, 0),
(178, 5189, 0, 5181, 0, 1, 'D.H.L.', '2025-06-26 16:05:16', '2025-06-26 16:05:25', 'Timo Grunwald', '', 'SG Motorsport GbR', 'Eichenweg 13', '', '59929', 'Brilon', 81, 'Germany', '', '', 'sgmotorsport@outlook.de', 1, 1, '', 0, 1, '', 0, 2, '', 0, 0),
(179, 5191, 0, 5183, 0, 1, 'D.H.L.', '2025-06-29 13:07:51', '2025-06-29 13:07:57', 'Fabian Maenner', '', '', 'Holzreute 2', '', '88074', 'Meckenbeuren', 81, 'Germany', '', '388257383397', '3fdfbfc4ac3a9ece1e30@members.ebay.com', 1, 1, '', 0, 1, '', 0, 2, '', 0, 0),
(180, 5190, 0, 5182, 0, 1, 'D.H.L.', '2025-06-30 15:28:35', '2025-06-30 15:28:43', 'Bernd Woller', '', 'Metallbau Rügen GmbH', 'Bergener Straße 4', '', '18573', 'Samtens', 81, 'Germany', '', '', 'bernd.woller@metallbau-ruegen.de', 1, 1, '', 0, 1, '', 0, 2, '', 0, 0),
(181, 5192, 0, 5184, 0, 1, 'D.H.L.', '2025-06-30 15:28:36', '2025-06-30 15:28:43', 'Tobias Schindler', '', '', 'Kreuzeck 4', '', '82442', 'Saulgrub', 81, 'Germany', '', '386915174875', '3fe537ba1744d6b6aa13@members.ebay.com', 1, 1, '', 0, 1, '', 0, 2, '', 0, 0),
(182, 5193, 0, 5185, 0, 1, 'D.H.L.', '2025-07-03 13:22:22', '2025-07-03 13:22:28', 'Nils Spang', '', '', 'Dorfstraße 31', '', '24326', 'Stocksee', 81, 'Germany', '', '388257383397', '7fea192ec38cfcaa2f60@members.ebay.com', 1, 1, '', 0, 1, '', 0, 2, '', 0, 0),
(183, 5194, 0, 5186, 0, 1, 'D.H.L.', '2025-07-03 13:50:17', '2025-07-03 13:50:26', 'Roger Müller', '', 'Müller Rohrleitungbsau GmbH', 'Fabrikstraße 109', '', '8586', 'Erlen', 204, 'Switzerland', '', '', 'roger.mueller@mueller-rohrleitugsbau.ch', 1, 1, '', 0, 1, '', 0, 2, '', 0, 0),
(184, 5195, 0, 5187, 0, 1, 'D.H.L.', '2025-07-07 13:17:57', '2025-07-07 13:18:04', 'Christian Rettel', '', '', 'Sackwitz 6', '', '06905', 'Bad Schmiedeberg', 81, 'Germany', '', '', 'christian-rettel@gmx.de', 1, 1, '', 0, 1, '', 0, 2, '', 0, 0),
(185, 5196, 0, 5188, 0, 1, 'D.H.L.', '2025-07-07 17:17:22', '2025-07-07 17:17:29', 'Heiko Stüber', '', 'Metallbau Stüber & Sohn', 'Fuhrmannsweg 3', '', '99097', 'Erfurt OT Egstedt', 81, 'Germany', '', '', 'kontakt@metallbau-stueber.de', 1, 1, '', 0, 1, '', 0, 2, '', 0, 0),
(186, 5197, 0, 5189, 0, 1, 'D.H.L.', '2025-07-11 19:01:12', '2025-07-11 19:01:20', 'Ronny Sibbert', '', '', 'Dorfstraße 128b', '', '25336', 'Klein Nordende', 81, 'Germany', '', '386536955331', '1007c81a07e7479f8663@members.ebay.com', 1, 1, '', 0, 1, '', 0, 2, '', 0, 0),
(187, 5198, 0, 5190, 0, 1, 'D.H.L.', '2025-07-15 14:53:34', '2025-07-15 14:53:43', 'Bertram Peters Metallbau', '', '', 'Potsdamer Straße 66', '', '14469', 'Potsdam', 81, 'Germany', '', '388257383397', '0100cccf2289e2daff7a@members.ebay.com', 1, 1, '', 0, 1, '', 0, 2, '', 0, 0),
(188, 5199, 0, 5191, 0, 1, 'D.H.L.', '2025-07-15 14:53:35', '2025-07-15 14:53:43', 'Anatolij Menzer', '', 'ASAB GmbH', 'Ostrachstraße 3', '', '86165', 'Augsburg', 81, 'Germany', '', '388257383397', '00806e436a39658c2320@members.ebay.com', 1, 1, '', 0, 1, '', 0, 2, '', 0, 0),
(189, 5200, 0, 5192, 0, 1, 'D.H.L.', '2025-07-16 09:17:16', '2025-07-16 09:17:23', 'Philipp Mondelaers', '', '', 'Waltersdorfer Straße 1', '', '12526', 'Berlin', 81, 'Germany', '', '386531532348', '00807431495dc06cf85c@members.ebay.com', 1, 1, '', 0, 1, '', 0, 2, '', 0, 0),
(190, 5201, 0, 5193, 0, 1, 'D.H.L.', '2025-07-18 17:27:55', '2025-07-18 17:28:03', 'Bertram Peters', '', 'Bertram Peters Metallbau', 'Potsdamer Straße 66', '', '14469', 'Potsdam', 81, 'Germany', '', '', 'info@metallbaupeters.de', 1, 1, '', 0, 1, '', 0, 2, '', 0, 0),
(191, 5202, 0, 5194, 0, 1, 'D.H.L.', '2025-07-18 17:27:56', '2025-07-18 17:28:03', 'Schulmeister Werbetechnik GmbH & Co. KG', '', '', 'An der Harth 2', '', '04416', 'Markkleeberg', 81, 'Germany', '', '386536924416', '01011dc9a7f10a7b9e70@members.ebay.com', 1, 1, '', 0, 1, '', 0, 2, '', 0, 0),
(192, 5203, 0, 5196, 0, 1, 'D.H.L.', '2025-07-20 14:31:15', '2025-07-20 14:31:22', 'Mario Oehme', '', '', 'Hauptstraße 129', '', '09619', 'Dorfchemnitz', 81, 'Germany', '', '388257383397', '0809ce11c771b0fa6979@members.ebay.com', 1, 1, '', 0, 1, '', 0, 2, '', 0, 0),
(193, 5204, 0, 5197, 0, 1, 'D.H.L.', '2025-07-21 18:12:35', '2025-07-21 18:12:43', 'Ulrich Isenberg', '', '', 'An der Twiste 1', '', '34477', 'Twistetal', 81, 'Germany', '', '386915174875', '202b7818c0065d51ff11@members.ebay.com', 1, 1, '', 0, 1, '', 0, 2, '', 0, 0),
(194, 5205, 0, 5198, 0, 1, 'D.H.L.', '2025-07-22 16:19:53', '2025-07-22 16:19:59', 'Maximilian Reck', '', '', 'Im Oberwald 21', '', '79359', 'Riegel', 81, 'Germany', '', '', 'maximilian.reck89@gmail.com', 1, 1, '', 0, 1, '', 0, 2, '', 0, 0),
(195, 5206, 0, 5195, 0, 1, 'D.H.L.', '2025-07-24 15:51:38', '2025-07-24 15:51:46', 'Markus Nonnenmacher', '', 'Nonnenmacher Anhängerbau GmbH', 'Hirtenäcker 10', '', '74586', 'Frankenhardt OT  Honhardt', 81, 'Germany', '', '', 'info@nonnenmacher-gmbh.de', 1, 1, '', 0, 1, '', 0, 2, '', 0, 0),
(196, 5207, 0, 5199, 0, 1, 'D.H.L.', '2025-07-24 15:51:39', '2025-07-24 15:51:46', 'Christopher Süß', '', '', 'Hauptstraße 21', '', '91230', 'Happurg', 81, 'Germany', '', '386586934270', '406453e50e11533b1344@members.ebay.com', 1, 1, '', 0, 1, '', 0, 2, '', 0, 0),
(197, 5208, 0, 5200, 0, 1, 'D.H.L.', '2025-07-28 16:11:22', '2025-07-28 16:11:30', 'Andreas Echle', '', '', 'Reichener Straße 1a', '', '87549', 'Rettenberg', 81, 'Germany', '', '388257383397', '0080f12db47122f6179d@members.ebay.com', 1, 1, '', 0, 1, '', 0, 2, '', 0, 0);
INSERT INTO `shippings` (`id`, `orders_id`, `reclamations_id`, `customers_id`, `weight`, `packages`, `versender`, `date_added`, `date_finished`, `name1`, `name2`, `company`, `street1`, `street2`, `postcode`, `city`, `country_id`, `country_name`, `country_special`, `ebay_id`, `email`, `status`, `csv_status`, `comments`, `feedback_mail_sent`, `pdf_status`, `tracking_id`, `shipper_export_status`, `email_send_status`, `additional_params`, `secupay_send_status`, `stop_recreate`) VALUES
(198, 5209, 0, 5201, 0, 1, 'D.H.L.', '2025-07-30 17:48:11', '2025-07-30 17:48:20', 'Remetec GmbH', '', '', 'In den Waldäckern 34', '', '75417', 'Mühlacker', 81, 'Germany', '', '386586934270', '407e831ffdc5374e8225@members.ebay.com', 1, 1, '', 0, 1, '', 0, 2, '', 0, 0),
(199, 5210, 0, 5202, 0, 1, 'D.H.L.', '2025-07-30 17:48:12', '2025-07-30 17:48:20', 'Jörn Wiards', '', '', 'Georgstraße.20', '', '26931', 'Elsfleth', 81, 'Germany', '', '388257383397', '4083380831b5938cc489@members.ebay.com', 1, 1, '', 0, 1, '', 0, 2, '', 0, 0),
(200, 5211, 0, 5203, 0, 1, 'D.H.L.', '2025-08-02 20:22:17', '2025-08-02 20:22:24', 'Sabine  Figalski', '', '', 'Erkesstraße 13', '', '50737', 'Köln', 81, 'Germany', '', '', 'figalski@outlook.de', 1, 1, '', 0, 1, '', 0, 2, '', 0, 0),
(201, 5212, 0, 5204, 0, 1, 'D.H.L.', '2025-08-04 16:19:36', '2025-08-04 16:19:43', 'Helmut Lagler', '', 'Geiß Möbel', 'Industriestraße 32', '', '74927', 'Eschelbronn', 81, 'Germany', '', '386915174875', '204ff321839889a26571@members.ebay.com', 1, 1, '', 0, 1, '', 0, 2, '', 0, 0),
(202, 5213, 0, 5205, 0, 1, 'D.H.L.', '2025-08-04 16:19:36', '2025-08-04 16:19:43', 'Wener Schleger', '', 'Schleger Agrartechnik e.K.', 'Sandizeller Straße 16b', '', '86554', 'Pöttmes', 81, 'Germany', '', '', 'post@schleger-agrartechnik.de', 1, 1, '', 0, 1, '', 0, 2, '', 0, 0),
(203, 5214, 0, 5206, 0, 1, 'D.H.L.', '2025-08-07 19:32:59', '2025-08-07 19:33:06', 'Angelo Apollonio', '', '', 'Römerstraße 22', '', '89429', 'Bachhagel', 81, 'Germany', '', '388257383397', '00816356091102349f4e@members.ebay.com', 1, 1, '', 0, 1, '', 0, 2, '', 0, 0),
(204, 5215, 0, 5207, 0, 1, 'D.H.L.', '2025-08-10 17:36:35', '2025-08-10 17:36:47', 'Achim Klöckner', '', 'KMS Metallverarbeitung', 'Jahnstraße 23', '', '64859', 'Eppertshausen', 81, 'Germany', '', '', 'ak@kms-mv.de', 1, 1, '', 0, 1, '', 0, 2, '', 0, 0),
(205, 5216, 0, 5208, 0, 1, 'D.H.L.', '2025-08-10 17:36:35', '2025-08-10 17:36:47', 'Peter Mann', '', 'ETEC GmbH Sicherheitstechnik', 'Oscar-Kjellberg-Straße 15', '', '03238', 'Finsterwalde', 81, 'Germany', '', '', 'rechnung@etec-alarm.de', 1, 1, '', 0, 1, '', 0, 2, '', 0, 0),
(206, 5217, 0, 5201, 0, 1, 'D.H.L.', '2025-08-11 21:02:57', '2025-08-11 21:03:03', 'Remetec GmbH', '', '', 'In den Waldäckern 34', '', '75417', 'Mühlacker', 81, 'Germany', '', '386586934270', '407e831ffdc5374e8225@members.ebay.com', 1, 1, '', 0, 1, '', 0, 2, '', 0, 0),
(207, 5218, 0, 5210, 0, 1, 'D.H.L.', '2025-08-13 17:58:05', '2025-08-13 17:58:20', 'Christian (mr) Filleböck', '', '', 'Schützenstraße 26', '', '78462', 'Konstanz', 81, 'Germany', '', '', 'michel.rodjakovic@icloud.com', 1, 1, '', 0, 1, '', 0, 2, '', 0, 0),
(208, 5219, 0, 5211, 0, 1, 'D.H.L.', '2025-08-14 18:08:00', '2025-08-14 18:08:10', 'Andreas Zinke', '', '', 'Rüsselsheimer Straße 14', '', '65474', 'Bischofsheim', 81, 'Germany', '', '', 'andy.zi@gmx.net', 1, 1, '', 0, 1, '', 0, 2, '', 0, 0),
(209, 5220, 0, 5212, 0, 1, 'D.H.L.', '2025-08-14 18:08:01', '2025-08-14 18:08:10', 'Matthias Fuchs', '', 'Cargotainer GmbH', 'Ölhafenstraße 36', '', '68169', 'Mannheim', 81, 'Germany', '', '386586934270', '40d5746dd15556210b52@members.ebay.com', 1, 1, '', 0, 1, '', 0, 2, '', 0, 0),
(210, 5221, 0, 5213, 0, 1, 'D.H.L.', '2025-08-17 16:34:44', '2025-08-17 16:34:54', 'Gerold Seifert', '', '', 'Am Bodental 15', '', '41515', 'Grevenbroich', 81, 'Germany', '', '', 'gerold.seifert@t-online.de', 1, 1, '', 0, 1, '', 0, 2, '', 0, 0),
(211, 5223, 0, 5215, 0, 1, 'D.H.L.', '2025-08-18 19:45:21', '2025-08-18 19:45:29', 'Kleinemeier ein Unternehmen der Mattern GmbH', '', '', 'Königstraße 348', '', '32427', 'Minden', 81, 'Germany', '', '386915174875', '0103acb8f1a712cf34ad@members.ebay.com', 1, 1, '', 0, 1, '', 0, 2, '', 0, 0),
(212, 5224, 0, 5216, 0, 1, 'D.H.L.', '2025-08-18 19:45:21', '2025-08-18 19:45:29', 'Ute Wetzel', '', '', 'Schliengener Straße 12', '', '79379', 'Müllheim', 81, 'Germany', '', '386536780887', '0103ad1a6899f6bf369a@members.ebay.com', 1, 1, '', 0, 1, '', 0, 2, '', 0, 0),
(213, 5225, 0, 5217, 0, 1, 'D.H.L.', '2025-08-18 21:01:52', '2025-08-18 21:01:58', 'Markus Köhler', '', '', 'Lindenstraße 74', '', '71732', 'Tamm', 81, 'Germany', '', '386915174875', '0103b24cbf51e6bf8796@members.ebay.com', 1, 1, '', 0, 1, '', 0, 2, '', 0, 0),
(214, 5222, 0, 5214, 0, 1, 'D.H.L.', '2025-08-20 09:58:36', '2025-08-20 09:58:44', 'Maximilian Hildenbrand', '', '', 'Seidelsdorf 33', '', '91550', 'Dinkelsbühl', 81, 'Germany', '', '', 'mdx1@gmx.de', 1, 1, '', 0, 1, '', 0, 2, '', 0, 0),
(215, 5226, 0, 5218, 0, 1, 'D.H.L.', '2025-08-22 18:19:08', '2025-08-22 18:19:15', 'Philipp Obst', '', '', 'Radlubinstraße 4', '', '01920', 'Ralbitz-Rosenthal', 81, 'Germany', '', '388257383397', '0081f991865080e75538@members.ebay.com', 1, 1, '', 0, 1, '', 0, 2, '', 0, 0),
(216, 5227, 0, 5219, 0, 1, 'D.H.L.', '2025-08-25 06:26:36', '2025-08-25 06:26:44', 'Jens Söllner', '', '', 'Bahnhofstraße 26a', 'am Netto-Markt', '07985', 'Elsterberg', 81, 'Germany', '', '388257383397', '208528f804ce59e03a47@members.ebay.com', 1, 1, '', 0, 1, '', 0, 2, '', 0, 0),
(217, 5228, 0, 5216, 0, 1, 'D.H.L.', '2025-08-26 16:15:10', '2025-08-26 16:15:16', 'Ute Wetzel', '', '', 'Schliengener Straße 12', '', '79379', 'Müllheim', 81, 'Germany', '', '386536780887', '0103ad1a6899f6bf369a@members.ebay.com', 1, 1, '', 0, 1, '', 0, 2, '', 0, 0),
(218, 5229, 0, 5220, 0, 1, 'D.H.L.', '2025-08-30 10:04:19', '2025-08-30 10:04:24', 'D. Hartmann', '', '', 'Ludwig-Jahn-Straße 5', '', '07907', 'Schleiz', 81, 'Germany', '', '388257383397', '0082497cc2f88da52997@members.ebay.com', 1, 1, '', 0, 1, '', 0, 2, '', 0, 0),
(219, 5230, 0, 5221, 0, 1, 'D.H.L.', '2025-09-03 19:01:10', '2025-09-03 19:01:21', 'Michael Tenhagen', '', 'Beso Metallbau GmbH', 'Zeppelinstraße 18a', '', '47608', 'Geldern', 81, 'Germany', '', '', 'info@beso-online.de', 1, 1, '', 0, 1, '', 0, 2, '', 0, 0),
(220, 5232, 0, 5223, 0, 1, 'D.H.L.', '2025-09-11 18:39:28', '2025-09-11 18:39:34', 'Patrick Hoffmann', '', '', 'Deubach 28a', 'OT Schönau', '99848', 'Wutha Farnroda', 81, 'Germany', '', '388257383397', '105a395804e9b8e6aa50@members.ebay.com', 1, 1, '', 0, 1, '', 0, 2, '', 0, 0),
(221, 5231, 0, 5222, 0, 1, 'D.H.L.', '2025-09-12 16:03:24', '2025-09-12 16:03:30', 'Maddox Kaschub', '', 'Trima Motorsport', 'Goethestraße 1a', '', '07545', 'Gera', 81, 'Germany', '', '', 'mkaschub05@gmail.com', 1, 1, '', 0, 1, '', 0, 2, '', 0, 0),
(222, 5233, 0, 5133, 0, 1, 'D.H.L.', '2025-09-12 16:03:24', '2025-09-12 16:03:30', 'Daniel Schieck', '', 'A. Schieck GmbH', 'Neue Grünhainer Straße 20', '', '08315', 'Lauter-Bernsbach', 81, 'Germany', '', '', 'einkauf@feinblechbau.com', 1, 1, '', 0, 1, '', 0, 2, '', 0, 0),
(223, 5234, 0, 5224, 0, 1, 'D.H.L.', '2025-09-18 19:58:57', '2025-09-18 19:59:07', 'Georg Kehren', '', '', 'Kaulhausen 58', '', '41812', 'Erkelenz', 81, 'Germany', '', '', 'georg.kehren@gmail.com', 1, 1, '', 0, 1, '', 0, 2, '', 0, 0),
(224, 5235, 0, 5023, 0, 1, 'D.H.L.', '2025-09-18 19:58:58', '2025-09-18 19:59:07', 'Jan Patrick Zimmer', '', '', 'Meiereiweg 3', '', '24969', 'Großenwiehe', 81, 'Germany', '', '388257383397', '0d944efb3ded73e55092@members.ebay.com', 1, 1, '', 0, 1, '', 0, 2, '', 0, 0),
(225, 5236, 0, 5225, 0, 1, 'D.H.L.', '2025-09-18 19:58:58', '2025-09-18 19:59:07', 'Dirk Wallner', '', '', 'Niederwallach 21', '', '47495', 'Rheinberg', 81, 'Germany', '', '', 'wallnerdirk@googlemail.com', 1, 1, '', 0, 1, '', 0, 2, '', 0, 0),
(226, 5237, 0, 5226, 0, 1, 'D.H.L.', '2025-09-21 11:50:23', '2025-09-21 11:50:29', 'Lena Schedlbauer', '', 'Metallbau Bergbauer GmbH', 'Sindorf 17', '', '93471', 'Arnbruck', 81, 'Germany', '', '', 'lena.schedlbauer@bergbauer-gmbh.de', 1, 1, '', 0, 1, '', 0, 2, '', 0, 0),
(227, 5238, 0, 5023, 0, 1, 'D.H.L.', '2025-09-23 17:56:03', '2025-09-23 17:56:09', 'Jan Patrick Zimmer', '', '', 'Meiereiweg 3', '', '24969', 'Großenwiehe', 81, 'Germany', '', '386586934270', '0d944efb3ded73e55092@members.ebay.com', 1, 1, '', 0, 1, '', 0, 2, '', 0, 0),
(228, 5239, 0, 5227, 0, 1, 'D.H.L.', '2025-09-25 13:35:43', '2025-09-25 13:35:50', 'Agron Sylejmani', '', 'Gent-Tech GmbH', 'Richthofenstraße 35', '', '73312', 'Geislingen an der Steige', 81, 'Germany', '', '', 'agron.sylejmani@gent-tech.de', 1, 1, '', 0, 1, '', 0, 2, '', 0, 0),
(229, 5240, 0, 5227, 0, 1, 'D.H.L.', '2025-09-27 16:48:37', '2025-09-27 16:48:49', 'Agron Sylejmani', '', 'Gent-Tech GmbH', 'Richthofenstraße 35', '', '73312', 'Geislingen an der Steige', 81, 'Germany', '', '', 'agron.sylejmani@gent-tech.de', 1, 1, '', 0, 1, '', 0, 2, '', 0, 0),
(230, 5241, 0, 5228, 0, 1, 'D.H.L.', '2025-09-27 16:48:38', '2025-09-27 16:48:49', 'HausLandForst Nagel', '', '', 'Winkel 2', '', '39291', 'Tryppehna', 81, 'Germany', '', '388257383397', '0106e30bd614573b661a@members.ebay.com', 1, 1, '', 0, 1, '', 0, 2, '', 0, 0),
(231, 5242, 0, 5229, 0, 1, 'D.H.L.', '2025-09-28 20:09:45', '2025-09-28 20:09:52', 'Jannis Hüntemann', '', '', 'Zinkanger 5', '', '38644', 'Goslar', 81, 'Germany', '', '386586934270', '01070da4204e9b8ca754@members.ebay.com', 1, 1, '', 0, 1, '', 0, 2, '', 0, 0),
(232, 5243, 0, 5151, 0, 1, 'D.H.L.', '2025-09-30 14:15:40', '2025-09-30 14:15:45', 'Georg Birner', '', 'Birner Industriekühler GmbH', 'Rathausplatz 1', '', '92637', 'Rothenstadt bei Weiden', 81, 'Germany', '', '', 'g.birner@industriekuehler.com', 1, 1, '', 0, 1, '', 0, 2, '', 0, 0),
(233, 5245, 0, 5216, 0, 1, 'D.H.L.', '2025-10-11 18:21:41', '2025-10-11 18:21:48', 'Ute Wetzel', '', '', 'Schliengener Straße 12', '', '79379', 'Müllheim', 81, 'Germany', '', '386536780887', '0103ad1a6899f6bf369a@members.ebay.com', 1, 1, '', 0, 1, '', 0, 2, '', 0, 0),
(234, 5246, 0, 5230, 0, 1, 'D.H.L.', '2025-10-13 16:03:28', '2025-10-13 16:03:36', 'Hedwig Constantin', '', '', 'Hauptstraße 54', '', '26683', 'Saterland', 81, 'Germany', '', '387351047425', '2107a5a247a089cd4d34@members.ebay.com', 1, 1, '', 0, 1, '', 0, 2, '', 0, 0),
(235, 5247, 0, 5231, 0, 1, 'D.H.L.', '2025-10-13 16:03:29', '2025-10-13 16:03:36', 'Markus Trinks', '', '', 'Hauptstraße 100', '', '09648', 'Altmittweida', 81, 'Germany', '', '386537489130', '21086b9299385bf93044@members.ebay.com', 1, 1, '', 0, 1, '', 0, 2, '', 0, 0),
(236, 5248, 0, 5232, 0, 1, 'D.H.L.', '2025-10-13 16:03:30', '2025-10-13 16:03:36', 'ABEL Zaunsysteme & Metallbau GmbH', '', '', 'Alte Halberstädter Straße 32', '', '38889', 'Blankenburg', 81, 'Germany', '', '386915174875', '42121f1f2dc0b220ee15@members.ebay.com', 1, 1, '', 0, 1, '', 0, 2, '', 0, 0),
(237, 5249, 0, 5233, 0, 1, 'D.H.L.', '2025-10-16 19:33:54', '2025-10-16 19:34:01', 'zu Händen Simon Petscharnig', '', 'Bernhard Glück Kies-Sand-Hartsteinsplitt GmbH', 'Spitzackerstraße 12', '', '82166', 'Gräfelfing', 81, 'Germany', '', '388257383397', '421e1563b47dafd4de31@members.ebay.com', 1, 1, '', 0, 1, '', 0, 2, '', 0, 0),
(238, 5250, 0, 5234, 0, 1, 'D.H.L.', '2025-10-19 17:08:38', '2025-10-19 17:08:48', 'Vedat Tusint', '', '', 'Weihbett 24a', '', '76698', 'Ubstadt-Weiher', 81, 'Germany', '', '', 'vedat.tusint@web.de', 1, 1, '', 0, 1, '', 0, 2, '', 0, 0),
(239, 5244, 0, 5222, 0, 1, 'D.H.L.', '2025-10-20 17:28:44', '2025-10-20 17:28:51', 'Maddox Kaschub', '', 'Trima Motorsport', 'Goethestraße 1a', '', '07545', 'Gera', 81, 'Germany', '', '', 'mkaschub05@gmail.com', 1, 1, '', 0, 1, '', 0, 2, '', 0, 0),
(240, 5251, 0, 5235, 0, 1, 'D.H.L.', '2025-10-20 17:28:44', '2025-10-20 17:28:51', 'Marko Täufert', '', 'MT Schüttguttechnik', 'Gartenstraße 8', '', '19288', 'Warlow', 81, 'Germany', '', '', 'mt@mt-schuettgut.de', 1, 1, '', 0, 1, '', 0, 2, '', 0, 0),
(241, 5252, 0, 5236, 0, 1, 'D.H.L.', '2025-10-23 16:16:48', '2025-10-23 16:16:54', 'Tobias  Schmitz', '', '', 'Calmontstraße 53', '', '56814', 'Bremm', 81, 'Germany', '', '', 'schmitztobias@gmx.net', 1, 1, '', 0, 1, '', 0, 2, '', 0, 0),
(242, 5253, 0, 5237, 0, 1, 'D.H.L.', '2025-10-23 16:16:48', '2025-10-23 16:16:54', 'Stefan Schmiedel', '', 'KFZ-Schmiedel GmbH', 'Berliner Allee 2', '', '15345', 'Altlandsberg', 81, 'Germany', '', '', 'info@kfz-schmiedel.de', 1, 1, '', 0, 1, '', 0, 2, '', 0, 0),
(243, 5254, 0, 5238, 0, 1, 'D.H.L.', '2025-10-26 11:03:46', '2025-10-26 11:03:52', 'Christian Imhof', '', '', 'Im Wurmgarten 21', '', '34626', 'Neukirchen', 81, 'Germany', '', '', 'christian.imhof@mail.de', 1, 1, '', 0, 1, '', 0, 2, '', 0, 0),
(244, 5255, 0, 5239, 0, 1, 'D.H.L.', '2025-11-02 12:44:28', '2025-11-02 12:44:33', 'Simon Krämer', '', '', 'Eicholzheimer Straße 11', '', '74722', 'Buchen (Odenwald)', 81, 'Germany', '', '388257383397', '0109dca5bf7579fc02d3@members.ebay.com', 1, 1, '', 0, 1, '', 0, 2, '', 0, 0),
(245, 5256, 0, 5237, 0, 1, 'D.H.L.', '2025-11-03 18:04:08', '2025-11-03 18:04:16', 'Stefan Schmiedel', '', 'KFZ-Schmiedel GmbH', 'Berliner Allee 2', '', '15345', 'Altlandsberg', 81, 'Germany', '', '', 'info@kfz-schmiedel.de', 1, 1, '', 0, 1, '', 0, 2, '', 0, 0),
(246, 5257, 0, 5240, 0, 1, 'D.H.L.', '2025-11-05 07:48:21', '2025-11-05 07:48:26', 'Bernhard Köppl', '', '', 'Kammerer-Weiher-Straße 6', '', '94501', 'Aldersbach', 81, 'Germany', '', '388257383397', '4287c119639ee2cc5448@members.ebay.com', 1, 1, '', 0, 1, '', 0, 2, '', 0, 0),
(247, 5258, 0, 5241, 0, 1, 'D.H.L.', '2025-11-06 17:53:18', '2025-11-06 17:53:26', 'Druckriegel GmbH', '', '', 'Morsestraße 27', 'Frank Rückriegel · Privat', '60486', 'Frankfurt am Main', 81, 'Germany', '', '386915174875', '008519f094a5635d76c5@members.ebay.com', 1, 1, '', 0, 1, '', 0, 2, '', 0, 0),
(248, 5259, 0, 5151, 0, 1, 'D.H.L.', '2025-11-06 17:53:18', '2025-11-06 17:53:26', 'Georg Birner', '', 'Birner Industriekühler GmbH', 'Rathausplatz 1', '', '92637', 'Rothenstadt bei Weiden', 81, 'Germany', '', '', 'g.birner@industriekuehler.com', 1, 1, '', 0, 1, '', 0, 2, '', 0, 0),
(249, 5260, 0, 5140, 0, 1, 'D.H.L.', '2025-11-10 16:30:56', '2025-11-10 16:31:03', 'Hanspeter Stark', '', 'Eschler Fahrzeugbau AG', 'Industriestraße 23', '', '9552', 'Bronschhofen', 204, 'Switzerland', '', '', 'lager@eschler-fahrzeugbau.ch', 1, 1, '', 0, 1, '', 0, 2, '', 0, 0),
(250, 5261, 0, 5242, 0, 1, 'D.H.L.', '2025-11-10 16:30:57', '2025-11-10 16:31:03', 'Christian Roll', '', '', 'Leute Wiese 7', '', '18276', 'Mühlengeez', 81, 'Germany', '', '386586663730', '42a57d4f3f51920ecb23@members.ebay.com', 1, 1, '', 0, 1, '', 0, 2, '', 0, 0),
(251, 5262, 0, 5243, 0, 1, 'D.H.L.', '2025-11-11 14:55:39', '2025-11-11 14:55:46', 'Felix Rippstein', '', 'Auto Rippstein GbR', 'Daimlerstraße 4a', '', '97437', 'Haßfurt', 81, 'Germany', '', '388257383397', '42a737decaa9523a8c78@members.ebay.com', 1, 1, '', 0, 1, '', 0, 2, '', 0, 0),
(252, 5263, 0, 5244, 0, 1, 'D.H.L.', '2025-11-12 19:21:17', '2025-11-12 19:21:28', 'Alexander Jansen', '', '', 'Altenbergstraße 62', '', '53940', 'Hellenthal', 81, 'Germany', '', '386586934270', '42acec97ace53f7e2f41@members.ebay.com', 1, 1, '', 0, 1, '', 0, 2, '', 0, 0),
(253, 5264, 0, 5245, 0, 1, 'D.H.L.', '2025-11-14 15:46:08', '2025-11-14 15:46:14', 'Sven Kompa', '', 'Sonntag GmbH & Co. KG', 'Zur Christinenhütte 16', '', '57368', 'Lennestadt', 81, 'Germany', '', '', 'S.Kompa@Sonntag-Lennestadt.de', 1, 1, '', 0, 1, '', 0, 2, '', 0, 0),
(254, 5265, 0, 5246, 0, 1, 'D.H.L.', '2025-11-17 17:33:26', '2025-11-17 17:34:02', 'Thomas Flaith', '', '', 'Maisenbügele 10', '', '74336', 'Brackenheim', 81, 'Germany', '', '388257383397', '00858dc0678645c72e41@members.ebay.com', 1, 1, '', 0, 1, '', 0, 2, '', 0, 0),
(255, 5266, 0, 5247, 0, 1, 'D.H.L.', '2025-11-18 17:47:14', '2025-11-18 17:47:20', 'OSG ObjektService Göggel GmbH', '', '', 'Weingartenstraße 2', '', '61352', 'Bad Homburg', 81, 'Germany', '', '386915174875', '0085a034daa6ab255520@members.ebay.com', 1, 1, '', 0, 1, '', 0, 2, '', 0, 0),
(256, 5267, 0, 5248, 0, 1, 'D.H.L.', '2025-11-19 15:15:31', '2025-11-19 15:15:37', 'Fa. F. Rokus', '', '', 'Tungendorfer Straße 10', '', '24536', 'Neumünster', 81, 'Germany', '', '388257383397', '010b4a330a8f9b893e35@members.ebay.com', 1, 1, '', 0, 1, '', 0, 2, '', 0, 0),
(257, 5268, 0, 5248, 0, 1, 'D.H.L.', '2025-11-22 09:27:24', '2025-11-22 09:27:32', 'Fa. F. Rokus', '', '', 'Tungendorfer Str. 10', '', '24536', 'Neumünster', 81, 'Germany', '', '388257383397', '010b4a330a8f9b893e35@members.ebay.com', 1, 1, '', 0, 1, '', 0, 2, '', 0, 0),
(258, 5269, 0, 5249, 0, 1, 'D.H.L.', '2025-11-22 09:27:25', '2025-11-22 09:27:32', 'Georg  Bender', '', '', 'Hintere Gasse 4', '', '97996', 'Niederstetten', 81, 'Germany', '', '387351047425', '010b8b30af65e6ba4708@members.ebay.com', 1, 1, '', 0, 1, '', 0, 2, '', 0, 0),
(259, 5270, 0, 5250, 0, 1, 'D.H.L.', '2025-11-22 09:27:25', '2025-11-22 09:27:32', 'Christian und Theresia Freinecker GbR', '', 'Freinecker GbR', 'Glött 2', '', '83352', 'Altenmarkt a.d. Alz', 81, 'Germany', '', '', 'wolfgangfreinecker@t-online.de', 1, 1, '', 0, 1, '', 0, 2, '', 0, 0),
(260, 5271, 0, 5251, 0, 1, 'D.H.L.', '2025-11-28 22:32:27', '2025-11-28 22:32:33', 'hbk metallbearbeitung GmbH', '', '', 'Markgrafenstraße 9', '', '95497', 'Goldkronach', 81, 'Germany', '', '388257383397', '0086000ef1a8b17473bd@members.ebay.com', 1, 1, '', 0, 1, '', 0, 2, '', 0, 0),
(261, 5272, 0, 5252, 0, 1, 'D.H.L.', '2025-12-02 16:54:25', '2025-12-02 16:54:33', 'Marco Chatzipavlidis', '', 'MRC Industriehandel', 'Bonner Straße 49', '', '53919', 'Weilerswist', 81, 'Germany', '', '', 'm.chatzipavlidis@mrc-industriehandel.de', 1, 1, '', 0, 1, '', 0, 2, '', 0, 0),
(262, 5273, 0, 5253, 0, 1, 'D.H.L.', '2025-12-02 16:54:25', '2025-12-02 16:54:33', 'Markus Laßner', '', 'Edmund Ammon Inhaber Markus Laßner e.K.', 'Ehrenbürgstraße 6', '', '91301', 'Forchheim ', 81, 'Germany', '', '', 'info@heizoel-ammon.de', 1, 1, '', 0, 1, '', 0, 2, '', 0, 0),
(263, 5274, 0, 5254, 0, 1, 'D.H.L.', '2025-12-02 16:54:26', '2025-12-02 16:54:33', 'Karl-Heinz Pitz', '', '', 'Immenhorstweg 10', '', '46446', 'Emmerich  am Rhein', 81, 'Germany', '', '388257383397', '0218d3b92a9aac900332@members.ebay.com', 1, 1, '', 0, 1, '', 0, 2, '', 0, 0),
(264, 5275, 0, 5255, 0, 1, 'D.H.L.', '2025-12-03 19:37:11', '2025-12-03 19:37:17', 'Dörge und Co. GmbH', '', '', 'An der Leege 6', '', '37520', 'Osterode', 81, 'Germany', '', '386586934270', '0218f66a3aba089089a5@members.ebay.com', 1, 1, '', 0, 1, '', 0, 2, '', 0, 0),
(265, 5276, 0, 5256, 0, 1, 'D.H.L.', '2025-12-05 14:06:52', '2025-12-05 14:07:03', 'Fabian Voitl eGbr', '', '', 'Vogteistraße 16', '', '89446', 'Ziertheim', 81, 'Germany', '', '388257383397', '00864879fd707da7c9f0@members.ebay.com', 1, 1, '', 0, 1, '', 0, 2, '', 0, 0),
(266, 5277, 0, 5140, 0, 1, 'D.H.L.', '2025-12-05 14:06:52', '2025-12-05 14:07:03', 'Hanspeter Stark', '', 'Eschler Fahrzeugbau AG', 'Industriestraße 23', '', '9552', 'Bronschhofen', 204, 'Switzerland', '', '', 'lager@eschler-fahrzeugbau.ch', 1, 1, '', 0, 1, '', 0, 2, '', 0, 0),
(267, 5279, 0, 5258, 0, 1, 'D.H.L.', '2025-12-06 11:06:49', '2025-12-06 11:06:56', 'Michael Heese', '', '', 'Eigenheimweg 10A', '', '93051', 'Regensburg', 81, 'Germany', '', '386915174875', '02195a8178f98892335d@members.ebay.com', 1, 1, '', 0, 1, '', 0, 2, '', 0, 0),
(268, 5280, 0, 5259, 0, 1, 'D.H.L.', '2025-12-08 15:46:02', '2025-12-08 15:46:10', 'Gavin Berns', '', '', 'Am Anger 18', '', '47475', 'Kamp Lintfort', 81, 'Germany', '', '', 'info@berns.it', 1, 1, '', 0, 1, '', 0, 2, '', 0, 0),
(269, 5281, 0, 5260, 0, 1, 'D.H.L.', '2025-12-08 15:46:02', '2025-12-08 15:46:10', 'Daniel  Wilhelm', '', 'B+G Metall GmbH & Co. KG', 'Obere Talstraße 5', '', '72172', 'Sulz am Neckar - Renfrizhausen', 81, 'Germany', '', '', 'daniel.wilhelm@b-g-metall.de', 1, 1, '', 0, 1, '', 0, 2, '', 0, 0),
(270, 5282, 0, 5261, 0, 1, 'D.H.L.', '2025-12-08 15:46:03', '2025-12-08 15:46:10', 'Sebastian Stehr', '', '', 'Märzenweg 14', '', '90411', 'Nürnberg', 81, 'Germany', '', '387351047425', '219d371c024a8d200724@members.ebay.com', 1, 1, '', 0, 1, '', 0, 2, '', 0, 0),
(271, 5283, 0, 5240, 0, 1, 'D.H.L.', '2025-12-10 17:47:24', '2025-12-10 17:47:34', 'Bernhard Köppl', '', '', 'Kammerer-Weiher-Str. 6', '', '94501', 'Aldersbach', 81, 'Germany', '', '388257383397', '4287c119639ee2cc5448@members.ebay.com', 1, 1, '', 0, 1, '', 0, 2, '', 0, 0),
(272, 5284, 0, 5262, 0, 1, 'D.H.L.', '2025-12-11 19:31:58', '2025-12-11 19:32:04', 'Manuela Hellmann', '', 'Hellmann Kunststoff- & Metallgrosshandel GmbH', 'Gewerbepark West II / 6', '', '76863', 'Herxheim', 81, 'Germany', '', '388257383397', '010d1809d882fb7d9dd0@members.ebay.com', 1, 1, '', 0, 1, '', 0, 2, '', 0, 0),
(273, 5285, 0, 5263, 0, 1, 'D.H.L.', '2025-12-13 14:58:00', '2025-12-13 14:58:09', 'Susen Dietrich', '', 'ARJES IMPAKTOR GmbH', 'Werksplatz 2', '', '36433', 'Leimbach', 81, 'Germany', '', '386586934270', '00869ebaaab12a8fb680@members.ebay.com', 1, 1, '', 0, 1, '', 0, 2, '', 0, 0),
(274, 5286, 0, 5264, 0, 1, 'D.H.L.', '2025-12-17 16:56:16', '2025-12-17 16:56:22', 'Stern-Garage GmbH', '', '', 'Fürst-Leopold-Allee 73', '', '46284', 'Dorsten', 81, 'Germany', '', '386531532348', '04368524dd4c33e7f616@members.ebay.com', 1, 1, '', 0, 1, '', 0, 2, '', 0, 0),
(275, 5287, 0, 5265, 0, 1, 'D.H.L.', '2025-12-19 17:21:39', '2025-12-19 17:21:45', 'Jörn Dierks', '', '', 'Münchener Straße 32', '', '29392', 'Wesendorf', 81, 'Germany', '', '386586934270', '21b9cef6181439acd539@members.ebay.com', 1, 1, '', 0, 1, '', 0, 2, '', 0, 0);

-- --------------------------------------------------------

--
-- Tabellenstruktur für Tabelle `shippings_products`
--

CREATE TABLE `shippings_products` (
  `shippings_products_id` int(11) NOT NULL,
  `shippings_id` int(11) NOT NULL,
  `products_id` int(11) NOT NULL,
  `quantity` int(11) NOT NULL,
  `source_products_id` int(11) NOT NULL
) ENGINE=MyISAM DEFAULT CHARSET=utf8;

--
-- Daten für Tabelle `shippings_products`
--

INSERT INTO `shippings_products` (`shippings_products_id`, `shippings_id`, `products_id`, `quantity`, `source_products_id`) VALUES
(1, 1, 304, 1, 3),
(2, 2, 301, 2, 4),
(3, 3, 327, 1, 5),
(4, 4, 290, 1, 6),
(5, 5, 320, 1, 7),
(6, 6, 288, 2, 8),
(7, 7, 288, 1, 9),
(8, 8, 329, 16, 11),
(9, 9, 287, 1, 12),
(10, 10, 330, 1, 13),
(11, 11, 286, 1, 14),
(12, 12, 343, 1, 15),
(13, 13, 120, 1, 16),
(14, 14, 286, 4, 17),
(15, 15, 360, 1, 18),
(16, 16, 301, 2, 21),
(17, 17, 289, 2, 19),
(18, 17, 290, 2, 20),
(19, 18, 301, 5, 22),
(20, 19, 283, 8, 23),
(21, 20, 301, 2, 24),
(22, 21, 510, 1, 25),
(23, 22, 301, 1, 26),
(24, 23, 282, 1, 27),
(25, 24, 296, 3, 28),
(26, 25, 287, 1, 31),
(27, 25, 286, 2, 32),
(28, 26, 176, 4, 33),
(29, 27, 334, 4, 34),
(40, 38, 318, 1, 35),
(41, 39, 510, 1, 36),
(42, 40, 510, 2, 37),
(43, 41, 297, 1, 38),
(44, 42, 510, 1, 39),
(45, 43, 301, 6, 40),
(46, 44, 317, 2, 41),
(47, 45, 301, 2, 42),
(48, 46, 327, 1, 43),
(49, 47, 332, 1, 44),
(50, 48, 301, 4, 45),
(51, 49, 301, 8, 46),
(52, 50, 510, 1, 47),
(53, 51, 289, 1, 48),
(54, 52, 317, 4, 49),
(55, 53, 318, 1, 51),
(56, 54, 288, 2, 52),
(57, 55, 288, 1, 53),
(58, 56, 318, 8, 54),
(59, 57, 286, 2, 58),
(60, 57, 287, 2, 59),
(61, 58, 289, 1, 60),
(62, 59, 329, 5, 55),
(63, 60, 289, 2, 61),
(64, 61, 510, 2, 62),
(65, 62, 295, 2, 63),
(66, 63, 499, 1, 64),
(67, 64, 510, 1, 65),
(68, 65, 318, 4, 66),
(69, 66, 510, 1, 67),
(70, 67, 510, 2, 76),
(71, 68, 105, 2, 68),
(72, 69, 288, 1, 79),
(73, 70, 290, 1, 80),
(74, 71, 499, 1, 81),
(75, 72, 510, 7, 82),
(76, 73, 294, 2, 83),
(77, 74, 317, 6, 84),
(78, 75, 291, 1, 87),
(79, 75, 288, 2, 88),
(80, 76, 105, 1, 89),
(81, 77, 331, 2, 91),
(82, 78, 114, 1, 90),
(83, 79, 104, 3, 92),
(84, 80, 510, 2, 93),
(85, 81, 446, 1, 94),
(86, 82, 510, 2, 95),
(87, 83, 127, 2, 96),
(88, 84, 510, 1, 97),
(89, 85, 294, 2, 98),
(90, 86, 301, 4, 99),
(91, 87, 298, 1, 100),
(92, 88, 301, 10, 101),
(93, 89, 301, 2, 102),
(94, 90, 317, 4, 103),
(95, 91, 286, 2, 104),
(96, 92, 301, 1, 105),
(97, 93, 301, 2, 106),
(98, 94, 447, 4, 107),
(99, 95, 317, 8, 108),
(100, 96, 318, 6, 109),
(101, 97, 301, 5, 110),
(102, 98, 295, 4, 111),
(103, 99, 318, 4, 114),
(104, 100, 499, 3, 115),
(105, 101, 436, 1, 112),
(106, 101, 444, 1, 113),
(107, 102, 360, 2, 116),
(108, 103, 499, 2, 117),
(109, 104, 290, 1, 118),
(110, 105, 318, 2, 120),
(111, 106, 325, 3, 121),
(112, 107, 499, 1, 122),
(113, 108, 318, 20, 119),
(114, 109, 342, 2, 123),
(115, 110, 510, 1, 124),
(116, 111, 341, 5, 125),
(117, 112, 510, 1, 126),
(118, 113, 289, 1, 127),
(119, 114, 289, 1, 129),
(120, 115, 290, 1, 131),
(121, 116, 301, 4, 132),
(122, 117, 378, 1, 130),
(123, 118, 327, 4, 133),
(124, 119, 284, 3, 134),
(125, 119, 103, 2, 135),
(126, 119, 286, 2, 136),
(127, 120, 370, 2, 137),
(128, 121, 317, 2, 128),
(129, 122, 327, 1, 138),
(130, 123, 499, 1, 139),
(131, 124, 301, 4, 140),
(132, 124, 126, 1, 141),
(133, 125, 292, 1, 142),
(134, 126, 287, 3, 143),
(135, 127, 330, 4, 147),
(136, 128, 302, 4, 146),
(137, 129, 392, 1, 148),
(138, 129, 105, 1, 149),
(139, 129, 324, 2, 150),
(140, 129, 127, 2, 151),
(141, 130, 510, 1, 152),
(142, 131, 301, 1, 153),
(143, 132, 287, 1, 154),
(144, 133, 286, 4, 144),
(145, 133, 287, 6, 145),
(146, 134, 287, 1, 155),
(147, 135, 286, 10, 156),
(148, 135, 289, 5, 157),
(149, 136, 287, 1, 158),
(150, 136, 284, 3, 159),
(151, 137, 290, 1, 160),
(152, 138, 301, 2, 161),
(153, 139, 342, 4, 162),
(154, 140, 107, 1, 163),
(155, 141, 325, 6, 164),
(156, 142, 286, 2, 165),
(157, 143, 327, 2, 166),
(158, 144, 290, 1, 167),
(159, 145, 388, 1, 168),
(160, 146, 345, 1, 169),
(161, 146, 429, 2, 170),
(162, 147, 290, 1, 171),
(163, 148, 292, 1, 172),
(164, 149, 345, 3, 174),
(165, 150, 120, 1, 175),
(166, 151, 297, 3, 173),
(167, 152, 289, 2, 178),
(168, 153, 382, 2, 177),
(169, 154, 301, 6, 179),
(170, 155, 176, 4, 180),
(171, 156, 302, 4, 181),
(172, 157, 325, 2, 182),
(173, 158, 282, 1, 184),
(174, 159, 105, 2, 185),
(175, 160, 300, 3, 187),
(176, 160, 288, 2, 188),
(177, 160, 107, 2, 189),
(178, 161, 330, 2, 190),
(179, 162, 510, 1, 192),
(180, 163, 337, 1, 191),
(181, 164, 105, 2, 194),
(182, 165, 104, 2, 195),
(183, 166, 356, 2, 196),
(184, 167, 446, 2, 197),
(185, 168, 284, 4, 201),
(186, 168, 289, 1, 202),
(187, 169, 114, 1, 203),
(188, 170, 176, 1, 204),
(189, 171, 117, 4, 205),
(190, 172, 287, 2, 206),
(191, 172, 105, 2, 207),
(192, 173, 302, 2, 208),
(193, 174, 362, 1, 209),
(194, 175, 510, 2, 210),
(195, 176, 301, 3, 211),
(196, 177, 103, 2, 212),
(197, 178, 320, 1, 213),
(198, 179, 114, 2, 215),
(199, 180, 430, 8, 214),
(200, 181, 510, 1, 216),
(201, 182, 105, 3, 217),
(202, 183, 317, 1, 218),
(203, 184, 287, 2, 219),
(204, 184, 286, 2, 220),
(205, 185, 105, 1, 221),
(206, 186, 294, 4, 222),
(207, 187, 105, 2, 223),
(208, 188, 114, 1, 224),
(209, 189, 301, 4, 225),
(210, 190, 107, 2, 226),
(211, 191, 295, 2, 227),
(212, 192, 114, 1, 228),
(213, 193, 510, 1, 229),
(214, 194, 328, 2, 230),
(215, 195, 478, 2, 231),
(216, 195, 120, 6, 232),
(217, 196, 282, 1, 233),
(218, 196, 287, 1, 234),
(219, 197, 110, 1, 235),
(220, 198, 291, 1, 236),
(221, 199, 286, 2, 237),
(222, 199, 104, 2, 238),
(223, 200, 287, 3, 239),
(224, 201, 510, 1, 240),
(225, 202, 331, 4, 241),
(226, 203, 105, 1, 242),
(227, 204, 166, 2, 243),
(228, 205, 510, 5, 244),
(229, 206, 291, 2, 245),
(230, 207, 321, 2, 246),
(231, 207, 323, 4, 247),
(232, 208, 356, 6, 248),
(233, 209, 289, 5, 249),
(234, 210, 499, 1, 250),
(235, 211, 510, 3, 252),
(236, 212, 327, 2, 253),
(237, 213, 510, 1, 254),
(238, 214, 318, 10, 251),
(239, 215, 105, 2, 255),
(240, 216, 104, 3, 256),
(241, 217, 327, 3, 257),
(242, 218, 105, 1, 258),
(243, 219, 104, 2, 259),
(244, 220, 104, 2, 262),
(245, 221, 105, 3, 260),
(246, 221, 108, 3, 261),
(247, 222, 330, 6, 263),
(248, 223, 356, 2, 264),
(249, 224, 286, 1, 265),
(250, 224, 105, 1, 266),
(251, 225, 321, 4, 267),
(252, 226, 104, 2, 268),
(253, 226, 105, 2, 269),
(254, 227, 288, 1, 270),
(255, 228, 317, 20, 271),
(256, 229, 12, 1, 277),
(257, 230, 105, 1, 278),
(258, 231, 287, 1, 279),
(259, 232, 298, 2, 280),
(260, 233, 327, 2, 282),
(261, 234, 499, 3, 283),
(262, 235, 320, 1, 284),
(263, 236, 510, 3, 285),
(264, 237, 105, 1, 286),
(265, 238, 287, 1, 287),
(266, 239, 108, 5, 281),
(267, 240, 101, 5, 288),
(268, 241, 103, 1, 289),
(269, 242, 446, 20, 290),
(270, 243, 301, 1, 291),
(271, 243, 176, 1, 292),
(272, 243, 360, 4, 293),
(273, 244, 107, 1, 294),
(274, 245, 329, 6, 295),
(275, 246, 110, 1, 296),
(276, 247, 510, 1, 297),
(277, 248, 295, 4, 298),
(278, 249, 121, 3, 299),
(279, 249, 290, 3, 300),
(280, 249, 286, 5, 301),
(281, 249, 289, 5, 302),
(282, 250, 176, 1, 303),
(283, 251, 107, 1, 304),
(284, 252, 281, 1, 305),
(285, 252, 284, 2, 306),
(286, 252, 286, 2, 307),
(287, 253, 290, 2, 308),
(288, 253, 104, 4, 309),
(289, 254, 114, 1, 310),
(290, 255, 510, 2, 311),
(291, 256, 110, 1, 312),
(292, 257, 105, 1, 313),
(293, 258, 499, 2, 314),
(294, 259, 105, 1, 315),
(295, 260, 105, 1, 316),
(296, 261, 478, 1, 318),
(297, 262, 478, 2, 319),
(298, 263, 120, 1, 320),
(299, 264, 288, 2, 321),
(300, 265, 105, 1, 322),
(301, 265, 110, 2, 323),
(302, 266, 286, 20, 324),
(303, 266, 287, 5, 325),
(304, 267, 510, 1, 327),
(305, 268, 327, 3, 328),
(306, 269, 335, 30, 329),
(307, 270, 499, 3, 330),
(308, 271, 110, 1, 331),
(309, 272, 101, 1, 332),
(310, 273, 290, 1, 333),
(311, 274, 301, 6, 334),
(312, 275, 286, 5, 335);

-- --------------------------------------------------------

--
-- Tabellenstruktur für Tabelle `shippings_tracking_numbers`
--

CREATE TABLE `shippings_tracking_numbers` (
  `shippings_tracking_numbers_id` int(11) NOT NULL,
  `shippings_id` int(11) NOT NULL,
  `tracking_number` varchar(64) NOT NULL,
  `date_added` datetime NOT NULL,
  `manifest` int(1) NOT NULL
) ENGINE=InnoDB DEFAULT CHARSET=utf8;

--
-- Daten für Tabelle `shippings_tracking_numbers`
--

INSERT INTO `shippings_tracking_numbers` (`shippings_tracking_numbers_id`, `shippings_id`, `tracking_number`, `date_added`, `manifest`) VALUES
(1, 13, '358235994817', '2024-02-28 13:25:46', 0),
(2, 14, '358241510879', '2024-03-10 18:04:50', 0),
(3, 15, '358246661017', '2024-03-20 07:21:03', 0),
(4, 16, '358247979037', '2024-03-22 13:49:04', 0),
(5, 17, 'CY211572605DE', '2024-03-22 13:49:04', 0),
(6, 18, '358248306419', '2024-03-23 10:42:46', 0),
(7, 19, '358253583311', '2024-04-03 12:24:50', 0),
(8, 20, '358256484831', '2024-04-09 09:42:21', 0),
(9, 21, '358258764586', '2024-04-14 10:56:15', 0),
(10, 22, '358259850819', '2024-04-16 10:18:50', 0),
(11, 23, '358261565450', '2024-04-19 13:18:40', 0),
(12, 24, '358264602578', '2024-04-25 16:53:20', 0),
(13, 25, '358264602562', '2024-04-25 16:53:20', 0),
(14, 26, '358272326047', '2024-05-13 10:09:36', 0),
(15, 27, '358275955223', '2024-05-21 13:58:36', 0),
(17, 38, '358286440386', '2024-06-14 15:42:09', 0),
(18, 39, '358289272297', '2024-06-19 16:49:19', 0),
(19, 40, '358290609439', '2024-06-23 13:26:45', 0),
(20, 41, '358292316896', '2024-06-26 20:35:38', 0),
(21, 42, '358292638501', '2024-06-27 15:18:40', 0),
(22, 43, '358299433382', '2024-07-13 13:23:07', 0),
(23, 44, 'CY214039700DE', '2024-07-18 10:03:12', 0),
(24, 45, '358303441887', '2024-07-24 08:39:22', 0),
(25, 46, '358304935213', '2024-07-27 12:39:42', 0),
(26, 47, '358306612891', '2024-07-31 15:49:41', 0),
(27, 48, '358307068623', '2024-08-01 16:14:00', 0),
(28, 49, '358307767742', '2024-08-03 13:30:59', 0),
(29, 50, '358308266961', '2024-08-05 10:05:35', 0),
(30, 51, '358309414541', '2024-08-07 14:12:20', 0),
(31, 52, '358309414535', '2024-08-07 14:12:20', 0),
(32, 53, '358315723215', '2024-08-23 12:47:43', 0),
(33, 54, '358317356539', '2024-08-27 17:13:12', 0),
(34, 55, '358317356539', '2024-08-27 17:13:12', 0),
(35, 54, '358317431101', '2024-08-27 20:16:03', 0),
(36, 55, '358317431101', '2024-08-27 20:16:03', 0),
(37, 56, '358318282713', '2024-08-29 17:50:53', 0),
(38, 57, '358318654918', '2024-08-30 15:30:23', 0),
(39, 58, '358319138315', '2024-09-01 14:09:29', 0),
(40, 59, '358319690824', '2024-09-02 15:23:14', 0),
(41, 60, '358321174650', '2024-09-05 15:12:09', 0),
(42, 61, '358325230056', '2024-09-14 14:55:15', 0),
(43, 62, '358327329467', '2024-09-18 15:39:37', 0),
(44, 63, '358332058552', '2024-09-28 11:38:44', 0),
(45, 64, '358333764158', '2024-10-01 13:05:05', 0),
(46, 65, '358335497822', '2024-10-04 14:35:50', 0),
(47, 66, '358338058491', '2024-10-08 13:30:17', 0),
(48, 67, '358342975506', '2024-10-15 17:02:40', 0),
(49, 68, '358344368694', '2024-10-17 17:25:14', 0),
(50, 69, '358346670063', '2024-10-21 17:17:38', 0),
(51, 70, '358347855840', '2024-10-23 12:51:18', 0),
(52, 71, '358352029383', '2024-10-30 16:41:13', 0),
(53, 72, '358814217060', '2024-11-05 07:54:30', 0),
(54, 74, '358359826548', '2024-11-12 12:49:42', 0),
(55, 73, '358359826554', '2024-11-12 12:49:42', 0),
(56, 75, '358364048624', '2024-11-19 09:29:38', 0),
(57, 76, '358365425922', '2024-11-21 10:01:54', 0),
(58, 77, '358368036439', '2024-11-25 14:57:28', 0),
(59, 79, '358369011573', '2024-11-26 17:55:33', 0),
(60, 78, '358369011589', '2024-11-26 17:55:33', 0),
(61, 80, '358369548663', '2024-11-27 13:57:15', 0),
(62, 81, '358369772454', '2024-11-27 18:16:28', 0),
(63, 82, '358369772460', '2024-11-27 18:16:28', 0),
(64, 83, '358373102372', '2024-12-02 16:55:32', 0),
(65, 84, '358375669316', '2024-12-05 17:15:22', 0),
(66, 85, '358377076208', '2024-12-08 09:09:40', 0),
(67, 86, '358394066925', '2025-01-02 14:42:00', 0),
(68, 87, '358395153973', '2025-01-04 15:26:48', 0),
(69, 89, '358396967264', '2025-01-07 18:08:38', 0),
(70, 88, '358396967258', '2025-01-07 18:08:38', 0),
(71, 90, '358398604040', '2025-01-10 15:56:56', 0),
(72, 91, '358400107788', '2025-01-13 17:26:41', 0),
(73, 92, '358400731208', '2025-01-14 17:17:23', 0),
(74, 93, '358401711516', '2025-01-16 12:42:59', 0),
(75, 94, '358403618788', '2025-01-20 13:34:34', 0),
(76, 95, '358403765905', '2025-01-20 16:33:39', 0),
(77, 96, '358404952303', '2025-01-22 17:12:06', 0),
(78, 97, '358407461806', '2025-01-27 17:32:48', 0),
(79, 98, '358408297860', '2025-01-29 07:19:52', 0),
(80, 99, '358410665839', '2025-02-02 17:43:33', 0),
(81, 100, '358411642436', '2025-02-04 06:56:17', 0),
(82, 101, '358411872740', '2025-02-04 12:54:57', 0),
(83, 102, '358413503197', '2025-02-07 07:09:34', 0),
(84, 103, '358414981479', '2025-02-10 07:56:34', 0),
(85, 104, '358415493978', '2025-02-10 17:55:57', 0),
(86, 105, '358415493984', '2025-02-10 17:55:57', 0),
(87, 106, '358416680506', '2025-02-12 17:56:44', 0),
(88, 107, '358416680512', '2025-02-12 17:56:44', 0),
(89, 108, '358416680528', '2025-02-12 17:56:44', 0),
(90, 109, '358417520842', '2025-02-14 13:24:49', 0),
(91, 110, '358417959174', '2025-02-15 15:52:46', 0),
(92, 111, '358418723837', '2025-02-17 13:37:02', 0),
(93, 112, '358420384984', '2025-02-20 16:06:33', 0),
(94, 113, '358421112467', '2025-02-22 11:57:48', 0),
(95, 114, '358423016552', '2025-02-26 17:20:57', 0),
(96, 115, '358424728615', '2025-03-03 16:41:46', 0),
(97, 116, '358424728621', '2025-03-03 16:41:46', 0),
(98, 117, '358857342000', '2025-03-07 15:50:31', 0),
(99, 118, '358426343053', '2025-03-07 15:50:31', 0),
(100, 119, '358426343069', '2025-03-07 15:50:31', 0),
(101, 120, '358857825078, 358857825084', '2025-03-10 11:52:18', 0),
(102, 121, 'CY288133755DE', '2025-03-12 13:31:00', 0),
(103, 122, '358428832761', '2025-03-14 13:03:14', 0),
(104, 123, '358429709226', '2025-03-17 12:12:08', 0),
(105, 124, '358429890249', '2025-03-17 17:01:10', 0),
(106, 126, '358430321037', '2025-03-18 16:46:18', 0),
(107, 125, '358430321021', '2025-03-18 16:46:18', 0),
(108, 127, '358430726362', '2025-03-19 16:38:03', 0),
(109, 128, '358431155910', '2025-03-20 18:22:07', 0),
(110, 129, '358431155926', '2025-03-20 18:22:07', 0),
(111, 131, '358431942874', '2025-03-23 16:46:06', 0),
(112, 130, '358431942880', '2025-03-23 16:46:06', 0),
(113, 132, '358432804445', '2025-03-25 13:32:39', 0),
(114, 133, '358432942572', '2025-03-25 17:53:05', 0),
(115, 134, '358433372817', '2025-03-26 18:13:51', 0),
(116, 136, '358434139369', '2025-03-28 17:04:16', 0),
(117, 135, 'CY288346044DE', '2025-03-28 17:04:16', 0),
(118, 137, 'Selbstabholung', '2025-03-31 18:45:48', 0),
(119, 138, '358435997930', '2025-04-02 15:19:48', 0),
(120, 139, '358436837434', '2025-04-04 17:21:10', 0),
(121, 140, '358436960403', '2025-04-05 10:15:19', 0),
(122, 141, '358438057193', '2025-04-08 11:51:25', 0),
(123, 142, '358438057200', '2025-04-08 11:51:25', 0),
(124, 143, '358438253517', '2025-04-08 18:22:42', 0),
(125, 144, '358439282363', '2025-04-11 11:46:28', 0),
(126, 145, '358439338635', '2025-04-11 13:38:47', 0),
(127, 146, '358440351660', '2025-04-14 15:15:47', 0),
(128, 147, '358441138366', '2025-04-16 10:12:59', 0),
(129, 148, '358441528965', '2025-04-17 10:39:01', 0),
(130, 149, '358442647356', '2025-04-22 10:14:25', 0),
(131, 150, '358442782873', '2025-04-22 13:32:03', 0),
(132, 152, '358443176714', '2025-04-23 11:16:09', 0),
(133, 151, 'CY220088789DE', '2025-04-23 11:38:19', 0),
(134, 154, '358443596912', '2025-04-24 11:26:20', 0),
(135, 153, 'CY220114492DE', '2025-04-24 11:26:20', 0),
(136, 155, '358446544126', '2025-05-03 11:07:42', 0),
(137, 156, '358447254259', '2025-05-05 14:12:02', 0),
(138, 157, '358447254265', '2025-05-05 14:12:02', 0),
(139, 159, '358448159557', '2025-05-07 13:36:26', 0),
(140, 158, 'wurde bereits abgeholt', '2025-05-07 13:36:26', 0),
(141, 161, '358448738296', '2025-05-09 16:43:32', 0),
(142, 160, '358448738280', '2025-05-09 16:43:32', 0),
(143, 162, '358449155548', '2025-05-11 10:35:09', 0),
(144, 163, '358449605767', '2025-05-12 13:44:49', 0),
(145, 164, '358450168623', '2025-05-13 17:53:28', 0),
(146, 165, '358450463479', '2025-05-14 14:19:48', 0),
(147, 166, '358450463463', '2025-05-14 14:19:48', 0),
(148, 167, '358450463457', '2025-05-14 14:19:48', 0),
(149, 168, '358454543916', '2025-05-26 18:49:33', 0),
(150, 169, '358454543922', '2025-05-26 18:49:33', 0),
(151, 170, '358454938155', '2025-05-27 18:07:31', 0),
(152, 171, '358454938149', '2025-05-27 18:07:31', 0),
(153, 173, '358457203428', '2025-06-03 18:05:07', 0),
(154, 172, '358457203412', '2025-06-03 18:05:07', 0),
(155, 174, '358458721845', '2025-06-08 18:53:15', 0),
(156, 175, '358461366030', '2025-06-16 17:25:04', 0),
(157, 176, '358461766400', '2025-06-17 17:39:46', 0),
(158, 177, '358463782860', '2025-06-24 15:51:41', 0),
(159, 178, '358464504986', '2025-06-26 16:08:24', 0),
(160, 179, '358465180369', '2025-06-29 13:12:59', 0),
(161, 180, '358465624446', '2025-06-30 15:49:46', 0),
(162, 181, '358465624452', '2025-06-30 15:49:46', 0),
(163, 182, '358466695664', '2025-07-03 14:10:48', 0),
(164, 183, 'CY730030787DE', '2025-07-03 14:10:48', 0),
(165, 184, '358467806686', '2025-07-07 13:20:39', 0),
(166, 185, '358467948638', '2025-07-07 17:39:15', 0),
(167, 186, '358469448747', '2025-07-11 19:42:08', 0),
(168, 187, '358470570335', '2025-07-15 15:12:02', 0),
(169, 188, '358470570341', '2025-07-15 15:12:02', 0),
(170, 189, '358470789944', '2025-07-16 09:35:57', 0),
(171, 190, '358471698455', '2025-07-18 17:35:36', 0),
(172, 191, '358471698449', '2025-07-18 17:35:36', 0),
(173, 192, '358472002972', '2025-07-20 14:39:01', 0),
(174, 193, '358472491985', '2025-07-21 18:16:41', 0),
(175, 194, '358472837276', '2025-07-22 16:24:12', 0),
(176, 195, '358889150372', '2025-07-24 16:28:34', 0),
(177, 196, '358473552811', '2025-07-24 16:28:34', 0),
(178, 197, '358474668332', '2025-07-28 16:21:13', 0),
(179, 198, '358475486397', '2025-07-30 18:16:15', 0),
(180, 199, '358475486381', '2025-07-30 18:16:15', 0),
(181, 200, '358476466677', '2025-08-02 20:27:53', 0),
(182, 201, '358477061652', '2025-08-04 16:37:56', 0),
(183, 202, '358477061668', '2025-08-04 16:37:56', 0),
(184, 203, '358478265687', '2025-08-07 19:43:17', 0),
(185, 205, '358478918480', '2025-08-10 18:07:34', 0),
(186, 204, '358892807162', '2025-08-10 18:07:34', 0),
(187, 206, '358479413699', '2025-08-11 21:34:58', 0),
(188, 207, '358480071208', '2025-08-13 18:10:23', 0),
(189, 208, '358480398042', '2025-08-14 18:14:34', 0),
(190, 209, '358480398058', '2025-08-14 18:14:34', 0),
(191, 210, '358481018378', '2025-08-17 16:43:53', 0),
(192, 211, '358481506252', '2025-08-18 19:53:31', 0),
(193, 212, '358481506246', '2025-08-18 19:53:31', 0),
(194, 213, '358481525832', '2025-08-18 21:03:02', 0),
(195, 214, '358481982222', '2025-08-20 10:02:20', 0),
(196, 215, '358482862635', '2025-08-22 18:30:24', 0),
(197, 216, '358483317287', '2025-08-25 06:29:41', 0),
(198, 217, '358484003881', '2025-08-26 16:19:16', 0),
(199, 218, '358485227622', '2025-08-30 10:06:57', 0),
(200, 219, '358486859551', '2025-09-03 19:05:14', 0),
(201, 220, '358489595871', '2025-09-11 18:44:02', 0),
(202, 221, '358489910877', '2025-09-12 16:22:14', 0),
(203, 222, '358489910861', '2025-09-12 16:22:14', 0),
(204, 223, '358492056715', '2025-09-18 20:08:50', 0),
(205, 224, '358492056721', '2025-09-18 20:08:50', 0),
(206, 225, '358492056737', '2025-09-18 20:08:50', 0),
(207, 226, '358492691939', '2025-09-21 15:45:59', 0),
(208, 227, '358493602460', '2025-09-23 17:59:18', 0),
(209, 228, 'JD014600012317400358', '2025-09-25 18:07:44', 0),
(210, 230, '358494940720', '2025-09-27 16:52:22', 0),
(211, 231, '358495181846', '2025-09-28 20:12:54', 0),
(212, 233, '358499941046', '2025-10-11 18:27:29', 0),
(213, 234, '358500550382', '2025-10-13 16:19:59', 0),
(214, 235, '358500550398', '2025-10-13 16:19:59', 0),
(215, 236, '358500550411', '2025-10-13 16:19:59', 0),
(216, 237, '358501801168', '2025-10-16 19:37:44', 0),
(217, 238, '358502544258', '2025-10-19 17:19:41', 0),
(218, 239, '358503051555', '2025-10-20 17:38:07', 0),
(219, 240, '358503051549', '2025-10-20 17:38:07', 0),
(220, 242, '358504249511', '2025-10-23 16:38:54', 0),
(221, 241, '358504249527', '2025-10-23 16:38:54', 0),
(222, 243, '358504995441', '2025-10-26 11:25:05', 0),
(223, 244, '358507584011', '2025-11-02 12:48:00', 0),
(224, 245, '358508284597', '2025-11-03 18:10:54', 0),
(225, 246, '358508884600', '2025-11-05 07:51:30', 0),
(226, 247, '358509584063', '2025-11-06 18:13:49', 0),
(227, 248, '358509584079', '2025-11-06 18:13:49', 0),
(228, 249, 'CY290613755DE', '2025-11-10 17:15:38', 0),
(229, 250, '358510951366', '2025-11-10 17:15:38', 0),
(230, 251, '358511343384', '2025-11-11 15:00:43', 0),
(231, 252, '358511917757', '2025-11-12 21:15:35', 0),
(232, 253, '358512592960', '2025-11-14 15:49:09', 0),
(233, 254, '358513652610', '2025-11-17 17:38:37', 0),
(234, 255, '358514126016', '2025-11-18 17:51:46', 0),
(235, 256, '358514470338', '2025-11-19 15:19:07', 0),
(236, 259, '358515492197', '2025-11-22 09:37:34', 0),
(237, 258, '358515492204', '2025-11-22 09:37:34', 0),
(238, 257, '358515492204', '2025-11-22 09:37:34', 0),
(239, 260, '358518658481', '2025-11-28 22:35:59', 0),
(240, 261, '358520626254', '2025-12-02 18:53:30', 0),
(241, 262, '358520626260', '2025-12-02 18:53:30', 0),
(242, 263, '358520626276', '2025-12-02 18:53:30', 0),
(243, 264, '358521260899', '2025-12-03 19:41:33', 0),
(244, 265, '358522276336', '2025-12-05 16:04:17', 0),
(245, 266, 'CY732163891DE', '2025-12-05 16:04:17', 0),
(246, 267, '358522520759', '2025-12-06 11:09:57', 0),
(247, 268, '358523696608', '2025-12-08 17:16:40', 0),
(248, 269, '358523696614', '2025-12-08 17:16:40', 0),
(249, 270, '358523696620', '2025-12-08 17:16:40', 0),
(250, 271, '358525102736', '2025-12-10 19:36:30', 0),
(251, 272, '358525757456', '2025-12-11 20:49:16', 0),
(252, 273, '358526663565', '2025-12-13 15:03:17', 0),
(253, 274, '358529732846', '2025-12-17 19:26:32', 0),
(254, 275, '358531322906', '2025-12-19 18:42:19', 0);

-- --------------------------------------------------------

--
-- Tabellenstruktur für Tabelle `shippings_tracking_numbers_temp`
--

CREATE TABLE `shippings_tracking_numbers_temp` (
  `shippings_tracking_numbers_temp_id` int(11) NOT NULL,
  `target_type` varchar(16) NOT NULL COMMENT 'zb order oder reclamation',
  `target_type_id` int(11) NOT NULL COMMENT 'die orders_id oder reclamations_id',
  `transaction_id` varchar(64) NOT NULL,
  `versender` varchar(16) NOT NULL,
  `date_added` datetime NOT NULL
) ENGINE=InnoDB DEFAULT CHARSET=utf8;

-- --------------------------------------------------------

--
-- Tabellenstruktur für Tabelle `shipping_graduation`
--

CREATE TABLE `shipping_graduation` (
  `shipping_graduation_id` int(11) NOT NULL,
  `value` int(11) NOT NULL DEFAULT '0'
) ENGINE=MyISAM DEFAULT CHARSET=utf8;

--
-- Daten für Tabelle `shipping_graduation`
--

INSERT INTO `shipping_graduation` (`shipping_graduation_id`, `value`) VALUES
(1, 1);

-- --------------------------------------------------------

--
-- Tabellenstruktur für Tabelle `shipping_graduation_countries`
--

CREATE TABLE `shipping_graduation_countries` (
  `shipping_graduation_countries_id` int(11) NOT NULL,
  `country_id` int(11) NOT NULL DEFAULT '0',
  `shipping_graduation_groups_id` int(11) NOT NULL DEFAULT '0'
) ENGINE=MyISAM DEFAULT CHARSET=utf8;

--
-- Daten für Tabelle `shipping_graduation_countries`
--

INSERT INTO `shipping_graduation_countries` (`shipping_graduation_countries_id`, `country_id`, `shipping_graduation_groups_id`) VALUES
(267, 15, 5),
(266, 13, 5),
(523, 204, 3),
(522, 170, 2),
(521, 150, 2),
(520, 124, 2),
(519, 105, 2),
(518, 97, 2),
(517, 73, 2),
(516, 57, 2),
(513, 81, 1),
(265, 12, 5),
(264, 11, 5),
(263, 10, 5),
(205, -1, 999999),
(515, 21, 2),
(262, 9, 5),
(261, 8, 5),
(260, 7, 5),
(259, 6, 5),
(258, 5, 5),
(257, 4, 5),
(256, 3, 5),
(255, 2, 5),
(254, 1, 5),
(268, 16, 5),
(269, 17, 5),
(270, 18, 5),
(271, 19, 5),
(272, 20, 5),
(274, 22, 5),
(275, 23, 5),
(276, 24, 5),
(277, 25, 5),
(278, 26, 5),
(279, 27, 5),
(280, 28, 5),
(281, 29, 5),
(282, 30, 5),
(283, 31, 5),
(284, 32, 5),
(285, 33, 5),
(286, 34, 5),
(287, 35, 5),
(288, 36, 5),
(289, 37, 5),
(290, 38, 5),
(291, 39, 5),
(292, 40, 5),
(293, 41, 5),
(294, 42, 5),
(295, 43, 5),
(296, 44, 5),
(297, 45, 5),
(298, 46, 5),
(299, 47, 5),
(300, 48, 5),
(301, 49, 5),
(302, 50, 5),
(303, 51, 5),
(304, 52, 5),
(305, 53, 5),
(306, 54, 5),
(307, 55, 5),
(308, 56, 5),
(310, 58, 5),
(311, 59, 5),
(312, 60, 5),
(313, 61, 5),
(314, 62, 5),
(315, 63, 5),
(316, 64, 5),
(317, 65, 5),
(318, 66, 5),
(319, 67, 5),
(320, 68, 5),
(321, 69, 5),
(322, 70, 5),
(323, 71, 5),
(324, 72, 5),
(326, 74, 5),
(327, 75, 5),
(328, 76, 5),
(329, 77, 5),
(330, 78, 5),
(331, 79, 5),
(332, 80, 5),
(333, 82, 5),
(334, 83, 5),
(335, 84, 5),
(336, 85, 5),
(337, 86, 5),
(338, 87, 5),
(339, 88, 5),
(340, 89, 5),
(341, 90, 5),
(342, 91, 5),
(343, 92, 5),
(344, 93, 5),
(345, 94, 5),
(346, 95, 5),
(347, 96, 5),
(349, 98, 5),
(350, 99, 5),
(351, 100, 5),
(352, 101, 5),
(353, 102, 5),
(354, 103, 5),
(355, 104, 5),
(357, 106, 5),
(358, 107, 5),
(359, 108, 5),
(360, 109, 5),
(361, 110, 5),
(362, 111, 5),
(363, 112, 5),
(364, 113, 5),
(365, 114, 5),
(366, 115, 5),
(367, 116, 5),
(368, 117, 5),
(369, 118, 5),
(370, 119, 5),
(371, 120, 5),
(372, 121, 5),
(373, 122, 5),
(374, 123, 5),
(376, 125, 5),
(377, 126, 5),
(378, 127, 5),
(379, 128, 5),
(380, 129, 5),
(381, 130, 5),
(382, 131, 5),
(383, 132, 5),
(384, 133, 5),
(385, 134, 5),
(386, 135, 5),
(387, 136, 5),
(388, 137, 5),
(389, 138, 5),
(390, 139, 5),
(391, 140, 5),
(392, 141, 5),
(393, 142, 5),
(394, 143, 5),
(395, 144, 5),
(396, 145, 5),
(397, 146, 5),
(398, 147, 5),
(399, 148, 5),
(400, 149, 5),
(402, 151, 5),
(403, 152, 5),
(404, 153, 5),
(405, 154, 5),
(406, 155, 5),
(407, 156, 5),
(408, 157, 5),
(409, 158, 5),
(410, 159, 5),
(411, 160, 5),
(412, 161, 5),
(413, 162, 5),
(414, 163, 5),
(415, 164, 5),
(416, 165, 5),
(417, 166, 5),
(418, 167, 5),
(419, 168, 5),
(420, 169, 5),
(422, 171, 5),
(423, 172, 5),
(424, 173, 5),
(425, 174, 5),
(426, 175, 5),
(427, 176, 5),
(428, 177, 5),
(429, 178, 5),
(430, 179, 5),
(431, 180, 5),
(432, 181, 5),
(433, 182, 5),
(434, 183, 5),
(435, 184, 5),
(436, 185, 5),
(437, 241, 5),
(438, 186, 5),
(439, 187, 5),
(440, 188, 5),
(441, 189, 5),
(442, 190, 5),
(443, 191, 5),
(444, 192, 5),
(445, 193, 5),
(446, 194, 5),
(447, 195, 5),
(448, 196, 5),
(449, 197, 5),
(450, 198, 5),
(451, 199, 5),
(452, 200, 5),
(453, 201, 5),
(454, 202, 5),
(455, 203, 5),
(457, 205, 5),
(458, 206, 5),
(459, 207, 5),
(460, 208, 5),
(461, 209, 5),
(462, 210, 5),
(463, 211, 5),
(464, 212, 5),
(465, 213, 5),
(466, 214, 5),
(467, 215, 5),
(468, 216, 5),
(469, 217, 5),
(470, 218, 5),
(471, 219, 5),
(472, 220, 5),
(473, 221, 5),
(474, 222, 5),
(475, 223, 5),
(476, 224, 5),
(477, 240, 5),
(478, 226, 5),
(479, 227, 5),
(480, 228, 5),
(481, 229, 5),
(482, 230, 5),
(483, 231, 5),
(484, 232, 5),
(485, 233, 5),
(486, 234, 5),
(487, 235, 5),
(488, 236, 5),
(489, 237, 5),
(490, 238, 5),
(491, 239, 5),
(514, 14, 2);

-- --------------------------------------------------------

--
-- Tabellenstruktur für Tabelle `shipping_graduation_groups`
--

CREATE TABLE `shipping_graduation_groups` (
  `shipping_graduation_groups_id` int(11) NOT NULL,
  `title` varchar(32) NOT NULL DEFAULT '',
  `shippingcosts_multiplikator` int(1) NOT NULL DEFAULT '0',
  `shippingcosts_products_multiplikator` int(1) NOT NULL DEFAULT '0',
  `shippingcosts_only_max` int(11) NOT NULL DEFAULT '0',
  `show_weight` int(1) NOT NULL DEFAULT '0',
  `not_ship` int(1) NOT NULL DEFAULT '0',
  `weight_calc` int(1) NOT NULL DEFAULT '0',
  `allow_cod` int(1) NOT NULL DEFAULT '0',
  `cod_fee` float NOT NULL DEFAULT '0'
) ENGINE=MyISAM DEFAULT CHARSET=utf8;

--
-- Daten für Tabelle `shipping_graduation_groups`
--

INSERT INTO `shipping_graduation_groups` (`shipping_graduation_groups_id`, `title`, `shippingcosts_multiplikator`, `shippingcosts_products_multiplikator`, `shippingcosts_only_max`, `show_weight`, `not_ship`, `weight_calc`, `allow_cod`, `cod_fee`) VALUES
(1, 'Gruppe 1', 0, 0, 0, 0, 0, 1, 0, 0),
(2, 'Gruppe 2', 0, 0, 0, 0, 0, 1, 0, 0),
(3, 'Gruppe 3', 0, 0, 0, 0, 0, 1, 0, 0),
(4, 'Gruppe 4', 0, 0, 0, 0, 0, 0, 0, 0),
(5, 'Gruppe 5', 0, 0, 0, 0, 1, 0, 0, 0),
(999999, 'Alle anderen Länder', 0, 0, 0, 0, 1, 0, 0, 0);

-- --------------------------------------------------------

--
-- Tabellenstruktur für Tabelle `shipping_graduation_products`
--

CREATE TABLE `shipping_graduation_products` (
  `shipping_graduation_products_id` int(11) NOT NULL,
  `shipping_graduation_groups_id` int(11) NOT NULL DEFAULT '0',
  `graduation_id` int(11) NOT NULL DEFAULT '0',
  `products_id` int(11) NOT NULL DEFAULT '0',
  `value` float NOT NULL DEFAULT '0'
) ENGINE=MyISAM DEFAULT CHARSET=utf8;

-- --------------------------------------------------------

--
-- Tabellenstruktur für Tabelle `shipping_graduation_values`
--

CREATE TABLE `shipping_graduation_values` (
  `shipping_graduation_id` int(11) NOT NULL DEFAULT '0',
  `shipping_graduation_weights_id` int(11) NOT NULL DEFAULT '0',
  `shipping_graduation_groups_id` int(11) NOT NULL DEFAULT '0',
  `grad_value` float NOT NULL DEFAULT '0',
  `grad_value_cost` float NOT NULL
) ENGINE=MyISAM DEFAULT CHARSET=utf8;

--
-- Daten für Tabelle `shipping_graduation_values`
--

INSERT INTO `shipping_graduation_values` (`shipping_graduation_id`, `shipping_graduation_weights_id`, `shipping_graduation_groups_id`, `grad_value`, `grad_value_cost`) VALUES
(2, 1, 1, 10, 0),
(2, 1, 2, 11, 0),
(2, 1, 3, 12, 0),
(2, 1, 4, 13, 0),
(2, 2, 1, 20, 0),
(2, 2, 2, 21, 0),
(2, 2, 3, 22, 0),
(2, 2, 4, 23, 0),
(2, 3, 1, 34, 0),
(2, 3, 2, 35, 0),
(2, 3, 3, 36, 0),
(2, 3, 4, 37, 0),
(1, 11, 999999, 8403.36, 0),
(1, 11, 5, 8403.36, 0),
(1, 11, 4, 8403.36, 0),
(1, 11, 3, 268.91, 0),
(1, 11, 2, 126.05, 0),
(1, 11, 1, 117.64, 67.2),
(1, 10, 999999, 8403.36, 0),
(1, 10, 5, 8403.36, 0),
(1, 10, 4, 8403.36, 0),
(1, 10, 3, 121.85, 0),
(1, 10, 2, 84.03, 0),
(1, 10, 1, 58.82, 33.6),
(1, 9, 999999, 8403.36, 0),
(1, 9, 5, 8403.36, 0),
(1, 9, 4, 8403.36, 0),
(1, 9, 3, 67.23, 0),
(1, 9, 2, 42.02, 0),
(1, 9, 1, 29.41, 19.19),
(1, 12, 999999, 8403.36, 0),
(1, 12, 5, 8403.36, 0),
(1, 12, 4, 8403.36, 0),
(1, 12, 3, 54.62, 0),
(1, 12, 2, 29.41, 0),
(1, 12, 1, 29.41, 19.19),
(1, 6, 999999, 8403.36, 0),
(1, 6, 5, 8403.36, 0),
(1, 6, 4, 8403.36, 0),
(1, 6, 3, 39.92, 0),
(1, 6, 2, 22.69, 0),
(1, 6, 1, 16.81, 9.69),
(1, 2, 999999, 8403.36, 0),
(1, 2, 5, 8403.36, 0),
(1, 2, 4, 8403.36, 0),
(1, 2, 3, 31.93, 0),
(1, 2, 2, 21.01, 0),
(1, 2, 1, 12.18, 6.89),
(1, 5, 999999, 8403.36, 0),
(1, 5, 5, 8403.36, 0),
(1, 5, 4, 8403.36, 0),
(1, 5, 3, 31.93, 0),
(1, 5, 2, 16.81, 0),
(1, 5, 1, 6.3025, 5.39),
(1, 8, 999999, 8403.36, 0),
(1, 8, 5, 8403.36, 0),
(1, 8, 4, 8403.36, 0),
(1, 8, 3, 8403.36, 0),
(1, 8, 2, 8403.36, 0),
(1, 8, 1, 0, 0);

-- --------------------------------------------------------

--
-- Tabellenstruktur für Tabelle `shipping_graduation_weights`
--

CREATE TABLE `shipping_graduation_weights` (
  `shipping_graduation_weights_id` int(11) NOT NULL,
  `weight` float NOT NULL DEFAULT '0'
) ENGINE=MyISAM DEFAULT CHARSET=utf8;

--
-- Daten für Tabelle `shipping_graduation_weights`
--

INSERT INTO `shipping_graduation_weights` (`shipping_graduation_weights_id`, `weight`) VALUES
(2, 5),
(5, 2),
(6, 10),
(8, 0),
(9, 31),
(10, 50),
(11, 100),
(12, 20);

-- --------------------------------------------------------

--
-- Tabellenstruktur für Tabelle `shipping_status`
--

CREATE TABLE `shipping_status` (
  `shipping_status_id` int(11) NOT NULL DEFAULT '0',
  `language_id` int(11) NOT NULL DEFAULT '1',
  `shipping_status_name` varchar(32) NOT NULL DEFAULT '',
  `shipping_status_image` varchar(32) NOT NULL DEFAULT ''
) ENGINE=MyISAM DEFAULT CHARSET=utf8;

--
-- Daten für Tabelle `shipping_status`
--

INSERT INTO `shipping_status` (`shipping_status_id`, `language_id`, `shipping_status_name`, `shipping_status_image`) VALUES
(1, 1, '3-4 Days', ''),
(1, 2, '2 bis 3 Werktage', ''),
(2, 1, '1 Week', ''),
(2, 2, '1 - 2 Wochen', ''),
(3, 1, '2 Weeks', ''),
(3, 2, '2 - 3 Wochen', ''),
(4, 2, '3 - 4 Wochen', ''),
(5, 2, '5 - 6 Wochen', ''),
(6, 2, 'umgehend nach Neueingang', ''),
(7, 2, 'Nur auf Anfertigung | LZ: ???', '');

-- --------------------------------------------------------

--
-- Tabellenstruktur für Tabelle `specials`
--

CREATE TABLE `specials` (
  `specials_id` int(11) NOT NULL,
  `products_id` int(11) NOT NULL DEFAULT '0',
  `specials_quantity` int(4) NOT NULL DEFAULT '0',
  `specials_new_products_price` decimal(15,4) NOT NULL DEFAULT '0.0000',
  `specials_date_added` datetime DEFAULT NULL,
  `specials_last_modified` datetime DEFAULT NULL,
  `expires_date` datetime DEFAULT NULL,
  `date_status_change` datetime DEFAULT NULL,
  `status` int(1) NOT NULL DEFAULT '1',
  `start_date` datetime NOT NULL,
  `sell_to_v1null` int(1) NOT NULL,
  `ebay_price_revise` int(1) NOT NULL
) ENGINE=MyISAM DEFAULT CHARSET=utf8;

-- --------------------------------------------------------

--
-- Tabellenstruktur für Tabelle `specials_ebay_revise`
--

CREATE TABLE `specials_ebay_revise` (
  `specials_ebay_revise_id` int(11) NOT NULL,
  `specials_id` int(11) NOT NULL,
  `ebay_auctions_id` int(11) NOT NULL,
  `sku` varchar(64) NOT NULL,
  `orig_price` decimal(15,4) NOT NULL,
  `status` int(1) NOT NULL COMMENT 'wenn der np wieder gesetzt werden soll, auf 1',
  `original_price` decimal(13,4) NOT NULL,
  `special_price` decimal(13,4) NOT NULL,
  `is_revised` int(1) NOT NULL
) ENGINE=InnoDB DEFAULT CHARSET=utf8;

-- --------------------------------------------------------

--
-- Tabellenstruktur für Tabelle `storages`
--

CREATE TABLE `storages` (
  `id` int(11) NOT NULL,
  `name` varchar(128) NOT NULL DEFAULT '',
  `beschreibung` text NOT NULL,
  `schema_key` varchar(32) NOT NULL DEFAULT '',
  `schema_start` int(11) NOT NULL DEFAULT '0',
  `default_storage` enum('n','y') NOT NULL DEFAULT 'n',
  `storage_company` varchar(64) NOT NULL,
  `storage_suburb` varchar(64) NOT NULL,
  `storage_name` varchar(64) NOT NULL,
  `storage_street_address` varchar(64) NOT NULL,
  `storage_city` varchar(32) NOT NULL,
  `storage_postcode` varchar(10) NOT NULL,
  `storage_country` tinyint(4) NOT NULL,
  `storage_telephone` varchar(32) NOT NULL
) ENGINE=MyISAM DEFAULT CHARSET=utf8;

--
-- Daten für Tabelle `storages`
--

INSERT INTO `storages` (`id`, `name`, `beschreibung`, `schema_key`, `schema_start`, `default_storage`, `storage_company`, `storage_suburb`, `storage_name`, `storage_street_address`, `storage_city`, `storage_postcode`, `storage_country`, `storage_telephone`) VALUES
(1, 'Buchholz i.d.N.', 'HomeOffice', '001', 0, 'y', 'Alubogencenter.de', '', 'Inh. Rolf Brendemühl', 'Hamburger Straße 4b', 'Buchholz i.d.N.', '21244', 81, '04181 137352'),
(2, 'Streckenlieferung', 'Kiesel GmbH', '001', 0, 'n', 'Kiesel GmbH', '', '', '', '', '', 81, '');

-- --------------------------------------------------------

--
-- Tabellenstruktur für Tabelle `storage_numbers`
--

CREATE TABLE `storage_numbers` (
  `id` int(11) NOT NULL,
  `products_id` int(11) NOT NULL DEFAULT '0',
  `storage_id` int(11) NOT NULL DEFAULT '0',
  `nummer` varchar(64) NOT NULL DEFAULT ''
) ENGINE=MyISAM DEFAULT CHARSET=utf8;

--
-- Daten für Tabelle `storage_numbers`
--

INSERT INTO `storage_numbers` (`id`, `products_id`, `storage_id`, `nummer`) VALUES
(5, 293, 1, '4066077000233'),
(6, 283, 1, '4066077000134'),
(7, 422, 1, '4066077001599'),
(8, 277, 1, '4066077000042'),
(9, 179, 1, '4066077000059'),
(10, 279, 1, '4066077000035'),
(11, 172, 1, '4066077000028'),
(12, 540, 1, '4066077000066'),
(13, 512, 1, '4066077004576'),
(14, 180, 1, '4066077001636'),
(15, 400, 1, '4066077002275'),
(16, 380, 1, '4066077001957'),
(17, 539, 1, '4066077001742'),
(18, 381, 1, '4066077001940'),
(19, 428, 1, '4066077004217'),
(20, 437, 1, '4066077001452'),
(21, 100, 1, '4066077000240'),
(22, 101, 1, '4066077000257'),
(23, 102, 1, '4066077000264'),
(24, 103, 1, '4066077000271'),
(25, 124, 1, '4066077000479'),
(26, 125, 1, '4066077004637'),
(27, 104, 1, '4066077000288'),
(28, 105, 1, '4066077000295'),
(29, 106, 1, '4066077000301'),
(30, 107, 1, '4066077000318'),
(31, 108, 1, '4066077000325'),
(32, 109, 1, '4066077000332'),
(33, 110, 1, '4066077000349'),
(34, 111, 1, '4066077000356'),
(35, 114, 1, '4066077000387'),
(36, 112, 1, '4066077000363'),
(37, 113, 1, '4066077000370'),
(38, 115, 1, '4066077000394'),
(39, 116, 1, '4066077000400'),
(40, 117, 1, '4066077000417'),
(41, 118, 1, '4066077000424'),
(42, 119, 1, '4066077004798'),
(43, 123, 1, '4066077000462'),
(44, 120, 1, '4066077000431'),
(45, 122, 1, '4066077000455'),
(46, 126, 1, '4066077000486'),
(47, 127, 1, '4066077000493'),
(48, 136, 1, '4066077000578'),
(49, 138, 1, '4066077000592'),
(50, 141, 1, '4066077000622'),
(51, 156, 1, '4066077002329'),
(52, 158, 1, '4066077002541'),
(53, 166, 1, '4066077001674'),
(54, 250, 1, '4066077000103'),
(55, 281, 1, '4066077000110'),
(56, 282, 1, '4066077000127'),
(57, 284, 1, '4066077000141'),
(58, 285, 1, '4066077000158'),
(59, 286, 1, '4066077000165'),
(60, 287, 1, '4066077000172'),
(61, 288, 1, '4066077000189'),
(62, 289, 1, '4066077000196'),
(63, 290, 1, '4066077000202'),
(64, 291, 1, '4066077000219'),
(65, 292, 1, '4066077000226'),
(66, 438, 1, '4066077001469'),
(67, 170, 1, '4066077004552'),
(68, 181, 1, '4066077002152'),
(69, 171, 1, '4066077004569'),
(70, 513, 1, '4066077004590'),
(71, 173, 1, '4066077004538'),
(72, 174, 1, '4066077004545'),
(73, 175, 1, '4066077004767'),
(74, 176, 1, '4066077004606'),
(75, 177, 1, '4066077004699'),
(76, 178, 1, '4066077004682'),
(77, 275, 1, '4066077004644'),
(78, 514, 1, '4066077004477'),
(79, 276, 1, '4066077004583'),
(80, 278, 1, '4066077004620'),
(81, 280, 1, '4066077004460'),
(82, 441, 1, '4066077004705'),
(83, 442, 1, '4066077004521'),
(84, 443, 1, '4066077004712'),
(85, 444, 1, '4066077004514'),
(86, 445, 1, '4066077004729'),
(87, 301, 1, '4066077001995'),
(88, 332, 1, '4066077002039'),
(89, 324, 1, '4066077002046'),
(90, 302, 1, '4066077002091'),
(91, 396, 1, '4066077003784'),
(92, 360, 1, '4066077001315'),
(93, 218, 1, '4066077003357'),
(94, 330, 1, '4066077003067'),
(95, 341, 1, '4066077001216'),
(96, 335, 1, '4066077001230'),
(97, 255, 1, '4066077001353'),
(98, 368, 1, '4066077001391'),
(99, 233, 1, '4066077002121'),
(100, 239, 1, '4066077000950'),
(101, 258, 1, '4066077002138'),
(102, 333, 1, '4066077003074'),
(103, 210, 1, '4066077003104'),
(104, 303, 1, '4066077001360'),
(105, 392, 1, '4066077003746'),
(106, 327, 1, '4066077003050'),
(107, 238, 1, '4066077003593'),
(108, 329, 1, '4066077001063'),
(109, 325, 1, '4066077001209'),
(110, 214, 1, '4066077003173'),
(111, 336, 1, '4066077003128'),
(112, 347, 1, '4066077001247'),
(113, 183, 1, '4066077002800'),
(114, 260, 1, '4066077002824'),
(115, 244, 1, '4066077003968'),
(116, 209, 1, '4066077003081'),
(117, 446, 1, '4066077004347'),
(118, 300, 1, '4066077001414'),
(119, 304, 1, '4066077002862'),
(120, 318, 1, '4066077001094'),
(121, 219, 1, '4066077003364'),
(122, 331, 1, '4066077001254'),
(123, 223, 1, '4066077003388'),
(124, 383, 1, '4066077002282'),
(125, 266, 1, '4066077003661'),
(126, 185, 1, '4066077003678'),
(127, 395, 1, '4066077003777'),
(128, 241, 1, '4066077003852'),
(129, 242, 1, '4066077003890'),
(130, 447, 1, '4066077004330'),
(131, 198, 1, '4066077002947'),
(132, 317, 1, '4066077001186'),
(133, 305, 1, '4066077002879'),
(134, 393, 1, '4066077003753'),
(135, 334, 1, '4066077003098'),
(136, 211, 1, '4066077003111'),
(137, 410, 1, '4066077004064'),
(138, 197, 1, '4066077002305'),
(139, 328, 1, '4066077001162'),
(140, 342, 1, '4066077001346'),
(141, 224, 1, '4066077003395'),
(142, 208, 1, '4066077003036'),
(143, 182, 1, '4066077003319'),
(144, 273, 1, '4066077000875'),
(145, 306, 1, '4066077001261'),
(146, 294, 1, '4066077001490'),
(147, 321, 1, '4066077001513'),
(148, 202, 1, '4066077001520'),
(149, 322, 1, '4066077001537'),
(150, 220, 1, '4066077001551'),
(151, 190, 1, '4066077004231'),
(152, 348, 1, '4066077003203'),
(153, 365, 1, '4066077002817'),
(154, 231, 1, '4066077001407'),
(155, 232, 1, '4066077003463'),
(156, 184, 1, '4066077002169'),
(157, 307, 1, '4066077002886'),
(158, 356, 1, '4066077003265'),
(159, 308, 1, '4066077002909'),
(160, 295, 1, '4066077001278'),
(161, 222, 1, '4066077003371'),
(162, 191, 1, '4066077004248'),
(163, 200, 1, '4066077002961'),
(164, 345, 1, '4066077001339'),
(165, 259, 1, '4066077003272'),
(166, 448, 1, '4066077004804'),
(167, 449, 1, '4066077004811'),
(168, 309, 1, '4066077002916'),
(169, 394, 1, '4066077003760'),
(170, 391, 1, '4066077003739'),
(171, 385, 1, '4066077003692'),
(172, 417, 1, '4066077004118'),
(173, 387, 1, '4066077003708'),
(174, 310, 1, '4066077002893'),
(175, 363, 1, '4066077001223'),
(176, 346, 1, '4066077001049'),
(177, 349, 1, '4066077002206'),
(178, 243, 1, '4066077003906'),
(179, 311, 1, '4066077002923'),
(180, 320, 1, '4066077002978'),
(181, 251, 1, '4066077004200'),
(182, 361, 1, '4066077002190'),
(183, 274, 1, '4066077000882'),
(184, 312, 1, '4066077001148'),
(185, 296, 1, '4066077001155'),
(186, 225, 1, '4066077003401'),
(187, 358, 1, '4066077003289'),
(188, 326, 1, '4066077003043'),
(189, 228, 1, '4066077003432'),
(190, 297, 1, '4066077002299'),
(191, 226, 1, '4066077003418'),
(192, 313, 1, '4066077002930'),
(193, 299, 1, '4066077001100'),
(194, 227, 1, '4066077003425'),
(195, 343, 1, '4066077003180'),
(196, 230, 1, '4066077002848'),
(197, 249, 1, '4066077004194'),
(198, 314, 1, '4066077001131'),
(199, 298, 1, '4066077000974'),
(200, 216, 1, '4066077003326'),
(201, 337, 1, '4066077001292'),
(202, 237, 1, '4066077003586'),
(203, 354, 1, '4066077003258'),
(204, 247, 1, '4066077003876'),
(205, 366, 1, '4066077002831'),
(206, 248, 1, '4066077003883'),
(207, 245, 1, '4066077003982'),
(208, 405, 1, '4066077003999'),
(209, 386, 1, '4066077001384'),
(210, 357, 1, '4066077002145'),
(211, 235, 1, '4066077003562'),
(212, 236, 1, '4066077003579'),
(213, 388, 1, '4066077003715'),
(214, 407, 1, '4066077004026'),
(215, 403, 1, '4066077003951'),
(216, 364, 1, '4066077003456'),
(217, 315, 1, '4066077001124'),
(218, 316, 1, '4066077000998'),
(219, 199, 1, '4066077002954'),
(220, 355, 1, '4066077003302'),
(221, 319, 1, '4066077000981'),
(222, 188, 1, '4066077003869'),
(223, 450, 1, '4066077004774'),
(224, 240, 1, '4066077003654'),
(225, 451, 1, '4066077004781'),
(226, 350, 1, '4066077003210'),
(227, 423, 1, '4066077004163'),
(228, 256, 1, '4066077001032'),
(229, 186, 1, '4066077003791'),
(230, 187, 1, '4066077003807'),
(231, 378, 1, '4066077001605'),
(232, 367, 1, '4066077001179'),
(233, 452, 1, '4066077004385'),
(234, 404, 1, '4066077003975'),
(235, 351, 1, '4066077003227'),
(236, 344, 1, '4066077003197'),
(237, 359, 1, '4066077003333'),
(238, 217, 1, '4066077003340'),
(239, 424, 1, '4066077004170'),
(240, 1, 1, 'System 01'),
(241, 2, 1, 'System 02'),
(242, 3, 1, 'System 03'),
(243, 4, 1, 'System 04'),
(244, 5, 1, 'System 05'),
(245, 6, 1, 'System 06'),
(246, 7, 1, 'System 07'),
(247, 8, 1, 'System 08'),
(248, 9, 1, 'System 09'),
(249, 10, 1, 'System 10'),
(250, 11, 1, 'System 11'),
(251, 12, 1, 'System 12'),
(252, 13, 1, 'System 13'),
(253, 14, 1, 'System 14'),
(254, 15, 1, 'System 15'),
(255, 16, 1, 'System 16'),
(256, 17, 1, 'System 17'),
(257, 18, 1, 'System 18'),
(258, 19, 1, 'System 19'),
(259, 20, 1, 'System 20'),
(260, 370, 1, '4066077003487'),
(261, 339, 1, '4066077003159'),
(262, 189, 1, '4066077004149'),
(263, 369, 1, '4066077003470'),
(264, 234, 1, '4066077003494'),
(265, 352, 1, '4066077003234'),
(266, 353, 1, '4066077003241'),
(267, 425, 1, '4066077004187'),
(268, 453, 1, '4066077004651'),
(269, 213, 1, '4066077003166'),
(270, 340, 1, '4066077001056'),
(271, 206, 1, '4066077003012'),
(272, 207, 1, '4066077003029'),
(273, 246, 1, '4066077004002'),
(274, 268, 1, '4066077003913'),
(275, 269, 1, '4066077003920'),
(276, 252, 1, '4066077004309'),
(277, 262, 1, '4066077003609'),
(278, 263, 1, '4066077003616'),
(279, 264, 1, '4066077003623'),
(280, 265, 1, '4066077003647'),
(281, 261, 1, '4066077002855'),
(282, 401, 1, '4066077003937'),
(283, 406, 1, '4066077004019'),
(284, 271, 1, '4066077001506'),
(285, 412, 1, '4066077001575'),
(286, 212, 1, '4066077003142'),
(287, 413, 1, '4066077001445'),
(288, 377, 1, '4066077001070'),
(289, 229, 1, '4066077003449'),
(290, 382, 1, '4066077003630'),
(291, 411, 1, '4066077004071'),
(292, 267, 1, '4066077003814'),
(293, 362, 1, '4066077001377'),
(294, 431, 1, '4066077001322'),
(295, 398, 1, '4066077003838'),
(296, 409, 1, '4066077004040'),
(297, 421, 1, '4066077004156'),
(298, 414, 1, '4066077004088'),
(299, 408, 1, '4066077004033'),
(300, 454, 1, '4066077004491'),
(301, 455, 1, '4066077004507'),
(302, 456, 1, '4066077004750'),
(303, 457, 1, '4066077002336'),
(304, 458, 1, '4066077002350'),
(305, 459, 1, '4066077002343'),
(306, 460, 1, '4066077002732'),
(307, 461, 1, '4066077004125'),
(308, 462, 1, '4066077002619'),
(309, 463, 1, '4066077002442'),
(310, 464, 1, '4066077002459'),
(311, 465, 1, '4066077002794'),
(312, 466, 1, '4066077002701'),
(313, 467, 1, '4066077002411'),
(314, 468, 1, '4066077002428'),
(315, 469, 1, '4066077002435'),
(316, 470, 1, '4066077002503'),
(317, 471, 1, '4066077002671'),
(318, 472, 1, '4066077002473'),
(319, 473, 1, '4066077002695'),
(320, 474, 1, '4066077002367'),
(321, 475, 1, '4066077001117'),
(322, 128, 1, '4066077000509'),
(323, 129, 1, '4066077000516'),
(324, 130, 1, '4066077000523'),
(325, 132, 1, '4066077000547'),
(326, 133, 1, '4066077000554'),
(327, 134, 1, '4066077000561'),
(328, 135, 1, '4066077000653'),
(329, 137, 1, '4066077000585'),
(330, 139, 1, '4066077000608'),
(331, 140, 1, '4066077000615'),
(332, 142, 1, '4066077000639'),
(333, 143, 1, '4066077000646'),
(334, 415, 1, '4066077004095'),
(335, 436, 1, '4066077001438'),
(336, 253, 1, '4066077000943'),
(337, 196, 1, '4066077000899'),
(338, 379, 1, '4066077001285'),
(339, 430, 1, '4066077004279'),
(340, 416, 1, '4066077004101'),
(341, 420, 1, '4066077002657'),
(342, 384, 1, '4066077003685'),
(343, 272, 1, '4066077004132'),
(344, 402, 1, '4066077000967'),
(345, 270, 1, '4066077003944'),
(346, 434, 1, '4066077000905'),
(347, 435, 1, '4066077000929'),
(348, 195, 1, '4066077000936'),
(349, 194, 1, '4066077000912'),
(350, 338, 1, '4066077003135'),
(351, 145, 1, '4066077001971'),
(352, 146, 1, '4066077001988'),
(353, 147, 1, '4066077002008'),
(354, 148, 1, '4066077002015'),
(355, 149, 1, '4066077002022'),
(356, 150, 1, '4066077002053'),
(357, 151, 1, '4066077002060'),
(358, 152, 1, '4066077002077'),
(359, 153, 1, '4066077002084'),
(360, 154, 1, '4066077002596'),
(361, 155, 1, '4066077002602'),
(362, 157, 1, '4066077002176'),
(363, 159, 1, '4066077004392'),
(364, 160, 1, '4066077002558'),
(365, 161, 1, '4066077004668'),
(366, 162, 1, '4066077002183'),
(367, 163, 1, '4066077004408'),
(368, 164, 1, '4066077002572'),
(369, 165, 1, '4066077002589'),
(370, 167, 1, '4066077004415'),
(371, 168, 1, '4066077002565'),
(372, 169, 1, '4066077004422'),
(373, 419, 1, '4066077004057'),
(374, 203, 1, '4066077002985'),
(375, 204, 1, '4066077002992'),
(376, 440, 1, '4066077001483'),
(377, 254, 1, '4066077002220'),
(378, 427, 1, '4066077002237'),
(379, 426, 1, '4066077002244'),
(380, 418, 1, '4066077002251'),
(381, 390, 1, '4066077002268'),
(382, 439, 1, '4066077001476'),
(383, 257, 1, '4066077001629'),
(384, 375, 1, '4066077003548'),
(385, 205, 1, '4066077003005'),
(386, 433, 1, '4066077004293'),
(387, 221, 1, '4066077001568'),
(388, 323, 1, '4066077001544'),
(389, 192, 1, '4066077004255'),
(390, 397, 1, '4066077003821'),
(391, 399, 1, '4066077003845'),
(392, 372, 1, '4066077003517'),
(393, 429, 1, '4066077004224'),
(394, 193, 1, '4066077004262'),
(395, 374, 1, '4066077003531'),
(396, 373, 1, '4066077003524'),
(397, 376, 1, '4066077003555'),
(398, 371, 1, '4066077003500'),
(399, 201, 1, '4066077002213'),
(400, 389, 1, '4066077003722'),
(401, 477, 1, '4066077004453'),
(402, 476, 1, '4066077002466'),
(403, 515, 1, '4066077004828'),
(404, 516, 1, '4066077004835'),
(405, 517, 1, '4066077004842'),
(406, 518, 1, '4066077004859'),
(407, 478, 1, '4066077004866'),
(408, 121, 1, '4066077000448'),
(409, 144, 1, '4066077001964'),
(410, 479, 1, '4066077004873'),
(411, 480, 1, '4066077004880'),
(412, 519, 1, '4066077002107'),
(413, 520, 1, '4066077004484'),
(414, 521, 1, '4066077001582'),
(415, 522, 1, '4066077002374'),
(416, 523, 1, '4066077002626'),
(417, 524, 1, '4066077002640'),
(418, 525, 1, '4066077002633'),
(419, 526, 1, '4066077001193'),
(420, 527, 1, '4066077002312'),
(421, 528, 1, '4066077002725'),
(422, 529, 1, '4066077002497'),
(423, 530, 1, '4066077002381'),
(424, 531, 1, '4066077001612'),
(425, 532, 1, '4066077002510'),
(426, 533, 1, '4066077002763'),
(427, 534, 1, '4066077002527'),
(428, 535, 1, '4066077002770'),
(429, 536, 1, '4066077002404'),
(430, 537, 1, '4066077002398'),
(431, 538, 1, '4066077004675'),
(432, 481, 1, '4066077004897'),
(433, 482, 1, '4066077004910'),
(434, 483, 1, '4066077004903'),
(436, 510, 1, '4066077004927'),
(437, 499, 1, '4260270410008'),
(438, 511, 1, '4066077004958'),
(439, 484, 1, '4066077005016'),
(440, 485, 1, '4066077004996'),
(441, 486, 1, '4066077005009'),
(442, 487, 1, '4066077004965'),
(443, 488, 1, '4066077004972'),
(444, 489, 1, '4066077004989'),
(445, 490, 1, '4066077004934'),
(446, 491, 1, '4066077004941'),
(447, 492, 1, '4066077005023'),
(448, 493, 1, '4066077005030'),
(449, 494, 1, '4066077004354'),
(450, 495, 1, '4066077001650'),
(451, 496, 2, '4250157134929'),
(452, 497, 2, '4250157134936'),
(453, 498, 2, '4250157134943'),
(454, 501, 2, '4250157134974'),
(455, 502, 2, '4250157134981'),
(456, 503, 2, '4250157135025'),
(464, 504, 1, '4250157131829'),
(459, 506, 1, '4250157115942'),
(460, 508, 1, '4250157115959'),
(461, 507, 1, '4250157111036'),
(462, 509, 1, '4250157111029'),
(463, 505, 1, '4250157121509');

-- --------------------------------------------------------

--
-- Tabellenstruktur für Tabelle `storage_places`
--

CREATE TABLE `storage_places` (
  `storage_places_id` int(11) NOT NULL,
  `storage_id` int(11) NOT NULL,
  `title` varchar(64) NOT NULL,
  `storage_type` int(1) NOT NULL,
  `description` text NOT NULL
) ENGINE=MyISAM DEFAULT CHARSET=utf8 COMMENT='lagerplaetze';

--
-- Daten für Tabelle `storage_places`
--

INSERT INTO `storage_places` (`storage_places_id`, `storage_id`, `title`, `storage_type`, `description`) VALUES
(8, 1, 'Xtra EKF1', 0, 'Extra kleines Fach 1'),
(10, 1, 'Xtra EKF3', 0, 'Extra kleines Fach 3'),
(9, 1, 'Xtra EKF2', 0, 'Extra kleines Fach 2'),
(11, 1, 'Xtra EKF4', 0, 'Extra kleines Fach 4'),
(13, 1, 'Fach 01KF1', 0, '1 Reihe, kleines Fach 1'),
(14, 1, 'Fach 01KF2', 0, '1 Reihe, kleines Fach 2'),
(15, 1, 'Fach 01KF3', 0, '1 Reihe, kleines Fach 3'),
(16, 1, 'Fach 01KF4', 0, '1 Reihe, kleines Fach 4'),
(17, 1, 'Fach 01KF5', 0, '1 Reihe, kleines Fach 5'),
(18, 1, 'Fach 01KF6', 0, '1 Reihe, kleines Fach 6'),
(152, 1, '16RBK2', 0, '16 Reihe, Bananen Karton 2'),
(153, 1, '16RBK3', 0, '16 Reihe, Bananen Karton 3'),
(154, 1, '16RBK4', 0, '16 Reihe, Bananen Karton 4'),
(155, 1, '16RBK5', 0, '16 Reihe, Bananen Karton 5'),
(156, 1, '16RBK6', 0, '16 Reihe, Bananen Karton 6'),
(28, 1, 'Strecke', 0, 'Sonderbestellungen'),
(29, 1, 'Fach 02KF1', 0, '2 Reihe, kleines Fach 1'),
(30, 1, 'Fach 02KF2', 0, '2 Reihe, kleines Fach 2'),
(31, 1, 'Fach 02KF3', 0, '2 Reihe, kleines Fach 3'),
(32, 1, 'Fach 02KF4', 0, '2 Reihe, kleines Fach 4'),
(33, 1, 'Fach 02KF5', 0, '2 Reihe, kleines Fach 5'),
(34, 1, 'Fach 02KF6', 0, '2 Reihe, kleines Fach 6'),
(44, 1, 'Fach 03KF1', 0, '3 Reihe, kleines Fach 1'),
(45, 1, 'Fach 03KF2', 0, '3 Reihe, kleines Fach 2'),
(46, 1, 'Fach 03KF3', 0, '3 Reihe, kleines Fach 3'),
(47, 1, 'Fach 03KF4', 0, '3 Reihe, kleines Fach 4'),
(48, 1, 'Fach 03KF5', 0, '3 Reihe, kleines Fach 5'),
(49, 1, 'Fach 03KF6', 0, '3 Reihe, kleines Fach 6'),
(151, 1, '16RBK1', 0, '16 Reihe, Bananen Karton 1'),
(59, 1, '01RBK1', 0, '1 Reihe, Bananen Karton 1'),
(60, 1, '01RBK2', 0, '1 Reihe, Bananen Karton 2'),
(61, 1, '01RBK3', 0, '1 Reihe, Bananen Karton 3'),
(62, 1, '01RBK4', 0, '1 Reihe, Bananen Karton 4'),
(63, 1, '01RBK5', 0, '1 Reihe, Bananen Karton 5'),
(64, 1, '01RBK6', 0, '1 Reihe, Bananen Karton 6'),
(65, 1, '02RBK1', 0, '2 Reihe, Bananen Karton 1'),
(66, 1, '02RBK2', 0, '2 Reihe, Bananen Karton 2'),
(67, 1, '02RBK3', 0, '2 Reihe, Bananen Karton 3'),
(68, 1, '02RBK4', 0, '2 Reihe, Bananen Karton 4'),
(69, 1, '02RBK5', 0, '2 Reihe, Bananen Karton 5'),
(70, 1, '02RBK6', 0, '2 Reihe, Bananen Karton 6'),
(71, 1, '03RBK1', 0, '3 Reihe, Bananen Karton 1'),
(72, 1, '03RBK2', 0, '3 Reihe, Bananen Karton 2'),
(73, 1, '03RBK3', 0, '3 Reihe, Bananen Karton 3'),
(74, 1, '03RBK4', 0, '3 Reihe, Bananen Karton 4'),
(75, 1, '03RBK5', 0, '3 Reihe, Bananen Karton 5'),
(76, 1, '03RBK6', 0, '3 Reihe, Bananen Karton 6'),
(77, 1, '04RBK1', 0, '4 Reihe, Bananen Karton 1'),
(78, 1, '04RBK2', 0, '4 Reihe, Bananen Karton 2'),
(79, 1, '04RBK3', 0, '4 Reihe, Bananen Karton 3'),
(80, 1, '04RBK4', 0, '4 Reihe, Bananen Karton 4'),
(81, 1, '04RBK5', 0, '4 Reihe, Bananen Karton 5'),
(82, 1, '04RBK6', 0, '4 Reihe, Bananen Karton 6'),
(83, 1, '05RBK1', 0, '5 Reihe, Bananen Karton 1'),
(84, 1, '05RBK2', 0, '5 Reihe, Bananen Karton 2'),
(85, 1, '05RBK4', 0, '5 Reihe, Bananen Karton 4'),
(86, 1, '05RBK3', 0, '5 Reihe, Bananen Karton 3'),
(87, 1, '05RBK5', 0, '5 Reihe, Bananen Karton 5'),
(88, 1, '05RBK6', 0, '5 Reihe, Bananen Karton 6'),
(89, 1, '06RBK1', 0, '6 Reihe, Bananen Karton 1'),
(90, 1, '06RBK2', 0, '6 Reihe, Bananen Karton 2'),
(91, 1, '06RBK3', 0, '6 Reihe, Bananen Karton 3'),
(92, 1, '06RBK4', 0, '6 Reihe, Bananen Karton 4'),
(93, 1, '06RBK5', 0, '6 Reihe, Bananen Karton 5'),
(94, 1, '06RBK6', 0, '6 Reihe, Bananen Karton 6'),
(95, 1, '07RBK1', 0, '7 Reihe, Bananen Karton 1'),
(96, 1, '07RBK2', 0, '7 Reihe, Bananen Karton 2'),
(97, 1, '07RBK3', 0, '7 Reihe, Bananen Karton 3'),
(98, 1, '07RBK4', 0, '7 Reihe, Bananen Karton 4'),
(99, 1, '07RBK5', 0, '7 Reihe, Bananen Karton 5'),
(100, 1, '07RBK6', 0, '7 Reihe, Bananen Karton 6'),
(101, 1, '08RBK1', 0, '8 Reihe, Bananen Karton 1'),
(102, 1, '08RBK2', 0, '8 Reihe, Bananen Karton 2'),
(103, 1, '08RBK3', 0, '8 Reihe, Bananen Karton 3'),
(104, 1, '08RBK4', 0, '8 Reihe, Bananen Karton 4'),
(105, 1, '08RBK5', 0, '8 Reihe, Bananen Karton 5'),
(106, 1, '08RBK6', 0, '8 Reihe, Bananen Karton 6'),
(107, 1, '09RBK1', 0, '9 Reihe, Bananen Karton 1'),
(108, 1, '09RBK2', 0, '9 Reihe, Bananen Karton 2'),
(109, 1, '09RBK3', 0, '9 Reihe, Bananen Karton 3'),
(110, 1, '09RBK4', 0, '9 Reihe, Bananen Karton 4'),
(111, 1, '09RBK5', 0, '9 Reihe, Bananen Karton 5'),
(112, 1, '09RBK6', 0, '9 Reihe, Bananen Karton 6'),
(113, 1, '10RBK1', 0, '10 Reihe, Bananen Karton 1'),
(114, 1, '10RBK2', 0, '10 Reihe, Bananen Karton 2'),
(115, 1, '10RBK3', 0, '10 Reihe, Bananen Karton 3'),
(116, 1, '10RBK4', 0, '10 Reihe, Bananen Karton 4'),
(117, 1, '10RBK5', 0, '10 Reihe, Bananen Karton 5'),
(118, 1, '10RBK6', 0, '10 Reihe, Bananen Karton 6'),
(119, 1, '11RBK1', 0, '11 Reihe, Bananen Karton 1'),
(120, 1, '11RBK2', 0, '11 Reihe, Bananen Karton 2'),
(121, 1, '11RBK3', 0, '11 Reihe, Bananen Karton 3'),
(122, 1, '11RBK4', 0, '11 Reihe, Bananen Karton 4'),
(123, 1, '11RBK5', 0, '11 Reihe, Bananen Karton 5'),
(124, 1, '11RBK6', 0, '11 Reihe, Bananen Karton 6'),
(125, 1, '12RBK1', 0, '12 Reihe, Bananen Karton 1'),
(126, 1, '12RBK2', 0, '12 Reihe, Bananen Karton 2'),
(127, 1, '12RBK3', 0, '12 Reihe, Bananen Karton 3'),
(128, 1, '12RBK4', 0, '12 Reihe, Bananen Karton 4'),
(129, 1, '12RBK5', 0, '12 Reihe, Bananen Karton 5'),
(130, 1, '12RBK6', 0, '12 Reihe, Bananen Karton 6'),
(131, 1, '13RBK1', 0, '13 Reihe, Bananen Karton 1'),
(132, 1, '13RBK2', 0, '13 Reihe, Bananen Karton 2'),
(133, 1, '13RBK3', 0, '13 Reihe, Bananen Karton 3'),
(134, 1, '13RBK4', 0, '13 Reihe, Bananen Karton 4'),
(135, 1, '13RBK5', 0, '13 Reihe, Bananen Karton 5'),
(136, 1, '13RBK6', 0, '13 Reihe, Bananen Karton 6'),
(137, 1, '14RBK1', 0, '14 Reihe, Bananen Karton 1'),
(138, 1, '14RBK2', 0, '14 Reihe, Bananen Karton 2'),
(139, 1, '14RBK3', 0, '14 Reihe, Bananen Karton 3'),
(140, 1, '14RBK4', 0, '14 Reihe, Bananen Karton 4'),
(141, 1, '14RBK5', 0, '14 Reihe, Bananen Karton 5'),
(142, 1, '14RBK6', 0, '14 Reihe, Bananen Karton 6'),
(143, 1, '15RBK1', 0, '15 Reihe, Bananen Karton 1'),
(144, 1, '15RBK2', 0, '15 Reihe, Bananen Karton 2'),
(145, 1, '15RBK3', 0, '15 Reihe, Bananen Karton 3'),
(146, 1, '15RBK4', 0, '15 Reihe, Bananen Karton 4'),
(147, 1, '15RBK5', 0, '15 Reihe, Bananen Karton 5'),
(148, 1, '15RBK6', 0, '15 Reihe, Bananen Karton 6'),
(149, 1, 'Fach 05KF2', 0, '5 Reihe, kleines Fach 2'),
(150, 1, 'Promo', 0, 'Promotionartikel'),
(157, 1, '17RBK1', 0, '17 Reihe, Bananen Karton 1'),
(158, 1, '17RBK2', 0, '17 Reihe, Bananen Karton 2'),
(159, 1, '17RBK3', 0, '17 Reihe, Bananen Karton 3'),
(160, 1, '17RBK4', 0, '17 Reihe, Bananen Karton 4'),
(161, 1, '17RBK5', 0, '17 Reihe, Bananen Karton 5'),
(162, 1, '17RBK6', 0, '17 Reihe, Bananen Karton 6'),
(163, 1, '18RBK1', 0, '18 Reihe, Bananen Karton 1'),
(164, 1, '18RBK2', 0, '18 Reihe, Bananen Karton 2'),
(165, 1, '18RBK3', 0, '18 Reihe, Bananen Karton 3'),
(166, 1, '18RBK4', 0, '18 Reihe, Bananen Karton 4'),
(167, 1, '18RBK5', 0, '18 Reihe, Bananen Karton 5'),
(168, 1, '18RBK6', 0, '18 Reihe, Bananen Karton 6'),
(169, 1, '19RBK1', 0, '19 Reihe, Bananen Karton 1'),
(170, 1, '19RBK2', 0, '19 Reihe, Bananen Karton 2'),
(171, 1, '19RBK3', 0, '19 Reihe, Bananen Karton 3'),
(172, 1, '19RBK4', 0, '19 Reihe, Bananen Karton 4'),
(173, 1, '19RBK5', 0, '19 Reihe, Bananen Karton 5'),
(174, 1, '19RBK6', 0, '19 Reihe, Bananen Karton 6'),
(175, 1, '20RBK1', 0, '20 Reihe, Bananen Karton 1'),
(176, 1, '20RBK2', 0, '20 Reihe, Bananen Karton 2'),
(177, 1, '20RBK3', 0, '20 Reihe, Bananen Karton 3'),
(178, 1, '20RBK4', 0, '20 Reihe, Bananen Karton 4'),
(179, 1, '20RBK5', 0, '20 Reihe, Bananen Karton 5'),
(180, 1, '20RBK6', 0, '20 Reihe, Bananen Karton 6'),
(181, 1, 'Fach 04KF1', 0, '4 Reihe, kleines Fach 1'),
(182, 1, 'Fach 04KF2', 0, '1 Reihe, kleines Fach 2'),
(183, 1, 'Fach 04KF3', 0, '1 Reihe, kleines Fach 3'),
(184, 1, 'Fach 04KF4', 0, '1 Reihe, kleines Fach 4'),
(185, 1, 'Fach 04KF5', 0, '1 Reihe, kleines Fach 5'),
(186, 1, 'Fach 04KF6', 0, '1 Reihe, kleines Fach 6'),
(187, 1, 'Fach 05KF1', 0, '5 Reihe, kleines Fach 1'),
(188, 1, 'Fach 05KF3', 0, '5 Reihe, kleines Fach 3'),
(189, 1, 'Fach 05KF4', 0, '5 Reihe, kleines Fach 4'),
(190, 1, 'Fach 05KF5', 0, '5 Reihe, kleines Fach 5'),
(191, 1, 'Fach 05KF6', 0, '5 Reihe, kleines Fach 6'),
(192, 1, 'Fach 06KF1', 0, '6 Reihe, kleines Fach 1'),
(193, 1, 'Fach 06KF2', 0, '6 Reihe, kleines Fach 2'),
(194, 1, 'Fach 06KF3', 0, '6 Reihe, kleines Fach 3'),
(195, 1, 'Fach 06KF4', 0, '6 Reihe, kleines Fach 4'),
(196, 1, 'Fach 06KF5', 0, '6 Reihe, kleines Fach 5'),
(197, 1, 'Fach 06KF6', 0, '6 Reihe, kleines Fach 6'),
(198, 1, 'Fach 07KF1', 0, '7 Reihe, kleines Fach 1'),
(199, 1, 'Fach 07KF2', 0, '7 Reihe, kleines Fach 2'),
(200, 1, 'Fach 07KF3', 0, '7 Reihe, kleines Fach 3'),
(201, 1, 'Fach 07KF4', 0, '7 Reihe, kleines Fach 4'),
(202, 1, 'Fach 07KF5', 0, '7 Reihe, kleines Fach 5'),
(203, 1, 'Fach 07KF6', 0, '7 Reihe, kleines Fach 6'),
(204, 1, 'Fach 08KF1', 0, '8 Reihe, kleines Fach 1'),
(205, 1, 'Fach 08KF2', 0, '8 Reihe, kleines Fach 2'),
(206, 1, 'Fach 08KF3', 0, '8 Reihe, kleines Fach 3'),
(207, 1, 'Fach 08KF4', 0, '8 Reihe, kleines Fach 4'),
(208, 1, 'Fach 08KF5', 0, '8 Reihe, kleines Fach 5'),
(209, 1, 'Fach 08KF6', 0, '8 Reihe, kleines Fach 6'),
(210, 1, 'Fach 09KF1', 0, '9 Reihe, kleines Fach 1'),
(211, 1, 'Fach 09KF2', 0, '9 Reihe, kleines Fach 2'),
(212, 1, 'Fach 09KF3', 0, '9 Reihe, kleines Fach 3'),
(213, 1, 'Fach 09KF4', 0, '9 Reihe, kleines Fach 4'),
(214, 1, 'Fach 09KF5', 0, '9 Reihe, kleines Fach 5'),
(215, 1, 'Fach 09KF6', 0, '9 Reihe, kleines Fach 6'),
(216, 1, 'Fach 10KF1', 0, '10 Reihe, kleines Fach 1'),
(217, 1, 'Fach 10KF2', 0, '10 Reihe, kleines Fach 2'),
(218, 1, 'Fach 10KF3', 0, '10 Reihe, kleines Fach 3'),
(219, 1, 'Fach 10KF4', 0, '10 Reihe, kleines Fach 4'),
(220, 1, 'Fach 10KF5', 0, '10 Reihe, kleines Fach 5'),
(221, 1, 'Fach 10KF6', 0, '10 Reihe, kleines Fach 6'),
(222, 1, 'Fach 11KF1', 0, '11 Reihe, kleines Fach 1'),
(223, 1, 'Fach 11KF2', 0, '11 Reihe, kleines Fach 2'),
(224, 1, 'Fach 11KF3', 0, '11 Reihe, kleines Fach 3'),
(225, 1, 'Fach 11KF4', 0, '11 Reihe, kleines Fach 4'),
(226, 1, 'Fach 11KF5', 0, '11 Reihe, kleines Fach 5'),
(227, 1, 'Fach 11KF6', 0, '11 Reihe, kleines Fach 6'),
(228, 1, 'Kellerlager', 0, 'ABC-Office Keller 6'),
(229, 1, 'Fach 01GF1', 0, '1 Reihe, großes Fach 1'),
(230, 1, 'Fach 01GF2', 0, '1 Reihe, großes Fach 2'),
(231, 1, 'Fach 01GF3', 0, '1 Reihe, großes Fach 3'),
(232, 1, 'Fach 01GF4', 0, '1 Reihe, großes Fach 4'),
(233, 1, 'Fach 01GF5', 0, '1 Reihe, großes Fach 5'),
(234, 1, 'Fach 01GF6', 0, '1 Reihe, großes Fach 6'),
(235, 1, 'Fach 01GF7', 0, '1 Reihe, großes Fach 7'),
(236, 1, 'Fach 01GF8', 0, '1 Reihe, großes Fach 8'),
(237, 1, 'Fach 02GF1', 0, '2 Reihe, großes Fach 1'),
(238, 1, 'Fach 02GF2', 0, '2 Reihe, großes Fach 2'),
(239, 1, 'Fach 02GF3', 0, '2 Reihe, großes Fach 3'),
(240, 1, 'Fach 02GF4', 0, '2 Reihe, großes Fach 4'),
(241, 1, 'Fach 02GF5', 0, '2 Reihe, großes Fach 5'),
(242, 1, 'Fach 02GF6', 0, '2 Reihe, großes Fach 6'),
(243, 1, 'Fach 02GF7', 0, '2 Reihe, großes Fach 7'),
(244, 1, 'Fach 02GF8', 0, '2 Reihe, großes Fach 8'),
(245, 1, '21RBK1', 0, '21 Reihe, Bananen Karton 1'),
(246, 1, '21RBK2', 0, '21 Reihe, Bananen Karton 2'),
(247, 1, '21RBK3', 0, '21 Reihe, Bananen Karton 3'),
(248, 1, '21RBK4', 0, '21 Reihe, Bananen Karton 4'),
(249, 1, '21RBK5', 0, '21 Reihe, Bananen Karton 5'),
(250, 1, '21RBK6', 0, '21 Reihe, Bananen Karton 6'),
(251, 1, 'xtra HK01', 0, 'Hase Handschuhkarton'),
(252, 2, 'Dropshipping', 0, 'Versand erfolgt von Kiesel GmbH');

-- --------------------------------------------------------

--
-- Tabellenstruktur für Tabelle `storage_products`
--

CREATE TABLE `storage_products` (
  `id` int(11) NOT NULL,
  `storage_id` int(11) NOT NULL DEFAULT '0',
  `products_id` int(11) NOT NULL DEFAULT '0',
  `quantity` int(11) NOT NULL DEFAULT '0',
  `created` timestamp NOT NULL DEFAULT CURRENT_TIMESTAMP,
  `changed` datetime NOT NULL DEFAULT '0000-00-00 00:00:00',
  `storage_place` varchar(100) NOT NULL DEFAULT '',
  `priority` int(11) NOT NULL,
  `storage_places_id` int(11) NOT NULL
) ENGINE=MyISAM DEFAULT CHARSET=utf8;

--
-- Daten für Tabelle `storage_products`
--

INSERT INTO `storage_products` (`id`, `storage_id`, `products_id`, `quantity`, `created`, `changed`, `storage_place`, `priority`, `storage_places_id`) VALUES
(8, 1, 179, 0, '2023-09-21 16:39:35', '0000-00-00 00:00:00', '', 0, 150),
(220, 1, 336, 100, '2023-11-05 10:20:35', '0000-00-00 00:00:00', '', 0, 97),
(9, 1, 279, 50, '2023-09-21 16:40:45', '0000-00-00 00:00:00', '', 0, 150),
(10, 1, 172, 0, '2023-09-21 16:42:02', '0000-00-00 00:00:00', '', 0, 150),
(11, 1, 277, 50, '2023-09-21 16:43:13', '0000-00-00 00:00:00', '', 0, 150),
(12, 1, 540, 25, '2023-09-23 10:23:06', '0000-00-00 00:00:00', '', 0, 150),
(17, 1, 539, 4, '2023-09-23 14:11:20', '0000-00-00 00:00:00', '', 0, 192),
(14, 1, 400, 2, '2023-09-23 11:41:50', '0000-00-00 00:00:00', '', 0, 120),
(15, 1, 380, 30, '2023-09-23 12:26:36', '0000-00-00 00:00:00', '', 0, 33),
(16, 1, 512, 6, '2023-09-23 14:07:20', '0000-00-00 00:00:00', '', 0, 228),
(18, 1, 381, 28, '2023-09-23 14:14:26', '0000-00-00 00:00:00', '', 0, 32),
(19, 1, 180, 2, '2023-09-23 14:17:14', '0000-00-00 00:00:00', '', 0, 226),
(20, 1, 437, 2, '2023-09-24 08:09:22', '0000-00-00 00:00:00', '', 0, 34),
(21, 1, 100, 30, '2023-09-24 09:45:06', '0000-00-00 00:00:00', '', 0, 187),
(22, 1, 101, 271, '2023-09-24 09:53:17', '0000-00-00 00:00:00', '', 0, 187),
(23, 1, 102, 56, '2023-09-24 10:02:03', '0000-00-00 00:00:00', '', 0, 149),
(24, 1, 103, 43, '2023-09-24 10:11:11', '0000-00-00 00:00:00', '', 0, 188),
(25, 1, 104, 41, '2023-09-24 10:42:44', '0000-00-00 00:00:00', '', 0, 189),
(26, 1, 105, 24, '2023-09-24 10:55:55', '0000-00-00 00:00:00', '', 0, 190),
(29, 1, 107, 16, '2023-09-24 11:13:40', '0000-00-00 00:00:00', '', 0, 191),
(28, 1, 107, 46, '2023-09-24 11:06:33', '0000-00-00 00:00:00', '', 1, 60),
(30, 1, 108, 0, '2023-09-24 11:28:19', '0000-00-00 00:00:00', '', 0, 195),
(31, 1, 110, 163, '2023-09-24 11:59:17', '0000-00-00 00:00:00', '', 0, 131),
(32, 1, 114, 9, '2023-09-24 12:03:10', '0000-00-00 00:00:00', '', 0, 132),
(33, 1, 117, 15, '2023-09-24 12:41:59', '0000-00-00 00:00:00', '', 1, 120),
(34, 1, 117, 58, '2023-09-24 12:42:19', '0000-00-00 00:00:00', '', 0, 133),
(35, 1, 117, 40, '2023-09-24 12:42:42', '0000-00-00 00:00:00', '', 2, 65),
(36, 1, 120, 28, '2023-09-24 12:53:45', '0000-00-00 00:00:00', '', 0, 134),
(37, 1, 120, 18, '2023-09-24 12:53:59', '0000-00-00 00:00:00', '', 1, 65),
(38, 1, 122, 22, '2023-09-24 13:02:22', '0000-00-00 00:00:00', '', 0, 135),
(39, 1, 123, 9, '2023-09-24 13:07:59', '0000-00-00 00:00:00', '', 0, 135),
(40, 1, 126, 72, '2023-09-30 16:06:54', '0000-00-00 00:00:00', '', 0, 13),
(41, 1, 127, 71, '2023-09-30 16:18:20', '0000-00-00 00:00:00', '', 0, 14),
(42, 1, 136, 50, '2023-09-30 16:23:22', '0000-00-00 00:00:00', '', 0, 68),
(43, 1, 138, 50, '2023-09-30 16:28:11', '0000-00-00 00:00:00', '', 0, 69),
(44, 1, 141, 50, '2023-09-30 16:31:58', '0000-00-00 00:00:00', '', 0, 70),
(45, 1, 156, 41, '2023-09-30 17:43:11', '0000-00-00 00:00:00', '', 0, 59),
(46, 1, 158, 3, '2023-09-30 17:50:07', '0000-00-00 00:00:00', '', 0, 59),
(47, 1, 166, 0, '2023-09-30 18:04:00', '0000-00-00 00:00:00', '', 0, 59),
(266, 1, 378, 8, '2025-08-11 19:18:24', '0000-00-00 00:00:00', '', 1, 228),
(48, 1, 250, 8, '2023-10-07 12:31:20', '0000-00-00 00:00:00', '', 0, 185),
(49, 1, 281, 12, '2023-10-07 12:37:33', '0000-00-00 00:00:00', '', 0, 181),
(50, 1, 282, 43, '2023-10-07 12:52:02', '0000-00-00 00:00:00', '', 0, 182),
(51, 1, 283, 0, '2023-10-07 12:56:03', '0000-00-00 00:00:00', '', 0, 183),
(234, 1, 510, 12, '2024-04-08 12:22:17', '0000-00-00 00:00:00', '', 0, 251),
(52, 1, 284, 73, '2023-10-07 13:06:51', '0000-00-00 00:00:00', '', 0, 183),
(53, 1, 286, 21, '2023-10-07 13:19:40', '0000-00-00 00:00:00', '', 0, 184),
(54, 1, 287, 36, '2023-10-07 13:25:48', '0000-00-00 00:00:00', '', 0, 185),
(55, 1, 288, 0, '2023-10-07 13:35:30', '0000-00-00 00:00:00', '', 0, 186),
(56, 1, 288, 26, '2023-10-07 13:37:50', '0000-00-00 00:00:00', '', 1, 60),
(57, 1, 289, 8, '2023-10-07 13:43:42', '0000-00-00 00:00:00', '', 0, 95),
(58, 1, 290, 21, '2023-10-07 13:48:52', '0000-00-00 00:00:00', '', 0, 132),
(59, 1, 291, 16, '2023-10-07 13:53:28', '0000-00-00 00:00:00', '', 0, 133),
(60, 1, 292, 16, '2023-10-07 13:59:24', '0000-00-00 00:00:00', '', 0, 134),
(61, 1, 293, 20, '2023-10-07 14:03:54', '0000-00-00 00:00:00', '', 0, 136),
(62, 1, 438, 2, '2023-10-07 14:30:07', '0000-00-00 00:00:00', '', 0, 216),
(63, 1, 181, 2, '2023-10-07 14:57:45', '0000-00-00 00:00:00', '', 0, 152),
(64, 1, 181, 4, '2023-10-07 14:57:55', '0000-00-00 00:00:00', '', 1, 153),
(65, 1, 181, 4, '2023-10-07 14:58:06', '0000-00-00 00:00:00', '', 2, 154),
(66, 1, 275, 80, '2023-10-07 16:44:19', '0000-00-00 00:00:00', '', 0, 163),
(67, 1, 275, 80, '2023-10-07 16:44:33', '0000-00-00 00:00:00', '', 0, 164),
(68, 1, 275, 80, '2023-10-07 16:44:44', '0000-00-00 00:00:00', '', 0, 165),
(69, 1, 276, 10, '2023-10-08 10:06:32', '0000-00-00 00:00:00', '', 0, 157),
(70, 1, 441, 8, '2023-10-08 10:39:46', '0000-00-00 00:00:00', '', 0, 222),
(71, 1, 442, 2, '2023-10-08 11:05:22', '0000-00-00 00:00:00', '', 0, 159),
(72, 1, 443, 5, '2023-10-08 11:54:37', '0000-00-00 00:00:00', '', 0, 225),
(73, 1, 444, 2, '2023-10-08 12:05:49', '0000-00-00 00:00:00', '', 0, 159),
(74, 1, 444, 8, '2023-10-08 12:06:01', '0000-00-00 00:00:00', '', 0, 160),
(75, 1, 445, 2, '2023-10-08 12:26:31', '0000-00-00 00:00:00', '', 0, 222),
(76, 1, 301, 166, '2023-10-14 12:23:20', '0000-00-00 00:00:00', '', 0, 198),
(77, 1, 332, 108, '2023-10-14 12:34:41', '0000-00-00 00:00:00', '', 0, 204),
(78, 1, 324, 114, '2023-10-14 12:40:14', '0000-00-00 00:00:00', '', 0, 199),
(79, 1, 302, 143, '2023-10-14 12:45:41', '0000-00-00 00:00:00', '', 0, 200),
(80, 1, 360, 0, '2023-10-14 12:53:54', '0000-00-00 00:00:00', '', 0, 205),
(268, 1, 317, 103, '2025-11-12 20:00:08', '0000-00-00 00:00:00', '', 1, 171),
(81, 1, 360, 103, '2023-10-14 13:04:53', '0000-00-00 00:00:00', '', 0, 232),
(82, 1, 330, 115, '2023-10-14 13:13:11', '0000-00-00 00:00:00', '', 0, 238),
(84, 1, 341, 120, '2023-10-14 13:23:03', '0000-00-00 00:00:00', '', 1, 230),
(85, 1, 341, 8, '2023-10-14 13:23:20', '0000-00-00 00:00:00', '', 0, 231),
(86, 1, 335, 25, '2023-10-14 13:34:32', '0000-00-00 00:00:00', '', 0, 206),
(231, 1, 480, 59, '2024-03-09 13:07:01', '0000-00-00 00:00:00', '', 0, 173),
(88, 1, 335, 200, '2023-10-14 13:35:07', '0000-00-00 00:00:00', '', 0, 145),
(89, 1, 368, 15, '2023-10-14 13:52:29', '0000-00-00 00:00:00', '', 0, 212),
(90, 1, 239, 10, '2023-10-14 14:02:01', '0000-00-00 00:00:00', '', 0, 45),
(91, 1, 258, 33, '2023-10-14 14:06:53', '0000-00-00 00:00:00', '', 0, 34),
(92, 1, 210, 10, '2023-10-15 08:13:54', '0000-00-00 00:00:00', '', 0, 46),
(93, 1, 392, 27, '2023-10-15 08:24:52', '0000-00-00 00:00:00', '', 0, 193),
(95, 1, 327, 91, '2023-10-15 08:34:10', '0000-00-00 00:00:00', '', 0, 229),
(96, 1, 329, 48, '2023-10-15 08:59:10', '0000-00-00 00:00:00', '', 0, 239),
(97, 1, 325, 31, '2023-10-15 09:08:10', '0000-00-00 00:00:00', '', 0, 236),
(98, 1, 347, 27, '2023-10-15 09:57:36', '0000-00-00 00:00:00', '', 0, 213),
(99, 1, 209, 10, '2023-10-15 10:18:45', '0000-00-00 00:00:00', '', 0, 47),
(100, 1, 446, 30, '2023-10-15 10:25:06', '0000-00-00 00:00:00', '', 0, 201),
(101, 1, 300, 10, '2023-10-15 10:39:43', '0000-00-00 00:00:00', '', 0, 208),
(102, 1, 304, 71, '2023-10-15 10:46:12', '0000-00-00 00:00:00', '', 0, 237),
(103, 1, 318, 0, '2023-10-15 10:53:32', '0000-00-00 00:00:00', '', 0, 241),
(104, 1, 318, 165, '2023-10-15 10:54:02', '0000-00-00 00:00:00', '', 0, 146),
(105, 1, 219, 130, '2023-10-15 11:03:58', '0000-00-00 00:00:00', '', 0, 170),
(106, 1, 219, 200, '2023-10-15 11:04:23', '0000-00-00 00:00:00', '', 0, 172),
(107, 1, 331, 0, '2023-10-15 11:13:54', '0000-00-00 00:00:00', '', 0, 234),
(108, 1, 331, 35, '2023-10-15 11:19:03', '0000-00-00 00:00:00', '', 1, 108),
(109, 1, 383, 15, '2023-10-15 11:27:00', '0000-00-00 00:00:00', '', 0, 214),
(110, 1, 395, 30, '2023-10-15 11:41:31', '0000-00-00 00:00:00', '', 0, 162),
(111, 1, 317, 14, '2023-10-15 12:08:07', '0000-00-00 00:00:00', '', 0, 240),
(256, 2, 496, 2, '2025-02-03 11:55:28', '0000-00-00 00:00:00', '', 0, 252),
(113, 1, 305, 10, '2023-10-15 12:16:48', '0000-00-00 00:00:00', '', 0, 203),
(114, 1, 334, 30, '2023-10-15 12:25:06', '0000-00-00 00:00:00', '', 1, 242),
(115, 1, 334, 13, '2023-10-15 12:25:22', '0000-00-00 00:00:00', '', 0, 243),
(116, 1, 211, 10, '2023-10-15 12:31:32', '0000-00-00 00:00:00', '', 0, 48),
(117, 1, 175, 11, '2023-10-15 12:36:59', '0000-00-00 00:00:00', '', 0, 29),
(118, 1, 410, 93, '2023-10-15 12:42:38', '0000-00-00 00:00:00', '', 0, 119),
(119, 1, 410, 100, '2023-10-15 12:42:48', '0000-00-00 00:00:00', '', 0, 120),
(120, 1, 197, 8, '2023-10-15 12:50:52', '0000-00-00 00:00:00', '', 0, 49),
(121, 1, 328, 19, '2023-10-15 13:00:22', '0000-00-00 00:00:00', '', 3, 166),
(122, 1, 328, 5, '2023-10-15 13:00:55', '0000-00-00 00:00:00', '', 0, 44),
(245, 1, 430, 5, '2024-08-10 13:49:27', '0000-00-00 00:00:00', '', 0, 196),
(124, 1, 342, 0, '2023-10-15 13:12:12', '0000-00-00 00:00:00', '', 1, 211),
(125, 1, 342, 40, '2023-10-15 13:12:32', '0000-00-00 00:00:00', '', 0, 118),
(126, 1, 306, 27, '2023-10-15 13:32:25', '0000-00-00 00:00:00', '', 0, 244),
(127, 1, 306, 114, '2023-10-15 13:32:41', '0000-00-00 00:00:00', '', 0, 109),
(129, 1, 294, 58, '2023-10-15 13:42:16', '0000-00-00 00:00:00', '', 0, 77),
(229, 1, 240, 4, '2024-01-31 13:07:12', '0000-00-00 00:00:00', '', 0, 178),
(131, 1, 294, 106, '2023-10-15 13:42:49', '0000-00-00 00:00:00', '', 1, 174),
(255, 1, 447, 38, '2025-01-20 12:43:13', '0000-00-00 00:00:00', '', 0, 202),
(132, 1, 321, 23, '2023-10-15 13:51:14', '0000-00-00 00:00:00', '', 0, 76),
(133, 1, 365, 17, '2023-10-15 14:03:37', '0000-00-00 00:00:00', '', 0, 144),
(134, 1, 231, 14, '2023-10-15 14:09:13', '0000-00-00 00:00:00', '', 0, 215),
(267, 1, 356, 25, '2025-09-29 17:20:44', '0000-00-00 00:00:00', '', 0, 241),
(136, 1, 295, 5, '2023-10-15 14:30:26', '0000-00-00 00:00:00', '', 0, 78),
(137, 1, 295, 54, '2023-10-15 14:30:36', '0000-00-00 00:00:00', '', 0, 79),
(138, 1, 295, 54, '2023-10-15 14:30:45', '0000-00-00 00:00:00', '', 0, 80),
(139, 1, 345, 19, '2023-10-15 14:46:31', '0000-00-00 00:00:00', '', 0, 87),
(140, 1, 309, 16, '2023-10-21 10:18:56', '0000-00-00 00:00:00', '', 0, 67),
(141, 1, 417, 15, '2023-10-21 10:32:30', '0000-00-00 00:00:00', '', 0, 233),
(142, 1, 310, 14, '2023-10-21 10:39:09', '0000-00-00 00:00:00', '', 0, 71),
(143, 1, 363, 16, '2023-10-21 10:42:58', '0000-00-00 00:00:00', '', 0, 81),
(144, 1, 346, 1, '2023-10-21 10:48:36', '0000-00-00 00:00:00', '', 0, 97),
(145, 1, 349, 7, '2023-10-21 11:25:17', '0000-00-00 00:00:00', '', 0, 99),
(146, 1, 349, 25, '2023-10-21 11:25:52', '0000-00-00 00:00:00', '', 0, 106),
(147, 1, 311, 25, '2023-10-21 11:46:15', '0000-00-00 00:00:00', '', 0, 72),
(148, 1, 311, 25, '2023-10-21 11:46:35', '0000-00-00 00:00:00', '', 0, 73),
(149, 1, 311, 21, '2023-10-21 11:46:44', '0000-00-00 00:00:00', '', 0, 75),
(150, 1, 320, 5, '2023-10-21 11:52:29', '0000-00-00 00:00:00', '', 0, 82),
(151, 1, 251, 9, '2023-10-21 11:57:34', '0000-00-00 00:00:00', '', 0, 98),
(152, 1, 296, 12, '2023-10-21 12:10:30', '0000-00-00 00:00:00', '', 1, 83),
(230, 1, 335, 100, '2024-02-09 05:45:42', '0000-00-00 00:00:00', '', 0, 235),
(154, 1, 358, 13, '2023-10-21 12:17:34', '0000-00-00 00:00:00', '', 0, 102),
(155, 1, 326, 9, '2023-10-21 12:27:04', '0000-00-00 00:00:00', '', 0, 84),
(156, 1, 297, 11, '2023-10-21 12:37:10', '0000-00-00 00:00:00', '', 0, 86),
(157, 1, 313, 6, '2023-10-21 12:42:20', '0000-00-00 00:00:00', '', 0, 74),
(158, 1, 299, 8, '2023-10-21 13:40:53', '0000-00-00 00:00:00', '', 0, 85),
(159, 1, 299, 10, '2023-10-21 13:41:01', '0000-00-00 00:00:00', '', 0, 89),
(160, 1, 343, 4, '2023-10-21 13:46:29', '0000-00-00 00:00:00', '', 0, 96),
(161, 1, 314, 10, '2023-10-21 13:55:03', '0000-00-00 00:00:00', '', 0, 114),
(162, 1, 314, 10, '2023-10-21 13:55:18', '0000-00-00 00:00:00', '', 0, 115),
(163, 1, 314, 10, '2023-10-21 13:55:27', '0000-00-00 00:00:00', '', 0, 116),
(164, 1, 314, 9, '2023-10-21 13:55:37', '0000-00-00 00:00:00', '', 0, 117),
(165, 1, 298, 1, '2023-10-21 14:01:36', '0000-00-00 00:00:00', '', 0, 137),
(166, 1, 298, 4, '2023-10-21 14:01:47', '0000-00-00 00:00:00', '', 0, 138),
(167, 1, 298, 10, '2023-10-21 14:01:58', '0000-00-00 00:00:00', '', 0, 139),
(168, 1, 298, 10, '2023-10-21 14:02:19', '0000-00-00 00:00:00', '', 0, 140),
(169, 1, 298, 10, '2023-10-21 14:02:29', '0000-00-00 00:00:00', '', 0, 141),
(170, 1, 337, 4, '2023-10-21 14:12:07', '0000-00-00 00:00:00', '', 1, 100),
(171, 1, 405, 4, '2023-10-21 14:32:11', '0000-00-00 00:00:00', '', 0, 129),
(172, 1, 405, 10, '2023-10-21 14:32:24', '0000-00-00 00:00:00', '', 0, 130),
(173, 1, 386, 5, '2023-10-21 14:39:09', '0000-00-00 00:00:00', '', 0, 103),
(174, 1, 386, 10, '2023-10-21 14:39:20', '0000-00-00 00:00:00', '', 0, 104),
(175, 1, 386, 10, '2023-10-21 14:39:31', '0000-00-00 00:00:00', '', 0, 105),
(176, 1, 357, 4, '2023-10-21 14:44:00', '0000-00-00 00:00:00', '', 0, 101),
(177, 1, 388, 3, '2023-10-21 14:51:55', '0000-00-00 00:00:00', '', 0, 167),
(178, 1, 407, 5, '2023-10-21 14:56:49', '0000-00-00 00:00:00', '', 0, 125),
(179, 1, 407, 5, '2023-10-21 14:57:02', '0000-00-00 00:00:00', '', 0, 126),
(180, 1, 407, 5, '2023-10-21 14:57:12', '0000-00-00 00:00:00', '', 0, 127),
(181, 1, 403, 12, '2023-10-21 15:01:51', '0000-00-00 00:00:00', '', 0, 121),
(182, 1, 364, 5, '2023-10-21 15:07:10', '0000-00-00 00:00:00', '', 0, 113),
(183, 1, 364, 6, '2023-10-21 15:07:30', '0000-00-00 00:00:00', '', 0, 142),
(226, 1, 346, 14, '2023-12-17 16:08:19', '0000-00-00 00:00:00', '', 0, 180),
(225, 1, 421, 10, '2023-12-17 16:02:37', '0000-00-00 00:00:00', '', 0, 180),
(265, 1, 176, 119, '2025-05-27 15:54:49', '0000-00-00 00:00:00', '', 0, 194),
(187, 1, 316, 3, '2023-10-21 15:15:47', '0000-00-00 00:00:00', '', 0, 93),
(188, 1, 316, 5, '2023-10-21 15:16:02', '0000-00-00 00:00:00', '', 0, 94),
(189, 1, 319, 3, '2023-10-21 15:24:30', '0000-00-00 00:00:00', '', 0, 107),
(190, 1, 378, 1, '2023-10-21 16:11:38', '0000-00-00 00:00:00', '', 0, 112),
(191, 1, 351, 0, '2023-10-21 16:32:38', '0000-00-00 00:00:00', '', 0, 123),
(192, 1, 351, 2, '2023-10-21 16:32:50', '0000-00-00 00:00:00', '', 0, 124),
(193, 1, 370, 1, '2023-10-22 08:07:58', '0000-00-00 00:00:00', '', 1, 90),
(194, 1, 370, 1, '2023-10-22 08:08:05', '0000-00-00 00:00:00', '', 2, 91),
(263, 1, 370, 1, '2025-04-24 08:58:14', '0000-00-00 00:00:00', '', 0, 114),
(202, 1, 453, 1, '2023-10-22 09:07:38', '0000-00-00 00:00:00', '', 0, 169),
(196, 1, 189, 1, '2023-10-22 08:22:35', '0000-00-00 00:00:00', '', 0, 153),
(197, 1, 189, 1, '2023-10-22 08:22:45', '0000-00-00 00:00:00', '', 0, 154),
(198, 1, 189, 1, '2023-10-22 08:22:58', '0000-00-00 00:00:00', '', 0, 155),
(199, 1, 189, 1, '2023-10-22 08:23:12', '0000-00-00 00:00:00', '', 0, 156),
(200, 1, 189, 1, '2023-10-22 08:23:25', '0000-00-00 00:00:00', '', 0, 161),
(201, 1, 189, 1, '2023-10-22 08:48:03', '0000-00-00 00:00:00', '', 0, 88),
(203, 1, 268, 12, '2023-10-22 09:27:10', '0000-00-00 00:00:00', '', 0, 31),
(204, 1, 413, 5, '2023-10-22 10:12:08', '0000-00-00 00:00:00', '', 0, 223),
(205, 1, 377, 28, '2023-10-22 10:16:50', '0000-00-00 00:00:00', '', 0, 63),
(206, 1, 382, 47, '2023-10-22 10:22:25', '0000-00-00 00:00:00', '', 0, 128),
(207, 1, 362, 27, '2023-10-22 10:29:25', '0000-00-00 00:00:00', '', 0, 64),
(208, 1, 409, 4, '2023-10-22 10:35:32', '0000-00-00 00:00:00', '', 0, 119),
(209, 1, 408, 3, '2023-10-22 10:41:31', '0000-00-00 00:00:00', '', 0, 168),
(210, 1, 458, 0, '2023-10-22 11:26:26', '0000-00-00 00:00:00', '', 0, 222),
(211, 1, 477, 48, '2023-10-28 10:08:44', '0000-00-00 00:00:00', '', 0, 217),
(212, 1, 323, 11, '2023-10-28 10:15:40', '0000-00-00 00:00:00', '', 0, 218),
(213, 1, 429, 24, '2023-10-28 10:30:59', '0000-00-00 00:00:00', '', 0, 147),
(214, 1, 374, 10, '2023-10-28 10:37:04', '0000-00-00 00:00:00', '', 0, 220),
(215, 1, 373, 46, '2023-10-28 10:40:47', '0000-00-00 00:00:00', '', 0, 61),
(216, 1, 371, 10, '2023-10-28 10:47:20', '0000-00-00 00:00:00', '', 0, 62),
(217, 1, 476, 3, '2023-10-28 11:42:06', '0000-00-00 00:00:00', '', 0, 59),
(218, 1, 475, 5, '2023-10-28 11:43:06', '0000-00-00 00:00:00', '', 0, 59),
(219, 1, 471, 4, '2023-10-28 11:44:36', '0000-00-00 00:00:00', '', 0, 59),
(222, 1, 478, 5, '2023-11-14 07:30:38', '0000-00-00 00:00:00', '', 0, 110),
(223, 1, 121, 2, '2023-11-14 07:31:43', '0000-00-00 00:00:00', '', 0, 110),
(224, 1, 515, 35, '2023-11-14 07:33:29', '0000-00-00 00:00:00', '', 0, 111),
(227, 1, 337, 7, '2023-12-17 16:11:53', '0000-00-00 00:00:00', '', 0, 179),
(228, 1, 253, 0, '2023-12-19 16:06:37', '0000-00-00 00:00:00', '', 0, 225),
(232, 1, 379, 32, '2024-03-09 16:17:11', '0000-00-00 00:00:00', '', 0, 177),
(233, 1, 436, 38, '2024-03-09 16:25:03', '0000-00-00 00:00:00', '', 0, 176),
(235, 1, 482, 3, '2024-04-14 09:07:27', '0000-00-00 00:00:00', '', 0, 15),
(236, 1, 483, 10, '2024-04-14 09:11:46', '0000-00-00 00:00:00', '', 0, 30),
(237, 1, 345, 10, '2024-04-14 09:20:05', '0000-00-00 00:00:00', '', 1, 175),
(238, 1, 402, 1, '2024-04-29 09:11:30', '0000-00-00 00:00:00', '', 0, 224),
(239, 1, 336, 80, '2024-05-19 13:24:12', '0000-00-00 00:00:00', '', 0, 249),
(240, 1, 499, 0, '2024-06-14 12:13:39', '0000-00-00 00:00:00', '', 0, 247),
(241, 1, 499, 82, '2024-06-14 12:13:50', '0000-00-00 00:00:00', '', 1, 248),
(253, 1, 328, 100, '2024-09-13 11:03:03', '0000-00-00 00:00:00', '', 1, 89),
(244, 1, 492, 15, '2024-06-14 13:25:20', '0000-00-00 00:00:00', '', 0, 246),
(243, 1, 247, 10, '2024-06-14 13:24:44', '0000-00-00 00:00:00', '', 0, 245),
(246, 1, 430, 13, '2024-08-10 13:49:38', '0000-00-00 00:00:00', '', 0, 197),
(247, 1, 431, 20, '2024-08-10 15:00:51', '0000-00-00 00:00:00', '', 0, 250),
(248, 1, 195, 1, '2024-08-10 15:24:15', '0000-00-00 00:00:00', '', 0, 157),
(249, 1, 235, 3, '2024-08-10 15:43:20', '0000-00-00 00:00:00', '', 0, 125),
(250, 1, 236, 3, '2024-08-10 15:48:09', '0000-00-00 00:00:00', '', 0, 125),
(251, 1, 118, 14, '2024-08-10 16:27:26', '0000-00-00 00:00:00', '', 0, 151),
(252, 1, 462, 4, '2024-08-10 16:46:06', '0000-00-00 00:00:00', '', 0, 222),
(254, 1, 328, 28, '2024-09-13 11:03:41', '0000-00-00 00:00:00', '', 2, 143),
(257, 2, 497, 2, '2025-02-03 11:55:52', '0000-00-00 00:00:00', '', 0, 252),
(258, 2, 498, 2, '2025-02-03 11:56:08', '0000-00-00 00:00:00', '', 0, 252),
(259, 2, 501, 2, '2025-02-03 11:58:06', '0000-00-00 00:00:00', '', 0, 252),
(260, 2, 502, 2, '2025-02-03 11:58:54', '0000-00-00 00:00:00', '', 0, 252),
(261, 2, 503, 2, '2025-02-05 11:55:48', '0000-00-00 00:00:00', '', 0, 252);

-- --------------------------------------------------------

--
-- Tabellenstruktur für Tabelle `storage_products_transfer`
--

