CREATE TABLE `categories_exclude` (
  `categories_exclude_id` int(1) NOT NULL,
  `categories_id` int(11) NOT NULL DEFAULT '0',
  `customers_id` int(11) NOT NULL DEFAULT '0'
) ENGINE=MyISAM DEFAULT CHARSET=utf8;

-- --------------------------------------------------------

--
-- Tabellenstruktur für Tabelle `categories_to_groups`
--

CREATE TABLE `categories_to_groups` (
  `categories_to_groups_id` int(11) NOT NULL,
  `categories_id` int(11) NOT NULL,
  `groups_id` int(11) NOT NULL
) ENGINE=MyISAM DEFAULT CHARSET=utf8;

--
-- Daten für Tabelle `categories_to_groups`
--

INSERT INTO `categories_to_groups` (`categories_to_groups_id`, `categories_id`, `groups_id`) VALUES
(28, 61, 16),
(27, 74, 18),
(3, 47, 14),
(16, 71, 16),
(18, 68, 16),
(20, 66, 16),
(19, 67, 16),
(10, 41, 16),
(30, 62, 16),
(12, 63, 16),
(23, 64, 16),
(15, 72, 16),
(24, 70, 16),
(21, 65, 16),
(25, 50, 16),
(29, 73, 16),
(32, 52, 20),
(34, 78, 20),
(35, 79, 20);

-- --------------------------------------------------------

--
-- Tabellenstruktur für Tabelle `categories_to_groups_characteristics`
--

CREATE TABLE `categories_to_groups_characteristics` (
  `categories_to_groups_characteristics_id` int(11) NOT NULL,
  `categories_to_groups_id` int(11) NOT NULL,
  `characteristics_id` int(11) NOT NULL
) ENGINE=MyISAM DEFAULT CHARSET=utf8;

-- --------------------------------------------------------

--
-- Tabellenstruktur für Tabelle `change_status`
--

CREATE TABLE `change_status` (
  `id` int(11) NOT NULL,
  `key` varchar(16) NOT NULL DEFAULT '',
  `text` varchar(64) NOT NULL DEFAULT ''
) ENGINE=MyISAM DEFAULT CHARSET=utf8;

-- --------------------------------------------------------

--
-- Tabellenstruktur für Tabelle `change_status_history`
--

CREATE TABLE `change_status_history` (
  `id` int(11) NOT NULL,
  `change_status_id` int(11) NOT NULL DEFAULT '0',
  `date_added` datetime NOT NULL DEFAULT '0000-00-00 00:00:00',
  `products_id` int(11) NOT NULL DEFAULT '0',
  `quantity` int(11) NOT NULL DEFAULT '0',
  `orders_id` int(11) NOT NULL DEFAULT '0',
  `distributor_id` int(11) NOT NULL DEFAULT '0',
  `storage_id` int(11) NOT NULL DEFAULT '0'
) ENGINE=MyISAM DEFAULT CHARSET=utf8;

-- --------------------------------------------------------

--
-- Tabellenstruktur für Tabelle `cm_file_flags`
--

CREATE TABLE `cm_file_flags` (
  `file_flag` int(11) NOT NULL DEFAULT '0',
  `file_flag_name` varchar(32) NOT NULL DEFAULT ''
) ENGINE=MyISAM DEFAULT CHARSET=utf8;

--
-- Daten für Tabelle `cm_file_flags`
--

INSERT INTO `cm_file_flags` (`file_flag`, `file_flag_name`) VALUES
(0, 'information'),
(1, 'content');

-- --------------------------------------------------------

--
-- Tabellenstruktur für Tabelle `configuration`
--

CREATE TABLE `configuration` (
  `configuration_id` int(11) NOT NULL,
  `configuration_key` varchar(64) NOT NULL DEFAULT '',
  `configuration_value` text NOT NULL,
  `configuration_group_id` int(11) NOT NULL DEFAULT '0',
  `sort_order` int(5) DEFAULT NULL,
  `last_modified` datetime DEFAULT NULL,
  `date_added` datetime NOT NULL DEFAULT '0000-00-00 00:00:00',
  `use_function` varchar(255) DEFAULT NULL,
  `set_function` varchar(255) DEFAULT NULL
) ENGINE=MyISAM DEFAULT CHARSET=utf8;

--
-- Daten für Tabelle `configuration`
--

INSERT INTO `configuration` (`configuration_id`, `configuration_key`, `configuration_value`, `configuration_group_id`, `sort_order`, `last_modified`, `date_added`, `use_function`, `set_function`) VALUES
(1, 'STORE_NAME', 'Alubogencenter.de', 110, 1, '2024-10-18 15:20:16', '0000-00-00 00:00:00', NULL, NULL),
(2, 'STORE_OWNER', 'Alubogencenter.de  Inh. Rolf Brendemühl', 1, 2, '2019-05-29 17:51:45', '0000-00-00 00:00:00', NULL, NULL),
(3, 'STORE_OWNER_EMAIL_ADDRESS', 'info@alubogencenter.com', 110, 3, '2024-10-18 15:21:07', '0000-00-00 00:00:00', NULL, NULL),
(4, 'EMAIL_FROM', 'info@alubogencenter.com', 1, 4, '2019-05-29 17:51:52', '0000-00-00 00:00:00', NULL, NULL),
(5, 'STORE_COUNTRY', '81', 110, 6, '2024-10-18 15:21:40', '0000-00-00 00:00:00', 'xtc_get_country_name', 'xtc_cfg_pull_down_country_list('),
(6, 'STORE_ZONE', '79', 110, 7, '2024-10-18 15:21:47', '0000-00-00 00:00:00', 'xtc_cfg_get_zone_name', 'xtc_cfg_pull_down_zone_list('),
(7, 'EXPECTED_PRODUCTS_SORT', 'desc', 1, 8, NULL, '0000-00-00 00:00:00', NULL, 'xtc_cfg_select_option(array(\'asc\', \'desc\'),'),
(8, 'EXPECTED_PRODUCTS_FIELD', 'date_expected', 1, 9, NULL, '0000-00-00 00:00:00', NULL, 'xtc_cfg_select_option(array(\'products_name\', \'date_expected\'),'),
(9, 'USE_DEFAULT_LANGUAGE_CURRENCY', 'true', 102, 10, '2004-10-21 12:28:54', '0000-00-00 00:00:00', NULL, 'xtc_cfg_select_option(array(\'true\', \'false\'),'),
(10, 'SEARCH_ENGINE_FRIENDLY_URLS', 'true', 102, 12, '2019-04-23 12:55:17', '0000-00-00 00:00:00', NULL, 'xtc_cfg_select_option(array(\'true\', \'false\'),'),
(11, 'DISPLAY_CART', 'true', 1, 13, NULL, '0000-00-00 00:00:00', NULL, 'xtc_cfg_select_option(array(\'true\', \'false\'),'),
(12, 'ALLOW_GUEST_TO_TELL_A_FRIEND', 'false', 102, 14, NULL, '0000-00-00 00:00:00', NULL, 'xtc_cfg_select_option(array(\'true\', \'false\'),'),
(13, 'ADVANCED_SEARCH_DEFAULT_OPERATOR', 'and', 1, 15, NULL, '0000-00-00 00:00:00', NULL, 'xtc_cfg_select_option(array(\'and\', \'or\'),'),
(14, 'STORE_NAME_ADDRESS', 'Alubogencenter.de\r\nInh. Rolf Brendemühl\r\nHamburger Straße 4b\r\n21244 Buchholz i.d.N.\r\nTel: +49 (0) 4181 137352\r\n<br>Email: info@alubogencenter.com<br>\r\nUSt.-ID: DE815479160', 110, 16, '2024-10-18 15:19:34', '0000-00-00 00:00:00', NULL, 'xtc_cfg_textarea('),
(15, 'SHOW_COUNTS', 'false', 102, 17, '2005-12-22 14:17:10', '0000-00-00 00:00:00', NULL, 'xtc_cfg_select_option(array(\'true\', \'false\'),'),
(16, 'DEFAULT_CUSTOMERS_STATUS_ID_ADMIN', '0', 102, 20, NULL, '0000-00-00 00:00:00', 'xtc_get_customers_status_name', 'xtc_cfg_pull_down_customers_status_list('),
(17, 'DEFAULT_CUSTOMERS_STATUS_ID_GUEST', '1', 1, 21, NULL, '0000-00-00 00:00:00', 'xtc_get_customers_status_name', 'xtc_cfg_pull_down_customers_status_list('),
(18, 'DEFAULT_CUSTOMERS_STATUS_ID', '2', 1, 23, NULL, '0000-00-00 00:00:00', 'xtc_get_customers_status_name', 'xtc_cfg_pull_down_customers_status_list('),
(19, 'ALLOW_ADD_TO_CART', 'true', 1, 24, '2009-08-03 16:42:51', '0000-00-00 00:00:00', NULL, 'xtc_cfg_select_option(array(\'true\', \'false\'),'),
(20, 'ALLOW_CATEGORY_DESCRIPTIONS', 'true', 1, 25, NULL, '0000-00-00 00:00:00', NULL, 'xtc_cfg_select_option(array(\'true\', \'false\'),'),
(21, 'CURRENT_TEMPLATE', 'yes-system', 102, 26, '2019-04-23 11:30:33', '0000-00-00 00:00:00', NULL, 'xtc_cfg_pull_down_template_sets('),
(22, 'PRICE_IS_BRUTTO', 'true', 1, 27, '2004-10-12 00:03:50', '0000-00-00 00:00:00', NULL, 'xtc_cfg_select_option(array(\'true\', \'false\'),'),
(23, 'PRICE_PRECISION', '4', 1, 28, '2013-12-05 20:03:01', '0000-00-00 00:00:00', NULL, ''),
(24, 'ENTRY_FIRST_NAME_MIN_LENGTH', '2', 2, 1, NULL, '0000-00-00 00:00:00', NULL, NULL),
(25, 'ENTRY_LAST_NAME_MIN_LENGTH', '2', 2, 2, NULL, '0000-00-00 00:00:00', NULL, NULL),
(26, 'ENTRY_DOB_MIN_LENGTH', '0', 2, 3, '2020-03-06 21:54:20', '0000-00-00 00:00:00', NULL, NULL),
(27, 'ENTRY_EMAIL_ADDRESS_MIN_LENGTH', '6', 2, 4, NULL, '0000-00-00 00:00:00', NULL, NULL),
(28, 'ENTRY_STREET_ADDRESS_MIN_LENGTH', '5', 2, 5, NULL, '0000-00-00 00:00:00', NULL, NULL),
(29, 'ENTRY_COMPANY_MIN_LENGTH', '0', 2, 6, '2020-03-06 21:54:44', '0000-00-00 00:00:00', NULL, NULL),
(30, 'ENTRY_POSTCODE_MIN_LENGTH', '4', 2, 7, NULL, '0000-00-00 00:00:00', NULL, NULL),
(31, 'ENTRY_CITY_MIN_LENGTH', '3', 2, 8, NULL, '0000-00-00 00:00:00', NULL, NULL),
(32, 'ENTRY_STATE_MIN_LENGTH', '2', 102, 9, NULL, '0000-00-00 00:00:00', NULL, NULL),
(33, 'ENTRY_TELEPHONE_MIN_LENGTH', '0', 2, 10, '2020-03-06 21:54:37', '0000-00-00 00:00:00', NULL, NULL),
(34, 'ENTRY_PASSWORD_MIN_LENGTH', '8', 2, 11, '2020-03-06 21:54:57', '0000-00-00 00:00:00', NULL, NULL),
(35, 'CC_OWNER_MIN_LENGTH', '3', 102, 12, NULL, '0000-00-00 00:00:00', NULL, NULL),
(36, 'CC_NUMBER_MIN_LENGTH', '10', 102, 13, NULL, '0000-00-00 00:00:00', NULL, NULL),
(37, 'REVIEW_TEXT_MIN_LENGTH', '50', 102, 14, NULL, '0000-00-00 00:00:00', NULL, NULL),
(38, 'MIN_DISPLAY_BESTSELLERS', '1', 2, 15, NULL, '0000-00-00 00:00:00', NULL, NULL),
(39, 'MIN_DISPLAY_ALSO_PURCHASED', '1', 2, 16, NULL, '0000-00-00 00:00:00', NULL, NULL),
(40, 'MAX_ADDRESS_BOOK_ENTRIES', '20', 3, 1, '2007-01-22 13:31:31', '0000-00-00 00:00:00', NULL, NULL),
(41, 'MAX_DISPLAY_SEARCH_RESULTS', '30', 3, 2, '2005-11-30 18:28:59', '0000-00-00 00:00:00', NULL, NULL),
(42, 'MAX_DISPLAY_PAGE_LINKS', '5', 102, 3, NULL, '0000-00-00 00:00:00', NULL, NULL),
(43, 'MAX_DISPLAY_SPECIAL_PRODUCTS', '9', 3, 4, NULL, '0000-00-00 00:00:00', NULL, NULL),
(44, 'MAX_DISPLAY_NEW_PRODUCTS', '9', 102, 5, NULL, '0000-00-00 00:00:00', NULL, NULL),
(45, 'MAX_DISPLAY_UPCOMING_PRODUCTS', '10', 3, 6, NULL, '0000-00-00 00:00:00', NULL, NULL),
(46, 'MAX_DISPLAY_MANUFACTURERS_IN_A_LIST', '3', 3, 7, '2011-05-11 11:04:49', '0000-00-00 00:00:00', NULL, NULL),
(47, 'MAX_MANUFACTURERS_LIST', '1', 3, 7, NULL, '0000-00-00 00:00:00', NULL, NULL),
(48, 'MAX_DISPLAY_MANUFACTURER_NAME_LEN', '15', 3, 8, NULL, '0000-00-00 00:00:00', NULL, NULL),
(49, 'MAX_DISPLAY_NEW_REVIEWS', '6', 102, 9, NULL, '0000-00-00 00:00:00', NULL, NULL),
(50, 'MAX_RANDOM_SELECT_REVIEWS', '10', 102, 10, NULL, '0000-00-00 00:00:00', NULL, NULL),
(51, 'MAX_RANDOM_SELECT_NEW', '10', 102, 11, NULL, '0000-00-00 00:00:00', NULL, NULL),
(52, 'MAX_RANDOM_SELECT_SPECIALS', '10', 102, 12, NULL, '0000-00-00 00:00:00', NULL, NULL),
(53, 'MAX_DISPLAY_CATEGORIES_PER_ROW', '3', 102, 13, NULL, '0000-00-00 00:00:00', NULL, NULL),
(54, 'MAX_DISPLAY_PRODUCTS_NEW', '10', 3, 14, NULL, '0000-00-00 00:00:00', NULL, NULL),
(55, 'MAX_DISPLAY_BESTSELLERS', '10', 3, 15, NULL, '0000-00-00 00:00:00', NULL, NULL),
(56, 'MAX_DISPLAY_ALSO_PURCHASED', '6', 3, 16, NULL, '0000-00-00 00:00:00', NULL, NULL),
(57, 'MAX_DISPLAY_PRODUCTS_IN_ORDER_HISTORY_BOX', '6', 3, 17, NULL, '0000-00-00 00:00:00', NULL, NULL),
(58, 'MAX_DISPLAY_ORDER_HISTORY', '10', 3, 18, NULL, '0000-00-00 00:00:00', NULL, NULL),
(59, 'PRODUCT_REVIEWS_VIEW', '0', 102, 19, '2010-03-29 23:26:23', '0000-00-00 00:00:00', NULL, NULL),
(60, 'MAX_PRODUCTS_QTY', '10000', 102, 21, '2020-03-06 22:00:06', '0000-00-00 00:00:00', NULL, NULL),
(61, 'MAX_DISPLAY_NEW_PRODUCTS_DAYS', '100', 3, 22, '2020-03-06 21:55:13', '0000-00-00 00:00:00', NULL, NULL),
(62, 'CONFIG_CALCULATE_IMAGE_SIZE', 'true', 102, 1, '2009-05-30 17:13:05', '0000-00-00 00:00:00', NULL, 'xtc_cfg_select_option(array(\'true\', \'false\'),'),
(63, 'IMAGE_QUALITY', '70', 4, 2, '2019-04-23 11:35:38', '0000-00-00 00:00:00', NULL, NULL),
(64, 'PRODUCT_IMAGE_THUMBNAIL_WIDTH', '200', 4, 7, '2009-11-13 07:48:25', '0000-00-00 00:00:00', NULL, NULL),
(65, 'PRODUCT_IMAGE_THUMBNAIL_HEIGHT', '200', 4, 8, '2011-04-14 17:46:18', '0000-00-00 00:00:00', NULL, NULL),
(66, 'PRODUCT_IMAGE_INFO_WIDTH', '400', 4, 9, '2019-04-23 11:36:08', '0000-00-00 00:00:00', NULL, NULL),
(67, 'PRODUCT_IMAGE_INFO_HEIGHT', '400', 4, 10, '2019-04-23 11:36:18', '0000-00-00 00:00:00', NULL, NULL),
(68, 'PRODUCT_IMAGE_POPUP_WIDTH', '800', 4, 11, '2019-04-23 11:36:27', '0000-00-00 00:00:00', NULL, NULL),
(69, 'PRODUCT_IMAGE_POPUP_HEIGHT', '800', 4, 12, '2019-04-23 11:36:37', '0000-00-00 00:00:00', NULL, NULL),
(70, 'PRODUCT_IMAGE_THUMBNAIL_BEVEL', '', 4, 13, '2003-12-15 13:14:39', '0000-00-00 00:00:00', '', ''),
(71, 'PRODUCT_IMAGE_THUMBNAIL_GREYSCALE', '', 4, 14, '2003-12-15 13:13:37', '0000-00-00 00:00:00', NULL, NULL),
(72, 'PRODUCT_IMAGE_THUMBNAIL_ELLIPSE', '', 4, 15, '2003-12-15 13:14:57', '0000-00-00 00:00:00', NULL, NULL),
(73, 'PRODUCT_IMAGE_THUMBNAIL_ROUND_EDGES', '', 4, 16, '2003-12-15 13:19:45', '0000-00-00 00:00:00', NULL, NULL),
(74, 'PRODUCT_IMAGE_THUMBNAIL_MERGE', '', 4, 17, '2003-12-15 12:01:43', '0000-00-00 00:00:00', NULL, NULL),
(75, 'PRODUCT_IMAGE_THUMBNAIL_FRAME', '', 4, 18, '2005-06-20 15:04:53', '0000-00-00 00:00:00', NULL, NULL),
(76, 'PRODUCT_IMAGE_THUMBNAIL_DROP_SHADDOW', '', 4, 19, '2003-12-15 13:15:14', '0000-00-00 00:00:00', NULL, NULL),
(77, 'PRODUCT_IMAGE_THUMBNAIL_MOTION_BLUR', '', 4, 20, '2004-10-19 20:07:52', '0000-00-00 00:00:00', NULL, NULL),
(78, 'PRODUCT_IMAGE_INFO_BEVEL', '', 4, 21, '2003-12-15 13:42:09', '0000-00-00 00:00:00', NULL, NULL),
(79, 'PRODUCT_IMAGE_INFO_GREYSCALE', '', 4, 22, '2003-12-15 13:18:00', '0000-00-00 00:00:00', NULL, NULL),
(80, 'PRODUCT_IMAGE_INFO_ELLIPSE', '', 4, 23, '2003-12-15 13:41:53', '0000-00-00 00:00:00', NULL, NULL),
(81, 'PRODUCT_IMAGE_INFO_ROUND_EDGES', '', 4, 24, '2003-12-15 13:21:55', '0000-00-00 00:00:00', NULL, NULL),
(82, 'PRODUCT_IMAGE_INFO_MERGE', '', 4, 25, '2004-10-21 12:46:55', '0000-00-00 00:00:00', NULL, NULL),
(83, 'PRODUCT_IMAGE_INFO_FRAME', '', 4, 26, '2005-06-20 15:04:57', '0000-00-00 00:00:00', NULL, NULL),
(84, 'PRODUCT_IMAGE_INFO_DROP_SHADDOW', '', 4, 27, '2005-06-20 15:05:02', '0000-00-00 00:00:00', NULL, NULL),
(85, 'PRODUCT_IMAGE_INFO_MOTION_BLUR', '', 4, 28, '2003-12-15 13:21:18', '0000-00-00 00:00:00', NULL, NULL),
(86, 'PRODUCT_IMAGE_POPUP_BEVEL', '', 4, 29, '2004-10-19 20:07:10', '0000-00-00 00:00:00', NULL, NULL),
(87, 'PRODUCT_IMAGE_POPUP_GREYSCALE', '', 4, 30, '2003-12-15 13:22:58', '0000-00-00 00:00:00', NULL, NULL),
(88, 'PRODUCT_IMAGE_POPUP_ELLIPSE', '', 4, 31, '2003-12-15 13:22:51', '0000-00-00 00:00:00', NULL, NULL),
(89, 'PRODUCT_IMAGE_POPUP_ROUND_EDGES', '', 4, 32, '2003-12-15 13:23:17', '0000-00-00 00:00:00', NULL, NULL),
(90, 'PRODUCT_IMAGE_POPUP_MERGE', '', 4, 33, '2004-10-21 12:47:23', '0000-00-00 00:00:00', NULL, NULL),
(91, 'PRODUCT_IMAGE_POPUP_FRAME', '', 4, 34, '2003-12-15 13:22:43', '0000-00-00 00:00:00', NULL, NULL),
(92, 'PRODUCT_IMAGE_POPUP_DROP_SHADDOW', '', 4, 35, '2003-12-15 13:22:26', '0000-00-00 00:00:00', NULL, NULL),
(93, 'PRODUCT_IMAGE_POPUP_MOTION_BLUR', '', 4, 36, '2003-12-15 13:22:32', '0000-00-00 00:00:00', NULL, NULL),
(94, 'MO_PICS', '5', 4, 3, '2011-04-14 17:46:05', '0000-00-00 00:00:00', NULL, NULL),
(95, 'IMAGE_MANIPULATOR', 'image_manipulator_GD2.php', 102, 3, '0000-00-00 00:00:00', '0000-00-00 00:00:00', NULL, 'xtc_cfg_select_option(array(\'image_manipulator_GD2.php\', \'image_manipulator_GD1.php\'),'),
(96, 'ACCOUNT_GENDER', 'true', 5, 1, NULL, '0000-00-00 00:00:00', NULL, 'xtc_cfg_select_option(array(\'true\', \'false\'),'),
(97, 'ACCOUNT_DOB', 'false', 5, 2, '2004-09-15 10:35:00', '0000-00-00 00:00:00', NULL, 'xtc_cfg_select_option(array(\'true\', \'false\'),'),
(98, 'ACCOUNT_COMPANY', 'true', 5, 3, NULL, '0000-00-00 00:00:00', NULL, 'xtc_cfg_select_option(array(\'true\', \'false\'),'),
(99, 'ACCOUNT_SUBURB', 'true', 102, 4, '2004-09-15 10:35:06', '0000-00-00 00:00:00', NULL, 'xtc_cfg_select_option(array(\'true\', \'false\'),'),
(100, 'ACCOUNT_STATE', 'false', 102, 5, '2004-09-15 10:35:23', '0000-00-00 00:00:00', NULL, 'xtc_cfg_select_option(array(\'true\', \'false\'),'),
(101, 'ACCOUNT_OPTIONS', 'both', 102, 6, '2023-12-29 15:30:57', '0000-00-00 00:00:00', NULL, 'xtc_cfg_select_option(array(\'account\', \'guest\', \'both\'),'),
(102, 'DELETE_GUEST_ACCOUNT', 'false', 102, 7, '2011-05-11 11:10:13', '0000-00-00 00:00:00', NULL, 'xtc_cfg_select_option(array(\'true\', \'false\'),'),
(103, 'MODULE_PAYMENT_INSTALLED', 'invoice.php;moneyorder.php;yes_ppp.php;yes_secupay.php', 102, 0, '2025-07-18 17:24:51', '0000-00-00 00:00:00', NULL, NULL),
(104, 'MODULE_ORDER_TOTAL_INSTALLED', 'ot_subtotal.php;ot_subtotal_no_tax.php;ot_discount.php;ot_shipping.php;ot_cod_fee.php;ot_payment_fee.php;ot_tax.php;ot_coupon.php;ot_total.php', 102, 0, '2014-03-06 20:18:42', '0000-00-00 00:00:00', NULL, NULL),
(105, 'MODULE_SHIPPING_INSTALLED', 'yes.php', 102, 0, '2024-01-05 11:47:16', '0000-00-00 00:00:00', NULL, NULL),
(106, 'DEFAULT_CURRENCY', 'EUR', 102, 0, NULL, '0000-00-00 00:00:00', NULL, NULL),
(107, 'DEFAULT_LANGUAGE', 'de', 102, 0, NULL, '0000-00-00 00:00:00', NULL, NULL),
(108, 'DEFAULT_ORDERS_STATUS_ID', '1', 102, 0, NULL, '0000-00-00 00:00:00', NULL, NULL),
(109, 'DEFAULT_SHIPPING_STATUS_ID', '1', 102, 0, NULL, '0000-00-00 00:00:00', NULL, NULL),
(110, 'MODULE_ORDER_TOTAL_SHIPPING_STATUS', 'true', 102, 1, NULL, '0000-00-00 00:00:00', NULL, 'xtc_cfg_select_option(array(\'true\', \'false\'),'),
(111, 'MODULE_ORDER_TOTAL_SHIPPING_SORT_ORDER', '30', 102, 2, NULL, '0000-00-00 00:00:00', NULL, NULL),
(112, 'MODULE_ORDER_TOTAL_SHIPPING_FREE_SHIPPING', 'true', 102, 3, '2005-06-17 15:05:44', '0000-00-00 00:00:00', NULL, 'xtc_cfg_select_option(array(\'true\', \'false\'),'),
(113, 'MODULE_ORDER_TOTAL_SHIPPING_FREE_SHIPPING_OVER', '10000', 102, 4, '2005-07-28 09:23:40', '0000-00-00 00:00:00', 'currencies->format', NULL),
(114, 'MODULE_ORDER_TOTAL_SHIPPING_DESTINATION', 'national', 102, 5, NULL, '0000-00-00 00:00:00', NULL, 'xtc_cfg_select_option(array(\'national\', \'international\', \'both\'),'),
(605, 'MODULE_ORDER_TOTAL_SUBTOTAL_SORT_ORDER', '10', 102, 2, NULL, '2009-11-13 11:43:11', NULL, NULL),
(117, 'MODULE_ORDER_TOTAL_TAX_STATUS', 'true', 102, 1, NULL, '0000-00-00 00:00:00', NULL, 'xtc_cfg_select_option(array(\'true\', \'false\'),'),
(118, 'MODULE_ORDER_TOTAL_TAX_SORT_ORDER', '50', 102, 2, NULL, '0000-00-00 00:00:00', NULL, NULL),
(119, 'MODULE_ORDER_TOTAL_TOTAL_STATUS', 'true', 102, 1, NULL, '0000-00-00 00:00:00', NULL, 'xtc_cfg_select_option(array(\'true\', \'false\'),'),
(120, 'MODULE_ORDER_TOTAL_TOTAL_SORT_ORDER', '99', 102, 2, NULL, '0000-00-00 00:00:00', NULL, NULL),
(121, 'MODULE_ORDER_TOTAL_DISCOUNT_STATUS', 'true', 102, 1, NULL, '0000-00-00 00:00:00', NULL, 'xtc_cfg_select_option(array(\'true\', \'false\'),'),
(122, 'MODULE_ORDER_TOTAL_DISCOUNT_SORT_ORDER', '20', 102, 2, NULL, '0000-00-00 00:00:00', NULL, NULL),
(603, 'MODULE_ORDER_TOTAL_SUBTOTAL_NO_TAX_SORT_ORDER', '11', 102, 2, NULL, '2009-11-13 11:42:59', NULL, NULL),
(602, 'MODULE_ORDER_TOTAL_SUBTOTAL_NO_TAX_STATUS', 'true', 102, 1, NULL, '2009-11-13 11:42:59', NULL, 'xtc_cfg_select_option(array(\'true\', \'false\'), '),
(125, 'SHIPPING_ORIGIN_COUNTRY', '81', 7, 1, NULL, '0000-00-00 00:00:00', 'xtc_get_country_name', 'xtc_cfg_pull_down_country_list('),
(126, 'SHIPPING_ORIGIN_ZIP', '', 102, 2, '2007-01-22 13:37:26', '0000-00-00 00:00:00', NULL, NULL),
(127, 'SHIPPING_MAX_WEIGHT', '30', 7, 3, '2024-01-25 17:08:34', '0000-00-00 00:00:00', NULL, NULL),
(128, 'SHIPPING_BOX_WEIGHT', '0', 7, 4, NULL, '0000-00-00 00:00:00', NULL, NULL),
(129, 'SHIPPING_BOX_PADDING', '0', 7, 5, '2019-04-23 11:40:19', '0000-00-00 00:00:00', NULL, NULL),
(130, 'PRODUCT_LIST_FILTER', '1', 102, 1, '2011-05-11 11:38:17', '0000-00-00 00:00:00', NULL, NULL),
(131, 'STOCK_CHECK', 'true', 9, 1, '2004-12-29 15:44:39', '0000-00-00 00:00:00', NULL, 'xtc_cfg_select_option(array(\'true\', \'false\'),'),
(132, 'ATTRIBUTE_STOCK_CHECK', 'true', 102, 2, '2004-12-12 16:20:23', '0000-00-00 00:00:00', NULL, 'xtc_cfg_select_option(array(\'true\', \'false\'),'),
(133, 'STOCK_LIMITED', 'true', 9, 3, NULL, '0000-00-00 00:00:00', NULL, 'xtc_cfg_select_option(array(\'true\', \'false\'),'),
(134, 'STOCK_ALLOW_CHECKOUT', 'false', 9, 4, '2023-09-24 13:47:47', '0000-00-00 00:00:00', NULL, 'xtc_cfg_select_option(array(\'true\', \'false\'),'),
(135, 'STOCK_MARK_PRODUCT_OUT_OF_STOCK', '<strong><font color=red>&nbsp;das Lagerbestandslimit ist erreicht !&nbsp;</font>', 9, 5, '2024-05-21 17:37:15', '0000-00-00 00:00:00', NULL, NULL),
(136, 'STOCK_REORDER_LEVEL', '5', 102, 6, NULL, '0000-00-00 00:00:00', NULL, NULL),
(137, 'STORE_PAGE_PARSE_TIME', 'false', 102, 1, NULL, '0000-00-00 00:00:00', NULL, 'xtc_cfg_select_option(array(\'true\', \'false\'),'),
(138, 'STORE_PAGE_PARSE_TIME_LOG', '/var/log/www/tep/page_parse_time.log', 102, 2, NULL, '0000-00-00 00:00:00', NULL, NULL),
(139, 'STORE_PARSE_DATE_TIME_FORMAT', '%d/%m/%Y %H:%M:%S', 102, 3, NULL, '0000-00-00 00:00:00', NULL, NULL),
(140, 'DISPLAY_PAGE_PARSE_TIME', 'true', 102, 4, NULL, '0000-00-00 00:00:00', NULL, 'xtc_cfg_select_option(array(\'true\', \'false\'),'),
(141, 'STORE_DB_TRANSACTIONS', 'false', 102, 5, NULL, '0000-00-00 00:00:00', NULL, 'xtc_cfg_select_option(array(\'true\', \'false\'),'),
(142, 'USE_CACHE', 'false', 102, 1, NULL, '0000-00-00 00:00:00', NULL, 'xtc_cfg_select_option(array(\'true\', \'false\'),'),
(143, 'DIR_FS_CACHE', 'cache', 102, 2, NULL, '0000-00-00 00:00:00', NULL, NULL),
(144, 'CACHE_LIFETIME', '1800', 102, 3, '2010-03-29 23:25:48', '0000-00-00 00:00:00', NULL, NULL),
(145, 'CACHE_CHECK', 'true', 102, 4, NULL, '0000-00-00 00:00:00', NULL, 'xtc_cfg_select_option(array(\'true\', \'false\'),'),
(146, 'DB_CACHE', 'false', 102, 5, NULL, '0000-00-00 00:00:00', NULL, 'xtc_cfg_select_option(array(\'true\', \'false\'),'),
(147, 'DB_CACHE_EXPIRE', '1800', 102, 6, '2010-03-29 23:26:04', '0000-00-00 00:00:00', NULL, NULL),
(148, 'EMAIL_TRANSPORT', 'smtp', 102, 1, '2015-06-03 16:55:33', '0000-00-00 00:00:00', NULL, 'xtc_cfg_select_option(array(\'sendmail\', \'smtp\', \'mail\'),'),
(149, 'SENDMAIL_PATH', '/usr/sbin/sendmail', 102, 2, NULL, '0000-00-00 00:00:00', NULL, NULL),
(150, 'SMTP_MAIN_SERVER', 'sslout.df.eu', 12, 3, '2023-06-13 09:24:20', '0000-00-00 00:00:00', NULL, NULL),
(151, 'SMTP_Backup_Server', '', 12, 4, '2004-10-21 15:57:38', '0000-00-00 00:00:00', NULL, NULL),
(152, 'SMTP_PORT', '465', 12, 5, '2023-06-13 09:24:28', '0000-00-00 00:00:00', NULL, NULL),
(153, 'SMTP_USERNAME', 'info@alubogencenter.com', 12, 6, '2023-06-13 09:24:24', '0000-00-00 00:00:00', NULL, NULL),
(154, 'SMTP_PASSWORD', '3S-4Kx74H12S-4q/9!', 12, 7, '2023-06-13 09:24:08', '0000-00-00 00:00:00', NULL, NULL),
(155, 'SMTP_AUTH', 'true', 12, 8, '2023-06-13 09:24:31', '0000-00-00 00:00:00', NULL, 'xtc_cfg_select_option(array(\'true\', \'false\'),'),
(156, 'EMAIL_LINEFEED', 'LF', 102, 9, NULL, '0000-00-00 00:00:00', NULL, 'xtc_cfg_select_option(array(\'LF\', \'CRLF\'),'),
(157, 'EMAIL_USE_HTML', 'true', 102, 10, NULL, '0000-00-00 00:00:00', NULL, 'xtc_cfg_select_option(array(\'true\', \'false\'),'),
(158, 'ENTRY_EMAIL_ADDRESS_CHECK', 'false', 102, 11, NULL, '0000-00-00 00:00:00', NULL, 'xtc_cfg_select_option(array(\'true\', \'false\'),'),
(159, 'SEND_EMAILS', 'true', 12, 12, NULL, '0000-00-00 00:00:00', NULL, 'xtc_cfg_select_option(array(\'true\', \'false\'),'),
(160, 'CONTACT_US_EMAIL_ADDRESS', 'info@alubogencenter.com', 12, 20, '2020-03-06 21:57:01', '0000-00-00 00:00:00', NULL, NULL),
(161, 'CONTACT_US_NAME', 'Alubogencenter.de Inh. Rolf Brendemühl', 12, 21, '2019-04-23 11:43:42', '0000-00-00 00:00:00', NULL, NULL),
(162, 'CONTACT_US_REPLY_ADDRESS', 'info@alubogencenter.com', 12, 22, '2020-03-06 21:57:08', '0000-00-00 00:00:00', NULL, NULL),
(163, 'CONTACT_US_REPLY_ADDRESS_NAME', 'Alubogencenter.de Inh. Rolf Brendemühl', 12, 23, '2019-04-23 11:44:10', '0000-00-00 00:00:00', NULL, NULL),
(164, 'CONTACT_US_EMAIL_SUBJECT', 'Ihre Kontaktanfrage beim Alubogencenter.de · Inh. Rolf Brendemühl', 12, 24, '2019-04-23 11:44:24', '0000-00-00 00:00:00', NULL, NULL),
(165, 'CONTACT_US_FORWARDING_STRING', 'info@alubogencenter.com', 12, 25, '2020-03-06 21:57:13', '0000-00-00 00:00:00', NULL, NULL),
(166, 'EMAIL_SUPPORT_ADDRESS', 'info@alubogencenter.com', 12, 26, '2020-03-06 21:57:17', '0000-00-00 00:00:00', NULL, NULL),
(167, 'EMAIL_SUPPORT_NAME', 'info@alubogencenter.com', 12, 27, '2020-03-06 21:57:23', '0000-00-00 00:00:00', NULL, NULL),
(168, 'EMAIL_SUPPORT_REPLY_ADDRESS', 'info@alubogencenter.com', 12, 28, '2020-03-06 21:57:28', '0000-00-00 00:00:00', NULL, NULL),
(169, 'EMAIL_SUPPORT_REPLY_ADDRESS_NAME', 'Alubogencenter.de · Inh. Rolf Brendemühl', 12, 29, '2019-04-23 11:45:00', '0000-00-00 00:00:00', NULL, NULL),
(170, 'EMAIL_SUPPORT_SUBJECT', 'Herzlich Willkomen beim Alubogencenter.de · Inh. Rolf Brendemühl', 12, 30, '2019-04-23 11:45:13', '0000-00-00 00:00:00', NULL, NULL),
(171, 'EMAIL_SUPPORT_FORWARDING_STRING', 'info@alubogencenter.com', 12, 31, '2020-03-06 21:57:32', '0000-00-00 00:00:00', NULL, NULL),
(172, 'EMAIL_BILLING_ADDRESS', 'info@alubogencenter.com', 12, 32, '2020-03-06 21:57:38', '0000-00-00 00:00:00', NULL, NULL),
(173, 'EMAIL_BILLING_NAME', 'Alubogencenter.de · Inh. Rolf Brendemühl', 12, 33, '2019-04-23 11:45:37', '0000-00-00 00:00:00', NULL, NULL),
(174, 'EMAIL_BILLING_REPLY_ADDRESS', 'info@alubogencenter.com', 12, 34, '2020-03-06 21:57:47', '0000-00-00 00:00:00', NULL, NULL),
(175, 'EMAIL_BILLING_REPLY_ADDRESS_NAME', 'Alubogencenter.de · Inh. Rolf Brendemühl', 12, 35, '2019-04-23 11:45:57', '0000-00-00 00:00:00', NULL, NULL),
(176, 'EMAIL_BILLING_SUBJECT', 'Ihr Auftrag beim Alubogencenter.de · Inh. Rolf Brendemühl', 12, 36, '2019-04-23 11:46:13', '0000-00-00 00:00:00', NULL, NULL),
(177, 'EMAIL_BILLING_FORWARDING_STRING', 'info@alubogencenter.com', 12, 37, '2020-03-06 21:57:54', '0000-00-00 00:00:00', NULL, NULL),
(178, 'EMAIL_BILLING_SUBJECT_ORDER', 'Ihre Bestellung Nr:{$nr} / {$date}', 12, 38, '2020-12-18 12:31:53', '0000-00-00 00:00:00', NULL, NULL),
(179, 'DOWNLOAD_ENABLED', 'false', 102, 1, NULL, '0000-00-00 00:00:00', NULL, 'xtc_cfg_select_option(array(\'true\', \'false\'),'),
(180, 'DOWNLOAD_BY_REDIRECT', 'false', 102, 2, NULL, '0000-00-00 00:00:00', NULL, 'xtc_cfg_select_option(array(\'true\', \'false\'),'),
(181, 'DOWNLOAD_UNALLOWED_PAYMENT', 'banktransfer,cod,invoice,moneyorder', 102, 5, NULL, '0000-00-00 00:00:00', NULL, NULL),
(182, 'DOWNLOAD_MIN_ORDERS_STATUS', '1', 102, 5, NULL, '0000-00-00 00:00:00', NULL, NULL),
(183, 'GZIP_COMPRESSION', 'true', 102, 1, '2011-05-11 11:53:16', '0000-00-00 00:00:00', NULL, 'xtc_cfg_select_option(array(\'true\', \'false\'),'),
(184, 'GZIP_LEVEL', '5', 102, 2, NULL, '0000-00-00 00:00:00', NULL, NULL),
(185, 'SESSION_WRITE_DIRECTORY', '/tmp', 102, 1, NULL, '0000-00-00 00:00:00', NULL, NULL),
(186, 'SESSION_FORCE_COOKIE_USE', 'False', 102, 2, '2007-11-27 12:13:01', '0000-00-00 00:00:00', NULL, 'xtc_cfg_select_option(array(\'True\', \'False\'),'),
(187, 'SESSION_CHECK_SSL_SESSION_ID', 'False', 102, 3, NULL, '0000-00-00 00:00:00', NULL, 'xtc_cfg_select_option(array(\'True\', \'False\'),'),
(188, 'SESSION_CHECK_USER_AGENT', 'False', 102, 4, NULL, '0000-00-00 00:00:00', NULL, 'xtc_cfg_select_option(array(\'True\', \'False\'),'),
(189, 'SESSION_RECREATE', 'True', 102, 7, '2011-05-11 11:54:42', '0000-00-00 00:00:00', NULL, 'xtc_cfg_select_option(array(\'True\', \'False\'),'),
(190, 'META_MIN_KEYWORD_LENGTH', '6', 16, 2, NULL, '0000-00-00 00:00:00', NULL, NULL),
(191, 'META_KEYWORDS_NUMBER', '5', 16, 3, NULL, '0000-00-00 00:00:00', NULL, NULL),
(192, 'META_AUTHOR', 'Rolf Brendemühl', 16, 4, '2023-09-30 17:37:37', '0000-00-00 00:00:00', NULL, NULL),
(193, 'META_PUBLISHER', 'alubogencenter.de  Inh. Rolf Brendemühl', 16, 5, '2024-01-25 17:18:41', '0000-00-00 00:00:00', NULL, NULL),
(194, 'META_COMPANY', 'Alubogencenter.de Inh. Rolf Brendemühl 21244 Buchholz i.d.N.', 16, 6, '2023-09-30 17:38:47', '0000-00-00 00:00:00', NULL, NULL),
(195, 'META_TOPIC', 'shopping', 16, 7, NULL, '0000-00-00 00:00:00', NULL, NULL),
(196, 'META_REPLY_TO', 'info@alubogencenter.com', 16, 8, '2019-04-23 11:49:08', '0000-00-00 00:00:00', NULL, NULL),
(197, 'META_REVISIT_AFTER', '5', 16, 9, '2024-01-25 17:19:13', '0000-00-00 00:00:00', NULL, NULL),
(198, 'META_ROBOTS', 'index,follow,noarchive,snippet,noodp', 16, 10, '2023-09-30 17:41:21', '0000-00-00 00:00:00', NULL, NULL),
(199, 'META_DESCRIPTION', 'Alubogencenter.de Onlineshop', 16, 11, '2024-01-25 17:20:09', '0000-00-00 00:00:00', NULL, NULL),
(200, 'META_KEYWORDS', 'gewindemuffen, gewindenippel, muffen, nippel, aluminiumfittings, aluminiumfittings', 16, 12, '2023-09-30 17:46:37', '0000-00-00 00:00:00', NULL, NULL),
(201, 'CHECK_CLIENT_AGENT', 'true', 102, 13, '2011-03-11 19:31:15', '0000-00-00 00:00:00', NULL, 'xtc_cfg_select_option(array(\'true\', \'false\'),'),
(202, 'USE_SPAW', 'true', 102, 1, NULL, '0000-00-00 00:00:00', NULL, 'xtc_cfg_select_option(array(\'true\', \'false\'),'),
(203, 'ACTIVATE_GIFT_SYSTEM', 'true', 102, 2, '2023-12-29 17:51:53', '0000-00-00 00:00:00', NULL, 'xtc_cfg_select_option(array(\'true\', \'false\'),'),
(204, 'SECURITY_CODE_LENGTH', '10', 102, 3, NULL, '2003-12-05 05:01:41', NULL, NULL),
(205, 'NEW_SIGNUP_GIFT_VOUCHER_AMOUNT', '0', 102, 4, '2005-07-25 15:40:48', '2003-12-05 05:01:41', NULL, NULL),
(206, 'NEW_SIGNUP_DISCOUNT_COUPON', '', 102, 5, NULL, '2003-12-05 05:01:41', NULL, NULL),
(207, 'ACTIVATE_SHIPPING_STATUS', 'true', 102, 6, NULL, '0000-00-00 00:00:00', NULL, 'xtc_cfg_select_option(array(\'true\', \'false\'),'),
(208, 'DISPLAY_CONDITIONS_ON_CHECKOUT', 'false', 102, 7, NULL, '0000-00-00 00:00:00', NULL, 'xtc_cfg_select_option(array(\'true\', \'false\'),'),
(209, 'SHOW_IP_LOG', 'true', 102, 8, '2011-05-11 15:43:25', '0000-00-00 00:00:00', NULL, 'xtc_cfg_select_option(array(\'true\', \'false\'),'),
(210, 'GROUP_CHECK', 'false', 102, 9, '2017-10-09 12:41:33', '0000-00-00 00:00:00', NULL, 'xtc_cfg_select_option(array(\'true\', \'false\'),'),
(211, 'ACTIVATE_NAVIGATOR', 'false', 102, 10, NULL, '0000-00-00 00:00:00', NULL, 'xtc_cfg_select_option(array(\'true\', \'false\'),'),
(212, 'QUICKLINK_ACTIVATED', 'false', 102, 11, '2011-05-11 15:43:11', '0000-00-00 00:00:00', NULL, 'xtc_cfg_select_option(array(\'true\', \'false\'),'),
(213, 'ACCOUNT_COMPANY_VAT_CHECK', 'false', 102, 4, '2010-10-18 14:55:08', '0000-00-00 00:00:00', NULL, 'xtc_cfg_select_option(array(\'true\', \'false\'),'),
(214, 'STORE_OWNER_VAT_ID', 'DE815479160', 110, 3, '2024-10-18 15:21:29', '0000-00-00 00:00:00', NULL, NULL),
(215, 'DEFAULT_CUSTOMERS_VAT_STATUS_ID', '1', 102, 23, '0000-00-00 00:00:00', '0000-00-00 00:00:00', 'xtc_get_customers_status_name', 'xtc_cfg_pull_down_customers_status_list('),
(216, 'ACCOUNT_COMPANY_VAT_LIVE_CHECK', 'false', 102, 4, '2010-10-18 14:55:14', '0000-00-00 00:00:00', NULL, 'xtc_cfg_select_option(array(\'true\', \'false\'),'),
(217, 'ACCOUNT_COMPANY_VAT_GROUP', 'false', 102, 4, '2010-10-18 14:55:18', '0000-00-00 00:00:00', NULL, 'xtc_cfg_select_option(array(\'true\', \'false\'),'),
(218, 'ACCOUNT_VAT_BLOCK_ERROR', 'false', 102, 4, '2010-10-18 14:55:22', '0000-00-00 00:00:00', NULL, 'xtc_cfg_select_option(array(\'true\', \'false\'),'),
(219, 'GOOGLE_CONVERSION_ID', '', 16, 204, NULL, '0000-00-00 00:00:00', NULL, NULL),
(220, 'GOOGLE_LANG', 'de', 16, 205, NULL, '0000-00-00 00:00:00', NULL, NULL),
(221, 'GOOGLE_CONVERSION', 'false', 16, 203, NULL, '0000-00-00 00:00:00', NULL, 'xtc_cfg_select_option(array(\'true\', \'false\'),'),
(490, 'MODULE_SHIPPING_YES_ALLOWED', '', 102, 0, NULL, '2006-10-30 17:25:41', NULL, NULL),
(489, 'MODULE_SHIPPING_YES_SORT_ORDER', '1', 102, 0, NULL, '2006-10-30 17:25:41', NULL, NULL),
(488, 'MODULE_SHIPPING_YES_TAX_CLASS', '1', 102, 0, NULL, '2006-10-30 17:25:41', 'xtc_get_tax_class_title', 'xtc_cfg_pull_down_tax_classes('),
(487, 'MODULE_SHIPPING_YES_HANDLING', '0', 102, 0, NULL, '2006-10-30 17:25:41', NULL, NULL),
(486, 'MODULE_SHIPPING_YES_STATUS', 'True', 102, 0, NULL, '2006-10-30 17:25:41', NULL, 'xtc_cfg_select_option(array(\'True\', \'False\'),'),
(233, 'MODULE_EXPORT_INSTALLED', 'YES_PAYMODULE_products_fake_sets.php;bestand.php;customers_status_prices.php;ebay_products.php;emailexport.php;export_order_stats.php;google_xml_sitemap.php;meldebestand.php;orders_products_stats.php;pennerundrenner.php;products_storages.php;reclamations.php;rueckerstattungen.php;textitems.php;yatego.php;yes2.php', 102, 0, '2025-11-20 11:17:11', '2004-09-15 10:18:40', NULL, NULL),
(502, 'PDF_RECLAMATION_EXPORT_AT_SHIPPING_ACTION', 'True', 7, 52, '2011-04-14 17:49:32', '2007-05-21 00:00:00', NULL, 'xtc_cfg_select_option(array(\'True\', \'False\'),'),
(501, 'PDF_PACKINGSLIP_EXPORT_AT_SHIPPING_ACTION', 'False', 7, 51, '2024-01-26 14:25:47', '2007-05-21 00:00:00', NULL, 'xtc_cfg_select_option(array(\'True\', \'False\'),'),
(325, 'ABS_PATH_TO_PHPAPI', '/www/220189_22085/dove/ebayapi/', 102, 4, '2004-12-26 15:28:56', '2004-08-21 15:51:24', NULL, NULL),
(331, 'EBAY_CURRENCY', '7', 102, 0, '2004-10-11 09:43:57', '2004-08-21 16:51:14', 'xtc_get_ebay_currency_name', 'xtc_cfg_pull_down_ebay_currencies('),
(500, 'PDF_ORDER_EXPORT_AT_SHIPPING_ACTION', 'True', 7, 50, '2011-04-14 17:49:11', '2007-05-21 00:00:00', NULL, 'xtc_cfg_select_option(array(\'True\', \'False\'),'),
(333, 'EBAY_SELLER_COUNTRY', 'de', 101, 2, '2004-11-15 21:44:53', '2004-08-21 20:34:15', 'xtc_get_ebay_country_name', 'xtc_cfg_pull_down_ebay_countries('),
(483, 'SHOP_COMPANY_SUBURB', 'Eingang um das Haus herum', 110, 62, '2024-10-18 15:19:57', '2006-09-28 00:00:00', NULL, NULL),
(481, 'SHOP_COMPANY_NAME', 'Alubogencenter.de · Inh. Rolf Brendemühl', 110, 60, '2023-09-08 15:22:32', '2006-09-28 00:00:00', NULL, NULL),
(482, 'SHOP_COMPANY_STREET', 'Hamburger Straße 4b', 110, 61, '2024-10-18 15:19:47', '2006-09-28 00:00:00', NULL, NULL),
(340, 'EBAY_LOCATION', 'Buchholz i.d.N.', 101, 10, '2023-12-27 15:04:59', '2004-08-21 23:07:06', NULL, NULL),
(494, 'EBAY_CATEGORY2', '', 101, 19, '2007-04-05 09:56:42', '2007-04-05 00:00:00', NULL, NULL),
(344, 'EBAY_PICPATH_WEBSERVER', 'https://alubogencenter.com/images/product_images/popup_images/', 102, 25, '2010-03-25 19:25:39', '2004-08-20 00:00:00', NULL, NULL),
(346, 'EBAY_PAYPAL_EMAIL', 'info@alubogencenter.com', 101, 9, '2023-12-27 15:04:30', '0000-00-00 00:00:00', NULL, NULL),
(347, 'EBAY_CHECKOUT_INSTRUCTIONS', 'Vielen Dank für Ihre Bestellung. Sollten Sie Fragen zu Ihrem Auftrag oder auch uns haben, so kommen Sie bitte direkt auf uns zu.', 101, 22, '2020-03-06 21:49:12', '0000-00-00 00:00:00', NULL, NULL),
(351, 'EBAY_GALLERYFEATURED', '0', 101, 8, NULL, '0000-00-00 00:00:00', NULL, NULL),
(352, 'EBAY_GALLERY', '1', 101, 12, '2004-10-11 21:16:47', '0000-00-00 00:00:00', NULL, NULL),
(495, 'EBAY_QUANTITY', '0', 101, 20, '2007-04-05 09:57:36', '2007-04-05 00:00:00', NULL, NULL),
(358, 'EBAY_AUCTIONTYPE', 'FixedPriceItem', 101, 1, '2023-09-24 18:44:25', '0000-00-00 00:00:00', 'xtc_get_ebay_auctiontype_name', 'xtc_cfg_pull_down_ebay_auctiontypes('),
(359, 'EBAY_DURATION', '0', 101, 1, '2023-09-24 18:45:01', '0000-00-00 00:00:00', 'xtc_get_ebay_duration_name', 'xtc_cfg_pull_down_ebay_durations('),
(391, 'EBAY_SHOW_TAX', '1', 100, 6, '2005-08-17 13:21:26', '2005-08-17 00:00:00', NULL, NULL),
(392, 'EBAY_USERLOGINURL', 'https://alubogencenter.com/ebay_account_edit.php', 102, 21, '2010-03-25 19:24:15', '0000-00-00 00:00:00', NULL, NULL),
(393, 'MODULE_PAYMENT_MONEYORDER_STATUS', 'True', 102, 1, NULL, '2004-09-23 21:00:36', NULL, 'xtc_cfg_select_option(array(\'True\', \'False\'),'),
(394, 'MODULE_PAYMENT_MONEYORDER_ALLOWED', '', 102, 0, NULL, '2004-09-23 21:00:36', NULL, NULL),
(395, 'MODULE_PAYMENT_MONEYORDER_PAYTO', 'Rolf Brendemühl | Postbank Hamburg | BLZ: 20010020 | Konto Nr. 108780202 | IBAN: DE37200100200108780202 | BIC: PBNKDEFFXXX', 110, 1, '2024-10-18 15:20:58', '2004-09-23 21:00:36', NULL, NULL),
(396, 'MODULE_PAYMENT_MONEYORDER_SORT_ORDER', '0', 102, 0, NULL, '2004-09-23 21:00:36', NULL, NULL),
(397, 'MODULE_PAYMENT_MONEYORDER_ZONE', '0', 102, 2, NULL, '2004-09-23 21:00:36', 'xtc_get_zone_class_title', 'xtc_cfg_pull_down_zone_classes('),
(398, 'MODULE_PAYMENT_MONEYORDER_ORDER_STATUS_ID', '1', 102, 0, NULL, '2004-09-23 21:00:36', 'xtc_get_order_status_name', 'xtc_cfg_pull_down_order_statuses('),
(403, 'EBAY_XSELL_DAYSPAN', '1', 100, 3, '2023-09-08 14:46:15', '0000-00-00 00:00:00', NULL, NULL),
(405, 'EBAY_COUNTER', 'NoHitCounter', 101, 20, '2023-09-24 18:45:29', '2004-11-11 00:00:00', 'xtc_get_ebay_counter_name', 'xtc_cfg_pull_down_ebay_counter('),
(406, 'EBAY_GELDZURUECK', '1', 101, 20, '2009-01-24 10:53:46', '0000-00-00 00:00:00', NULL, NULL),
(407, 'EBAY_VATAUCTION', '1', 101, 20, '2009-01-24 10:53:57', '0000-00-00 00:00:00', NULL, NULL),
(408, 'SESSION_TIMEOUT_CUSTOMER', '14400', 102, 8, '2023-12-27 14:16:00', '0000-00-00 00:00:00', NULL, NULL),
(409, 'SESSION_TIMEOUT_ADMIN', '144000', 102, 9, '2023-12-27 14:15:49', '0000-00-00 00:00:00', NULL, NULL),
(410, 'EBAY_SOFORTNEU', '0', 101, 20, '2005-05-26 13:21:46', '2004-01-10 00:00:00', NULL, NULL),
(412, 'EXT_POPUP_WIDTH', '1000', 3, 70, '2006-02-06 23:29:22', '2005-02-18 12:00:00', NULL, NULL),
(413, 'EXT_POPUP_HEIGHT', '700', 3, 71, '2006-02-06 23:32:11', '2005-02-18 12:00:00', '', NULL),
(414, 'MAILMASTER_REPLYBOX_WIDTH', '300', 12, 70, '2017-05-17 23:07:08', '2005-02-18 12:00:00', NULL, NULL),
(415, 'MAILMASTER_REPLYBOX_HEIGHT', '100', 12, 71, '2017-05-17 23:07:20', '2005-02-18 12:00:00', NULL, NULL),
(416, 'MAILMASTER_REPLY_PREFIX', 'RE:', 12, 72, '2023-09-24 13:50:30', '2005-02-18 12:00:00', NULL, NULL),
(417, 'MAILMASTER_NEWMAIL_SUBJECT', 'Rückfrage vom Alubogencenter.de', 12, 73, '2023-09-24 13:51:10', '2005-02-18 12:00:00', NULL, NULL),
(418, 'EXTERN_EBAYPICTURE_SERVER', '0', 102, 1, '2005-05-07 19:49:15', '2005-03-09 14:00:00', NULL, NULL),
(419, 'EXTERN_EBAYPICTURE_SERVER_HOST', '', 102, 2, '2005-05-07 19:49:21', '2005-03-09 14:00:00', NULL, NULL),
(420, 'EXTERN_EBAYPICTURE_SERVER_USERNAME', '', 102, 3, '2005-03-09 21:44:32', '0000-00-00 00:00:00', NULL, NULL),
(421, 'EXTERN_EBAYPICTURE_SERVER_PASSWORD', '', 102, 4, '2005-05-07 19:49:26', '2005-03-09 12:00:00', NULL, NULL),
(422, 'EXTERN_EBAYPICTURE_SERVER_PICURL', '', 102, 5, '2005-05-07 19:49:48', '2005-03-11 09:00:00', NULL, NULL),
(423, 'CRONJOB_EMAILS', '1', 102, 4, '2013-11-05 20:49:05', '2005-04-02 12:00:00', NULL, NULL),
(424, 'EBAYCART_LISTING_IMAGE', '1', 101, 20, '2005-04-14 19:28:20', '2005-04-14 12:00:00', NULL, NULL),
(425, 'PAYMENTFILTER_ALLOCATE_CHECKED', '0', 100, 20, '2005-04-15 12:12:02', '2005-04-15 12:00:00', NULL, NULL),
(426, 'EBAY_SHOPUSERNAME', 'alubogencenter_de', 101, 1, '2019-12-31 13:30:00', '2021-04-22 12:00:00', NULL, NULL),
(427, 'SHIPPING_DEFAULT_VERSENDER', '1', 7, 66, '2024-01-26 14:25:38', '2005-04-25 12:00:00', NULL, NULL),
(428, 'SHIPPING_DEFAULT_VERSENDER_VALUE', '', 7, 66, '2024-06-13 09:05:10', '2005-04-25 12:00:00', '', 'xtc_cfg_pull_down_versender_list('),
(429, 'SHIPPING_GRADUATION', '1', 102, 20, '2005-07-26 17:02:41', '2005-05-02 12:00:00', NULL, NULL),
(430, 'EBAY_CATEGORY', '', 101, 19, '2005-05-19 12:16:43', '2005-05-11 12:00:00', '', NULL),
(431, 'EBAY_SHOPCATEGORY', '', 101, 19, '2005-05-20 18:22:32', '2005-05-20 12:00:00', 'xtc_get_ebayshop_category_name', 'xtc_cfg_pull_down_ebay_shopcategory('),
(433, 'EBAY_ALLCARTPRODUCTS', '0', 100, 20, '2005-05-30 12:00:00', '2005-05-30 12:00:00', NULL, NULL),
(434, 'EBAY_DESCRIPTION_SOURCE', '0', 100, 50, '2010-03-18 17:30:07', '2005-06-30 19:33:15', NULL, NULL),
(435, 'NO_STORAGENUMBER_WARNING', '1', 100, 60, '2005-10-24 20:23:45', '2005-07-03 00:00:00', NULL, NULL),
(436, 'MAX_SHOP_SHIPPINGCOSTS', '100000000000000', 102, 50, '2005-07-27 21:30:50', '2005-07-22 00:00:00', NULL, NULL),
(437, 'SHOP_NOSHIPPINGCOSTS_VALUE', '50000000000000', 102, 51, '2005-07-27 21:34:43', '2005-07-22 00:00:00', NULL, NULL),
(438, 'SHOP_ONLYMAX_SHIPPINGCOSTS', '0', 102, 52, '2005-09-02 13:08:39', '2005-07-22 00:00:00', NULL, NULL),
(439, 'COLLI_ACTIVE', '1', 102, 20, '2006-01-30 14:33:37', '2005-07-20 00:00:00', NULL, NULL),
(440, 'WARNING_DAYSPAN_LEVEL_1', '3', 100, 11, '2025-10-14 15:07:24', '2005-08-17 00:00:00', NULL, NULL),
(441, 'WARNING_DAYSPAN_LEVEL_2', '7', 100, 12, '2025-10-14 15:07:54', '2005-08-17 00:00:00', NULL, NULL),
(442, 'WARNING_DAYSPAN_LEVEL_3', '14', 100, 13, '2025-10-14 15:08:01', '2005-08-17 00:00:00', NULL, NULL),
(443, 'WARNING_DAYSPAN_LEVEL_4', '30', 100, 14, '2025-03-05 13:35:38', '2005-08-17 00:00:00', NULL, NULL),
(444, 'WARNING_AUTOMATIC', '1', 100, 10, '2025-10-14 15:07:12', '2005-08-17 00:00:00', NULL, NULL),
(445, 'WARNING_ENTGANGENER_GEWINN_PROZENT', '0', 100, 17, '2019-05-29 18:55:15', '2005-08-17 00:00:00', NULL, NULL),
(446, 'WARNING_ENTGANGENER_GEWINN_ACTIVE', '0', 100, 16, '2005-08-23 15:22:46', '2005-08-17 00:00:00', NULL, NULL),
(447, 'WARNING_ENTGANGENER_GEWINN_MINIMUM', '0', 100, 18, '2019-05-29 18:55:24', '2005-08-17 00:00:00', NULL, NULL),
(448, 'WARNING_RECHNUNGSBETRAG_MINIMUM', '0', 100, 19, '2019-05-29 18:55:29', '2005-08-17 00:00:00', NULL, NULL),
(449, 'WARNING_LAWYER_EMAIL', 'RA-Export@nox-store.de', 100, 9, '2025-10-14 15:03:52', '2005-08-23 00:00:00', NULL, NULL),
(450, 'NO_SHIPPING_EMAIL', '0', 7, 70, '2024-01-26 14:26:01', '2005-08-29 00:00:00', NULL, NULL),
(451, 'PRODUCT_IMAGE_EBAYCATEGORY_WIDTH', '', 4, 100, '2019-04-23 11:35:46', '2005-09-05 00:00:00', NULL, NULL),
(452, 'PRODUCT_IMAGE_EBAYCATEGORY_HEIGHT', '', 4, 101, '2019-04-23 11:35:55', '2005-09-05 00:00:00', NULL, NULL),
(453, 'PRODUCT_IMAGE_EBAYCATEGORY_BEVEL', '', 4, 102, '2013-04-30 17:44:17', '2005-09-05 00:00:00', NULL, NULL),
(454, 'PRODUCT_IMAGE_EBAYCATEGORY_GREYSCALE', '', 4, 103, '2005-09-05 21:32:41', '2005-09-05 00:00:00', NULL, NULL),
(455, 'PRODUCT_IMAGE_EBAYCATEGORY_ELLIPSE', '', 4, 104, '2005-09-05 21:32:41', '2005-09-05 00:00:00', NULL, NULL),
(456, 'PRODUCT_IMAGE_EBAYCATEGORY_ROUND_EDGES', '', 4, 105, '2005-09-05 21:32:41', '2005-09-05 00:00:00', NULL, NULL),
(457, 'PRODUCT_IMAGE_EBAYCATEGORY_MERGE', '', 4, 106, '2005-09-05 21:32:41', '2005-09-05 00:00:00', NULL, NULL),
(458, 'PRODUCT_IMAGE_EBAYCATEGORY_FRAME', '', 4, 107, '2005-09-05 21:32:41', '2005-09-05 00:00:00', NULL, NULL),
(459, 'PRODUCT_IMAGE_EBAYCATEGORY_DROP_SHADOW', '', 4, 108, '2005-09-05 21:32:41', '2005-09-05 00:00:00', NULL, NULL),
(460, 'PRODUCT_IMAGE_EBAYCATEGORY_MOTION_BLUR', '', 4, 109, '2005-09-05 21:32:41', '2005-09-05 00:00:00', NULL, NULL),
(461, 'BANK_WRAP', '<br>Rolf Brendemühl<br>Postbank Hamburg<br>BLZ: 20010020<br>Konto Nr.: 108780202<br>IBAN: DE37200100200108780202<br>SWIFT/BIC: PBNKDEFF<br>Paypal Zahlungen bitte an: info@alubogencenter.com', 110, 10, '2024-10-18 15:19:12', '2005-09-12 00:00:00', NULL, NULL),
(462, 'STORE_WRAP', 'Alubogencenter.de · Inh. Rolf Brendemühl ·  Hamburger Straße 4b ·  21244 Buchholz i.d.N.<br>', 110, 9, '2023-10-09 12:48:42', '2005-09-12 00:00:00', NULL, NULL),
(466, 'ADMINMAIL_AT_SHOPORDER', '0', 12, 40, '2025-04-07 13:53:35', '2006-03-10 00:00:00', NULL, NULL),
(464, 'SHIPPING_LIST_SIZE', '50', 102, 60, '2006-01-31 08:43:13', '2006-01-31 00:00:00', 'yes_get_shipping_list_size', 'yes_set_shipping_list_size('),
(465, 'PRODUCTSGROUPS_ACTIVE', '1', 102, 40, '2006-06-13 16:49:13', '2005-10-30 00:00:00', NULL, NULL),
(467, 'EBAY_PRODUCTS_HISTORY', '1', 100, 80, '2006-04-24 21:08:39', '2006-04-24 00:00:00', NULL, NULL),
(472, 'DEFAULT_DISTRIBUTOR_ORDERS_STATUS_ID', '1', 102, 1, '2005-08-23 11:38:28', '2005-08-23 00:00:00', NULL, NULL),
(473, 'SHOW_STARTPAGE_CONTENT', '0', 1, 100, '2025-12-21 10:07:47', '2006-06-13 00:00:00', NULL, NULL),
(474, 'SHOW_STARTPAGE_CONTENT_MATRIX_COLS', '1', 1, 101, '2023-09-30 17:34:23', '2006-06-13 00:00:00', NULL, NULL),
(475, 'SHOW_STARTPAGE_CONTENT_MATRIX_ROWS', '4', 1, 102, '2023-09-30 17:35:33', '2006-06-13 00:00:00', NULL, NULL),
(476, 'EBAY_SITE_ID', 'Germany', 100, 10, '2006-06-19 09:43:11', '2006-06-19 00:00:00', 'xtc_get_ebay_site_id_name', 'xtc_cfg_pull_down_ebay_site_id_list('),
(477, 'EBAY_SHOW_AUCTION_TAX', 'true', 101, 20, '2006-08-25 18:49:15', '2006-06-27 00:00:00', NULL, 'xtc_cfg_select_option(array(\'true\', \'false\'),'),
(478, 'INTRASHIP_ID', '', 7, 80, '2006-08-01 11:55:08', '2006-08-01 00:00:00', NULL, NULL),
(479, 'EBAYAPI_HIGHBIDDER_DURATION', '5', 101, 50, '2010-11-24 22:39:54', '2006-09-05 00:00:00', NULL, NULL),
(480, 'EBAY_PAYMENTS', '', 101, 40, '2006-08-31 10:52:24', '2006-08-31 00:00:00', 'xtc_get_ebay_payments', 'xtc_cfg_pull_down_ebay_payments('),
(484, 'SHOP_COMPANY_POSTCODE', '21244', 110, 63, '2024-10-18 15:20:03', '2006-09-28 00:00:00', NULL, NULL),
(485, 'SHOP_COMPANY_CITY', 'Buchholz i.d.N.', 110, 64, '2024-10-18 15:20:09', '2006-09-28 00:00:00', NULL, NULL),
(491, 'MODULE_SHIPPING_YES_COST', '', 102, 0, NULL, '2006-10-30 17:25:41', NULL, NULL),
(492, 'EBAY_SHIPPINGMETHODS', '', 101, 50, NULL, '0000-00-00 00:00:00', 'xtc_get_ebay_shippingmethods', 'xtc_cfg_pull_down_ebay_shippingmethods('),
(496, 'EBAY_BESTOFFER', 'false', 101, 20, '2007-04-05 10:05:16', '2007-04-05 00:00:00', NULL, 'xtc_cfg_select_option(array(\'True\', \'False\'),'),
(497, 'EBAY_BESTOFFER_PRICE', '0', 101, 20, '2007-04-05 10:05:56', '2007-04-05 00:00:00', NULL, ''),
(498, 'EBAY_SUBTITLETEXT', '', 101, 21, '2007-04-05 10:29:46', '2007-04-05 00:00:00', NULL, NULL),
(499, 'EBAY_USER', 'alubogencenter_de', 101, 0, '2019-12-31 19:25:10', '2021-04-16 00:00:00', '', 'xtc_cfg_pull_down_ebay_user('),
(503, 'PDF_PRODUCTS_EXPORT_AT_SHIPPING_ACTION', 'True', 7, 53, '2024-01-26 14:25:30', '2007-05-21 00:00:00', NULL, 'xtc_cfg_select_option(array(\'True\', \'False\'),'),
(504, 'PDF_EMAILS', 'True', 1, 50, '2009-08-03 16:43:33', '2007-05-21 00:00:00', NULL, 'xtc_cfg_select_option(array(\'True\', \'False\'),'),
(505, 'EBAY_PREFERRED_PAYMENTMETHOD', 'MoneyXferAccepted', 101, 41, '2009-01-24 10:53:18', '2007-07-28 00:00:00', NULL, 'xtc_cfg_pull_down_ebay_preferred_payments('),
(506, 'BARCODE_PACKINGSLIP_ACTIVE', 'True', 1, 120, '2011-05-03 13:52:18', '2007-08-17 00:00:00', NULL, 'xtc_cfg_select_option(array(\'True\', \'False\'),'),
(507, 'KAUFABWICKLUNG_COMBINED_SHIPPINGCOSTS_MODE', 'calculator', 101, 41, '2007-09-26 13:31:02', '2007-09-26 00:00:00', NULL, 'xtc_cfg_select_option(array(\'calculator\', \'addition\'),'),
(508, 'KAUFABWICKLUNG_COMBINED_SHIPPINGCOSTS_VALUE', '50', 101, 42, '2007-09-26 13:32:04', '2007-09-26 00:00:00', NULL, NULL),
(509, 'KAUFABWICKLUNG_COMBINED_SHIPPINGCOSTS_ABROAD_MODE', 'calculator', 101, 43, '2007-09-26 13:31:02', '2007-09-26 00:00:00', NULL, 'xtc_cfg_select_option(array(\'calculator\', \'addition\'),'),
(510, 'KAUFABWICKLUNG_COMBINED_SHIPPINGCOSTS_ABROAD_VALUE', '80', 101, 44, '2007-09-26 13:32:04', '2007-09-26 00:00:00', NULL, NULL),
(511, 'KAUFABWICKLUNG_COMBINE_ACTIVE', 'True', 101, 40, '2010-11-24 22:39:35', '2007-09-26 00:00:00', NULL, 'xtc_cfg_select_option(array(\'True\', \'False\'),'),
(687, 'PAYPAL_ERROR_DEBUG', 'false', 25, 24, NULL, '2011-04-14 23:52:24', '', 'xtc_cfg_select_option(array(\"true\", \"false\"),'),
(685, 'PAYPAL_API_CO_BACK', 'F4F4F4', 25, 22, '2023-10-08 09:51:56', '2011-04-14 23:52:24', '', ''),
(686, 'PAYPAL_API_CO_BORD', '00b1d2', 25, 23, '2023-10-08 09:50:28', '2011-04-14 23:52:24', '', ''),
(684, 'PAYPAL_API_IMAGE', 'Alub-logo.png', 25, 21, '2023-10-11 20:31:18', '2011-04-14 23:52:24', '', ''),
(681, 'PAYPAL_EXPRESS_ADDRESS_CHANGE', 'true', 25, 17, NULL, '2011-04-14 23:52:24', '', 'xtc_cfg_select_option(array(\"true\", \"false\"),'),
(682, 'PAYPAL_EXPRESS_ADDRESS_OVERRIDE', 'true', 25, 18, NULL, '2011-04-14 23:52:24', '', 'xtc_cfg_select_option(array(\"true\", \"false\"),'),
(683, 'PAYPAL_API_VERSION', '57.0', 25, 20, NULL, '2011-04-14 23:52:24', '', ''),
(676, 'PAYPAL_ORDER_STATUS_TMP_ID', '7', 25, 9, '2023-10-08 09:49:02', '2011-04-14 23:52:24', 'xtc_get_order_status_name', 'xtc_cfg_pull_down_order_statuses('),
(680, 'PAYPAL_COUNTRY_MODE', 'de', 25, 16, NULL, '2011-04-14 23:52:24', '', 'xtc_cfg_select_option(array(\"de\", \"uk\"),'),
(679, 'PAYPAL_ORDER_STATUS_REJECTED_ID', '1', 25, 12, '2023-10-08 09:49:30', '2011-04-14 23:52:24', 'xtc_get_order_status_name', 'xtc_cfg_pull_down_order_statuses('),
(678, 'PAYPAL_ORDER_STATUS_PENDING_ID', '1', 25, 11, '2023-10-08 09:49:22', '2011-04-14 23:52:24', 'xtc_get_order_status_name', 'xtc_cfg_pull_down_order_statuses('),
(677, 'PAYPAL_ORDER_STATUS_SUCCESS_ID', '6', 25, 10, '2023-10-08 09:49:14', '2011-04-14 23:52:24', 'xtc_get_order_status_name', 'xtc_cfg_pull_down_order_statuses('),
(529, 'WARNING_EXCLUDE_PAYMENTMETHODS', '', 100, 25, '2007-10-23 11:08:28', '2007-10-23 00:00:00', NULL, NULL),
(530, 'LIGHTBOX_ACTIVE', 'False', 4, 200, '2013-11-05 20:27:18', '2007-10-25 00:00:00', '', 'xtc_cfg_select_option(array(\'True\', \'False\'),'),
(531, 'MODULE_TESTEO_DOWNLOADLINK', '', 102, 50, '2007-11-21 10:54:18', '2007-11-21 00:00:00', NULL, NULL),
(532, 'SHIPPING_POSTCODES_GERMANY_SPECIAL', '18565,25845,25846,25847,25849,25859,25863,25869,25929,25930,25931,25932,25933,25938,25939,25940,25941,25942,25946,25947,25948,25949,25952,25953,25954,25955,25961,25962,25963,25964,25965,25966,25967,25968,25969,25970,25980,25985,25986,25988,25989,25990,25992,25993,25994,25996,25997,25998,25999,26465,26474,26486,26584,26571,26579,26757,27498,83209,83256', 7, 110, '2007-11-22 12:35:22', '2007-11-22 00:00:00', NULL, 'xtc_cfg_textarea('),
(533, 'EBAY_AUTOMATIC_FEEDBACK', 'true', 101, 100, '2020-03-06 21:50:34', '2008-01-29 00:00:00', NULL, 'xtc_cfg_select_option(array(\'true\', \'false\'),'),
(534, 'MAX_DISPLAY_SEARCH_RESULTS_ADMIN', '300', 3, 2, '2023-03-12 18:55:23', '2008-02-13 00:00:00', NULL, NULL),
(535, 'PAGE_AFTER_REGISTRATION', '0', 102, 130, '2008-02-21 09:44:51', '2008-02-21 00:00:00', NULL, NULL),
(536, 'GOOGLE_ANALYTICS', 'false', 16, 200, '2008-02-17 10:58:32', '2008-02-17 00:00:00', NULL, 'xtc_cfg_select_option(array(\'true\', \'false\'),'),
(537, 'GOOGLE_ANALYTICS_ID', '', 16, 201, '2009-11-17 22:22:21', '2008-02-17 00:00:00', NULL, NULL),
(538, 'GOOGLE_ANALYTICS_ECOM', 'true', 16, 202, '2009-05-29 16:55:53', '2008-02-17 00:00:00', NULL, 'xtc_cfg_select_option(array(\'true\', \'false\'),'),
(611, 'EBAY_AUTOMATIC_FEEDBACK_BY_PAYMENTALLOCATION', 'true', 100, 70, '2013-11-05 20:28:09', '2010-05-19 00:00:00', NULL, 'xtc_cfg_select_option(array(\'true\', \'false\'),'),
(542, 'EBAY_BESTOFFERAUTOACCEPTPRICE', '0', 101, 20, '2008-03-12 10:07:03', '2008-03-12 00:00:00', NULL, NULL),
(543, 'FEEDBACK_REMINDER_ACTIVE', 'True', 101, 101, '2013-11-05 20:30:00', '2008-03-28 00:00:00', NULL, 'xtc_cfg_select_option(array(\'True\', \'False\'),'),
(544, 'FEEDBACK_REMINDER_DAYS_AFTER_SHIPPING', '5', 101, 102, '2008-03-28 11:29:02', '2008-03-28 00:00:00', NULL, NULL),
(545, 'FEEDBACK_REMINDER_INTERVAL', '5', 101, 103, '2008-03-28 11:40:15', '2008-03-28 00:00:00', NULL, NULL),
(546, 'FEEDBACK_REMINDER_MAX_COUNTER', '2', 101, 104, '2013-11-05 20:30:33', '2008-03-28 00:00:00', NULL, NULL),
(571, 'MODULE_ORDER_TOTAL_COD_FEE_TABLE', 'AT:3.00,DE:3.58,00:9.99', 102, 0, NULL, '2009-01-24 10:43:54', NULL, NULL),
(570, 'MODULE_ORDER_TOTAL_COD_FEE_ITEM', 'AT:3.00,DE:3.58,00:9.99', 102, 0, NULL, '2009-01-24 10:43:54', NULL, NULL),
(569, 'MODULE_ORDER_TOTAL_COD_FEE_FLAT', 'AT:3.00,DE:3.58,00:9.99', 102, 0, NULL, '2009-01-24 10:43:54', NULL, NULL),
(568, 'MODULE_ORDER_TOTAL_COD_SORT_ORDER', '35', 102, 0, NULL, '2009-01-24 10:43:54', NULL, NULL),
(567, 'MODULE_ORDER_TOTAL_COD_STATUS', 'true', 102, 0, NULL, '2009-01-24 10:43:54', NULL, 'xtc_cfg_select_option(array(\'true\', \'false\'), '),
(552, 'MODULE_PAYMENT_INVOICE_STATUS', 'False', 102, 1, NULL, '2008-05-23 17:54:02', NULL, 'xtc_cfg_select_option(array(\'True\', \'False\'),'),
(553, 'MODULE_PAYMENT_INVOICE_ALLOWED', '', 102, 0, NULL, '2008-05-23 17:54:02', NULL, NULL),
(554, 'MODULE_PAYMENT_INVOICE_ZONE', '0', 102, 2, NULL, '2008-05-23 17:54:02', 'xtc_get_zone_class_title', 'xtc_cfg_pull_down_zone_classes('),
(555, 'MODULE_PAYMENT_INVOICE_SORT_ORDER', '0', 102, 0, NULL, '2008-05-23 17:54:02', NULL, NULL),
(556, 'MODULE_PAYMENT_INVOICE_MIN_ORDER', '0', 102, 0, NULL, '2008-05-23 17:54:02', NULL, NULL),
(557, 'MODULE_PAYMENT_INVOICE_ORDER_STATUS_ID', '0', 102, 0, NULL, '2008-05-23 17:54:02', 'xtc_get_order_status_name', 'xtc_cfg_pull_down_order_statuses('),
(558, 'SHOW_PRODUCTS_IN_ACCOUNT_HISTORY_INFO', 'True', 1, 110, '2010-12-16 15:58:01', '2008-05-28 00:00:00', NULL, 'xtc_cfg_select_option(array(\'True\', \'False\'),'),
(559, 'EBAY_SHIPTOLOCATIONS', 'EuropeanUnion', 101, 100, '2013-11-05 20:29:19', '2008-08-11 00:00:00', 'xtc_get_ebay_shiptolocations_name', 'xtc_cfg_pull_down_ebay_shiptolocations_list('),
(560, 'KASSE_USER', '96', 102, 50, '2008-09-26 13:24:14', '2008-09-26 13:24:14', NULL, NULL),
(561, 'EBAY_GALLERYFEATUREDDURATION', '0', 101, 6, '2008-09-27 12:41:39', '2008-09-27 00:00:00', NULL, NULL),
(562, 'EBAY_REVISE_AUTOMATIC', 'to_qty', 101, 80, '2009-08-03 17:37:09', '2008-10-13 00:00:00', 'xtc_get_ebay_revise_automatic_name', 'xtc_cfg_pull_down_ebay_revise_automatic('),
(563, 'EBAY_REVISE_AUTOMATIC_OPTION', '0', 101, 81, '2008-10-13 16:59:52', '2008-10-13 00:00:00', NULL, NULL),
(564, 'PRINT_PACKINGSLIP_AFTER_PAYMENT', 'false', 7, 11, '2008-10-29 07:54:49', '2008-10-29 00:00:00', NULL, 'xtc_cfg_select_option(array(\'true\', \'false\'),'),
(565, 'SHOW_GROUPS_IN_ADVANCED_SEARCH', 'True', 1, 91, '2011-05-11 10:23:00', '2008-12-15 00:00:00', NULL, 'xtc_cfg_select_option(array(\'True\', \'False\'),'),
(566, 'EBAY_ITEMSPECIFICS', '', 101, 66, '2008-12-24 11:38:33', '2008-12-24 00:00:00', 'xtc_get_ebay_itemspecifics', 'xtc_cfg_pull_down_ebay_itemspecifics('),
(572, 'MODULE_ORDER_TOTAL_COD_FEE_ZONES', 'CA:4.50,US:3.00,00:9.99', 102, 0, NULL, '2009-01-24 10:43:54', NULL, NULL),
(573, 'MODULE_ORDER_TOTAL_COD_FEE_AP', 'AT:3.63,00:9.99', 102, 0, NULL, '2009-01-24 10:43:54', NULL, NULL),
(574, 'MODULE_ORDER_TOTAL_COD_FEE_DP', 'DE:4.00,00:9.99', 102, 0, NULL, '2009-01-24 10:43:54', NULL, NULL),
(575, 'MODULE_ORDER_TOTAL_COD_FEE_CHP', 'CH:4.00,00:9.99', 102, 0, NULL, '2009-01-24 10:43:54', NULL, NULL),
(576, 'MODULE_ORDER_TOTAL_COD_FEE_CHRONOPOST', 'FR:4.00,00:9.99', 102, 0, NULL, '2009-01-24 10:43:54', NULL, NULL),
(577, 'MODULE_ORDER_TOTAL_COD_FEE_DHL', 'AT:3.00,DE:3.58,00:9.99', 102, 0, NULL, '2009-01-24 10:43:54', NULL, NULL),
(578, 'MODULE_ORDER_TOTAL_COD_FEE_FREE', 'AT:3.00,DE:3.58,00:9.99', 102, 0, NULL, '2009-01-24 10:43:54', NULL, NULL),
(579, 'MODULE_ORDER_TOTAL_COD_TAX_CLASS', '0', 102, 0, NULL, '2009-01-24 10:43:54', 'xtc_get_tax_class_title', 'xtc_cfg_pull_down_tax_classes('),
(580, 'MODULE_ORDER_TOTAL_PAYMENT_STATUS', 'true', 102, 1, NULL, '2009-01-24 10:44:18', NULL, 'xtc_cfg_select_option(array(\'true\', \'false\'), '),
(581, 'MODULE_ORDER_TOTAL_PAYMENT_SHOW_RATE', 'true', 102, 1, NULL, '2009-01-24 10:44:18', NULL, 'xtc_cfg_select_option(array(\'true\', \'false\'), '),
(582, 'MODULE_ORDER_TOTAL_PAYMENT_SORT_ORDER', '41', 102, 2, NULL, '2009-01-24 10:44:18', NULL, NULL),
(583, 'MODULE_ORDER_TOTAL_PAYMENT_DEFINE', '', 102, 3, NULL, '2009-01-24 10:44:18', NULL, NULL),
(688, 'PAYPAL_API_KEY', '120,116,99,111,109,109,101,114,99,101,95,83,104,111,112,112,105,110,103,67,97,114,116,95', 102, 5, NULL, '2011-04-14 23:52:24', '', ''),
(584, 'AUTOMATIC_DETECT_BROWSER_LANGUAGE', 'false', 102, 55, '2009-02-03 09:59:57', '2009-02-03 00:00:00', NULL, 'xtc_cfg_select_option(array(\'true\', \'false\'),');
INSERT INTO `configuration` (`configuration_id`, `configuration_key`, `configuration_value`, `configuration_group_id`, `sort_order`, `last_modified`, `date_added`, `use_function`, `set_function`) VALUES
(585, 'EBAY_AUTOMATIC_ISBN', 'false', 101, 101, '2009-02-06 10:14:26', '2009-02-06 00:00:00', NULL, 'xtc_cfg_select_option(array(\'true\', \'false\'),'),
(586, 'EBAY_POSTALCODE', '21244', 101, 30, '2023-12-27 15:05:50', '2009-02-21 00:00:00', NULL, NULL),
(587, 'MODULE_GOOGLE_XML_SITEMAP_FILE', 'sitemap.xml', 102, 1, NULL, '2009-03-02 01:15:21', NULL, ''),
(588, 'MODULE_GOOGLE_XML_SITEMAP_STATUS', 'True', 102, 1, NULL, '2009-03-02 01:15:21', NULL, 'xtc_cfg_select_option(array(\'True\', \'False\'), '),
(589, 'EBAYID_FILTER_MONTH', '3', 102, 10, '2011-05-11 12:09:46', '2009-03-17 00:00:00', NULL, NULL),
(590, 'SHIPPING_ACTION_EASYLOG_ABS_REFNR', '', 7, 80, '2009-03-18 14:42:15', '2009-03-18 00:00:00', NULL, NULL),
(591, 'SHIPPING_ACTION_EASYLOG_VERFAHREN', '1', 7, 81, '2009-03-18 14:50:48', '2009-03-18 00:00:00', NULL, NULL),
(592, 'SHIPPING_ACTION_EASYLOG_RUECKSCHEIN', 'false', 7, 81, '2011-04-14 17:49:54', '2009-03-18 00:00:00', NULL, 'xtc_cfg_select_option(array(\'true\', \'false\'),'),
(593, 'SHIPPING_ACTION_EASYLOG_FIXED_WEIGHT', '0', 7, 81, '2009-03-19 12:05:59', '2009-03-19 00:00:00', NULL, NULL),
(594, 'XTPRICE_HIDE_SPECIALPRICE', 'False', 102, 50, '2009-05-07 11:32:22', '2009-05-07 00:00:00', NULL, 'xtc_cfg_select_option(array(\'True\', \'False\'),'),
(595, 'MODULE_YES_FILE', 'yes_produkte_export.csv', 102, 1, NULL, '2009-06-07 21:38:49', NULL, ''),
(596, 'MODULE_YES_STATUS', 'True', 102, 1, NULL, '2009-06-07 21:38:49', NULL, 'xtc_cfg_select_option(array(\'True\', \'False\'), '),
(597, 'EBAY_DISPATCHTIMEMAX', '0', 101, 60, '2009-06-03 21:29:34', '2009-06-03 00:00:00', NULL, NULL),
(598, 'MODULE_OTHER_INSTALLED', 'fibunumbers.php;turnstile.php', 102, 0, '2025-09-30 14:38:55', '2009-09-18 00:14:10', NULL, NULL),
(601, 'UPS_CUSTOMER_ID', 'ABCDE', 7, 60, '2009-10-19 23:06:06', '2009-10-19 00:00:00', NULL, NULL),
(604, 'MODULE_ORDER_TOTAL_SUBTOTAL_STATUS', 'true', 102, 1, NULL, '2009-11-13 11:43:11', NULL, 'xtc_cfg_select_option(array(\'true\', \'false\'), '),
(606, 'CATEGORY_LISTING_IMAGES', 'true', 1, 100, '2024-01-25 17:17:44', '2010-02-16 00:00:00', NULL, 'xtc_cfg_select_option(array(\'true\', \'false\'),'),
(607, 'USE_XSELL', 'false', 1, 100, '2025-04-07 13:30:32', '2010-03-17 00:00:00', NULL, 'xtc_cfg_select_option(array(\'true\', \'false\'),'),
(608, 'EBAY_LIST_ONLY_ACTIVE_PRODUCTS', 'false', 100, 100, '2010-03-19 17:51:33', '2010-03-19 00:00:00', NULL, 'xtc_cfg_select_option(array(\'true\', \'false\'),'),
(609, 'ORDERS_EDIT_PRODUCTS_PRESELECT_PID', 'false', 1, 60, '2011-04-14 17:43:34', '2010-05-06 00:00:00', NULL, 'xtc_cfg_select_option(array(\'true\', \'false\'),'),
(610, 'EBAY_AUTOMATIC_LIST_NO_SELL', 'false', 101, 40, '2010-05-08 15:33:25', '2010-05-08 00:00:00', NULL, 'xtc_cfg_select_option(array(\'true\', \'false\'),'),
(612, 'EBAY_ITEMCONDITION', '', 101, 30, '2023-12-27 15:06:30', '2010-07-05 00:00:00', 'yes_get_ebay_itemcondition_name', 'yes_cfg_pull_down_ebay_itemcondition_list('),
(613, 'PDF_TEASER_IN_ORDERS', 'true', 12, 50, '2011-04-14 17:50:58', '2010-07-28 00:00:00', NULL, 'xtc_cfg_select_option(array(\'true\', \'false\'),'),
(614, 'PDF_TEASER_IN_OC', 'true', 12, 51, '2011-04-14 17:51:04', '2010-07-28 00:00:00', NULL, 'xtc_cfg_select_option(array(\'true\', \'false\'),'),
(615, 'PDF_TEASER_IN_OFFERS', 'true', 12, 52, '2011-04-14 17:51:11', '2010-07-28 00:00:00', NULL, 'xtc_cfg_select_option(array(\'true\', \'false\'),'),
(616, 'EBAY_DEFAULT_DUMMY_PRODUCTS_ID', '7', 100, 40, '2023-03-12 21:36:29', '2010-12-16 00:00:00', NULL, NULL),
(617, 'EBAY_END_AUCTION_AT_SHOPORDER', 'True', 102, 45, '2020-12-18 12:30:21', '2010-12-20 00:00:00', NULL, 'xtc_cfg_select_option(array(\'True\', \'False\'),'),
(673, 'PAYPAL_API_SANDBOX_USER', '', 25, 5, NULL, '2011-04-14 23:52:24', '', ''),
(674, 'PAYPAL_API_SANDBOX_PWD', '', 25, 6, NULL, '2011-04-14 23:52:24', '', ''),
(675, 'PAYPAL_API_SANDBOX_SIGNATURE', '', 25, 7, NULL, '2011-04-14 23:52:24', '', ''),
(670, 'PAYPAL_API_USER', 'paypal_api1.alubogencenter.de', 25, 2, '2023-10-08 09:37:50', '2011-04-14 23:52:24', '', ''),
(671, 'PAYPAL_API_PWD', 'M3GTS7HV7NL7WX6B', 25, 3, '2023-10-08 09:38:14', '2011-04-14 23:52:24', '', ''),
(672, 'PAYPAL_API_SIGNATURE', 'AtkPN0c7sGSpJPN4pEY7DnHjaGNoAUtrlzvXbZXeFWzZBeJAwZ7ozCa2', 25, 4, '2023-10-08 09:38:43', '2011-04-14 23:52:24', '', ''),
(645, 'MODULE_PAYMENT_PAYPAL_ZONE', '0', 102, 2, NULL, '2011-04-14 23:52:14', 'xtc_get_zone_class_title', 'xtc_cfg_pull_down_zone_classes('),
(644, 'MODULE_PAYMENT_PAYPAL_ALLOWED', '', 102, 0, NULL, '2011-04-14 23:52:14', '', ''),
(643, 'MODULE_PAYMENT_PAYPAL_SORT_ORDER', '0', 102, 0, NULL, '2011-04-14 23:52:14', '', ''),
(642, 'MODULE_PAYMENT_PAYPAL_STATUS', 'False', 102, 3, NULL, '2011-04-14 23:52:14', '', 'xtc_cfg_select_option(array(\'True\', \'False\'),'),
(669, 'PAYPAL_MODE', 'live', 25, 1, '2023-10-08 09:41:11', '2011-04-14 23:52:24', '', 'xtc_cfg_select_option(array(\"live\", \"sandbox\"),'),
(666, 'MODULE_PAYMENT_PAYPALEXPRESS_STATUS', 'False', 102, 3, NULL, '2011-04-14 23:52:24', '', 'xtc_cfg_select_option(array(\'True\', \'False\'),'),
(667, 'MODULE_PAYMENT_PAYPALEXPRESS_SORT_ORDER', '0', 102, 0, NULL, '2011-04-14 23:52:24', '', ''),
(668, 'MODULE_PAYMENT_PAYPALEXPRESS_ALLOWED', '', 102, 0, NULL, '2011-04-14 23:52:24', '', ''),
(689, 'MAX_SIZE_EBAY_TITLE', '80', 102, NULL, NULL, '0000-00-00 00:00:00', NULL, NULL),
(690, 'RESERVE_STOCK_FOR_OFFERS', 'false', 9, 50, '2024-05-21 14:26:24', '2011-09-07 00:00:00', NULL, 'xtc_cfg_select_option(array(\'true\', \'false\'),'),
(691, 'STOCK_CHECK_AVAILABLE_METHOD', 'True', 102, 50, '2011-09-14 22:34:49', '2011-09-14 00:00:00', NULL, 'xtc_cfg_select_option(array(\'True\', \'False\'),'),
(692, 'EBAY_CHECKOUT_SEND_EMAIL', 'False', 101, 45, '2012-09-17 09:50:10', '2011-09-14 00:00:00', NULL, 'xtc_cfg_select_option(array(\'True\', \'False\'),'),
(693, 'EBAY_LIST_ONLY_UNIQUE_PRODUCTS', 'False', 100, 45, '2011-09-14 22:34:49', '2011-09-14 00:00:00', NULL, 'xtc_cfg_select_option(array(\'True\', \'False\'),'),
(694, 'EBAY_SHIPPINGDISCOUNTPROFILEID', '', 101, 62, '2011-09-29 13:11:07', '2011-09-29 00:00:00', NULL, NULL),
(695, 'EBAY_INTERNATIONALSHIPPINGDISCOUNTPROFILEID', '', 101, 63, '2011-09-29 13:11:07', '2011-09-29 00:00:00', NULL, NULL),
(696, 'EBAY_RESERVEPRICE', '', 101, 50, '2011-10-23 16:51:51', '2011-10-23 00:00:00', NULL, NULL),
(697, 'CHECK_PRODUCTS_PRICE_AT_STATUS_CHANGE', 'true', 1, 110, '2012-07-16 18:27:04', '2012-01-03 00:00:00', NULL, 'xtc_cfg_select_option(array(\'true\', \'false\'),'),
(698, 'EBAY_GALLERYPLUS', '0', 101, 13, '2012-02-21 00:00:00', '2012-02-21 00:00:00', NULL, NULL),
(699, 'REMINDER_WEEKS', '1', 1, 100, '2008-04-18 17:16:53', '2007-06-21 00:00:00', NULL, NULL),
(700, 'EBAY_ADDTIMER_ERROR_NOTICE', 'True', 101, 20, '2012-03-08 00:00:00', '2012-03-08 00:00:00', NULL, 'xtc_cfg_select_option(array(\'True\', \'False\'),'),
(701, 'EASYLOG_NORMALVERSAND_PRODUKTNUMMER_NATIONAL', '127', 7, 20, '2012-03-19 22:06:23', '2012-03-19 22:06:23', NULL, NULL),
(702, 'EASYLOG_NORMALVERSAND_VERFAHREN_NATIONAL', '1', 7, 21, '2012-03-19 22:06:23', '2012-03-19 22:06:23', NULL, NULL),
(703, 'EASYLOG_NORMALVERSAND_PRODUKTNUMMER_INTERNATIONAL', '5301', 7, 22, '2012-03-19 22:06:23', '2012-03-19 22:06:23', NULL, NULL),
(704, 'EASYLOG_NORMALVERSAND_VERFAHREN_INTERNATIONAL', '53', 7, 23, '2012-03-19 22:06:23', '2012-03-19 22:06:23', NULL, NULL),
(705, 'EASYLOG_RUECKSCHEIN_PRODUKTNUMMER_NATIONAL', '127', 7, 24, '2012-03-19 22:06:23', '2012-03-19 22:06:23', NULL, NULL),
(706, 'EASYLOG_RUECKSCHEIN_PRODUKTNUMMER_INTERNATIONAL', '5301', 7, 25, '2012-03-19 22:06:23', '2012-03-19 22:06:23', NULL, NULL),
(707, 'EASYLOG_NACHNAHME_PRODUKTNUMMER_NATIONAL', '127', 7, 26, '2012-03-19 22:06:23', '2012-03-19 22:06:23', NULL, NULL),
(708, 'EASYLOG_NACHNAHME_PRODUKTNUMMER_INTERNATIONAL', '5311', 7, 27, '2012-03-19 22:06:23', '2012-03-19 22:06:23', NULL, NULL),
(709, 'EASYLOG_TEILNEHMERNUMMER', '01', 7, 28, '2012-03-19 22:06:23', '2012-03-19 22:06:23', NULL, NULL),
(710, 'DISPLAY_WIDERRUF_ON_CHECKOUT', 'false', 17, 7, '2012-03-19 22:06:23', '2012-03-19 22:06:23', NULL, 'xtc_cfg_select_option(array(\'true\', \'false\'),'),
(711, 'EASYLOG_NORMALVERSAND_PRODUKTNUMMER_AT', '127', 7, 20, '2012-05-02 21:08:44', '2012-05-02 21:08:44', NULL, NULL),
(712, 'PAYMENT_CONFIRMATION_EMAIL_ACTIVE', 'true', 12, 20, '2012-12-20 11:43:13', '2012-05-02 21:08:44', NULL, 'xtc_cfg_select_option(array(\'true\', \'false\'),'),
(713, 'SEND_FEEDBACK_MAIL_DURATION_WEEKS', '0', 12, 50, '2012-04-16 00:00:00', '2012-04-16 00:00:00', NULL, NULL),
(714, 'SUMA_USE_SHOP_NAME_IN_PRODUCTS_DETAILS_PAGE', 'True', 16, 20, '2013-04-30 17:46:19', '2012-06-05 00:00:00', NULL, 'xtc_cfg_select_option(array(\'True\', \'False\'),'),
(715, 'SUMA_USE_PRODUCTS_NAME_AND_PRODUCTS_META_TITLE_FOR_META', 'All', 16, 25, '2013-11-05 20:27:40', '2012-06-05 00:00:00', NULL, 'xtc_cfg_select_option(array(\'False\',\'Title\', \'Meta\',\'All\'),'),
(716, 'BOX_MARKETING', '0,3:', 1, 60, '2025-12-21 10:08:22', '2012-06-05 00:00:00', NULL, 'yes_get_marketing_box_select('),
(717, 'USE_NO_ORIGINAL_IMAGES', 'False', 102, 30, NULL, '0000-00-00 00:00:00', NULL, NULL),
(718, 'SUMA_USE_SHOP_NAME_IN_CATEGORIES', 'True', 16, 20, '2012-08-23 00:00:00', '2012-08-23 00:00:00', NULL, 'xtc_cfg_select_option(array(\'True\', \'False\'),'),
(719, 'EBAY_MAX_TIMER_ITEMS', '500', 102, 50, '2012-11-19 00:00:00', '2012-11-19 00:00:00', NULL, NULL),
(720, 'EBAY_RETURNPOLICY_DESCRIPTION', '', 100, 50, '2012-11-19 00:00:00', '2012-11-19 00:00:00', NULL, NULL),
(721, 'BOX_SPECIAL_PRODUCT_ID', '510', 1, 300, '2025-04-07 13:29:11', '0000-00-00 00:00:00', NULL, NULL),
(722, 'MODULE_ORDER_TOTAL_COUPON_STATUS', 'true', 6, 1, NULL, '2013-01-30 19:25:13', NULL, 'xtc_cfg_select_option(array(\'true\', \'false\'), '),
(723, 'MODULE_ORDER_TOTAL_COUPON_SORT_ORDER', '70', 6, 2, NULL, '2013-01-30 19:25:13', NULL, NULL),
(724, 'MODULE_ORDER_TOTAL_COUPON_INC_SHIPPING', 'true', 6, 5, NULL, '2013-01-30 19:25:13', NULL, 'xtc_cfg_select_option(array(\'true\', \'false\'), '),
(725, 'MODULE_ORDER_TOTAL_COUPON_INC_TAX', 'true', 6, 6, NULL, '2013-01-30 19:25:13', NULL, 'xtc_cfg_select_option(array(\'true\', \'false\'), '),
(726, 'MODULE_ORDER_TOTAL_COUPON_CALC_TAX', 'None', 6, 7, NULL, '2013-01-30 19:25:13', NULL, 'xtc_cfg_select_option(array(\'None\', \'Standard\', \'Credit Note\'), '),
(727, 'MODULE_ORDER_TOTAL_COUPON_TAX_CLASS', '0', 6, 0, NULL, '2013-01-30 19:25:13', 'xtc_get_tax_class_title', 'xtc_cfg_pull_down_tax_classes('),
(728, 'SCANNERKASSE_ONLY_SEARCHRESULTS_WITH_V1_QUANTITY', 'True', 9, 20, '2020-03-06 21:56:43', '2013-02-03 00:00:00', NULL, 'xtc_cfg_select_option(array(\'True\', \'False\'),'),
(729, 'EXPORT_PRE_SHIPPING_PDF_AT_SHIPPING_ACTION_WRITE', 'False', 7, 50, '2013-04-12 00:00:00', '2013-04-12 00:00:00', NULL, 'xtc_cfg_select_option(array(\'True\', \'False\'),'),
(730, 'EBAY_SET_ORDERS_STATUS_BEZAHLT_BY_PAYPAL_PAYMENT', 'True', 101, 100, '2013-04-12 00:00:00', '2013-04-12 00:00:00', NULL, 'xtc_cfg_select_option(array(\'True\', \'False\'),'),
(731, 'EASYLOG2_PARTICLE_UPLOAD', 'False', 7, 21, '2013-08-01 00:00:00', '2013-08-21 00:00:00', NULL, 'xtc_cfg_select_option(array(\'True\', \'False\'),'),
(732, 'SHIPPING_ACTION_GESAMTLISTE_SAVE_IN_TEMPLATE_DIRECTORY', 'False', 7, 100, '2013-08-01 00:00:00', '2013-08-21 00:00:00', NULL, 'xtc_cfg_select_option(array(\'True\', \'False\'),'),
(733, 'EBAY_RETURNSWITHINCODE', 'Days_14', 101, 60, '2020-03-06 21:50:46', '2013-09-03 08:43:13', 'yes_get_ebay_returnswithincode_name', 'yes_cfg_pull_down_ebay_returnswithincodes('),
(734, 'EBAY_SHIPPINGCOSTPAIDBY', 'EUBuyer_CancelRightsUnder40', 101, 60, '2013-11-05 20:28:50', '2013-09-03 08:43:13', 'yes_get_ebay_shippingcostpaidby_name', 'yes_cfg_pull_down_ebay_shippingcostpaidbycodes('),
(735, 'SHIPPING_EXPORT_SHIPPER_PDF', 'False', 102, NULL, '2013-09-24 19:24:36', '2013-09-24 00:00:00', NULL, 'xtc_cfg_select_option(array(\'True\', \'False\'),'),
(739, 'ALLOW_COMBINE_ORDERS_WITH_FIBU_NUMBER', 'False', 1, 100, '2013-12-04 00:00:00', '2013-12-04 00:00:00', NULL, 'xtc_cfg_select_option(array(\'True\', \'False\'),'),
(740, 'DOMPDF_ORDER_LANDSCAPE', 'False', 1, 130, '2013-11-24 00:00:00', '2013-11-24 00:00:00', NULL, 'xtc_cfg_select_option(array(\'True\', \'False\'),'),
(738, 'EASYLOG2_PARTICLE_UPLOAD_FTP_ACCOUNT', '', 7, 22, '2013-11-21 00:00:00', '2013-11-21 00:00:00', NULL, NULL),
(741, 'SHOW_EDIT_ADRESS', 'true', 1, 17, '2014-04-09 11:37:14', '0000-00-00 00:00:00', NULL, 'xtc_cfg_select_option(array(\'true\',\'false\'),'),
(742, 'SHOW_ORDER_LIST', 'true', 1, 18, '2014-04-09 11:36:39', '0000-00-00 00:00:00', NULL, 'xtc_cfg_select_option(array(\'true\',\'false\'),'),
(743, 'WISHLIST_AUTO', 'true', 17, 99, NULL, '0000-00-00 00:00:00', NULL, 'xtc_cfg_select_option(array(\'true\', \'false\'),'),
(744, 'NAVTRAIL_PRODUCTS_TITLE', 'products_ean', 1, 100, '2023-09-30 17:35:57', '2014-05-12 00:00:00', 'xtc_get_navtrail_product_title_type', 'xtc_cfg_pull_down_navtrail_product_title_types('),
(745, 'MAX_ITEMS_SHIPPING_ACTION', '50', 3, 99, NULL, '2014-07-08 00:00:00', NULL, ''),
(746, 'MAX_DISPLAY_SEARCH_RESULTS_SHIPPING', '50', 3, 100, NULL, '2014-07-10 00:00:00', NULL, NULL),
(747, 'ORDERS_CREDIT_PRODUCTS_ID', '3', 102, 50, '2017-03-06 18:29:35', '2014-09-09 00:00:00', NULL, NULL),
(748, 'MARGENRECHNER_FIXKOSTEN_PERCENT', '20', 3, 100, '2025-02-17 11:44:30', '2014-08-07 00:00:00', NULL, NULL),
(749, 'MARGENRECHNER_AMAZONFEE_PERCENT', '12', 3, 101, '2024-03-26 16:35:28', '2014-08-07 00:00:00', NULL, NULL),
(750, 'MARGENRECHNER_EBAYFEE_PERCENT', '11', 3, 102, '2024-03-26 16:34:10', '2014-08-07 00:00:00', NULL, NULL),
(751, 'EBAYAPI_CART_PRODUCTS_DEFAULT_SORT', 'id ASC', 100, 50, NULL, '2014-10-27 00:00:00', NULL, NULL),
(752, 'SHIPPING_ACTION_DPD_ACCOUNT_NUMBER', '', 7, 70, NULL, '2014-11-07 00:00:00', NULL, NULL),
(753, 'SHIPPING_BARCODESCAN_DEFAULTMODE', 'ean', 7, 100, NULL, '2015-02-03 00:00:00', NULL, 'xtc_cfg_select_option(array(\'ean\', \'orders\',\'items\'),'),
(754, 'PRODUCTS_EMAIL_NOTIFICATION_SUBJECT', 'Artikelbenachrichtigung: %s', 12, 60, NULL, '2015-01-26 00:00:00', NULL, NULL),
(755, 'SHIPPING_ACTION_DPD_ACCOUNT_NUMBER', '', 7, 70, NULL, '2014-11-07 00:00:00', NULL, NULL),
(756, 'SHIPPING_ACTION_DPD_ACCOUNT_SUFFIX', '', 7, 70, NULL, '2014-11-07 00:00:00', NULL, NULL),
(757, 'RECLAMATIONS_STATUS_WARENRUECKNAHME', '6', 1, 200, '2015-06-25 11:53:15', '2015-06-18 00:00:00', 'xtc_get_reclamations_types_name', 'yes_cfg_pull_down_reclamation_types('),
(762, 'EBAY_USE_PRODUCTS_EAN_FROM_PRODUCT_AS_ISBN', 'False', 101, 96, '2015-06-26 00:00:00', '2015-06-26 00:00:00', NULL, 'xtc_cfg_select_option(array(\'True\', \'False\'),'),
(761, 'EBAY_USE_PRODUCTS_EAN_FROM_PRODUCT_AS_EAN', 'True', 101, 95, '2015-06-26 00:00:00', '2015-06-26 00:00:00', NULL, 'xtc_cfg_select_option(array(\'True\', \'False\'),'),
(763, 'NEWSLETTER_SUBSCRIPTION_COUPON', '', 12, 50, '2015-07-08 00:00:00', '2015-07-08 00:00:00', NULL, NULL),
(764, 'DISTRIBUTOR_ORDER_PRODUCTS_DISTRIBUTOR_PRICES_AUTOMATIC_INSERT', 'True', 1, 100, '2015-07-02 00:00:00', '2015-07-02 00:00:00', NULL, 'xtc_cfg_select_option(array(\'True\', \'False\'),'),
(765, 'EBAY_AUCTION_IMAGE_PATH', 'original_images', 101, 33, '2020-03-06 21:49:41', '2015-06-26 00:00:00', NULL, 'xtc_cfg_select_image_path('),
(766, 'EBAY_FEATURE_OUTOFSTOCK', 'False', 100, 100, '2015-08-02 00:00:00', '2015-08-02 00:00:00', NULL, 'xtc_cfg_select_option(array(\'True\', \'False\'),'),
(767, 'EBAY_PRODUCTS_PRICE_CUSTOMER_STATUS', '4', 100, 20, '2023-03-24 15:26:18', '2015-11-30 00:00:00', 'xtc_get_customers_status_name', 'xtc_cfg_pull_down_customers_status_list('),
(768, 'EBAY_PLUS', 'False', 101, 67, '2016-02-22 00:00:00', '2016-02-22 00:00:00', NULL, 'xtc_cfg_select_option(array(\'True\', \'False\'),'),
(769, 'EBAY_SELLER_PROFILE_PAYMENT_ID', '', 101, 25, '0000-00-00 00:00:00', '0000-00-00 00:00:00', NULL, 'xtc_cfg_pull_down_ebay_seller_profile_payment_id('),
(770, 'EBAY_SELLER_PROFILE_RETURN_POLICY_ID', '', 101, 25, '0000-00-00 00:00:00', '0000-00-00 00:00:00', NULL, 'xtc_cfg_pull_down_ebay_seller_profile_return_policy_id('),
(771, 'EBAY_SELLER_PROFILE_SHIPPING_ID', '', 101, 25, '0000-00-00 00:00:00', '0000-00-00 00:00:00', NULL, 'xtc_cfg_pull_down_ebay_seller_profile_shipping_id('),
(772, 'SHIPPING_REDEFINE_CHEAPEST', 'False', 7, 65, '2017-01-03 00:00:00', '2017-01-03 00:00:00', NULL, 'xtc_cfg_select_option(array(\'True\', \'False\'),'),
(773, 'SEND_SHIPPING_EMAIL_SUBJECT', 'Ihre Bestellung wurde versendet.', 12, 70, '2017-05-17 23:06:55', '2016-10-04 00:00:00', NULL, NULL),
(774, 'RUECKERSTATTUNG_EMAIL_SUBJECT', 'Rückerstattung', 12, 71, '2017-05-17 23:06:44', '2016-10-04 00:00:00', NULL, NULL),
(775, 'RETOURE_EMAIL_SUBJECT', 'Retoure', 12, 72, '2016-10-04 00:00:00', '2016-10-04 00:00:00', NULL, NULL),
(779, 'SHIPPING_EMAIL_ATTACHEMENT', '', 12, 69, '2017-03-14 00:00:00', '2017-03-14 00:00:00', NULL, 'xtc_cfg_select_ebaymich_file('),
(780, 'DHL_VERSENDEN_APPLICATION_ID', '', 7, 30, '2017-09-06 00:00:00', '2017-09-06 00:00:00', NULL, NULL),
(781, 'DHL_VERSENDEN_APPLICATION_TOKEN', '', 7, 31, '2017-09-06 00:00:00', '2017-09-06 00:00:00', NULL, NULL),
(782, 'DEFAULT_CUSTOMERS_VAT_STATUS_ID_LOCAL', '10', 18, 23, '2023-09-30 17:48:29', '2017-11-17 00:00:00', 'xtc_get_customers_status_name', 'xtc_cfg_pull_down_customers_status_list('),
(783, 'RUECKERSTATTUNG_NEGATIVE_ORDER_PRODUCTS_ID', '15', 1, 100, '2019-05-29 17:53:20', '2017-11-03 00:00:00', NULL, NULL),
(784, 'MAX_DISPLAY_PRODUCTS_BESTSELLER_PAGE', '20', 3, 5, NULL, '2018-02-13 00:00:00', NULL, NULL),
(785, 'HEADER_SNIPPETS', '', 16, 50, '2018-06-01 00:00:00', '2018-06-01 00:00:00', NULL, 'xtc_cfg_textarea('),
(786, 'TINYMCE_VERSION', '4.0.10', 0, 5, NULL, '2018-02-13 00:00:00', NULL, NULL),
(789, 'PRODUCTS_IN_CATEGORY_DEFAULT_SORT_KEY', 'RAND', 1, 70, '2023-09-08 14:12:08', '2019-06-17 00:00:00', NULL, NULL),
(790, 'DSGVO_ALLOW_SEND_CUSTOMER_EMAIL_ADDRESS_TO_SHIPPER', 'False', 7, 40, '2023-12-27 12:28:08', '2019-06-27 00:00:00', '', 'xtc_cfg_select_option(array(\'True\', \'False\'),'),
(791, 'PRODUCT_IMAGES_IMPORT_SIZE', '20', 102, 55, '2020-01-06 00:00:00', '2020-01-06 00:00:00', NULL, NULL),
(792, 'MODULE_YES2_FILE', 'yes2_export.csv', 6, 1, '2025-11-20 11:16:36', '2020-03-09 15:46:46', NULL, ''),
(793, 'MODULE_YES2_STATUS', 'True', 6, 1, '2025-11-20 11:16:36', '2020-03-09 15:46:46', NULL, 'xtc_cfg_select_option(array(\'True\', \'False\'), '),
(794, 'EBAY_EMAIL_SUBJECT', 'Ihre Bestellung {$ebay_userid} / {$ebay_id} / {$orders_id}', 100, 105, '2020-12-18 12:30:52', '2020-06-12 00:00:00', NULL, NULL),
(795, 'ORDER_LISTING_COUNTRY_SRC', 'o.customers_country', 1, 92, '0000-00-00 00:00:00', '0000-00-00 00:00:00', 'xtc_get_order_listing_country_src_name', 'xtc_cfg_pull_down_order_listing_country_src('),
(796, 'EUOSS_COUNTRIES_ISO2LIST', 'FR,AT,PL,BE,DK,FI,DE,IT,LU,NL,ES,PT,BG,CY,CZ,EE,GR,HR,HU,IE,LT,LU,LV,MT,RO,SE,SI,SK', 7, 22, '2021-07-15 10:52:43', '2021-07-15 10:52:43', NULL, NULL),
(797, 'MODULE_YATEGO_FILE', 'Aubogencenter.csv', 6, 1, '2025-11-20 11:16:26', '2023-09-04 14:01:20', NULL, ''),
(798, 'MODULE_YATEGO_STATUS', 'True', 6, 1, '2025-11-20 11:16:26', '2023-09-04 14:01:20', NULL, 'xtc_cfg_select_option(array(\'True\', \'False\'), '),
(799, 'MODULE_YATEGO_PROMO_TEXT', 'ABC', 6, 2, '2025-11-20 11:16:26', '2023-09-04 14:01:20', NULL, ''),
(800, 'MODULE_YATEGO_EXPORT_ONLY_V1', 'True', 6, 3, '2025-11-20 11:16:26', '2023-09-04 14:01:20', NULL, 'xtc_cfg_select_option(array(\'True\', \'False\'), '),
(801, 'YES_PAYMODULE_PRODUCTS_FAKE_SETS_STATUS', 'True', 6, 1, '2025-11-20 11:07:31', '2023-09-16 12:42:58', NULL, 'xtc_cfg_select_option(array(\'True\', \'False\'), '),
(802, 'MODULE_MELDEBESTAND_FILE', 'meldebestand.csv', 6, 1, '2025-11-20 11:14:28', '2023-09-23 16:20:03', NULL, ''),
(803, 'MODULE_MELDEBESTAND_STATUS', 'True', 6, 1, '2025-11-20 11:14:28', '2023-09-23 16:20:03', NULL, 'xtc_cfg_select_option(array(\'True\', \'False\'), '),
(804, 'MODULE_PRODUCTS_STORAGES_FILE', 'yes_export.csv', 6, 1, '2025-11-20 11:15:49', '2023-09-24 12:44:07', NULL, ''),
(805, 'MODULE_PRODUCTS_STORAGES_STATUS', 'True', 6, 1, '2025-11-20 11:15:49', '2023-09-24 12:44:07', NULL, 'xtc_cfg_select_option(array(\'True\', \'False\'), '),
(806, 'MODULE_TEXTITEMS_FILE', 'yes_textbausteine.csv', 6, 1, '2025-11-20 11:16:11', '2023-09-30 15:01:52', NULL, ''),
(807, 'MODULE_TEXTITEMS_STATUS', 'True', 6, 1, '2025-11-20 11:16:11', '2023-09-30 15:01:52', NULL, 'xtc_cfg_select_option(array(\'True\', \'False\'), '),
(830, 'MODULE_ORDERS_PRODUCTS_STATS_STATUS', 'True', 6, 1, '2025-11-20 11:15:25', '2024-01-07 14:27:44', NULL, 'xtc_cfg_select_option(array(\'True\', \'False\'), '),
(829, 'MODULE_ORDERS_PRODUCTS_STATS_SORT_ORDER', '0', 6, 1, '2025-11-20 11:15:25', '2024-01-07 14:27:44', NULL, ''),
(811, 'MODULE_BESTAND_STATUS', 'True', 6, 1, '2025-11-20 11:07:42', '2023-10-28 13:35:09', NULL, 'xtc_cfg_select_option(array(\'True\', \'False\'), '),
(812, 'MODULE_BESTAND_SORT_ORDER', '0', 6, 1, '2025-11-20 11:07:42', '2023-10-28 13:35:09', NULL, ''),
(813, 'MODULE_CUSTOMERS_STATUS_PRICES_STATUS', 'True', 6, 1, '2025-11-20 11:09:06', '2023-10-28 14:00:42', NULL, 'xtc_cfg_select_option(array(\'True\', \'False\'), '),
(814, 'MODULE_CUSTOMERS_STATUS_PRICES_SORT_ORDER', '0', 6, 1, '2025-11-20 11:09:06', '2023-10-28 14:00:42', NULL, ''),
(815, 'MODULE_EMAILEXPORT_STATUS', 'True', 6, 1, '2025-11-20 11:13:56', '2023-10-28 14:07:28', NULL, 'xtc_cfg_select_option(array(\'True\', \'False\'), '),
(816, 'MODULE_PENNERUNDRENNER_FILE', 'pennerundrenner_export.csv', 6, 1, '2025-11-20 11:15:40', '2023-10-28 14:09:35', NULL, ''),
(817, 'MODULE_PENNERUNDRENNER_STATUS', 'True', 6, 1, '2025-11-20 11:15:40', '2023-10-28 14:09:35', NULL, 'xtc_cfg_select_option(array(\'True\', \'False\'), '),
(849, 'MODULE_PAYMENT_YES_PPP_PAYPALME', 'alubogencenter', 6, 7, '2025-07-22 16:57:48', '2025-07-08 16:33:53', NULL, NULL),
(848, 'MODULE_PAYMENT_YES_PPP_APISECRET', 'ENUwWGxL9A2VSLlZN_DkNOFVKPIKIi9455nh8c1oNju_ToKM2s4reR_aeasbd9BLY1MNZi7_ImWac37o', 6, 6, '2025-07-22 16:57:48', '2025-07-08 16:33:53', NULL, NULL),
(847, 'MODULE_PAYMENT_YES_PPP_APICLIENTID', 'AetojuCSURD9e4kimVV2El2_0OEBH3dj8ZmOOdvTTVCtoxr4pTn-W4O3iIkpdJ4ndYa1XzZOAMh012FY', 6, 5, '2025-07-22 16:57:48', '2025-07-08 16:33:53', NULL, NULL),
(845, 'MODULE_PAYMENT_YES_PPP_SORT_ORDER', '0', 6, 3, '2025-07-22 16:57:48', '2025-07-08 16:33:53', NULL, NULL),
(846, 'MODULE_PAYMENT_YES_PPP_MODE', 'Live', 6, 4, '2025-07-22 16:57:48', '2025-07-08 16:33:53', NULL, 'xtc_cfg_select_option(array(\'Live\', \'Sandbox\'), '),
(844, 'MODULE_PAYMENT_YES_PPP_STATUS', 'True', 6, 1, '2025-07-22 16:57:48', '2025-07-08 16:33:53', NULL, 'xtc_cfg_select_option(array(\'True\', \'False\'), '),
(823, 'YES_BOXES', 'admin.php;best_sellers.php;categories_groups.php;categories_struct.php;content.php;infobox.php;information.php;languages.php;last_viewed.php;loginbox.php;manufacturers.php;marketing.php;newsletter.php;pop_cart.php;product_notifications.php;search.php;search_ean.php;shopping_cart.php;specials.php;whats_new.php;yesdsgvo.php', 1, 20, '2025-12-21 10:05:47', '2023-12-21 09:25:23', 'yes_boxes_get_config', 'yes_boxes_set_config('),
(824, 'MODULE_OTHER_FIBUNUMBERS_STATUS', 'True', 6, 1, '2023-12-27 17:21:38', '2023-12-27 17:21:28', NULL, 'xtc_cfg_select_option(array(\'True\', \'False\'), '),
(825, 'MODULE_OTHER_FIBUNUMBERS_SORT_ORDER', '0', 6, 1, '2023-12-27 17:21:38', '2023-12-27 17:21:28', NULL, NULL),
(826, 'MODULE_OTHER_FIBUNUMBERS_START', '10000', 6, 1, '2023-12-27 17:21:38', '2023-12-27 17:21:28', NULL, NULL),
(827, 'MODULE_OTHER_FIBUNUMBERS_AUTOMATIC', 'True', 6, 1, '2023-12-27 17:21:38', '2023-12-27 17:21:28', NULL, 'xtc_cfg_select_option(array(\'True\', \'False\'), '),
(828, 'YES_BOXES', '', 1, 20, '2023-12-21 09:25:23', '2023-12-21 09:25:23', 'yes_boxes_get_config', 'yes_boxes_set_config('),
(831, 'AMAZON_FULFILLMENT_ADDRESS_DATA_NAME', '', 110, 200, NULL, '2024-01-17 18:48:20', NULL, NULL),
(832, 'AMAZON_FULFILLMENT_ADDRESS_DATA_LINE1', '', 110, 201, NULL, '2024-01-17 18:48:20', NULL, NULL),
(833, 'AMAZON_FULFILLMENT_ADDRESS_DATA_LINE2', '', 110, 202, NULL, '2024-01-17 18:48:20', NULL, NULL),
(834, 'AMAZON_FULFILLMENT_ADDRESS_DATA_LINE3', '', 110, 203, NULL, '2024-01-17 18:48:20', NULL, NULL),
(835, 'AMAZON_FULFILLMENT_ADDRESS_DATA_CITY', '', 110, 204, NULL, '2024-01-17 18:48:20', NULL, NULL),
(836, 'AMAZON_FULFILLMENT_ADDRESS_DATA_COUNTY', '', 110, 205, NULL, '2024-01-17 18:48:20', NULL, NULL),
(837, 'AMAZON_FULFILLMENT_ADDRESS_DATA_STATE_OR_REGION', '', 110, 206, NULL, '2024-01-17 18:48:20', NULL, NULL),
(838, 'AMAZON_FULFILLMENT_ADDRESS_DATA_POSTALCODE', '', 110, 207, NULL, '2024-01-17 18:48:20', NULL, NULL),
(839, 'AMAZON_FULFILLMENT_ADDRESS_DATA_COUNTRYCODE', '', 110, 208, NULL, '2024-01-17 18:48:20', NULL, NULL),
(840, 'MODULE_OTHER_AMAZON_MARKETPLACE_IDS', 'A1PA6795UKMFR9', 6, 10, NULL, '2024-01-23 15:47:01', NULL, NULL),
(841, 'MARGENRECHNER_HITMEISTERFEE_PERCENT', '13', 3, 103, '2024-03-26 16:35:19', '0000-00-00 00:00:00', NULL, NULL),
(842, 'MODULE_EXPORT_ORDER_STATS_STATUS', 'True', 6, 1, '2025-11-20 11:14:12', '2024-09-16 14:17:37', NULL, 'xtc_cfg_select_option(array(\'True\', \'False\'), '),
(843, 'EBAY_ORDER_RESERVATION_ORDERS_ID', '', 101, 100, NULL, '2025-07-08 15:10:19', NULL, NULL),
(861, 'MODULE_PAYMENT_YES_SECUPAY_USERID', '', 6, 6, NULL, '2025-07-18 17:24:51', NULL, NULL),
(862, 'MODULE_PAYMENT_YES_SECUPAY_SECRET', '', 6, 7, NULL, '2025-07-18 17:24:51', NULL, NULL),
(860, 'MODULE_PAYMENT_YES_SECUPAY_SPACEID', '', 6, 5, NULL, '2025-07-18 17:24:51', NULL, NULL),
(859, 'MODULE_PAYMENT_YES_SECUPAY_MODE', 'Sandbox', 6, 4, NULL, '2025-07-18 17:24:51', NULL, 'xtc_cfg_select_option(array(\'Live\', \'Sandbox\'), '),
(858, 'MODULE_PAYMENT_YES_SECUPAY_SORT_ORDER', '0', 6, 3, NULL, '2025-07-18 17:24:51', NULL, NULL),
(857, 'MODULE_PAYMENT_YES_SECUPAY_STATUS', 'False', 6, 1, NULL, '2025-07-18 17:24:51', NULL, 'xtc_cfg_select_option(array(\'True\', \'False\'), '),
(863, 'MODULE_PAYMENT_YES_SECUPAY_LOGO', '', 6, 8, NULL, '2025-07-18 17:24:51', NULL, NULL),
(864, 'SEND_ORDER_MAIL_WITHOUT_CONTENT_FILES', 'False', 12, 200, NULL, '2025-07-28 16:37:00', NULL, 'xtc_cfg_select_option(array(\'True\', \'False\'), '),
(865, 'MODULE_OTHER_TURNSTILE_STATUS', 'True', 6, 1, '2025-09-30 14:48:32', '2025-09-30 14:38:55', NULL, 'xtc_cfg_select_option(array(\'True\', \'False\'), '),
(866, 'MODULE_OTHER_TURNSTILE_SORT_ORDER', '0', 6, 1, '2025-09-30 14:48:32', '2025-09-30 14:38:55', NULL, NULL),
(867, 'MODULE_OTHER_TURNSTILE_SITE_KEY', '0x4AAAAAABmlDtXeovRHFbN2', 6, 2, '2025-09-30 14:48:32', '2025-09-30 14:38:55', NULL, NULL),
(868, 'MODULE_OTHER_TURNSTILE_SECRET_KEY', '0x4AAAAAABmlDgOMC8TgVLXRaCCgKII4q8s', 6, 3, '2025-09-30 14:48:32', '2025-09-30 14:38:55', NULL, NULL),
(869, 'CONTACT_US_CONFIRMATION_CONTENT_ID', '', 12, 100, NULL, '2025-10-14 10:00:00', NULL, NULL),
(870, 'MODULE_EBAY_PRODUCTS_FILE', 'ebay_products_export.csv', 6, 1, '2025-11-20 12:06:38', '2025-11-20 11:09:19', NULL, ''),
(871, 'MODULE_EBAY_PRODUCTS_STATUS', 'True', 6, 1, '2025-11-20 12:06:38', '2025-11-20 11:09:19', NULL, 'xtc_cfg_select_option(array(\'True\', \'False\'), '),
(872, 'MODULE_RECLAMATIONS_STATUS', 'True', 6, 1, '2025-11-20 11:17:07', '2025-11-20 11:16:49', NULL, 'xtc_cfg_select_option(array(\'True\', \'False\'), '),
(873, 'MODULE_RUECKERSTATTUNGEN_FILE', 'rueckerstattungen.csv', 6, 1, '2025-11-20 11:17:23', '2025-11-20 11:17:11', NULL, ''),
(874, 'MODULE_RUECKERSTATTUNGEN_STATUS', 'True', 6, 1, '2025-11-20 11:17:23', '2025-11-20 11:17:11', NULL, 'xtc_cfg_select_option(array(\'True\', \'False\'), ');

-- --------------------------------------------------------

--
-- Tabellenstruktur für Tabelle `configuration_group`
--

CREATE TABLE `configuration_group` (
  `configuration_group_id` int(11) NOT NULL,
  `configuration_group_title` varchar(64) NOT NULL DEFAULT '',
  `configuration_group_description` varchar(255) NOT NULL DEFAULT '',
  `sort_order` int(5) DEFAULT NULL,
  `visible` int(1) DEFAULT '1'
) ENGINE=MyISAM DEFAULT CHARSET=utf8;

--
-- Daten für Tabelle `configuration_group`
--

INSERT INTO `configuration_group` (`configuration_group_id`, `configuration_group_title`, `configuration_group_description`, `sort_order`, `visible`) VALUES
(1, 'Mein Shop', 'General information about my store', 1, 1),
(2, 'Minimum Werte', 'The minimum values for functions / data', 2, 1),
(3, 'Maximum Werte', 'The maximum values for functions / data', 3, 1),
(4, 'Bilder Optionen', 'Image parameters', 4, 1),
(5, 'Kunden Details', 'Customer account configuration', 5, 1),
(6, 'Module Options', 'Hidden from configuration', 6, 0),
(7, 'Versand Optionen', 'Shipping options available at my store', 7, 1),
(8, 'Product Listing', 'Product Listing    configuration options', 8, 0),
(9, 'Bestand Optionen', 'Stock configuration options', 9, 1),
(10, 'Logging', 'Logging configuration options', 10, 0),
(12, 'E-Mail Optionen', 'General setting for E-Mail transport and HTML E-Mails', 12, 1),
(13, 'Download', 'Downloadable products options', 13, 0),
(14, 'GZip Compression', 'GZip compression options', 14, 0),
(15, 'Sessions', 'Session options', 15, 0),
(16, 'Suchmaschinen Optimierung', 'Meta-tags/Search engines', 16, 1),
(18, 'UST-ID Konfiguration', 'Konfigurationseinstellungen zur UST-ID der Kunden', 18, 1),
(19, 'Google Conversion', 'Google Conversion-Tracking', 19, 0),
(100, 'Ebay Grundkonfiguration', 'Grundeinstellungen fÃƒÂ¼r die Ebayschnittstelle', 98, 1),
(101, 'Ebay Handel Einstellungen', 'Hier legen Sie die Grundkonfigurationen fÃƒÂ¼r Ihren Ebay Handel fest.', 99, 1),
(111, 'UOS Payment Konfiguration', 'Additional Options for UOS Modules', 66, 1),
(25, 'PayPal', 'PayPal', 25, 1),
(110, 'Firmendaten', 'General information about my Company', 1, 1);

-- --------------------------------------------------------

--
-- Tabellenstruktur für Tabelle `content_manager`
--

CREATE TABLE `content_manager` (
  `content_id` int(11) NOT NULL,
  `categories_id` int(11) NOT NULL DEFAULT '0',
  `parent_id` int(11) NOT NULL DEFAULT '0',
  `group_ids` text,
  `languages_id` int(11) NOT NULL DEFAULT '0',
  `content_title` text NOT NULL,
  `content_heading` text NOT NULL,
  `content_text` text NOT NULL,
  `sort_order` int(4) NOT NULL DEFAULT '0',
  `file_flag` int(1) NOT NULL DEFAULT '0',
  `content_file` varchar(64) NOT NULL DEFAULT '',
  `content_status` int(1) NOT NULL DEFAULT '0',
  `content_group` int(11) NOT NULL DEFAULT '0',
  `content_delete` int(1) NOT NULL DEFAULT '1',
  `content_meta_title` text,
  `content_meta_description` text,
  `content_meta_keywords` text
) ENGINE=MyISAM DEFAULT CHARSET=utf8;

--
-- Daten für Tabelle `content_manager`
--

INSERT INTO `content_manager` (`content_id`, `categories_id`, `parent_id`, `group_ids`, `languages_id`, `content_title`, `content_heading`, `content_text`, `sort_order`, `file_flag`, `content_file`, `content_status`, `content_group`, `content_delete`, `content_meta_title`, `content_meta_description`, `content_meta_keywords`) VALUES
(6, 0, 0, '', 2, 'Versandkosten', 'Versandkosten', '<div class=\"contents\">\r\n<p class=\"western\" align=\"left\"><span style=\"background-color: #ffffff; font-size: 12pt; color: #0000ff;\"><strong><span color=\"#555555\"><span face=\"Helvetica Neue, serif\" style=\"font-family: \'Helvetica Neue\', serif;\"><span size=\"2\">Grunds&#228;tzlich liefern wir Ihre Bestellung, derzeit nur innerhalb Deutschlands <span style=\"color: #ff9900;\">(<a href=\"https://yesdev-a310546-5.de/admin/deutsche-Inseln-_-20.html\"><span style=\"background-color: #ffffff; color: #ff9900;\">nur Festland, keine Inseln</span></a>)<span style=\"color: #0000ff;\">,</span></span>&#160;mit dem Paketdienstleister DHL <strong><span color=\"#555555\"><span face=\"Helvetica Neue, serif\">aus.</span></span></strong></span></span></span></strong></span></p>\r\n<p class=\"western\" align=\"left\"><span style=\"background-color: #ffffff; font-size: 12pt; color: #0000ff;\"><strong><span color=\"#555555\"><span face=\"Helvetica Neue, serif\" style=\"font-family: \'Helvetica Neue\', serif;\"><span size=\"2\"> Die Anlieferung gr&#246;&#223;erer Bestellungen erfolgt per Spedition (frei Bordsteinkante ohne Abladen und Verbringen), hierf&#252;r fallen nat&#252;rlich keine Mehrkosten f&#252;r Sie an.</span></span></span></strong></span></p>\r\n<p class=\"western\" align=\"left\"></p>\r\n<p class=\"western\" align=\"left\"><span style=\"text-decoration: underline;\"><span style=\"font-size: 12pt;\"><strong><span color=\"#555555\" style=\"color: #555555; text-decoration: underline;\"><span face=\"Helvetica Neue, serif\" style=\"font-family: \'Helvetica Neue\', serif;\"><span size=\"2\">1. Versand</span></span></span></strong></span></span></p>\r\n<p class=\"western\" align=\"left\"></p>\r\n<p class=\"western\" align=\"left\"><span style=\"font-size: 10pt;\"><strong><span color=\"#555555\" style=\"color: #555555;\"><span face=\"Helvetica Neue, serif\" style=\"font-family: \'Helvetica Neue\', serif;\"><span size=\"2\">1.1. Versandkosten &#8211; Deutschland (nur Festland, keine Inseln)</span></span></span></strong></span></p>\r\n<p class=\"western\" align=\"left\"><span style=\"font-size: 10pt;\"><span color=\"#555555\" style=\"color: #555555;\"><span face=\"Helvetica Neue, serif\" style=\"font-family: \'Helvetica Neue\', serif;\"><span size=\"2\">Die angegebenen Versandkosten beinhalten alle Liefer- und Verpackungskosten inkl. der gesetzlichen deutschen Mehrwertsteuer.</span></span></span></span></p>\r\n<p class=\"western\" align=\"left\"></p>\r\n<p class=\"western\" align=\"left\"><span style=\"font-size: 10pt;\"><strong><span color=\"#555555\" style=\"color: #555555;\"><span face=\"Helvetica Neue, serif\" style=\"font-family: \'Helvetica Neue\', serif;\"><span size=\"2\">1.2. Packstationen</span></span></span></strong></span></p>\r\n<p class=\"western\" align=\"left\"><span style=\"font-size: 10pt;\"><span color=\"#555555\" style=\"color: #555555;\"><span face=\"Helvetica Neue, serif\" style=\"font-family: \'Helvetica Neue\', serif;\"><span size=\"2\">Selbstverst&#228;ndlich liefern wir auf Ihren Wunsch auch an <strong><span style=\"color: #ff0000;\">DHL</span></strong> Packstationen.</span></span></span></span></p>\r\n<p class=\"western\" align=\"left\"></p>\r\n<p class=\"western\" align=\"left\"><span style=\"font-size: 10pt; color: #333333;\"><strong><span color=\"#555555\"><span face=\"Helvetica Neue, serif\" style=\"font-family: \'Helvetica Neue\', serif;\"><span size=\"2\"><strong><span color=\"#555555\"><span face=\"Helvetica Neue, serif\">1.3. Zustelltage</span></span></strong></span></span></span></strong></span></p>\r\n<p class=\"western\" align=\"left\"><span style=\"font-size: 10pt;\"><span style=\"font-size: 10pt;\"><span color=\"#555555\" style=\"color: #555555;\"><span face=\"Helvetica Neue, serif\" style=\"font-family: \'Helvetica Neue\', serif;\"><span size=\"2\">Die Zustellung der Ware erfolgt ausschlie&#223;lich Montags bis Freitags, mit Ausnahme von gesetzlichen Feiertagen.</span></span></span></span></span></p>\r\n<p class=\"western\" align=\"left\"></p>\r\n<p class=\"western\" align=\"left\"><span style=\"font-size: 10pt;\"><strong><span color=\"#555555\" style=\"color: #555555;\"><span face=\"Helvetica Neue, serif\" style=\"font-family: \'Helvetica Neue\', serif;\"><span size=\"2\">1.4. Gro&#223;bestellungen</span></span></span></strong></span></p>\r\n<p class=\"western\" align=\"left\"><span style=\"font-size: 10pt;\"><span color=\"#555555\" style=\"color: #555555;\"><span face=\"Helvetica Neue, serif\" style=\"font-family: \'Helvetica Neue\', serif;\"><span size=\"2\">Bitte beachten Sie, dass wir aus logistischen Gr&#252;nden gr&#246;&#223;ere Bestellungen in Teillieferungen oder per Spedition zustellen. Hierdurch entstehen nat&#252;rlich keine Zusatzkosten f&#252;r Sie.</span></span></span></span></p>\r\n<p class=\"western\" align=\"left\"></p>\r\n<p class=\"western\" align=\"left\"><span style=\"font-size: 10pt;\"><strong><span color=\"#555555\" style=\"color: #555555;\"><span face=\"Helvetica Neue, serif\" style=\"font-family: \'Helvetica Neue\', serif;\"><span size=\"2\">1.5. Selbstabholung</span></span></span></strong></span></p>\r\n<p class=\"western\" align=\"left\"><span style=\"font-size: 10pt;\"><span color=\"#555555\" style=\"color: #555555;\"><span face=\"Helvetica Neue, serif\" style=\"font-family: \'Helvetica Neue\', serif;\"><span size=\"2\">Eine Selbstabholung ist in unserem Zentrallager leider <strong><span style=\"color: #ff0000;\">nicht m&#246;glich!</span></strong></span></span></span></span></p>\r\n<p class=\"western\" align=\"left\"></p>\r\n<p class=\"western\" align=\"left\"><span style=\"font-size: 10pt;\"><strong><span color=\"#555555\" style=\"color: #555555;\"><span face=\"Helvetica Neue, serif\" style=\"font-family: \'Helvetica Neue\', serif;\"><span size=\"2\">1.6. Lieferung ins Ausland</span></span></span></strong></span></p>\r\n<p class=\"western\" align=\"left\"><span><span color=\"#555555\" style=\"color: #555555;\"><span face=\"Helvetica Neue, serif\" style=\"font-family: \'Helvetica Neue\', serif;\"><span size=\"2\" style=\"font-size: small;\"><span><span><span><span style=\"font-size: 10pt;\">Unser Ve</span>rsand findet nur innerhalb Deutschlands (nur Festland, keine Inseln) statt.</span></span></span></span></span></span></span></p>\r\n<p class=\"western\" align=\"left\"></p>\r\n<p class=\"western\" align=\"left\"><span style=\"font-size: 12pt;\"><strong><span color=\"#555555\" style=\"color: #555555;\"><span face=\"Helvetica Neue, serif\" style=\"font-family: \'Helvetica Neue\', serif;\"><span size=\"2\">2. Lieferzeit</span></span></span></strong></span></p>\r\n<p class=\"western\" align=\"left\"><span style=\"font-size: 10pt;\"><span color=\"#555555\" style=\"color: #555555;\"><span face=\"Helvetica Neue, serif\" style=\"font-family: \'Helvetica Neue\', serif;\"><span size=\"2\">Die Lieferzeit f&#252;r ein Produkt finden Sie auf der jeweiligen Produktseite.&#160;</span></span></span></span></p>\r\n<p class=\"western\" align=\"left\"><span style=\"font-size: 10pt;\"><span color=\"#555555\" style=\"color: #555555;\"><span face=\"Helvetica Neue, serif\" style=\"font-family: \'Helvetica Neue\', serif;\"><span size=\"2\">Die Lieferzeitangaben gelten bei der Zahlungsart Vorkasse: ab dem ersten Werktag nach dem Zahlungseingang auf unseren Firmenkonto.</span></span></span></span></p>\r\n<p class=\"western\" align=\"left\"><span style=\"font-size: 10pt;\"><span color=\"#555555\" style=\"color: #555555;\"><span face=\"Helvetica Neue, serif\" style=\"font-family: \'Helvetica Neue\', serif;\"><span size=\"2\">Bei anderen Zahlungsarten ab dem ersten Werktag nach dem Vertragsschluss.</span></span></span></span></p>\r\n<p class=\"western\" align=\"left\"></p>\r\n</div>', 1, 0, '', 1, 1, 0, '', '', ''),
(7, 0, 0, '', 2, 'Datenschutz', 'Datenschutz', '<div class=\"contents\">\r\n<p></p>\r\n<p class=\"western\" align=\"center\"><b>Datenschutzerkl&#228;rung</b></p>\r\n<p class=\"western\" align=\"center\"><b>sowie Informationen zu ggf. von Ihnen erteilten Einwilligungen</b></p>\r\n<p class=\"western\" align=\"center\"></p>\r\n<p class=\"western\">Als Verantwortlicher im Sinne der datenschutzrechtlichen Bestimmungen informieren wir Sie nachfolgend &#252;ber die Verarbeitung Ihrer personenbezogenen Daten durch uns.</p>\r\n<p class=\"western\"></p>\r\n<p class=\"western\"><a></a> <b>I. Der Begriff der personenbezogenen Daten und andere wichtige Begriffe</b></p>\r\n<p class=\"western\"></p>\r\n<p class=\"western\"><a></a> Personenbezogene Daten sind vereinfacht gesagt alle Informationen, die sich auf Sie pers&#246;nlich als betroffene Person beziehen. Bestimmungen dar&#252;ber, was der Begriff &#8222;personenbezogene Daten&#8220; bedeutet und was andere f&#252;r die nachfolgenden datenschutzrechtlichen Informationen wichtige Begriffe bedeuten, finden Sie in Art. 4 der DS-GVO (Datenschutz-Grundverordnung).</p>\r\n<p class=\"western\"></p>\r\n<p class=\"western\"><b>II. Name und Kontaktdaten des Verantwortlichen; Kontaktdaten des Datenschutzbeauftragten</b></p>\r\n<p class=\"western\"></p>\r\n<p class=\"western\"><a></a> Verantwortlicher ist vereinfacht gesagt derjenige, der allein oder gemeinsam mit anderen &#252;ber die Zwecke und Mittel der Verarbeitung von personenbezogenen Daten entscheidet. Den Namen und die Kontaktdaten des Verantwortlichen (und soweit ein Datenschutzbeauftragter bestellt wurde, die Kontaktdaten des Datenschutzbeauftragten) k&#246;nnen Sie unserer Anbieterkennzeichnung / unserem Impressum entnehmen.</p>\r\n<p class=\"western\"></p>\r\n<p class=\"western\"><b>III. Zwecke der Verarbeitung Ihrer personenbezogenen Daten; Rechtsgrundlagen f&#252;r die Verarbeitung</b></p>\r\n<p class=\"western\"></p>\r\n<p class=\"western\">Wir verarbeiten Ihre personenbezogenen Daten im Rahmen unserer T&#228;tigkeit zu den nachfolgend aufgef&#252;hrten Zwecken gem&#228;&#223; den jeweils genannten Rechtsgrundlagen.</p>\r\n<p class=\"western\"></p>\r\n<p class=\"western\"><a></a><a></a><a></a><a></a><a></a><a></a> <b>1. </b>Zur Wahrung unseres berechtigten Interesses an der Aufrechterhaltung des ordnungsgem&#228;&#223;en Betriebs unseres Internetauftritts, an der Zurverf&#252;gungstellung m&#246;glichst benutzerfreundlicher Funktionen und an der der <span color=\"#000000\" style=\"color: #000000;\">Analyse der Benutzung unseres Internetauftritts </span>erfolgt die Verarbeitung Ihrer personenbezogenen Daten auf der Grundlage von Artikel 6 Abs. 1 Buchstabe f) DS-GVO.</p>\r\n<p class=\"western\"></p>\r\n<p class=\"western\"><a></a> <b>2. </b>Zur Durchf&#252;hrung vorvertraglicher Ma&#223;nahmen, die aufgrund einer Anfrage von Ihnen erfolgen, erfolgt die Verarbeitung Ihrer personenbezogenen Daten auf der Grundlage von Artikel 6 Abs. 1 Buchstabe b) DS-GVO.</p>\r\n<p class=\"western\"></p>\r\n<p class=\"western\"><a></a> <b>3.</b> Zur Wahrung unseres berechtigten Interesses an der Beantwortung von Anfragen und an der Durchf&#252;hrung sonstiger Ma&#223;nahmen, die aufgrund einer Anfrage von Ihnen erfolgen, erfolgt die Verarbeitung Ihrer personenbezogenen Daten auf der Grundlage von Artikel 6 Abs. 1 Buchstabe f) DS-GVO.</p>\r\n<p class=\"western\"></p>\r\n<p class=\"western\"><a></a><a></a> <b>4. </b>F&#252;r die Erf&#252;llung eines Vertrages, dessen Vertragspartei Sie sind, erfolgt die Verarbeitung Ihrer personenbezogenen Daten auf der Grundlage von Artikel 6 Abs. 1 Buchstabe b) DS-GVO.</p>\r\n<p class=\"western\"></p>\r\n<p class=\"western\"><b>5. </b>F&#252;r die Durchf&#252;hrung von Ma&#223;nahmen zum Zwecke der Werbung erfolgt die Verarbeitung Ihrer personenbezogenen Daten entweder auf der Grundlage der von Ihnen erteilten Einwilligung gem&#228;&#223; Artikel 6 Abs. 1 Buchstabe a) DS-GVO oder auf der Grundlage von Artikel 6 Abs. 1 Buchstabe f) DS-GVO.</p>\r\n<p class=\"western\"></p>\r\n<p class=\"western\"><a></a> <b>6.</b> Zur Erf&#252;llung rechtlicher Verpflichtungen, denen wir unterliegen, erfolgt die Verarbeitung Ihrer personenbezogenen Daten auf der Grundlage von Artikel 6 Abs. 1 Buchstabe c) DS-GVO.</p>\r\n<p class=\"western\"></p>\r\n<p class=\"western\"><a></a><a></a><a></a> <b>7.</b> Zur Wahrung unseres berechtigten Interesses an der Durchsetzung unserer Rechte und an der Abwehr gegen uns gerichteter Anspr&#252;che erfolgt die Verarbeitung Ihrer personenbezogenen Daten auf der Grundlage von Artikel 6 Abs. 1 Buchstabe f) DS-GVO.</p>\r\n<p class=\"western\"></p>\r\n<p class=\"western\">Unsere Systeme sind entsprechend dem Stand der Technik durch technische und organisatorische Ma&#223;nahmen gesichert, um Ihre personenbezogenen Daten vor Zugriff, Ver&#228;nderung oder Verbreitung durch unbefugte Personen sowie vor Verlust und Zerst&#246;rung zu sch&#252;tzen.</p>\r\n<p class=\"western\"></p>\r\n<p class=\"western\"><a></a><a></a> Informationen zur Verarbeitung Ihrer personenbezogenen Daten zu den einzelnen Verarbeitungszwecken k&#246;nnen Sie den entsprechenden weiterf&#252;hrenden Hinweisen im Rahmen dieser Datenschutzerkl&#228;rung entnehmen.</p>\r\n<p class=\"western\"></p>\r\n<p class=\"western\"><a></a> <b>IV. &#220;bermittlung Ihrer personenbezogenen Daten an Dritte; Kategorien von Empf&#228;ngern Ihrer personenbezogenen Daten </b></p>\r\n<p class=\"western\"></p>\r\n<p class=\"western\"><a></a> Soweit dies zur Erreichung der Zwecke der Verarbeitung Ihrer personenbezogenen Daten erforderlich ist, &#252;bermitteln wir Ihre personenbezogenen Daten im Rahmen der gesetzlichen Vorgaben an Dritte. Detaillierte Informationen zur &#220;bermittlung Ihrer personenbezogenen Daten an Dritte zu den einzelnen Verarbeitungszwecken k&#246;nnen Sie den entsprechenden weiterf&#252;hrenden Hinweisen im Rahmen dieser Datenschutzerkl&#228;rung entnehmen. In den F&#228;llen der &#220;bermittlung Ihrer personenbezogenen Daten an Dritte beschr&#228;nkt sich der Umfang der &#252;bermittelten Daten auf das erforderliche Minimum.</p>\r\n<p class=\"western\"></p>\r\n<p class=\"western\"><a></a> <b>V. Umfang der Verarbeitung Ihrer personenbezogenen Daten zu den einzelnen Verarbeitungszwecken</b></p>\r\n<p class=\"western\"></p>\r\n<p class=\"western\"><a></a> Nachfolgend informieren wir Sie im Einzelnen &#252;ber die Verarbeitung Ihrer personenbezogenen Daten zu den verschiedenen Verarbeitungszwecken.</p>\r\n<p class=\"western\"></p>\r\n<p class=\"western\"><a></a> Ihre personenbezogenen Daten werden gel&#246;scht, wenn sie f&#252;r die Verarbeitung zu dem jeweiligen Verarbeitungszweck nicht mehr ben&#246;tigt werden, es sei denn, wir d&#252;rfen die Daten zu einem anderen Verarbeitungszweck im Rahmen der gesetzlichen Vorgaben und entsprechend den Informationen dieser Datenschutzerkl&#228;rung weiterhin verarbeiten.</p>\r\n<p class=\"western\"></p>\r\n<p class=\"western\"><b>1. Nutzung unseres Internetauftritts zu Informationszwecken</b></p>\r\n<p class=\"western\"></p>\r\n<p class=\"western\">Sofern Sie unseren Internetauftritt besuchen, ohne uns Informationen zu &#252;bermitteln, verarbeiten wir nur die personenbezogenen Daten von Ihnen, die Ihr Browser an unseren Server &#252;bermittelt. Hierbei handelt es sich um die folgenden Daten, die technisch erforderlich sind, um Ihnen unseren Internetauftritt anzuzeigen und die Stabilit&#228;t und Sicherheit zu gew&#228;hrleisten:</p>\r\n<p class=\"western\"></p>\r\n<ul>\r\n<li>\r\n<p>die von Ihnen aufgerufene Seite</p>\r\n</li>\r\n<li>\r\n<p>Datum und Uhrzeit der Anfrage</p>\r\n</li>\r\n<li>\r\n<p>&#252;bertragene Datenmenge</p>\r\n</li>\r\n<li>\r\n<p>Quelle bzw. Verweis, von wo Sie auf die Seite gelangt sind</p>\r\n</li>\r\n<li>\r\n<p>von Ihnen verwendeter Browser</p>\r\n</li>\r\n<li>\r\n<p>von Ihnen verwendetes Betriebssystem</p>\r\n</li>\r\n<li>\r\n<p>Ihre IP-Adresse</p>\r\n</li>\r\n</ul>\r\n<p class=\"western\"></p>\r\n<p class=\"western\"><a></a> Die Verarbeitung Ihrer personenbezogenen Daten erfolgt auf der Grundlage von Artikel 6 Abs. 1 Buchstabe f) DS-GVO zur Wahrung unseres berechtigten Interesses an der Aufrechterhaltung des ordnungsgem&#228;&#223;en Betriebs unseres Internetauftritts, an der Zurverf&#252;gungstellung m&#246;glichst benutzerfreundlicher Funktionen und an der der <span color=\"#000000\" style=\"color: #000000;\">Analyse der Benutzung unseres Internetauftritts.</span></p>\r\n<p class=\"western\"></p>\r\n<p class=\"western\">Ihre personenbezogenen Daten werden nach 6 Monaten gel&#246;scht, es sei denn, sie werden f&#252;r die Geltendmachung von Rechten oder die Durchsetzung von Anspr&#252;chen aufgrund von Ma&#223;nahmen gegen den ordnungsgem&#228;&#223;en Betrieb unseres Internetauftritts weiter ben&#246;tigt. In diesem Fall erfolgt die L&#246;schung unverz&#252;glich nach Abschluss des entsprechenden Verfahrens.</p>\r\n<p class=\"western\"></p>\r\n<p class=\"western\">Sie sind nicht dazu verpflichtet, Ihre personenbezogenen Daten bereitzustellen. Die Nichtbereitstellung Ihrer personenbezogenen Daten h&#228;tte jedoch zur Folge, dass Sie sich unseren Internetauftritt nicht anzeigen lassen k&#246;nnen.</p>\r\n<p class=\"western\"></p>\r\n<p class=\"western\"><b>2. Bearbeitung von Anfragen</b></p>\r\n<p class=\"western\"></p>\r\n<p class=\"western\"><a></a> Sofern Sie sich mit einer Anfrage oder einem Anliegen an uns wenden, verarbeiten wir die von Ihnen &#252;bermittelten personenbezogenen Daten und Informationen/Unterlagen. Unabh&#228;ngig davon, auf welchem Weg Sie uns Ihre Anfrage oder Ihr Anliegen &#252;bermitteln, sind dies gegebenenfalls:</p>\r\n<p class=\"western\"></p>\r\n<ul>\r\n<li>\r\n<p>Datum und Uhrzeit der Kontaktaufnahme</p>\r\n</li>\r\n<li>\r\n<p>Namensdaten</p>\r\n</li>\r\n<li>\r\n<p>Kontaktdaten</p>\r\n</li>\r\n<li>\r\n<p>Daten zu Anfrage/Anliegen</p>\r\n</li>\r\n<li>\r\n<p>&#252;bermittelte Informationen/Unterlagen</p>\r\n</li>\r\n</ul>\r\n<p class=\"western\"></p>\r\n<p class=\"western\"><a></a><a></a><a></a> Die Verarbeitung Ihrer personenbezogenen Daten und der &#252;bermittelten Informationen/Unterlagen erfolgt &#8211; je nach Inhalt Ihrer Anfrage oder Ihres Anliegens &#8211; auf der Grundlage von Artikel 6 Abs. 1 Buchstabe b) DS-GVO zur Durchf&#252;hrung vorvertraglicher Ma&#223;nahmen oder auf der Grundlage von Artikel 6 Abs. 1 Buchstabe b) DS-GVO f&#252;r die Erf&#252;llung eines Vertrages, dessen Vertragspartei Sie sind oder auf der Grundlage von Artikel 6 Abs. 1 Buchstabe f) DS-GVO zur Wahrung unseres berechtigten Interesses an der Beantwortung von Anfragen/Anliegen und an der Durchf&#252;hrung sonstiger Ma&#223;nahmen im Zusammenhang mit der Bearbeitung von Anfragen/Anliegen.</p>\r\n<p class=\"western\"></p>\r\n<p class=\"western\"><a></a> Soweit dies f&#252;r die Bearbeitung Ihrer Anfrage/Ihres Anliegens erforderlich ist, &#252;bermitteln wir Ihre personenbezogenen Daten im Rahmen der gesetzlichen Vorgaben an Dritte. In den F&#228;llen der &#220;bermittlung Ihrer personenbezogenen Daten an Dritte beschr&#228;nkt sich der Umfang der &#252;bermittelten Daten auf das erforderliche Minimum.</p>\r\n<p class=\"western\"></p>\r\n<p class=\"western\">Ihre personenbezogenen Daten werden gel&#246;scht, wenn Ihre Anfrage/Ihr Anliegen gekl&#228;rt ist, fr&#252;hestens jedoch nach Ablauf der steuer- und handelsrechtlichen Aufbewahrungsfristen von 6 bzw. 10 Jahren, es sei denn, wir d&#252;rfen die Daten zu einem anderen Verarbeitungszweck im Rahmen der gesetzlichen Vorgaben und entsprechend den Informationen dieser Datenschutzerkl&#228;rung weiterhin verarbeiten.</p>\r\n<p class=\"western\"></p>\r\n<p class=\"western\"><a></a> Sie sind nicht dazu verpflichtet, Ihre personenbezogenen Daten bereitzustellen. Die Nichtbereitstellung Ihrer personenbezogenen Daten h&#228;tte jedoch zur Folge, dass wir Ihre Anfrage oder Ihr Anliegen nicht bearbeiten k&#246;nnen.</p>\r\n<p class=\"western\"></p>\r\n<p class=\"western\"><a></a> <b>3. Erf&#252;llung von Vertr&#228;gen</b></p>\r\n<p class=\"western\"></p>\r\n<p class=\"western\"><a></a><a></a> Sofern Sie uns zum Zwecke des Abschlusses eines Vertrages oder im Zusammenhang mit einem Vertrag personenbezogene Daten &#252;bermitteln, verarbeiten wir die von Ihnen &#252;bermittelten Daten f&#252;r die Abwicklung des Vertrags. Dies sind Ihre Kundendaten (z.B. Ihr Name und Ihre Adresse) und die Vertragsdaten (z.B. Angaben zu den vertragsgegenst&#228;ndlichen Produkten sowie Zahlungs- und Lieferinformationen).</p>\r\n<p class=\"western\"></p>\r\n<p class=\"western\"><a></a><a></a> Die Verarbeitung Ihrer personenbezogenen Daten erfolgt auf der Grundlage von Artikel 6 Abs. 1 Buchstabe b) DS-GVO f&#252;r die Erf&#252;llung eines Vertrages, dessen Vertragspartei Sie sind.</p>\r\n<p class=\"western\"></p>\r\n<p class=\"western\">Soweit dies f&#252;r die Erf&#252;llung des Vertrages mit Ihnen erforderlich ist, &#252;bermitteln wir Ihre personenbezogenen Daten im Rahmen der gesetzlichen Vorgaben an Dritte. Diese &#220;bermittlung erfolgt an die im Rahmen der Vertragsabwicklung beteiligten Dienstleister. Dies sind die Anbieter der von uns genutzten Abwicklungstools, die mit dem Transport beauftragten Unternehmen und die mit den Zahlungsangelegenheiten beauftragten Zahlungsdienstleister.</p>\r\n<p class=\"western\"></p>\r\n<p class=\"western\">Soweit Sie f&#252;r die Abwicklung von Zahlungsvorg&#228;ngen den Zahlungsdienstleister PayPal nutzen, weisen wir ausdr&#252;cklich darauf hin, dass f&#252;r alle PayPal-Transaktionen die PayPal-Datenschutzerkl&#228;rung gilt: <span color=\"#0563c1\" style=\"color: #0563c1;\"><span style=\"text-decoration: underline;\"><a href=\"https://www.paypal.com/de/webapps/mpp/ua/privacy-full?locale.x=de_DE\">https://www.paypal.com/de/webapps/mpp/ua/privacy-full?locale.x=de_DE</a></span></span></p>\r\n<p class=\"western\"></p>\r\n<p class=\"western\">In den F&#228;llen der &#220;bermittlung Ihrer personenbezogenen Daten an Dritte beschr&#228;nkt sich der Umfang der &#252;bermittelten Daten auf das erforderliche Minimum.</p>\r\n<p class=\"western\"></p>\r\n<p class=\"western\"><a></a> Ihre personenbezogenen Daten werden nach Ablauf der steuer- und handelsrechtlichen Aufbewahrungsfristen von 6 bzw. 10 Jahren gel&#246;scht, es sei denn, wir d&#252;rfen die Daten zu einem anderen Verarbeitungszweck im Rahmen der gesetzlichen Vorgaben und entsprechend den Informationen dieser Datenschutzerkl&#228;rung weiterhin verarbeiten.</p>\r\n<p class=\"western\"></p>\r\n<p class=\"western\"><a></a> F&#252;r den Abschluss eines Vertrags mit uns ist die Bereitstellung Ihrer personenbezogenen Daten erforderlich. Sie sind nicht dazu verpflichtet, Ihre personenbezogenen Daten bereitzustellen. Die Nichtbereitstellung Ihrer personenbezogenen Daten h&#228;tte jedoch zur Folge, dass wir keinen Vertrag mit Ihnen abschlie&#223;en k&#246;nnen.</p>\r\n<p class=\"western\"></p>\r\n<p class=\"western\"><b>4. Werbung per Newsletter</b></p>\r\n<p class=\"western\"></p>\r\n<p class=\"western\"><a></a> Wenn Sie sich f&#252;r unseren Newsletter anmelden, verarbeiten wir die von Ihnen &#252;bermittelte email-Adresse - und sofern Sie weitere personenbezogene Daten &#252;bermitteln auch diese -, um Ihnen Informationen zu unseren Angeboten per email zu senden. Verpflichtend ist insoweit allein die Angabe Ihrer email-Adresse. Sofern Sie freiwillig weitere personenbezogene Daten &#252;bermitteln, verarbeiten wir diese Daten gegebenenfalls, um Sie im Newsletter pers&#246;nlich anzusprechen.</p>\r\n<p class=\"western\"></p>\r\n<p class=\"western\"><a></a> Wenn Sie sich f&#252;r unseren Newsletter anmelden, erteilen Sie eine Einwilligung mit folgendem Inhalt: &#8222;Ich bin damit einverstanden, per eMail &#252;ber interessante Angebote informiert zu werden und willige daher in die Verarbeitung meiner eMail-Adresse und der weiteren von mir mitgeteilten personenbezogenen Daten zum Zwecke der Zusendung des Newsletters ein. Diese Einwilligung kann ich jederzeit und ohne Angabe von Gr&#252;nden mit Wirkung f&#252;r die Zukunft widerrufen. Die Rechtm&#228;&#223;igkeit der bis zum Widerruf erfolgten Verarbeitung bleibt im Falle des Widerrufs unber&#252;hrt.&#8220;</p>\r\n<p class=\"western\"></p>\r\n<p class=\"western\">Die Anmeldung f&#252;r unseren Newsletter erfolgt im sogenannten Double-Opt-In-Verfahren. Dies bedeutet: Nach der Anmeldung erhalten Sie zun&#228;chst eine eMail mit einer Mitteilung &#252;ber die Anmeldung zu dem Newsletter verbunden mit einer Bitte um Best&#228;tigung der Anmeldung. Ihre Best&#228;tigung der Anmeldung ist erforderlich, um die erforderliche Einwilligung in die &#220;bersendung des Newsletters zu dokumentieren und um Anmeldungen auf fremde eMail-Adressen erkennen zu k&#246;nnen. Im Zusammenhang mit den Anmeldungen zum Newsletter und den Best&#228;tigungen werden die IP-Adresse sowie Datum und Uhrzeit protokolliert, um die Erteilung der Einwilligung entsprechend den rechtlichen Vorgaben gegebenenfalls nachweisen zu k&#246;nnen.</p>\r\n<p class=\"western\"></p>\r\n<p class=\"western\">Die Verarbeitung Ihrer personenbezogenen Daten erfolgt auf der Grundlage der von Ihnen erteilten diesbez&#252;glichen Einwilligung gem&#228;&#223; Artikel 6 Abs. 1 Buchstabe a) DS-GVO.</p>\r\n<p class=\"western\"></p>\r\n<p class=\"western\"><a></a> Ihre Einwilligung k&#246;nnen Sie jederzeit und ohne Angabe von Gr&#252;nden mit Wirkung f&#252;r die Zukunft widerrufen. <span color=\"#000000\" style=\"color: #000000;\">Hierf&#252;r gen&#252;gt eine entsprechende Mitteilung an den Verantwortlichen, dessen Kontaktdaten Sie den Angaben zum Verantwortlichen entnehmen k&#246;nnen. </span>Die Rechtm&#228;&#223;igkeit der bis zum Widerruf erfolgten Verarbeitung bleibt im Falle des Widerrufs unber&#252;hrt.</p>\r\n<p class=\"western\"></p>\r\n<p class=\"western\"><a></a> Wenn Sie Ihre Einwilligung widerrufen bzw. unseren Newsletter abbestellen, erfolgt eine unverz&#252;gliche L&#246;schung Ihrer email-Adresse und der gegebenenfalls weiteren &#252;bermittelten Daten, es sei denn, wir d&#252;rfen die Daten zu einem anderen Verarbeitungszweck im Rahmen der gesetzlichen Vorgaben und entsprechend den Informationen dieser Datenschutzerkl&#228;rung weiterhin verarbeiten.</p>\r\n<p class=\"western\"></p>\r\n<p class=\"western\">F&#252;r den Bezug unseres Newsletters ist zumindest die Bereitstellung der Angabe Ihrer email-Adresse erforderlich. Sie sind nicht dazu verpflichtet, Ihre email-Adresse bereitzustellen. Die Nichtbereitstellung Ihrer email-Adresse h&#228;tte jedoch zur Folge, dass Sie unseren Newsletter nicht bestellen k&#246;nnen.</p>\r\n<p class=\"western\"></p>\r\n<p class=\"western\"><b>5. Werbung per Briefpost</b></p>\r\n<p class=\"western\"></p>\r\n<p class=\"western\"><span color=\"#000000\" style=\"color: #000000;\">Wir verarbeiten die von Ihnen &#252;bermittelten personenbezogenen Daten zu Vor- und Nachname und Anschrift gegebenenfalls f&#252;r die &#220;bersendung von Informationen zu unseren Angeboten per Briefpost. </span></p>\r\n<p class=\"western\"></p>\r\n<p class=\"western\"><a></a><a></a> Die Verarbeitung Ihrer personenbezogenen Daten erfolgt insoweit auf der Grundlage von Artikel 6 Abs. 1 Buchstabe f) DS-GVO zur Wahrung unseres berechtigten Interesses an der <span color=\"#000000\" style=\"color: #000000;\">Durchf&#252;hrung von Werbema&#223;nahmen per Briefpost</span>.</p>\r\n<p class=\"western\"></p>\r\n<p class=\"western\"><a></a> Gegen eine Verarbeitung Ihrer personenbezogenen Daten zum Zwecke der <span color=\"#000000\" style=\"color: #000000;\">Durchf&#252;hrung von Werbema&#223;nahmen per Briefpost k&#246;nnen Sie jederzeit Widerspruch einlegen. Hierf&#252;r gen&#252;gt eine entsprechende Mitteilung an den Verantwortlichen, dessen Kontaktdaten Sie den Angaben zum Verantwortlichen entnehmen k&#246;nnen.</span></p>\r\n<p class=\"western\"></p>\r\n<p class=\"western\">Wenn Sie Widerspruch gegen die Verarbeitung Ihrer personenbezogenen Daten zum Zwecke der <span color=\"#000000\" style=\"color: #000000;\">Durchf&#252;hrung von Werbema&#223;nahmen per Briefpost einlegen, </span>erfolgt eine unverz&#252;gliche L&#246;schung der <span color=\"#000000\" style=\"color: #000000;\">von Ihnen &#252;bermittelten personenbezogenen Daten zu Vor- und Nachname und Anschrift,</span> es sei denn, wir d&#252;rfen die Daten zu einem anderen Verarbeitungszweck im Rahmen der gesetzlichen Vorgaben und entsprechend den Informationen dieser Datenschutzerkl&#228;rung weiterhin verarbeiten.</p>\r\n<p class=\"western\"></p>\r\n<p class=\"western\">Sie sind nicht dazu verpflichtet, Ihre personenbezogenen Daten f&#252;r die <span color=\"#000000\" style=\"color: #000000;\">Durchf&#252;hrung von Werbema&#223;nahmen per Briefpost</span> bereitzustellen. Die Nichtbereitstellung Ihrer personenbezogenen Daten h&#228;tte jedoch zur Folge, dass wir Ihnen keine Werbung per Briefpost senden k&#246;nnen.</p>\r\n<p class=\"western\"></p>\r\n<p class=\"western\"><b>6. Erf&#252;llung rechtlicher Verpflichtungen, denen wir unterliegen</b></p>\r\n<p class=\"western\"></p>\r\n<p class=\"western\"><a></a><a></a> Im Rahmen der entsprechenden Vorgaben verarbeiten wir Ihre personenbezogenen Daten zur Erf&#252;llung rechtlicher Verpflichtungen, denen wir unterliegen.</p>\r\n<p class=\"western\"></p>\r\n<p class=\"western\"><a></a> Zur Erf&#252;llung rechtlicher Verpflichtungen, denen wir unterliegen, erfolgt die Verarbeitung Ihrer personenbezogenen Daten auf der Grundlage von Artikel 6 Abs. 1 Buchstabe c) DS-GVO.</p>\r\n<p class=\"western\"></p>\r\n<p class=\"western\">Soweit dies zur Erf&#252;llung rechtlicher Verpflichtungen, denen wir unterliegen, erforderlich ist, &#252;bermitteln wir Ihre personenbezogenen Daten im Rahmen der gesetzlichen Vorgaben an Dritte. In den F&#228;llen der &#220;bermittlung Ihrer personenbezogenen Daten an Dritte beschr&#228;nkt sich der Umfang der &#252;bermittelten Daten auf das erforderliche Minimum.</p>\r\n<p class=\"western\"></p>\r\n<p class=\"western\">Ihre personenbezogenen Daten werden gel&#246;scht, wenn sie zur Erf&#252;llung rechtlicher Verpflichtungen, denen wir unterliegen, nicht mehr ben&#246;tigt werden, es sei denn, wir d&#252;rfen die Daten zu einem anderen Verarbeitungszweck im Rahmen der gesetzlichen Vorgaben und entsprechend den Informationen dieser Datenschutzerkl&#228;rung weiterhin verarbeiten.</p>\r\n<p class=\"western\"></p>\r\n<p class=\"western\"><a></a> <b>7. Durchsetzung unserer Rechte und Abwehr gegen uns gerichteter Anspr&#252;che</b></p>\r\n<p class=\"western\"></p>\r\n<p class=\"western\">Gegebenenfalls verarbeiten wir Ihre personenbezogenen Daten zur Wahrung unseres berechtigten Interesses an der Durchsetzung unserer Rechte und an der Abwehr gegen uns gerichteter Anspr&#252;che.</p>\r\n<p class=\"western\"></p>\r\n<p class=\"western\">In diesem Fall erfolgt die Verarbeitung Ihrer personenbezogenen Daten auf der Grundlage von Artikel 6 Abs. 1 Buchstabe f) DS-GVO.</p>\r\n<p class=\"western\"></p>\r\n<p class=\"western\">Soweit dies zur Wahrung unseres berechtigten Interesses erforderlich ist, &#252;bermitteln wir Ihre personenbezogenen Daten im Rahmen der gesetzlichen Vorgaben an Dritte. Diese &#220;bermittlung erfolgt an die beteiligten Anbieter von Inkasso-Dienstleistungen oder unsere Rechtsanw&#228;lte.</p>\r\n<p class=\"western\"></p>\r\n<p class=\"western\">In den F&#228;llen der &#220;bermittlung Ihrer personenbezogenen Daten an Dritte beschr&#228;nkt sich der Umfang der &#252;bermittelten Daten auf das erforderliche Minimum.</p>\r\n<p class=\"western\"></p>\r\n<p class=\"western\">Ihre personenbezogenen Daten werden nach Abschluss des Verfahrens, fr&#252;hestens jedoch nach Ablauf der steuer- und handelsrechtlichen Aufbewahrungsfristen von 6 bzw. 10 Jahren gel&#246;scht, es sei denn, wir d&#252;rfen die Daten zu einem anderen Verarbeitungszweck im Rahmen der gesetzlichen Vorgaben und entsprechend den Informationen dieser Datenschutzerkl&#228;rung weiterhin verarbeiten.</p>\r\n<p class=\"western\"></p>\r\n<p class=\"western\"><a></a><a></a> <b>VI. Dauer, f&#252;r die Ihre personenbezogenen Daten gespeichert werden bzw. Kriterien f&#252;r die Festlegung dieser Dauer</b></p>\r\n<p class=\"western\"></p>\r\n<p class=\"western\">Ihre personenbezogenen Daten werden gel&#246;scht, wenn sie f&#252;r die Verarbeitung zu dem jeweiligen Verarbeitungszweck nicht mehr ben&#246;tigt werden, es sei denn, wir d&#252;rfen die Daten zu einem anderen Verarbeitungszweck im Rahmen der gesetzlichen Vorgaben und entsprechend den Informationen dieser Datenschutzerkl&#228;rung weiterhin verarbeiten. Informationen zur Dauer, f&#252;r die Ihre personenbezogenen Daten gespeichert werden bzw. zu den Kriterien f&#252;r die Festlegung dieser Dauer k&#246;nnen Sie den Informationen zur Verarbeitung Ihrer personenbezogenen Daten zu den einzelnen Verarbeitungszwecken in dieser Datenschutzerkl&#228;rung entnehmen.</p>\r\n<p class=\"western\"></p>\r\n<p class=\"western\"><a></a> <b>VII. Ihre Rechte</b></p>\r\n<p class=\"western\"></p>\r\n<p class=\"western\"><b>1. &#220;berblick</b></p>\r\n<p class=\"western\"></p>\r\n<p class=\"western\">Um eine faire und transparente Verarbeitung personenbezogener Daten zu gew&#228;hrleisten, stehen Ihnen als betroffener Personen nach den datenschutzrechtlichen Vorgaben die nachfolgenden Rechte zu:</p>\r\n<p class=\"western\"></p>\r\n<p class=\"western\">das Recht auf Auskunftserteilung nach Artikel 15 DS-GVO,</p>\r\n<p class=\"western\"></p>\r\n<p class=\"western\">das Recht auf Berichtigung nach Artikel 16 DS-GVO,</p>\r\n<p class=\"western\"></p>\r\n<p class=\"western\">das Recht auf L&#246;schung nach Artikel 17 DS-GVO,</p>\r\n<p class=\"western\"></p>\r\n<p class=\"western\">das Recht auf Einschr&#228;nkung der Verarbeitung nach Artikel 18 DS-GVO,</p>\r\n<p class=\"western\"></p>\r\n<p class=\"western\">das Recht auf Daten&#252;bertragbarkeit nach Artikel 20 DS-GVO</p>\r\n<p class=\"western\"></p>\r\n<p class=\"western\">das Recht, eine erteilte Einwilligung jederzeit zu widerrufen nach Art. 7 Abs. 3 DS-GVO,</p>\r\n<p class=\"western\"></p>\r\n<p class=\"western\">das Recht auf Widerspruch gegen die Verarbeitung nach Artikel 21 DS-GVO, &#252;ber das wir Sie nachfolgend gesondert informieren</p>\r\n<p class=\"western\"></p>\r\n<p class=\"western\">und das Recht auf Beschwerde bei der Aufsichtsbeh&#246;rde nach Art. 77 DS-GVO, &#252;ber das wir Sie nachfolgend gesondert informieren.</p>\r\n<p class=\"western\"></p>\r\n<p class=\"western\"><b>2. Ihr Recht auf Widerspruch gegen die Verarbeitung</b></p>\r\n<p class=\"western\"></p>\r\n<p class=\"western\"><a></a> <span>Die Verarbeitung personenbezogener Daten ist zul&#228;ssig, wenn die Verarbeitung zur Wahrung der berechtigten Interessen des Verantwortlichen oder eines Dritten erforderlich ist, sofern nicht die Interessen oder Grundrechte und Grundfreiheiten der betroffenen Person, die den Schutz personenbezogener Daten erfordern, &#252;berwiegen, insbesondere dann, wenn es sich bei der betroffenen Person um ein Kind handelt, Art. 6 Abs. 1 Buchstabe f) DS-GVO.</span></p>\r\n<p class=\"western\"></p>\r\n<p class=\"western\"><span>Sie als betroffene Person haben das Recht, aus Gr&#252;nden, die sich aus ihrer besonderen Situation ergeben, jederzeit gegen die Verarbeitung sie betreffender personenbezogener Daten, die aufgrund von Art. 6 Abs. 1 Buchstabe f) DS-GVO erfolgt, Widerspruch einzulegen; dies gilt auch f&#252;r ein auf diese Bestimmungen gest&#252;tztes Profiling.</span></p>\r\n<p class=\"western\"></p>\r\n<p class=\"western\"><span>Wenn Sie von Ihrem Widerspruchsrecht Gebrauch machen, verarbeiten wir Ihre personenbezogenen Daten nicht mehr, es sei denn, wir k&#246;nnen zwingende schutzw&#252;rdige Gr&#252;nde f&#252;r die Verarbeitung nachweisen, die ihre Interessen, Rechte und Freiheiten als betroffene Person &#252;berwiegen, oder die Verarbeitung dient der Geltendmachung, Aus&#252;bung oder Verteidigung von Rechtsanspr&#252;chen.</span></p>\r\n<p class=\"western\"></p>\r\n<p class=\"western\"><span>Wenn wir Ihre personenbezogenen Daten verarbeiten, um Direktwerbung zu betreiben, so haben Sie als betroffene Person das Recht, jederzeit Widerspruch gegen die Verarbeitung sie betreffender personenbezogener Daten zum Zwecke derartiger Werbung einzulegen; dies gilt auch f&#252;r das Profiling, soweit es mit solcher Direktwerbung in Verbindung steht. Widersprechen sie als betroffene Person der Verarbeitung f&#252;r Zwecke der Direktwerbung, so werden Ihre personenbezogenen Daten nicht mehr f&#252;r diese Zwecke verarbeitet.</span></p>\r\n<p class=\"western\"></p>\r\n<p class=\"western\"><b>3. Ihr Beschwerderecht bei der Aufsichtsbeh&#246;rde</b></p>\r\n<p class=\"western\"></p>\r\n<p class=\"western\">Als betroffene Person haben Sie unbeschadet eines anderweitigen verwaltungsrechtlichen oder gerichtlichen Rechtsbehelfs das Recht auf Beschwerde bei einer Aufsichtsbeh&#246;rde, insbesondere in dem Mitgliedsstaat Ihres Aufenthaltsortes, Ihres Arbeitsplatzes oder des Ortes des mutma&#223;lichen Versto&#223;es, wenn Sie der Ansicht sind, dass die Verarbeitung der Sie betreffenden personenbezogenen Daten gegen die Vorgaben der DS-GVO verst&#246;&#223;t.</p>\r\n<p class=\"western\"></p>\r\n<p class=\"western\"><b>VIII. Informationen zur Grundlage f&#252;r die Bereitstellung Ihrer personenbezogenen Daten und zu m&#246;glichen Folgen der Nichtbereitstellung </b></p>\r\n<p class=\"western\"></p>\r\n<p class=\"western\"><a></a> Soweit dies notwendig ist, um eine faire und transparente Verarbeitung zu gew&#228;hrleisten, finden Sie Informationen zur Grundlage f&#252;r die Bereitstellung Ihrer personenbezogenen Daten und zu m&#246;glichen Folgen der Nichtbereitstellung bei den Informationen zur Verarbeitung Ihrer personenbezogenen Daten zu den einzelnen Verarbeitungszwecken.</p>\r\n<br />\r\n<p></p>\r\n</div>', 4, 0, '', 1, 2, 0, '', '', '');
INSERT INTO `content_manager` (`content_id`, `categories_id`, `parent_id`, `group_ids`, `languages_id`, `content_title`, `content_heading`, `content_text`, `sort_order`, `file_flag`, `content_file`, `content_status`, `content_group`, `content_delete`, `content_meta_title`, `content_meta_description`, `content_meta_keywords`) VALUES
(8, 0, 0, '', 2, 'Unsere AGB', 'Allgemeine Geschäftsbedingungen', '<p class=\"western\" align=\"center\"><span face=\"Times New Roman, serif\" style=\"font-family: \'Times New Roman\', serif;\"><span size=\"3\" style=\"font-size: medium;\"><b>Allgemeine Gesch&#228;ftsbedingungen</b></span></span></p>\r\n<p class=\"western\" align=\"center\"></p>\r\n<p class=\"western\" align=\"center\"><span face=\"Times New Roman, serif\" style=\"font-family: \'Times New Roman\', serif;\"><span size=\"3\" style=\"font-size: medium;\"><b>Informationen f&#252;r Verbraucher bei Fernabsatzvertr&#228;gen</b></span></span></p>\r\n<p class=\"western\" align=\"center\"><span face=\"Times New Roman, serif\" style=\"font-family: \'Times New Roman\', serif;\"><span size=\"3\" style=\"font-size: medium;\"><b>sowie Kundeninformationen bei Vertr&#228;gen im elektronischen Gesch&#228;ftsverkehr</b></span></span></p>\r\n<p class=\"western\" align=\"center\"></p>\r\n<p class=\"western\" align=\"center\"></p>\r\n<p class=\"western\" align=\"justify\"><span face=\"Times New Roman, serif\" style=\"font-family: \'Times New Roman\', serif;\"><span size=\"3\" style=\"font-size: medium;\"><b>&#167; 1 Geltungsbereich</b></span></span></p>\r\n<p class=\"western\" align=\"center\"></p>\r\n<p class=\"western\" align=\"justify\"></p>\r\n<p class=\"western\" align=\"center\"></p>\r\n<p class=\"western\" align=\"justify\"><span face=\"Times New Roman, serif\" style=\"font-family: \'Times New Roman\', serif;\"><span size=\"3\" style=\"font-size: medium;\">F&#252;r Gesch&#228;ftsbeziehungen zwischen uns und dem Besteller gelten bei Bestellungen &#252;ber den Internetshop die nachfolgenden Allgemeinen Gesch&#228;ftsbedingungen in ihrer zum Zeitpunkt der Bestellung g&#252;ltigen Fassung. </span></span></p>\r\n<p class=\"western\" align=\"center\"></p>\r\n<p class=\"western\" align=\"justify\"></p>\r\n<p class=\"western\" align=\"center\"></p>\r\n<p class=\"western\" align=\"justify\"><span face=\"Times New Roman, serif\" style=\"font-family: \'Times New Roman\', serif;\"><span size=\"3\" style=\"font-size: medium;\"><b>&#167; 2 Vertragsschluss</b></span></span></p>\r\n<p class=\"western\" align=\"center\"></p>\r\n<p class=\"western\" align=\"justify\"></p>\r\n<p class=\"western\" align=\"center\"></p>\r\n<p class=\"western\" align=\"justify\"><span face=\"Times New Roman, serif\" style=\"font-family: \'Times New Roman\', serif;\"><span size=\"3\" style=\"font-size: medium;\">Die Darstellung unserer Produkte in unserem Internetauftritt beinhaltet lediglich eine Aufforderung an den Kunden zur Abgabe eines Vertragsangebotes.</span></span></p>\r\n<p class=\"western\" align=\"center\"></p>\r\n<p class=\"western\" align=\"justify\"><span face=\"Times New Roman, serif\" style=\"font-family: \'Times New Roman\', serif;\"><span size=\"3\" style=\"font-size: medium;\">Indem der Kunde eine Bestellung absendet, gibt er ein Angebot im Sinne des &#167; 145 BGB ab. Der Kunde erh&#228;lt eine Best&#228;tigung des Empfangs der Bestellung per E-Mail. </span></span></p>\r\n<p class=\"western\" align=\"center\"></p>\r\n<p class=\"western\" align=\"justify\"></p>\r\n<p class=\"western\" align=\"center\"></p>\r\n<p class=\"western\" align=\"justify\"><span face=\"Times New Roman, serif\" style=\"font-family: \'Times New Roman\', serif;\"><span size=\"3\" style=\"font-size: medium;\">Der Vertrag mit uns kommt zustande, wenn wir das Angebot des Kunden innerhalb von 2 Werktagen nach Absenden der Bestellung schriftlich oder in Textform annehmen. Ma&#223;geblich ist insoweit der Zeitpunkt des Zuganges der Annahmeerkl&#228;rung beim Kunden</span></span></p>\r\n<p class=\"western\" align=\"center\"></p>\r\n<p class=\"western\" align=\"justify\"></p>\r\n<p class=\"western\" align=\"center\"></p>\r\n<p class=\"western\" align=\"justify\"><span face=\"Times New Roman, serif\" style=\"font-family: \'Times New Roman\', serif;\"><span size=\"3\" style=\"font-size: medium;\">Werktag ist jeder Kalendertag, der nicht Sonntag oder bundesweit geltender gesetzlicher Feiertag ist.</span></span></p>\r\n<p class=\"western\" align=\"center\"></p>\r\n<p class=\"western\" align=\"justify\"></p>\r\n<p class=\"western\" align=\"center\"></p>\r\n<p class=\"western\" align=\"justify\"><span face=\"Times New Roman, serif\" style=\"font-family: \'Times New Roman\', serif;\"><span size=\"3\" style=\"font-size: medium;\"><b>&#167; 3 Lieferung, Versandkosten, Gefahren&#252;bergang</b></span></span></p>\r\n<p class=\"western\" align=\"center\"></p>\r\n<p class=\"western\" align=\"justify\"></p>\r\n<p class=\"western\" align=\"center\"></p>\r\n<p class=\"western\" align=\"justify\"><span face=\"Times New Roman, serif\" style=\"font-family: \'Times New Roman\', serif;\"><span size=\"3\" style=\"font-size: medium;\">Die Lieferung erfolgt zu den jeweils im Einzelfall ausgewiesenen Versandkosten. Sofern der Kunde Verbraucher ist, tragen wir unabh&#228;ngig von der Versandart in jedem Fall das Versandrisiko. Sofern der Kunde Unternehmer ist, gehen alle Risiken und Gefahren der Versendung auf den Kunden &#252;ber, sobald die Ware von uns an den beauftragten Logistikpartner &#252;bergeben worden ist.</span></span></p>\r\n<p class=\"western\" align=\"center\"></p>\r\n<p class=\"western\" align=\"justify\"></p>\r\n<p class=\"western\" align=\"center\"></p>\r\n<p class=\"western\" align=\"justify\"><span face=\"Times New Roman, serif\" style=\"font-family: \'Times New Roman\', serif;\"><span size=\"3\" style=\"font-size: medium;\"><b>&#167; 4 Eigentumsvorbehalt</b></span></span></p>\r\n<p class=\"western\" align=\"center\"></p>\r\n<p class=\"western\" align=\"justify\"></p>\r\n<p class=\"western\" align=\"center\"></p>\r\n<p class=\"western\" align=\"justify\"><span face=\"Times New Roman, serif\" style=\"font-family: \'Times New Roman\', serif;\"><span size=\"3\" style=\"font-size: medium;\">Die gelieferte Ware bleibt bis zur vollst&#228;ndigen Bezahlung des Kaufpreises unser Eigentum. </span></span></p>\r\n<p class=\"western\" align=\"center\"></p>\r\n<p class=\"western\" align=\"justify\"></p>\r\n<p class=\"western\" align=\"center\"></p>\r\n<p class=\"western\" align=\"justify\"><span face=\"Times New Roman, serif\" style=\"font-family: \'Times New Roman\', serif;\"><span size=\"3\" style=\"font-size: medium;\"><b>&#167; 5 Zahlungen</b></span></span></p>\r\n<p class=\"western\" align=\"center\"></p>\r\n<p class=\"western\" align=\"justify\"></p>\r\n<p class=\"western\" align=\"center\"></p>\r\n<p class=\"western\" align=\"justify\"><span face=\"Times New Roman, serif\" style=\"font-family: \'Times New Roman\', serif;\"><span size=\"3\" style=\"font-size: medium;\">Es werden nur die im Rahmen des Bestellvorgangs dem Kunden jeweils angezeigten Zahlungsarten akzeptiert. </span></span></p>\r\n<p class=\"western\" align=\"center\"></p>\r\n<p class=\"western\" align=\"justify\"></p>\r\n<p class=\"western\" align=\"center\"></p>\r\n<p class=\"western\" align=\"justify\"><span face=\"Times New Roman, serif\" style=\"font-family: \'Times New Roman\', serif;\"><span size=\"3\" style=\"font-size: medium;\"><b>&#167; 6 M&#228;ngelhaftung</b></span></span></p>\r\n<p class=\"western\" align=\"center\"></p>\r\n<p class=\"western\" align=\"justify\"></p>\r\n<p class=\"western\" align=\"center\"></p>\r\n<p class=\"western\" align=\"justify\"><span face=\"Times New Roman, serif\" style=\"font-family: \'Times New Roman\', serif;\"><span size=\"3\" style=\"font-size: medium;\">Es bestehen die gesetzlichen M&#228;ngelhaftungsrechte.</span></span></p>\r\n<p class=\"western\" align=\"center\"></p>\r\n<p class=\"western\" align=\"justify\"></p>\r\n<p class=\"western\" align=\"center\"></p>\r\n<p class=\"western\" align=\"justify\"><span face=\"Times New Roman, serif\" style=\"font-family: \'Times New Roman\', serif;\"><span size=\"3\" style=\"font-size: medium;\"><b>&#167; 7 Informationen f&#252;r Verbraucher bei Fernabsatzvertr&#228;gen sowie Kundeninformationen bei Vertr&#228;gen im elektronischen Gesch&#228;ftsverkehr</b></span></span></p>\r\n<p class=\"western\" align=\"center\"></p>\r\n<p class=\"western\" align=\"justify\"></p>\r\n<p class=\"western\" align=\"center\"></p>\r\n<p class=\"western\" align=\"justify\"><span face=\"Times New Roman, serif\" style=\"font-family: \'Times New Roman\', serif;\"><span size=\"3\" style=\"font-size: medium;\"><b>a)</b></span></span><span face=\"Times New Roman, serif\" style=\"font-family: \'Times New Roman\', serif;\"><span size=\"3\" style=\"font-size: medium;\"> Speziellen und vorstehend nicht erw&#228;hnten Verhaltenskodizes unterliegen wir nicht.</span></span></p>\r\n<p class=\"western\" align=\"center\"></p>\r\n<p class=\"western\" align=\"justify\"><span face=\"Times New Roman, serif\" style=\"font-family: \'Times New Roman\', serif;\"><span size=\"3\" style=\"font-size: medium;\"><b>b)</b></span></span><span face=\"Times New Roman, serif\" style=\"font-family: \'Times New Roman\', serif;\"><span size=\"3\" style=\"font-size: medium;\"> Etwaige Eingabefehler bei Abgabe Ihrer Bestellung k&#246;nnen Sie bei der abschlie&#223;enden Best&#228;tigung vor dem Absenden Ihrer Vertragserkl&#228;rung erkennen und mit Hilfe der L&#246;sch- und &#196;nderungsfunktion vor Absendung der Bestellung jederzeit korrigieren.</span></span></p>\r\n<p class=\"western\" align=\"center\"></p>\r\n<p class=\"western\" align=\"justify\"><span face=\"Times New Roman, serif\" style=\"font-family: \'Times New Roman\', serif;\"><span size=\"3\" style=\"font-size: medium;\"><b>c)</b></span></span><span face=\"Times New Roman, serif\" style=\"font-family: \'Times New Roman\', serif;\"><span size=\"3\" style=\"font-size: medium;\"> Die wesentlichen Eigenschaften der von uns angebotenen Waren sowie die G&#252;ltigkeitsdauer befristeter Angebote entnehmen Sie bitte den einzelnen Produktbeschreibungen im Rahmen unseres Internetangebots.</span></span></p>\r\n<p class=\"western\" align=\"center\"></p>\r\n<p class=\"western\" align=\"justify\"><span face=\"Times New Roman, serif\" style=\"font-family: \'Times New Roman\', serif;\"><span size=\"3\" style=\"font-size: medium;\"><b>d)</b></span></span><span face=\"Times New Roman, serif\" style=\"font-family: \'Times New Roman\', serif;\"><span size=\"3\" style=\"font-size: medium;\"> Die f&#252;r den Vertragsschluss zur Verf&#252;gung stehende Sprache ist Deutsch.</span></span></p>\r\n<p class=\"western\" align=\"center\"></p>\r\n<p class=\"western\" align=\"justify\"><span face=\"Times New Roman, serif\" style=\"font-family: \'Times New Roman\', serif;\"><span size=\"3\" style=\"font-size: medium;\"><b>e)</b></span></span><span face=\"Times New Roman, serif\" style=\"font-family: \'Times New Roman\', serif;\"><span size=\"3\" style=\"font-size: medium;\"> Beanstandungen und M&#228;ngelhaftungsanspr&#252;che k&#246;nnen Sie unter der in der Anbieterkennzeichnung angegebenen Adresse vorbringen.</span></span></p>\r\n<p class=\"western\" align=\"center\"></p>\r\n<p class=\"western\" align=\"justify\"><span face=\"Times New Roman, serif\" style=\"font-family: \'Times New Roman\', serif;\"><span size=\"3\" style=\"font-size: medium;\"><b>f)</b></span></span><span face=\"Times New Roman, serif\" style=\"font-family: \'Times New Roman\', serif;\"><span size=\"3\" style=\"font-size: medium;\"> Der Vertragstext wird durch uns nicht gespeichert und ist daher Ihnen als Kunde nach dem Vertragsschluss &#252;ber uns nicht zug&#228;nglich. </span></span></p>\r\n<p class=\"western\" align=\"center\"></p>\r\n<p class=\"western\" align=\"justify\"><span face=\"Times New Roman, serif\" style=\"font-family: \'Times New Roman\', serif;\"><span size=\"3\" style=\"font-size: medium;\"><b>g)</b></span></span><span face=\"Times New Roman, serif\" style=\"font-family: \'Times New Roman\', serif;\"><span size=\"3\" style=\"font-size: medium;\"> Informationen zur Zahlung, Lieferung oder Erf&#252;llung entnehmen Sie bitte dem Angebot.</span></span></p>\r\n<p class=\"western\" align=\"center\"></p>\r\n<p class=\"western\" align=\"justify\"></p>\r\n<p class=\"western\" align=\"center\"></p>\r\n<p class=\"western\" align=\"justify\"></p>\r\n<p class=\"western\" align=\"center\"></p>\r\n<p class=\"western\"><span face=\"Times New Roman, serif\" style=\"font-family: \'Times New Roman\', serif;\"><span size=\"3\" style=\"font-size: medium;\"><b>&#167; 8 Information zum Streitbeilegungsverfahren vor einer Verbraucherschlichtungsstelle</b></span></span></p>\r\n<p class=\"western\" align=\"center\"></p>\r\n<p class=\"western\"><span face=\"Times New Roman, serif\" style=\"font-family: \'Times New Roman\', serif;\"><span size=\"3\" style=\"font-size: medium;\">Wir sind weder bereit noch verpflichtet, an einem Streitbeilegungsverfahren vor einer Verbraucherschlichtungsstelle teilzunehmen.</span></span></p>\r\n<p class=\"western\" align=\"center\"></p>\r\n<p class=\"western\" align=\"justify\"><span face=\"Times New Roman, serif\" style=\"font-family: \'Times New Roman\', serif;\"><span size=\"3\" style=\"font-size: medium;\"><b>&#167; 9 Verschiedenes</b></span></span></p>\r\n<p class=\"western\" align=\"center\"></p>\r\n<p class=\"western\" align=\"justify\"></p>\r\n<p class=\"western\" align=\"center\"></p>\r\n<p class=\"western\" align=\"justify\"><span face=\"Times New Roman, serif\" style=\"font-family: \'Times New Roman\', serif;\"><span size=\"3\" style=\"font-size: medium;\">Auf das Vertragsverh&#228;ltnis zwischen uns und dem Kunden sowie auf die jeweiligen Gesch&#228;ftsbedingungen findet das Recht der Bundesrepublik Deutschland Anwendung. Sofern der Kunde Verbraucher ist, bleiben die nach dem Recht des Staates, in welchem der Verbraucher seinen gew&#246;hnlichen Aufenthalt hat, zum Schutz des Verbrauchers anzuwendenden gesetzlichen Regelungen und Rechte, von welchen nicht durch Vereinbarung abgewichen werden darf, von dieser Vereinbarung unber&#252;hrt. Die Anwendung von UN-Kaufrecht wird ausgeschlossen.</span></span></p>\r\n<p class=\"western\" align=\"center\"></p>', 2, 0, '', 1, 3, 0, '', '', ''),
(9, 0, 0, '', 2, 'Impressum', 'Impressum', '<div style=\"text-align: left;\"><img src=\"https://alubogencenter.com/files/ABC/ABC-Logo.jpg\" alt=\"\" width=\"220\" height=\"55\" /></div>\r\n<div style=\"text-align: left;\">Inh. Rolf Brendem&#252;hl</div>\r\n<div style=\"text-align: left;\">Hamburger Stra&#223;e 4b<br />21244 Buchholz i.d.N.<br /><br /> Tel.: 04181 137352<br /><a href=\"mailto:info@alubogencenter.de\" target=\"_blank\"><br /></a> Website: <a href=\"https://alubogencenter.com\" target=\"_blank\">https://alubogencenter.com</a><a href=\"https://alubogencenter.de\"></a><a href=\"http://alubogencenter.de\" target=\"blank\"></a></div>\r\n<div style=\"text-align: left;\">eMail:&#160; &#160; &#160;&#160;<a href=\"mailto:info@alubogencenter.com\">info@alubogencenter.com</a></div>\r\n<div style=\"text-align: left;\"></div>\r\n<div style=\"text-align: left;\"></div>\r\n<hr />\r\n<p><span style=\"font-size: 10pt;\"><strong><em>Angaben nach &#167;6 TDG</em></strong></span></p>\r\n<div style=\"text-align: left;\">Firmenname: Alubogencenter.de<br /> Inhaber: Rolf Brendem&#252;hl</div>\r\n<div style=\"text-align: left;\">Rechtsform: Einzelunternehmen<br /> USt-Id.:&#160;DE815479160</div>\r\n<div style=\"text-align: left;\">Strasse: Hamburger Stra&#223;e 4b<br /> Plz. und Ort: 21244 Buchholz i.d.N. (Germany)<br /> Website:&#160;<a href=\"https://alubogencenter.com\" target=\"_blank\">https://alubogencenter.com</a></div>\r\n<div style=\"text-align: left;\">eMail:&#160; &#160; &#160;&#160;<a href=\"mailto:info@alubogencenter.com\">info@alubogencenter.com</a></div>\r\n<hr />\r\n<p></p>\r\n<p><span style=\"font-size: 10pt;\"><strong>Verantwortlich f&#252;r Konzeption und Gestaltung: <span style=\"color: #3366ff;\">Alubogencenter.de &#183; Inh. Rolf Brendem&#252;hl</span></strong></span><br /><br /><strong>Bilder Impressum</strong></p>\r\n<p>&#169; Alubogencenter.de &#183; Inh. Rolf Brendem&#252;hl</p>\r\n<p>&#169; Markus Tollhopf &#183; Fotografie</p>\r\n<p><span>&#169; <span>Alexander Sigart&#160;&#183;&#160;</span>SigART Media</span></p>\r\n<hr /><strong><em>Haftungshinweise / Disclaimer: </em></strong><br /> Das Landgericht Hamburg hat mit dem Urteil vom 12. Mai 1998 entschieden, dass man durch die Ausbringung eines Links die Inhalte der gelinkten Seite ggf. mit zu verantworten hat. Dies kann, so das LG, nur dadurch verhindert werden, dass man sich ausdr&#252;cklich von diesen Inhalten distanziert. <br /><br /> Wir haben auf unserer Page Links zu anderen Seiten im Internet gelegt. F&#252;r all diese Links gilt: Wir m&#246;chten ausdr&#252;cklich betonen, dass wir keinerlei Einfluss auf die Gestaltung und die Inhalte der gelinkten Seiten haben. Deshalb distanzieren wir uns hiermit ausdr&#252;cklich von allen Inhalten aller gelinkten Seiten auf unserer gesamten Website inkl. aller Unterseiten. Diese Erkl&#228;rung gilt f&#252;r alle auf unserer Homepage ausgebrachten Links und f&#252;r alle Inhalte der Seiten, zu denen Links oder Banner f&#252;hren.', 3, 1, '', 1, 4, 0, '', '', ''),
(10, 0, 0, '', 2, 'Index', 'Willkommen', '<p>{$greeting}</p>', 0, 1, '', 0, 5, 0, '', '', ''),
(18, 0, 0, '', 2, 'Preis Info', 'Preis Info', '<p><span style=\"font-size: 12pt;\"><strong>Sehr geehrte Damen und Herren,</strong></span></p>\r\n<p><span style=\"font-size: 12pt;\"><strong></strong></span><br /><br /><span style=\"font-size: 12pt;\"><strong> mit Ihrem aktuellen Systemstatus k&#246;nnen Sie momentan keine Preise sehen.</strong></span><br /><br /><br /><span style=\"font-size: 12pt;\"><strong> Loggen Sie sich bitte ein, bzw. melden Sie sich an.</strong></span><br /><br /><span style=\"font-size: 12pt;\"><strong> Sollten Sie trotz erfolgreicher Anmeldung keine Preise sehen k&#246;nnen, so kommen Sie bitte auf mich zu.</strong></span><br /><br /></p>', 0, 0, '', 0, 500, 1, '', '', ''),
(19, 0, 0, '', 2, 'Kooperationen', 'Kooperationen', '<h2>Unser Systemhaus und Partner</h2>\r\n<h3><a href=\"https://yes-websolutions.de\" target=\"_blank\" title=\"Ecommerce Unternehmensberatung\">Die Yes Websolutions aus Hamburg</a></h3>\r\n<p>Das Team der YES Websolutions bietet das YES-System als Cloud ERP System f&#252;r den Onlinehandel an.<br />Dar&#252;ber hinaus unterst&#252;tzt es uns als Berater in allen unternehmerischen Fragen.</p>\r\n<p><br /><a href=\"https://www.yes-system.de\" target=\"_blank\" title=\"ERP Ecommerce Warenwirtschaft\"><img src=\"https://yes-system.de/yes-system-logo.png\" alt=\"ERP Ecommerce Warenwirtschaft  yes-system.de\" width=\"100\" border=\"0\" /></a></p>\r\n<p></p>\r\n<p>Das YES-System ist die optimale Software f&#252;r den Onlinehandel&#160;<br />Die als Komplettl&#246;sung Ihre Unternehmensbereiche aus einer einzigen Basis heraus abbildet.</p>\r\n<p>Bei Fragen kommen Sie gern auf uns zu.</p>\r\n<p></p>\r\n<p></p>\r\n<p></p>\r\n<h2>Unser Produktfotograf</h2>\r\n<p>Das Team von Bastian Baumann hat uns&#160;professionell beim Erstellen unserer Produktbilder zur Seite gestanden.</p>\r\n<p><br /><a href=\"https://www.produktfokus.de\" target=\"_blank\"><img src=\"http://alubogencenter.com//ebaymich/Logos/produktfokus-website-logo_sticky.jpg\" alt=\"\" /></a></p>\r\n<p><br />Bei Fragen kommen Sie gern auf uns zu.</p>', 2, 1, '', 1, 11, 1, '', '', ''),
(13, 0, 0, '', 2, 'Kontaktformular', 'Kontaktformular', '<div style=\"text-align: left;\"><a href=\"https://alubogencenter.com/Kontaktformular-_-7.html\"><img src=\"https://alubogencenter.com/files/ABC/ABC-Logo.jpg\" width=\"220\" height=\"55\" /></a><span style=\"font-size: 10pt;\"><span style=\"font-size: 10pt;\"></span></span>\r\n<div><span style=\"font-size: 12pt;\"><strong>Inh. Rolf Brendem&#252;hl</strong></span></div>\r\n<span style=\"font-size: 12pt;\"><strong></strong></span>\r\n<div><span style=\"font-size: 12pt;\"><strong>Hamburger Stra&#223;e 4b<br /></strong></span></div>\r\n<div><span style=\"font-size: 12pt;\"><strong>21244 Buchholz i.d.N.</strong></span></div>\r\n<span style=\"font-size: 12pt;\"><strong></strong></span>\r\n<div></div>\r\n<span style=\"font-size: 12pt;\"><strong></strong></span>\r\n<div><span style=\"font-size: 10pt;\"><strong>Telefon&#160;<em><strong>04181 137352</strong></em></strong></span></div>\r\n<div><span style=\"font-size: 12pt;\"><strong><em><strong><a href=\"mailto:info@alubogencenter.com?subject=R%C3%BCckfrage%20beim%20Alubogencenter.de\"><span style=\"font-size: 10pt;\">info@alubogencenter.com</span></a><br /></strong></em></strong></span></div>\r\n</div>\r\n<p></p>', 1, 1, '', 1, 7, 0, '', '', ''),
(16, 0, 0, '', 2, 'Sitemap', '', '', 100, 1, 'sitemap.php', 1, 8, 0, '', '', ''),
(20, 0, 0, '', 2, 'Wir über uns', 'Wie es mit dem Alubogencenter begann oder es war einmal ...', '<p><strong><span style=\"font-size: 10pt;\">&#65279;das Alubogencenter.de Inh. Rolf Brendem&#252;hl</span></strong></p>\r\n<p><strong><span style=\"font-size: 10pt;\"> Ist ein kleines Unternehmen mit famili&#228;rem Flair und mit viel Freude an der Vielfalt der Aufgaben.</span></strong></p>\r\n<p><strong><span style=\"font-size: 10pt;\">Bereits seit 2010 wurde die Homepage als Informationssystem genutzt, um einen Lieferkatalog abzubilden.</span></strong></p>\r\n<p><strong><span style=\"font-size: 10pt;\">Durch meine langj&#228;hrige Erfahrung im Bereich technischer Handel, habe ich mich 2014 dazu entschieden mein Fachwissen zu nutzen und mich mit dem Alubogencenter, Selbstst&#228;ndig zu machen.</span></strong></p>\r\n<p><strong><span style=\"font-size: 10pt;\">Seitdem w&#228;chst stetig das Angebot und regelm&#228;&#223;ig wird das lagerf&#252;hrende Sortiment erweitert.</span></strong></p>\r\n<p><strong><span style=\"font-size: 10pt;\">Au&#223;erdem legen wir gro&#223;en Wert besonders auf Privatpersonen, Prototypdesigner und H&#228;ndlerkollegen, die geringe Abnahmemengen ben&#246;tigen.</span></strong></p>\r\n<p><strong><span style=\"font-size: 10pt;\">Im Dezember 2024 wurde die alte Seite zu einem Shop-System, um noch mehr Kundenn&#228;he zu schaffen.</span></strong></p>\r\n<p><strong><span style=\"font-size: 10pt;\">Und so hat es mal ausgesehen ...&#160; Ein nostalgischer </span><span style=\"font-size: 10pt;\"><span style=\"color: #0000ff; font-size: 12pt;\"><a href=\"https://alubogencenter.de\" target=\"_blank\"><span style=\"color: #0000ff;\">R&#252;cksprung</span></a></span></span></strong></p>\r\n<p><strong><span style=\"font-size: 10pt;\"><a href=\"https://alubogencenter.de\" target=\"_blank\"></a><img src=\"http://alubogencenter.com//ebaymich/Bilder ABC/Alubogencenter.de.jpg\" alt=\"\" /></span></strong></p>', 1, 1, '', 1, 10, 1, '', '', ''),
(22, 0, 0, '', 2, 'Widerrufsbelehrung', 'Widerrufsbelehrung', '<p class=\"western\" align=\"center\"><span face=\"Times New Roman, serif\" style=\"font-family: \'Times New Roman\', serif;\"><span size=\"3\" style=\"font-size: medium;\"><b>Widerrufsbelehrung </b></span></span><strong><span face=\"Times New Roman, serif\" style=\"font-family: \'Times New Roman\', serif;\"><span size=\"3\" style=\"font-size: medium;\">und Muster-Widerrufsformular </span></span></strong><span face=\"Times New Roman, serif\" style=\"font-family: \'Times New Roman\', serif;\"><span size=\"3\" style=\"font-size: medium;\"><b>f&#252;r Verbraucher </b></span></span></p>\r\n<p class=\"western\" align=\"center\"></p>\r\n<p class=\"western\" align=\"justify\"></p>\r\n<p class=\"western\" align=\"center\"><span face=\"Times New Roman, serif\" style=\"font-family: \'Times New Roman\', serif;\"><span size=\"3\" style=\"font-size: medium;\"><b>Widerrufsbelehrung</b></span></span></p>\r\n<p class=\"western\" align=\"justify\"></p>\r\n<p class=\"western\" align=\"justify\"><span face=\"Times New Roman, serif\" style=\"font-family: \'Times New Roman\', serif;\"><span size=\"3\" style=\"font-size: medium;\"><b>Widerrufsrecht</b></span></span></p>\r\n<p class=\"western\" align=\"justify\"></p>\r\n<p class=\"western\" align=\"justify\"><span face=\"Times New Roman, serif\" style=\"font-family: \'Times New Roman\', serif;\"><span size=\"3\" style=\"font-size: medium;\">Sie haben das Recht, binnen vierzehn Tagen ohne Angabe von Gr&#252;nden diesen Vertrag zu widerrufen. </span></span></p>\r\n<p class=\"western\" align=\"justify\"></p>\r\n<p class=\"western\" align=\"justify\"><span face=\"Times New Roman, serif\" style=\"font-family: \'Times New Roman\', serif;\"><span size=\"3\" style=\"font-size: medium;\">Die Widerrufsfrist betr&#228;gt vierzehn Tage ab dem Tag, an dem Sie oder ein von Ihnen benannter Dritter, der nicht der Bef&#246;rderer ist, die letzte Ware in Besitz genommen haben bzw. hat. </span></span></p>\r\n<p class=\"western\" align=\"justify\"></p>\r\n<p class=\"western\" align=\"justify\"><span face=\"Times New Roman, serif\" style=\"font-family: \'Times New Roman\', serif;\"><span size=\"3\" style=\"font-size: medium;\">Um Ihr Widerrufsrecht auszu&#252;ben, m&#252;ssen Sie uns, </span></span></p>\r\n<p class=\"western\" align=\"justify\"></p>\r\n<p><span size=\"3\" style=\"font-size: 12pt;\"><b><span color=\"#000000\"><span face=\"Times New Roman, serif\">Alubogencenter.de</span></span></b></span></p>\r\n<p class=\"western\"><span size=\"3\" style=\"font-size: 12pt;\"><b><span face=\"Times New Roman, serif\">Inh. Rolf Brendem&#252;hl<br /></span></b></span></p>\r\n<p class=\"western\"><span size=\"3\" style=\"font-size: 12pt;\"><b><span face=\"Times New Roman, serif\">Hamburger Stra&#223;e 4b<br /></span></b></span></p>\r\n<p class=\"western\"><span size=\"3\" style=\"font-size: 12pt;\"><b><span face=\"Times New Roman, serif\">21244 Buchholz i.d.N.<br /></span></b></span></p>\r\n<p class=\"western\"><span style=\"font-size: 12pt;\"><span face=\"Times New Roman, serif\"><span size=\"3\"><b>eMail:&#160; <a href=\"mailto:info@alubogencenter.com?subject=Widerruf%20des%20Kaufvertrags\">info@alubogencenter.com</a></b></span></span></span></p>\r\n<p class=\"western\" align=\"justify\"></p>\r\n<p class=\"western\" align=\"justify\"><span face=\"Times New Roman, serif\" style=\"font-family: \'Times New Roman\', serif;\"><span size=\"3\" style=\"font-size: medium;\">mittels einer eindeutigen Erkl&#228;rung (z. B. ein mit der Post versandter Brief, Telefax oder E-Mail) &#252;ber Ihren Entschluss, diesen Vertrag zu widerrufen, informieren. Sie k&#246;nnen daf&#252;r das beigef&#252;gte Muster-Widerrufsformular verwenden, das jedoch nicht vorgeschrieben ist. </span></span></p>\r\n<p class=\"western\" align=\"justify\"></p>\r\n<p class=\"western\" align=\"justify\"><span face=\"Times New Roman, serif\" style=\"font-family: \'Times New Roman\', serif;\"><span size=\"3\" style=\"font-size: medium;\">Zur Wahrung der Widerrufsfrist reicht es aus, dass Sie die Mitteilung &#252;ber die Aus&#252;bung des Widerrufsrechts vor Ablauf der Widerrufsfrist absenden. </span></span></p>\r\n<p class=\"western\" align=\"justify\"></p>\r\n<p class=\"western\" align=\"justify\"><span face=\"Times New Roman, serif\" style=\"font-family: \'Times New Roman\', serif;\"><span size=\"3\" style=\"font-size: medium;\"><b>Folgen des Widerrufs</b></span></span></p>\r\n<p class=\"western\" align=\"justify\"></p>\r\n<p class=\"western\" align=\"justify\"><span face=\"Times New Roman, serif\" style=\"font-family: \'Times New Roman\', serif;\"><span size=\"3\" style=\"font-size: medium;\">Wenn Sie diesen Vertrag widerrufen, haben wir Ihnen alle Zahlungen, die wir von Ihnen erhalten haben, einschlie&#223;lich der Lieferkosten (mit Ausnahme der zus&#228;tzlichen Kosten, die sich daraus ergeben, dass Sie eine andere Art der Lieferung als die von uns angebotene, g&#252;nstigste Standardlieferung gew&#228;hlt haben), unverz&#252;glich und sp&#228;testens binnen vierzehn Tagen ab dem Tag zur&#252;ckzuzahlen, an dem die Mitteilung &#252;ber Ihren Widerruf dieses Vertrags bei uns eingegangen ist. F&#252;r diese R&#252;ckzahlung verwenden wir dasselbe Zahlungsmittel, das Sie bei der urspr&#252;nglichen Transaktion eingesetzt haben, es sei denn, mit Ihnen wurde ausdr&#252;cklich etwas anderes vereinbart; in keinem Fall werden Ihnen wegen dieser R&#252;ckzahlung Entgelte berechnet. </span></span></p>\r\n<p class=\"western\" align=\"justify\"></p>\r\n<p class=\"western\" align=\"justify\"><span face=\"Times New Roman, serif\" style=\"font-family: \'Times New Roman\', serif;\"><span size=\"3\" style=\"font-size: medium;\"><b>Wenn die Ware auf Grund ihrer Beschaffenheit normal mit der Post zur&#252;ckgesandt werden kann, gilt folgendes:</b></span></span></p>\r\n<p class=\"western\" align=\"justify\"><span face=\"Times New Roman, serif\" style=\"font-family: \'Times New Roman\', serif;\"><span size=\"3\" style=\"font-size: medium;\">Wir k&#246;nnen die R&#252;ckzahlung verweigern, bis wir die Waren wieder zur&#252;ckerhalten haben oder bis Sie den Nachweis erbracht haben, dass Sie die Waren zur&#252;ckgesandt haben, je nachdem, welches der fr&#252;here Zeitpunkt ist. Sie haben die Waren unverz&#252;glich und in jedem Fall sp&#228;testens binnen vierzehn Tagen ab dem Tag, an dem Sie uns &#252;ber den Widerruf dieses Vertrages unterrichten, an uns zur&#252;ckzusenden oder zu &#252;bergeben. Die Frist ist gewahrt, wenn Sie die Waren vor Ablauf der Frist von vierzehn Tagen absenden. Sie tragen die unmittelbaren Kosten der R&#252;cksendung der Waren.</span></span></p>\r\n<p class=\"western\" align=\"justify\"><span face=\"Times New Roman, serif\" style=\"font-family: \'Times New Roman\', serif;\"><span size=\"3\" style=\"font-size: medium;\"><b>Wenn die Ware auf Grund ihrer Beschaffenheit </b></span></span><span face=\"Times New Roman, serif\" style=\"font-family: \'Times New Roman\', serif;\"><span size=\"3\" style=\"font-size: medium;\"><span style=\"text-decoration: underline;\"><b>nicht</b></span></span></span><span face=\"Times New Roman, serif\" style=\"font-family: \'Times New Roman\', serif;\"><span size=\"3\" style=\"font-size: medium;\"><b> normal mit der Post zur&#252;ckgesandt werden kann, gilt folgendes:</b></span></span></p>\r\n<p class=\"western\" align=\"justify\"><span face=\"Times New Roman, serif\" style=\"font-family: \'Times New Roman\', serif;\"><span size=\"3\" style=\"font-size: medium;\">Wir holen die Waren ab. Sie tragen die unmittelbaren Kosten der R&#252;cksendung der Waren. Die Kosten werden auf h&#246;chstens etwa 285,00 EUR gesch&#228;tzt.</span></span></p>\r\n<p class=\"western\" align=\"justify\"></p>\r\n<p class=\"western\" align=\"justify\"><span face=\"Times New Roman, serif\" style=\"font-family: \'Times New Roman\', serif;\"><span size=\"3\" style=\"font-size: medium;\">Sie m&#252;ssen f&#252;r einen etwaigen Wertverlust der Waren nur aufkommen, wenn dieser Wertverlust auf einen zur Pr&#252;fung der Beschaffenheit, Eigenschaften und Funktionsweise der Waren nicht notwendigen Umgang mit ihnen zur&#252;ckzuf&#252;hren ist. </span></span></p>\r\n<p class=\"western\" align=\"justify\"><span face=\"Times New Roman, serif\" style=\"font-family: \'Times New Roman\', serif;\"><span size=\"3\" style=\"font-size: medium;\"><b>Ende der Widerrufsbelehrung</b></span></span></p>\r\n<p class=\"western\" align=\"justify\"></p>\r\n<p align=\"center\"></p>\r\n<p align=\"center\"></p>\r\n<p align=\"center\"><span face=\"Times New Roman, serif\" style=\"font-family: \'Times New Roman\', serif;\"><span size=\"3\" style=\"font-size: medium;\"><strong>Muster-Widerrufsformular</strong></span></span></p>\r\n<p align=\"center\"></p>\r\n<p align=\"center\"></p>\r\n<p align=\"center\"></p>\r\n<p><span face=\"Times New Roman, serif\" style=\"font-family: \'Times New Roman\', serif;\"><span size=\"3\" style=\"font-size: medium;\">(Wenn Sie den Vertrag widerrufen wollen, dann f&#252;llen Sie bitte dieses Formular aus und senden Sie es zur&#252;ck.)</span></span></p>\r\n<p align=\"center\"></p>\r\n<p></p>\r\n<p align=\"center\"></p>\r\n<p></p>\r\n<p align=\"center\"></p>\r\n<p></p>\r\n<br />\r\n<p><span size=\"3\" style=\"font-size: 12pt;\"><b><span color=\"#000000\"><span face=\"Times New Roman, serif\">Alubogencenter.de</span></span></b></span></p>\r\n<p class=\"western\"><span size=\"3\" style=\"font-size: 12pt;\"><b><span face=\"Times New Roman, serif\">Inh. Rolf Brendem&#252;hl<br /></span></b></span></p>\r\n<p class=\"western\"><span size=\"3\" style=\"font-size: 12pt;\"><b><span face=\"Times New Roman, serif\">Hamburger Stra&#223;e 4b<br /></span></b></span></p>\r\n<p class=\"western\"><span size=\"3\" style=\"font-size: 12pt;\"><b><span face=\"Times New Roman, serif\">21244 Buchholz i.d.N.<br /></span></b></span></p>\r\n<span style=\"font-size: 12pt;\"><span face=\"Times New Roman, serif\"><span size=\"3\"><b>eMail:&#160; <a href=\"mailto:info@alubogencenter.com?subject=Widerruf%20des%20Kaufvertrags\">info@alubogencenter.com</a></b></span></span></span><br />\r\n<p><span><span size=\"3\" style=\"font-size: medium;\"><b><span><span color=\"#000000\" style=\"color: #000000;\"><span face=\"Times New Roman, serif\" style=\"font-family: \'Times New Roman\', serif;\"><span size=\"3\" style=\"font-size: medium;\"><span><span><span face=\"Times New Roman, serif\" style=\"font-family: \'Times New Roman\', serif;\">&#160;</span></span></span></span></span></span></span></b></span></span></p>\r\n<p align=\"center\"></p>\r\n<p></p>\r\n<p align=\"center\"></p>\r\n<p></p>\r\n<p align=\"center\"></p>\r\n<p><span face=\"Times New Roman, serif\" style=\"font-family: \'Times New Roman\', serif;\"><span size=\"3\" style=\"font-size: medium;\">- Hiermit widerrufe(n) ich/wir (*) den von mir/uns (*) abgeschlossenen Vertrag &#252;ber den Kauf der folgenden Waren (*)/ die Erbringung der folgenden Dienstleistung (*)</span></span></p>\r\n<p align=\"center\"></p>\r\n<p></p>\r\n<p align=\"center\"></p>\r\n<p></p>\r\n<p align=\"center\"></p>\r\n<p></p>\r\n<p align=\"center\"></p>\r\n<p><span face=\"Times New Roman, serif\" style=\"font-family: \'Times New Roman\', serif;\"><span size=\"3\" style=\"font-size: medium;\">- Bestellt am (*)/erhalten am (*)</span></span></p>\r\n<p align=\"center\"></p>\r\n<p></p>\r\n<p align=\"center\"></p>\r\n<p></p>\r\n<p align=\"center\"></p>\r\n<p></p>\r\n<p align=\"center\"></p>\r\n<p><span face=\"Times New Roman, serif\" style=\"font-family: \'Times New Roman\', serif;\"><span size=\"3\" style=\"font-size: medium;\">- Name des/der Verbraucher(s)</span></span></p>\r\n<p align=\"center\"></p>\r\n<p></p>\r\n<p align=\"center\"></p>\r\n<p></p>\r\n<p align=\"center\"></p>\r\n<p></p>\r\n<p align=\"center\"></p>\r\n<p><span face=\"Times New Roman, serif\" style=\"font-family: \'Times New Roman\', serif;\"><span size=\"3\" style=\"font-size: medium;\">- Anschrift des/der Verbraucher(s)<br /> </span></span></p>\r\n<p align=\"center\"></p>\r\n<p></p>\r\n<p align=\"center\"></p>\r\n<p></p>\r\n<p align=\"center\"></p>\r\n<p><span face=\"Times New Roman, serif\" style=\"font-family: \'Times New Roman\', serif;\"><span size=\"3\" style=\"font-size: medium;\">- Datum</span></span></p>\r\n<p align=\"center\"></p>\r\n<p></p>\r\n<p align=\"center\"></p>\r\n<p></p>\r\n<p align=\"center\"></p>\r\n<p></p>\r\n<p align=\"center\"></p>\r\n<p><span face=\"Times New Roman, serif\" style=\"font-family: \'Times New Roman\', serif;\"><span size=\"3\" style=\"font-size: medium;\">- Unterschrift des/der Verbraucher(s) (nur bei Mitteilung auf Papier)</span></span></p>\r\n<p align=\"center\"></p>\r\n<p></p>\r\n<p align=\"center\"></p>\r\n<p><span face=\"Times New Roman, serif\" style=\"font-family: \'Times New Roman\', serif;\"><span size=\"3\" style=\"font-size: medium;\">__________________________________</span></span></p>\r\n<p align=\"center\"></p>\r\n<p></p>\r\n<p align=\"center\"></p>\r\n<p><span face=\"Times New Roman, serif\" style=\"font-family: \'Times New Roman\', serif;\"><span size=\"3\" style=\"font-size: medium;\">(*) Unzutreffendes streichen.</span></span></p>\r\n<p align=\"center\"><span face=\"Times New Roman, serif\" style=\"font-family: \'Times New Roman\', serif;\"><span size=\"3\" style=\"font-size: medium;\"><strong>&#160;</strong></span></span></p>', 5, 0, '', 1, 9, 1, '', '', ''),
(41, 0, 0, '', 2, 'Contentbox 6  - Unter dem Slider', '', '<img src=\"https://alubogencenter.com//ebaymich/Startseitenslider/Weihnachten Slider.gif\" alt=\"\" />', 505, 1, '', 0, 5, 1, '', '', ''),
(56, 0, 0, '', 2, 'Gutscheine', 'Gutscheine - Fragen und Antworten', '<table cellspacing=\"0\" cellpadding=\"0\">\r\n<tbody>\r\n<tr>\r\n<td class=\"main\"><span>Wie k&#246;nnen Gutscheine gekauft werden ?</span></td>\r\n</tr>\r\n<tr>\r\n<td class=\"main\">\r\n<p>Gutscheine k&#246;nnen, falls sie im Shop angeboten werden, wie normale Artikel gekauft werden. Sobald Sie einen Gutschein gekauft haben und dieser nach erfolgreicher Zahlung freigeschaltet wurde, erscheint der Betrag unter Ihrem Warenkorb. Nun k&#246;nnen Sie &#252;ber den Link \" Gutschein versenden \" den gew&#252;nschten Betrag per E-Mail versenden.</p>\r\n<p>&#160;</p>\r\n</td>\r\n</tr>\r\n</tbody>\r\n</table>\r\n<table cellspacing=\"0\" cellpadding=\"0\">\r\n<tbody>\r\n<tr>\r\n<td class=\"main\"><span>Wie versendet man Gutscheine (per e-Mail) ?<br /></span></td>\r\n</tr>\r\n<tr>\r\n<td class=\"main\">\r\n<p>Um einen Gutschein zu versenden, klicken Sie bitte auf den Link \"Gutschein versenden\" in Ihrem Einkaufskorb. Um einen Gutschein zu versenden, ben&#246;tigen wir folgende Angaben von Ihnen: Vor- und Nachname des Empf&#228;ngers. Eine g&#252;ltige E-Mail Adresse des Empf&#228;ngers. Den gew&#252;nschten Betrag (Sie k&#246;nnen auch Teilbetr&#228;ge Ihres Guthabens versenden). Eine kurze Nachricht an den Empf&#228;nger. Bitte &#252;berpr&#252;fen Sie Ihre Angaben noch einmal vor dem Versenden. Sie haben vor dem Versenden jederzeit die M&#246;glichkeit Ihre Angaben zu korrigieren.</p>\r\n<p>&#160;</p>\r\n</td>\r\n</tr>\r\n</tbody>\r\n</table>\r\n<table cellspacing=\"0\" cellpadding=\"0\">\r\n<tbody>\r\n<tr>\r\n<td class=\"main\"><span>Wie kann man beim Alubogencenter.de mit Gutscheinen einkaufen ?</span></td>\r\n</tr>\r\n<tr>\r\n<td class=\"main\">\r\n<p>Sobald Sie &#252;ber ein Guthaben verf&#252;gen, k&#246;nnen Sie dieses zum Bezahlen Ihrer Bestellung verwenden. W&#228;hrend des Bestellvorganges haben Sie die M&#246;glichkeit Ihr Guthaben einzul&#246;sen. Falls das Guthaben unter dem Warenwert liegt m&#252;ssen Sie Ihre bevorzugte Zahlungsweise f&#252;r den Differenzbetrag w&#228;hlen. &#252;bersteigt Ihr Guthaben den Warenwert, steht Ihnen das Restguthaben selbstverst&#228;ndlich f&#252;r Ihre n&#228;chste Bestellung zur Verf&#252;gung.</p>\r\n<p>&#160;</p>\r\n</td>\r\n</tr>\r\n</tbody>\r\n</table>\r\n<table cellspacing=\"0\" cellpadding=\"0\">\r\n<tbody>\r\n<tr>\r\n<td class=\"main\"><span>Gutscheine verbuchen.</span></td>\r\n</tr>\r\n<tr>\r\n<td class=\"main\">\r\n<p>Wenn Sie einen Gutschein per E-Mail erhalten haben, k&#246;nnen Sie den Betrag wie folgt verbuchen:.<br />1. Klicken Sie auf den in der E-Mail angegebenen Link. Falls Sie noch nicht &#252;ber ein pers&#246;nliches Kundenkonto verf&#252;gen, haben Sie die M&#246;glichkeit ein Konto zu er&#246;ffnen.<br />2. Nachdem Sie ein Produkt in den Warenkorb gelegt haben, k&#246;nnen Sie dort Ihren Gutscheincode eingeben.</p>\r\n<p>&#160;</p>\r\n</td>\r\n</tr>\r\n</tbody>\r\n</table>\r\n<table cellspacing=\"0\" cellpadding=\"0\">\r\n<tbody>\r\n<tr>\r\n<td class=\"main\"><span>Falls es zu Problemen kommen sollte:</span></td>\r\n</tr>\r\n<tr>\r\n<td class=\"main\">\r\n<p>Falls es wider Erwarten zu Problemen mit einem Gutschein kommen sollte, kontaktieren Sie uns bitte per E-Mail : info@alubogencenter.de. Bitte beschreiben Sie m&#246;glichst genau das Problem, wichtige Angaben sind unter anderem: Ihre Kundennummer, der Gutscheincode, Fehlermeldungen des Systems sowie der von Ihnen benutzte Browser.</p>\r\n</td>\r\n</tr>\r\n</tbody>\r\n</table>', 10, 1, '', 0, 6, 1, '', '', ''),
(44, 0, 0, '', 2, 'Widerrufsformular', '', '<p align=\"center\"><span face=\"Times New Roman, serif\" style=\"font-family: \'Times New Roman\', serif;\"><span size=\"3\" style=\"font-size: medium;\"><strong>Muster-Widerrufsformular</strong></span></span></p>\r\n<p align=\"center\"></p>\r\n<p><span face=\"Times New Roman, serif\" style=\"font-family: \'Times New Roman\', serif;\"><span size=\"3\" style=\"font-size: medium;\">(Wenn Sie den Vertrag widerrufen wollen, dann f&#252;llen Sie bitte dieses Formular aus und senden Sie es zur&#252;ck.)</span></span></p>\r\n<p></p>\r\n<p></p>\r\n<p><span size=\"3\" style=\"font-size: 12pt;\"><b><span color=\"#000000\"><span face=\"Times New Roman, serif\">Alubogencenter.de</span></span></b></span></p>\r\n<p class=\"western\"><span size=\"3\" style=\"font-size: 12pt;\"><b><span face=\"Times New Roman, serif\">Inh. Rolf Brendem&#252;hl<br /></span></b></span></p>\r\n<p class=\"western\"><span size=\"3\" style=\"font-size: 12pt;\"><b><span face=\"Times New Roman, serif\">Hamburger Stra&#223;e 4b<br /></span></b></span></p>\r\n<p class=\"western\"><span size=\"3\" style=\"font-size: 12pt;\"><b><span face=\"Times New Roman, serif\">21244 Buchholz i.d.N.<br /></span></b></span></p>\r\n<span style=\"font-size: 12pt;\"><span face=\"Times New Roman, serif\"><span size=\"3\"><b>eMail:&#160;&#160;<a href=\"mailto:info@alubogencenter.com?subject=Widerruf%20des%20Kaufvertrags\">info@alubogencenter.com</a></b></span></span></span><br />\r\n<p></p>\r\n<p></p>\r\n<p><span face=\"Times New Roman, serif\" style=\"font-family: \'Times New Roman\', serif;\"><span size=\"3\" style=\"font-size: medium;\">- Hiermit widerrufe(n) ich/wir (*) den von mir/uns (*) abgeschlossenen Vertrag &#252;ber den Kauf der folgenden Waren (*)/ die Erbringung der folgenden Dienstleistung (*)</span></span></p>\r\n<p></p>\r\n<p></p>\r\n<p></p>\r\n<p><span face=\"Times New Roman, serif\" style=\"font-family: \'Times New Roman\', serif;\"><span size=\"3\" style=\"font-size: medium;\">- Bestellt am (*)/erhalten am (*)</span></span></p>\r\n<p></p>\r\n<p></p>\r\n<p></p>\r\n<p><span face=\"Times New Roman, serif\" style=\"font-family: \'Times New Roman\', serif;\"><span size=\"3\" style=\"font-size: medium;\">- Name des/der Verbraucher(s)</span></span></p>\r\n<p></p>\r\n<p></p>\r\n<p></p>\r\n<p><span face=\"Times New Roman, serif\" style=\"font-family: \'Times New Roman\', serif;\"><span size=\"3\" style=\"font-size: medium;\">- Anschrift des/der Verbraucher(s)<br /> </span></span></p>\r\n<p></p>\r\n<p></p>\r\n<p><span face=\"Times New Roman, serif\" style=\"font-family: \'Times New Roman\', serif;\"><span size=\"3\" style=\"font-size: medium;\">- Datum</span></span></p>\r\n<p></p>\r\n<p></p>\r\n<p></p>\r\n<p><span face=\"Times New Roman, serif\" style=\"font-family: \'Times New Roman\', serif;\"><span size=\"3\" style=\"font-size: medium;\">- Unterschrift des/der Verbraucher(s) (nur bei Mitteilung auf Papier)</span></span></p>\r\n<p></p>\r\n<p><span face=\"Times New Roman, serif\" style=\"font-family: \'Times New Roman\', serif;\"><span size=\"3\" style=\"font-size: medium;\">__________________________________</span></span></p>\r\n<p></p>\r\n<p><span face=\"Times New Roman, serif\" style=\"font-family: \'Times New Roman\', serif;\"><span size=\"3\" style=\"font-size: medium;\">(*) Unzutreffendes streichen.</span></span></p>', 6, 0, '', 1, 12, 1, '', '', ''),
(45, 0, 0, '', 2, 'Slider 1', '', '', 600, 1, '', 0, 5, 1, '', '', ''),
(46, 0, 0, '', 2, 'Slider 2', '', '<div class=\"item\"></div>', 601, 1, '', 0, 5, 1, '', '', ''),
(47, 0, 0, '', 2, 'Slider 3', '', '', 602, 1, '', 0, 5, 1, '', '', ''),
(48, 0, 0, '', 2, 'Slider 4', '', '', 603, 1, '', 0, 5, 1, '', '', ''),
(49, 0, 0, '', 2, 'Slider 5', '', '', 604, 1, '', 0, 5, 1, '', '', ''),
(50, 0, 0, '', 2, 'Footer Bezahlarten', 'Unsere Bezahlarten', '<p><img src=\"https://alubogencenter.com//ebaymich/Paymentlogos/vorkasse gr&#252;n.png\" alt=\"Vorkasse per &#220;berweisung\" width=\"120\" height=\"80\" /></p>\r\n<p><img src=\"https://alubogencenter.com//ebaymich/Paymentlogos/PayPal.jpg\" alt=\"Paypal mit Auswahl\" width=\"120\" height=\"80\" /></p>', 605, 1, '', 0, 5, 1, '', '', ''),
(51, 0, 0, '', 2, 'Footer Versandarten', 'Versandarten', '<p><img src=\"https://alubogencenter.com//ebaymich/Versanddienste/dhl.jpg\" width=\"120\" height=\"80\" alt=\"DHL Paket\" /></p>\r\n<p><img src=\"https://alubogencenter.com//ebaymich/Versanddienste/dhl-packstation.jpg\" alt=\"DHL Paket auch an die Packstation\" width=\"120\" height=\"80\" /></p>\r\n<p><img src=\"https://alubogencenter.com//ebaymich/Versanddienste/Go Green gelb.jpg\" width=\"120\" height=\"60\" /></p>', 606, 1, '', 0, 5, 1, '', '', ''),
(52, 0, 0, '', 2, 'Footer Logo + Adresse', 'Kontakt', '<div style=\"text-align: left;\"><a href=\"https://alubogencenter.com/Kontaktformular-_-7.html\"><img src=\"https://alubogencenter.com/files/ABC/ABC-Logo.jpg\" width=\"230\" height=\"74\" /></a></div>\r\n<div style=\"text-align: left;\"><span><strong>Inh. Rolf Brendem&#252;hl</strong></span><span><strong></strong></span>\r\n<div><span><strong>Hamburger Stra&#223;e 4b<br /></strong></span></div>\r\n<div><span><strong>21244 Buchholz i.d.N.</strong></span></div>\r\n<span><strong></strong></span>\r\n<div></div>\r\n<span><strong></strong></span>\r\n<div><span><strong><span>Telefon&#160;</span><em><strong><span>04181 / 137352</span><br /></strong></em></strong></span></div>\r\n<span><strong></strong></span> <span><strong></strong></span><a href=\"mailto:info@alubogencenter.com?subject=R%C3%BCckfrage%20beim%20Alubogencenter.de\"><span><strong>info@alubogencenter.com</strong></span></a></div>\r\n<div style=\"text-align: left;\"></div>\r\n<div style=\"text-align: left;\"></div>\r\n<p>&#160;&#160;<img src=\"https://alubogencenter.com//ebaymich/Icons/Idealo/Idealo Partner 2024.jpg\" alt=\"\" /></p>\r\n<p>&#160;&#160;</p>', 607, 1, '', 0, 5, 1, '', '', ''),
(53, 0, 0, '', 2, 'Footer Hinweistext', '', '<p><strong>Alle Preise in Euro (EUR) inklusive gesetzlicher Mehrwertsteuer und zuz&#252;glich&#160;<a href=\"https://alubogencenter.com/Versandkosten-_-1.html\">Versandkosten</a>. Versand derzeit nur innerhalb Deutschlands.<span>&#160;<a href=\"https://alubogencenter.com/deutsche-Inseln-_-20.html\"><span style=\"color: #ff6600;\">(nur Festland, keine Inseln)</span></a></span></strong><br /><span style=\"color: #ff0000;\">*</span>&#160;bei der Zahlungsart <span style=\"text-decoration: underline;\">Vorkasse</span> ab dem Tag des Zahlungseingangs, bei anderen Zahlungsarten ab dem Tag nach Vertragsschluss. Vorbehaltlich aktueller Verf&#252;gbarkeit des Artikels.<i><br /></i></p>', 608, 1, '', 0, 5, 1, '', '', ''),
(55, 0, 0, '', 2, 'Hinweistext: Header, Versandkosten beim Artikel, Warenkorb', '', '<span style=\"font-size: 12pt; color: #00ccff;\"><strong>Kunden Service Hotline 04181 137352</strong></span>', 508, 1, '', 0, 5, 1, '', '', ''),
(57, 0, 0, '', 2, 'Info zur Online-Streitbeilegung', 'Info zur Online-Streitbeilegung', '<p></p>\r\n<p><span style=\"text-decoration: underline; font-size: 12pt;\"><strong>Pflichtinformation gem&#228;&#223;&#160;&#167; 37 VSBG</strong></span></p>\r\n<p><span style=\"font-size: 10pt;\"><strong>Link auf die Online-Streitbeilegungs-Plattform der EU: <a href=\"https://ec.europa.eu/consumers/odr/\">https://ec.europa.eu/consumers/odr/</a></strong></span></p>\r\n<p><span style=\"font-size: 10pt;\"><strong>Wir sind weder bereit noch verpflichtet, an einem Streitbeilegungsverfahren vor einer Verbraucherschlichtungsstelle teilzunehmen.</strong></span></p>\r\n<p><span style=\"font-size: 10pt;\"><strong>Unsere Mailadresse lautet: info@alubogencenter.com</strong></span></p>', 7, 1, '', 0, 15, 1, '', '', ''),
(58, 0, 0, '', 2, 'deutsche Inseln', 'deutsche Inseln', '<p><strong>Sehr geehrte(r) Kunde(in),</strong></p>\r\n<p><strong>gerne w&#252;rden wir Sie auch auf unseren deutschen Inseln beliefern.</strong></p>\r\n<p><strong>Leider k&#246;nnen wir daf&#252;r die Versandkosten, aus rechtlichen Gr&#252;nden, nicht direkt im Online-Shop abbilden.</strong></p>\r\n<p><strong>Bitte fragen Sie per Mail gerne Ihren Bedarf, mit der Angabe der Postleitzahl der zu beliefernden Insel an.</strong></p>\r\n<p><strong>Wir werden Ihnen schnellstens ein auf Sie zugeschnittenes Angebot erstellen.</strong></p>\r\n<p></p>\r\n<p><strong>Ihr Alubogencenter Team</strong></p>\r\n<p></p>', 99, 1, '', 1, 20, 1, '', '', '');

-- --------------------------------------------------------

--
-- Tabellenstruktur für Tabelle `costs`
--

CREATE TABLE `costs` (
  `costs_id` int(11) NOT NULL,
  `class` varchar(32) NOT NULL DEFAULT '',
  `orders_id` int(11) NOT NULL DEFAULT '0',
  `reclamations_id` int(11) NOT NULL DEFAULT '0',
  `customers_id` int(11) NOT NULL DEFAULT '0',
  `comments` text NOT NULL,
  `date_created` datetime NOT NULL DEFAULT '0000-00-00 00:00:00',
  `editor_id` int(11) NOT NULL DEFAULT '0',
  `value` float NOT NULL DEFAULT '0'
) ENGINE=MyISAM DEFAULT CHARSET=utf8;

-- --------------------------------------------------------

--
-- Tabellenstruktur für Tabelle `counter`
--

CREATE TABLE `counter` (
  `startdate` char(8) DEFAULT NULL,
  `counter` int(12) DEFAULT NULL
) ENGINE=MyISAM DEFAULT CHARSET=utf8;

-- --------------------------------------------------------

--
-- Tabellenstruktur für Tabelle `counter_history`
--

CREATE TABLE `counter_history` (
  `month` char(8) DEFAULT NULL,
  `counter` int(12) DEFAULT NULL
) ENGINE=MyISAM DEFAULT CHARSET=utf8;

-- --------------------------------------------------------

--
-- Tabellenstruktur für Tabelle `countries`
--

CREATE TABLE `countries` (
  `countries_id` int(11) NOT NULL,
  `countries_name` varchar(64) NOT NULL DEFAULT '',
  `countries_iso_code_2` char(2) NOT NULL DEFAULT '',
  `countries_iso_code_3` char(3) NOT NULL DEFAULT '',
  `address_format_id` int(11) NOT NULL DEFAULT '0'
) ENGINE=MyISAM DEFAULT CHARSET=utf8;

--
-- Daten für Tabelle `countries`
--

INSERT INTO `countries` (`countries_id`, `countries_name`, `countries_iso_code_2`, `countries_iso_code_3`, `address_format_id`) VALUES
(1, 'Afghanistan', 'AF', 'AFG', 1),
(2, 'Albania', 'AL', 'ALB', 1),
(3, 'Algeria', 'DZ', 'DZA', 1),
(4, 'American Samoa', 'AS', 'ASM', 1),
(5, 'Andorra', 'AD', 'AND', 1),
(6, 'Angola', 'AO', 'AGO', 1),
(7, 'Anguilla', 'AI', 'AIA', 1),
(8, 'Antarctica', 'AQ', 'ATA', 1),
(9, 'Antigua and Barbuda', 'AG', 'ATG', 1),
(10, 'Argentina', 'AR', 'ARG', 1),
(11, 'Armenia', 'AM', 'ARM', 1),
(12, 'Aruba', 'AW', 'ABW', 1),
(13, 'Australia', 'AU', 'AUS', 1),
(14, 'Austria', 'AT', 'AUT', 5),
(15, 'Azerbaijan', 'AZ', 'AZE', 1),
(16, 'Bahamas', 'BS', 'BHS', 1),
(17, 'Bahrain', 'BH', 'BHR', 1),
(18, 'Bangladesh', 'BD', 'BGD', 1),
(19, 'Barbados', 'BB', 'BRB', 1),
(20, 'Belarus', 'BY', 'BLR', 1),
(21, 'Belgium', 'BE', 'BEL', 1),
(22, 'Belize', 'BZ', 'BLZ', 1),
(23, 'Benin', 'BJ', 'BEN', 1),
(24, 'Bermuda', 'BM', 'BMU', 1),
(25, 'Bhutan', 'BT', 'BTN', 1),
(26, 'Bolivia', 'BO', 'BOL', 1),
(27, 'Bosnia and Herzegowina', 'BA', 'BIH', 1),
(28, 'Botswana', 'BW', 'BWA', 1),
(29, 'Bouvet Island', 'BV', 'BVT', 1),
(30, 'Brazil', 'BR', 'BRA', 1),
(31, 'British Indian Ocean Territory', 'IO', 'IOT', 1),
(32, 'Brunei Darussalam', 'BN', 'BRN', 1),
(33, 'Bulgaria', 'BG', 'BGR', 1),
(34, 'Burkina Faso', 'BF', 'BFA', 1),
(35, 'Burundi', 'BI', 'BDI', 1),
(36, 'Cambodia', 'KH', 'KHM', 1),
(37, 'Cameroon', 'CM', 'CMR', 1),
(38, 'Canada', 'CA', 'CAN', 1),
(39, 'Cape Verde', 'CV', 'CPV', 1),
(40, 'Cayman Islands', 'KY', 'CYM', 1),
(41, 'Central African Republic', 'CF', 'CAF', 1),
(42, 'Chad', 'TD', 'TCD', 1),
(43, 'Chile', 'CL', 'CHL', 1),
(44, 'China', 'CN', 'CHN', 1),
(45, 'Christmas Island', 'CX', 'CXR', 1),
(46, 'Cocos (Keeling) Islands', 'CC', 'CCK', 1),
(47, 'Colombia', 'CO', 'COL', 1),
(48, 'Comoros', 'KM', 'COM', 1),
(49, 'Congo', 'CG', 'COG', 1),
(50, 'Cook Islands', 'CK', 'COK', 1),
(51, 'Costa Rica', 'CR', 'CRI', 1),
(52, 'Cote D Ivoire', 'CI', 'CIV', 1),
(53, 'Croatia', 'HR', 'HRV', 1),
(54, 'Cuba', 'CU', 'CUB', 1),
(55, 'Cyprus', 'CY', 'CYP', 1),
(56, 'Czech Republic', 'CZ', 'CZE', 1),
(57, 'Denmark', 'DK', 'DNK', 1),
(58, 'Djibouti', 'DJ', 'DJI', 1),
(59, 'Dominica', 'DM', 'DMA', 1),
(60, 'Dominican Republic', 'DO', 'DOM', 1),
(61, 'East Timor', 'TP', 'TMP', 1),
(62, 'Ecuador', 'EC', 'ECU', 1),
(63, 'Egypt', 'EG', 'EGY', 1),
(64, 'El Salvador', 'SV', 'SLV', 1),
(65, 'Equatorial Guinea', 'GQ', 'GNQ', 1),
(66, 'Eritrea', 'ER', 'ERI', 1),
(67, 'Estonia', 'EE', 'EST', 1),
(68, 'Ethiopia', 'ET', 'ETH', 1),
(69, 'Falkland Islands (Malvinas)', 'FK', 'FLK', 1),
(70, 'Faroe Islands', 'FO', 'FRO', 1),
(71, 'Fiji', 'FJ', 'FJI', 1),
(72, 'Finland', 'FI', 'FIN', 1),
(73, 'France', 'FR', 'FRA', 1),
(74, 'France, Metropolitan', 'FX', 'FXX', 1),
(75, 'French Guiana', 'GF', 'GUF', 1),
(76, 'French Polynesia', 'PF', 'PYF', 1),
(77, 'French Southern Territories', 'TF', 'ATF', 1),
(78, 'Gabon', 'GA', 'GAB', 1),
(79, 'Gambia', 'GM', 'GMB', 1),
(80, 'Georgia', 'GE', 'GEO', 1),
(81, 'Germany', 'DE', 'DEU', 5),
(82, 'Ghana', 'GH', 'GHA', 1),
(83, 'Gibraltar', 'GI', 'GIB', 1),
(84, 'Greece', 'GR', 'GRC', 1),
(85, 'Greenland', 'GL', 'GRL', 1),
(86, 'Grenada', 'GD', 'GRD', 1),
(87, 'Guadeloupe', 'GP', 'GLP', 1),
(88, 'Guam', 'GU', 'GUM', 1),
(89, 'Guatemala', 'GT', 'GTM', 1),
(90, 'Guinea', 'GN', 'GIN', 1),
(91, 'Guinea-bissau', 'GW', 'GNB', 1),
(92, 'Guyana', 'GY', 'GUY', 1),
(93, 'Haiti', 'HT', 'HTI', 1),
(94, 'Heard and Mc Donald Islands', 'HM', 'HMD', 1),
(95, 'Honduras', 'HN', 'HND', 1),
(96, 'Hong Kong', 'HK', 'HKG', 1),
(97, 'Hungary', 'HU', 'HUN', 1),
(98, 'Iceland', 'IS', 'ISL', 1),
(99, 'India', 'IN', 'IND', 1),
(100, 'Indonesia', 'ID', 'IDN', 1),
(101, 'Iran (Islamic Republic of)', 'IR', 'IRN', 1),
(102, 'Iraq', 'IQ', 'IRQ', 1),
(103, 'Ireland', 'IE', 'IRL', 1),
(104, 'Israel', 'IL', 'ISR', 1),
(105, 'Italy', 'IT', 'ITA', 1),
(106, 'Jamaica', 'JM', 'JAM', 1),
(107, 'Japan', 'JP', 'JPN', 1),
(108, 'Jordan', 'JO', 'JOR', 1),
(109, 'Kazakhstan', 'KZ', 'KAZ', 1),
(110, 'Kenya', 'KE', 'KEN', 1),
(111, 'Kiribati', 'KI', 'KIR', 1),
(112, 'Korea, Democratic People\'s Republic of', 'KP', 'PRK', 1),
(113, 'Korea, Republic of', 'KR', 'KOR', 1),
(114, 'Kuwait', 'KW', 'KWT', 1),
(115, 'Kyrgyzstan', 'KG', 'KGZ', 1),
(116, 'Lao People\'s Democratic Republic', 'LA', 'LAO', 1),
(117, 'Latvia', 'LV', 'LVA', 1),
(118, 'Lebanon', 'LB', 'LBN', 1),
(119, 'Lesotho', 'LS', 'LSO', 1),
(120, 'Liberia', 'LR', 'LBR', 1),
(121, 'Libyan Arab Jamahiriya', 'LY', 'LBY', 1),
(122, 'Liechtenstein', 'LI', 'LIE', 1),
(123, 'Lithuania', 'LT', 'LTU', 1),
(124, 'Luxembourg', 'LU', 'LUX', 1),
(125, 'Macau', 'MO', 'MAC', 1),
(126, 'Macedonia, The Former Yugoslav Republic of', 'MK', 'MKD', 1),
(127, 'Madagascar', 'MG', 'MDG', 1),
(128, 'Malawi', 'MW', 'MWI', 1),
(129, 'Malaysia', 'MY', 'MYS', 1),
(130, 'Maldives', 'MV', 'MDV', 1),
(131, 'Mali', 'ML', 'MLI', 1),
(132, 'Malta', 'MT', 'MLT', 1),
(133, 'Marshall Islands', 'MH', 'MHL', 1),
(134, 'Martinique', 'MQ', 'MTQ', 1),
(135, 'Mauritania', 'MR', 'MRT', 1),
(136, 'Mauritius', 'MU', 'MUS', 1),
(137, 'Mayotte', 'YT', 'MYT', 1),
(138, 'Mexico', 'MX', 'MEX', 1),
(139, 'Micronesia, Federated States of', 'FM', 'FSM', 1),
(140, 'Moldova, Republic of', 'MD', 'MDA', 1),
(141, 'Monaco', 'MC', 'MCO', 1),
(142, 'Mongolia', 'MN', 'MNG', 1),
(143, 'Montserrat', 'MS', 'MSR', 1),
(144, 'Morocco', 'MA', 'MAR', 1),
(145, 'Mozambique', 'MZ', 'MOZ', 1),
(146, 'Myanmar', 'MM', 'MMR', 1),
(147, 'Namibia', 'NA', 'NAM', 1),
(148, 'Nauru', 'NR', 'NRU', 1),
(149, 'Nepal', 'NP', 'NPL', 1),
(150, 'Netherlands', 'NL', 'NLD', 1),
(151, 'Netherlands Antilles', 'AN', 'ANT', 1),
(152, 'New Caledonia', 'NC', 'NCL', 1),
(153, 'New Zealand', 'NZ', 'NZL', 1),
(154, 'Nicaragua', 'NI', 'NIC', 1),
(155, 'Niger', 'NE', 'NER', 1),
(156, 'Nigeria', 'NG', 'NGA', 1),
(157, 'Niue', 'NU', 'NIU', 1),
(158, 'Norfolk Island', 'NF', 'NFK', 1),
(159, 'Northern Mariana Islands', 'MP', 'MNP', 1),
(160, 'Norway', 'NO', 'NOR', 1),
(161, 'Oman', 'OM', 'OMN', 1),
(162, 'Pakistan', 'PK', 'PAK', 1),
(163, 'Palau', 'PW', 'PLW', 1),
(164, 'Panama', 'PA', 'PAN', 1),
(165, 'Papua New Guinea', 'PG', 'PNG', 1),
(166, 'Paraguay', 'PY', 'PRY', 1),
(167, 'Peru', 'PE', 'PER', 1),
(168, 'Philippines', 'PH', 'PHL', 1),
(169, 'Pitcairn', 'PN', 'PCN', 1),
(170, 'Poland', 'PL', 'POL', 1),
(171, 'Portugal', 'PT', 'PRT', 1),
(172, 'Puerto Rico', 'PR', 'PRI', 1),
(173, 'Qatar', 'QA', 'QAT', 1),
(174, 'Reunion', 'RE', 'REU', 1),
(175, 'Romania', 'RO', 'ROU', 1),
(176, 'Russian Federation', 'RU', 'RUS', 1),
(177, 'Rwanda', 'RW', 'RWA', 1),
(178, 'Saint Kitts and Nevis', 'KN', 'KNA', 1),
(179, 'Saint Lucia', 'LC', 'LCA', 1),
(180, 'Saint Vincent and the Grenadines', 'VC', 'VCT', 1),
(181, 'Samoa', 'WS', 'WSM', 1),
(182, 'San Marino', 'SM', 'SMR', 1),
(183, 'Sao Tome and Principe', 'ST', 'STP', 1),
(184, 'Saudi Arabia', 'SA', 'SAU', 1),
(185, 'Senegal', 'SN', 'SEN', 1),
(186, 'Seychelles', 'SC', 'SYC', 1),
(187, 'Sierra Leone', 'SL', 'SLE', 1),
(188, 'Singapore', 'SG', 'SGP', 4),
(189, 'Slovakia (Slovak Republic)', 'SK', 'SVK', 1),
(190, 'Slovenia', 'SI', 'SVN', 1),
(191, 'Solomon Islands', 'SB', 'SLB', 1),
(192, 'Somalia', 'SO', 'SOM', 1),
(193, 'South Africa', 'ZA', 'ZAF', 1),
(194, 'South Georgia and the South Sandwich Islands', 'GS', 'SGS', 1),
(195, 'Spain', 'ES', 'ESP', 3),
(196, 'Sri Lanka', 'LK', 'LKA', 1),
(197, 'St. Helena', 'SH', 'SHN', 1),
(198, 'St. Pierre and Miquelon', 'PM', 'SPM', 1),
(199, 'Sudan', 'SD', 'SDN', 1),
(200, 'Suriname', 'SR', 'SUR', 1),
(201, 'Svalbard and Jan Mayen Islands', 'SJ', 'SJM', 1),
(202, 'Swaziland', 'SZ', 'SWZ', 1),
(203, 'Sweden', 'SE', 'SWE', 1),
(204, 'Switzerland', 'CH', 'CHE', 1),
(205, 'Syrian Arab Republic', 'SY', 'SYR', 1),
(206, 'Taiwan', 'TW', 'TWN', 1),
(207, 'Tajikistan', 'TJ', 'TJK', 1),
(208, 'Tanzania, United Republic of', 'TZ', 'TZA', 1),
(209, 'Thailand', 'TH', 'THA', 1),
(210, 'Togo', 'TG', 'TGO', 1),
(211, 'Tokelau', 'TK', 'TKL', 1),
(212, 'Tonga', 'TO', 'TON', 1),
(213, 'Trinidad and Tobago', 'TT', 'TTO', 1),
(214, 'Tunisia', 'TN', 'TUN', 1),
(215, 'Turkey', 'TR', 'TUR', 1),
(216, 'Turkmenistan', 'TM', 'TKM', 1),
(217, 'Turks and Caicos Islands', 'TC', 'TCA', 1),
(218, 'Tuvalu', 'TV', 'TUV', 1),
(219, 'Uganda', 'UG', 'UGA', 1),
(220, 'Ukraine', 'UA', 'UKR', 1),
(221, 'United Arab Emirates', 'AE', 'ARE', 1),
(222, 'United Kingdom', 'GB', 'GBR', 1),
(223, 'United States', 'US', 'USA', 2),
(224, 'United States Minor Outlying Islands', 'UM', 'UMI', 1),
(240, 'Uruguay', 'UY', 'URY', 5),
(226, 'Uzbekistan', 'UZ', 'UZB', 1),
(227, 'Vanuatu', 'VU', 'VUT', 1),
(228, 'Vatican City State (Holy See)', 'VA', 'VAT', 1),
(229, 'Venezuela', 'VE', 'VEN', 1),
(230, 'Viet Nam', 'VN', 'VNM', 1),
(231, 'Virgin Islands (British)', 'VG', 'VGB', 1),
(232, 'Virgin Islands (U.S.)', 'VI', 'VIR', 1),
(233, 'Wallis and Futuna Islands', 'WF', 'WLF', 1),
(234, 'Western Sahara', 'EH', 'ESH', 1),
(235, 'Yemen', 'YE', 'YEM', 1),
(236, 'Yugoslavia', 'YU', 'YUG', 1),
(237, 'Zaire', 'ZR', 'ZAR', 1),
(238, 'Zambia', 'ZM', 'ZMB', 1),
(239, 'Zimbabwe', 'ZW', 'ZWE', 1),
(241, 'Serbia', 'RS', 'SRB', 1);

-- --------------------------------------------------------

--
-- Tabellenstruktur für Tabelle `countries_allocations`
--

CREATE TABLE `countries_allocations` (
  `countries_group` varchar(32) NOT NULL DEFAULT '',
  `countries_id` int(11) NOT NULL DEFAULT '0'
) ENGINE=MyISAM DEFAULT CHARSET=utf8;

--
-- Daten für Tabelle `countries_allocations`
--

INSERT INTO `countries_allocations` (`countries_group`, `countries_id`) VALUES
('Africa', 238),
('Africa', 237),
('Africa', 234),
('Africa', 219),
('Africa', 214),
('Africa', 210),
('Africa', 208),
('Africa', 202),
('Africa', 199),
('Africa', 197),
('Africa', 193),
('Africa', 192),
('Africa', 187),
('Africa', 186),
('Africa', 185),
('Africa', 183),
('Africa', 177),
('Africa', 174),
('Africa', 156),
('Africa', 155),
('Africa', 147),
('Africa', 145),
('Africa', 144),
('Africa', 137),
('Africa', 136),
('Africa', 135),
('Africa', 131),
('Africa', 128),
('Africa', 127),
('Africa', 121),
('Africa', 120),
('Africa', 119),
('Africa', 110),
('Africa', 91),
('Africa', 90),
('Africa', 82),
('Africa', 79),
('Africa', 78),
('Africa', 77),
('Africa', 68),
('Africa', 66),
('Africa', 65),
('Africa', 63),
('Africa', 58),
('Africa', 52),
('Africa', 49),
('Africa', 48),
('Africa', 42),
('Africa', 41),
('Africa', 39),
('Africa', 37),
('Africa', 35),
('Africa', 34),
('Africa', 29),
('Africa', 28),
('Africa', 23),
('Asia', 230),
('Asia', 226),
('Asia', 221),
('Asia', 216),
('Asia', 215),
('Asia', 209),
('Asia', 206),
('Asia', 205),
('Asia', 196),
('Asia', 188),
('Asia', 184),
('Asia', 176),
('Asia', 173),
('Asia', 168),
('Asia', 162),
('Asia', 161),
('Asia', 149),
('Asia', 146),
('Asia', 142),
('Asia', 130),
('Asia', 129),
('Asia', 125),
('Asia', 118),
('Asia', 116),
('Asia', 115),
('Asia', 114),
('Asia', 113),
('Asia', 112),
('Asia', 109),
('Asia', 108),
('Asia', 107),
('Asia', 104),
('Asia', 102),
('Asia', 101),
('Asia', 100),
('Asia', 99),
('Asia', 96),
('Asia', 80),
('Asia', 61),
('Asia', 55),
('Asia', 44),
('Asia', 36),
('Asia', 32),
('Asia', 31),
('Asia', 25),
('Asia', 18),
('Asia', 17),
('Asia', 15),
('Asia', 11),
('Asia', 1),
('Caribbean', 7),
('Caribbean', 9),
('Caribbean', 12),
('Caribbean', 16),
('Caribbean', 19),
('Caribbean', 22),
('Caribbean', 40),
('Caribbean', 47),
('Caribbean', 51),
('Caribbean', 54),
('Caribbean', 59),
('Caribbean', 60),
('Caribbean', 75),
('Caribbean', 86),
('Caribbean', 87),
('Caribbean', 89),
('Caribbean', 92),
('Caribbean', 93),
('Caribbean', 95),
('Caribbean', 106),
('Caribbean', 134),
('Caribbean', 138),
('Caribbean', 143),
('Caribbean', 151),
('Caribbean', 154),
('Caribbean', 164),
('Caribbean', 172),
('Caribbean', 178),
('Caribbean', 179),
('Caribbean', 180),
('Caribbean', 200),
('Caribbean', 213),
('Caribbean', 217),
('Caribbean', 223),
('Caribbean', 229),
('Caribbean', 231),
('Caribbean', 232),
('Europe', 222),
('Europe', 220),
('Europe', 204),
('Europe', 203),
('Europe', 201),
('Europe', 195),
('Europe', 190),
('Europe', 189),
('Europe', 182),
('Europe', 175),
('Europe', 171),
('Europe', 170),
('Europe', 160),
('Europe', 150),
('Europe', 141),
('Europe', 140),
('Europe', 132),
('Europe', 126),
('Europe', 124),
('Europe', 123),
('Europe', 122),
('Europe', 117),
('Europe', 105),
('Europe', 103),
('Europe', 98),
('Europe', 97),
('Europe', 84),
('Europe', 83),
('Europe', 81),
('Europe', 74),
('Europe', 73),
('Europe', 72),
('Europe', 70),
('Europe', 67),
('Europe', 57),
('Europe', 56),
('Europe', 53),
('Europe', 33),
('Europe', 27),
('Europe', 21),
('Europe', 20),
('Europe', 14),
('Europe', 5),
('MiddleEast', 235),
('MiddleEast', 221),
('MiddleEast', 215),
('MiddleEast', 207),
('MiddleEast', 205),
('MiddleEast', 184),
('MiddleEast', 161),
('MiddleEast', 118),
('MiddleEast', 114),
('MiddleEast', 108),
('MiddleEast', 104),
('MiddleEast', 102),
('MiddleEast', 80),
('MiddleEast', 55),
('MiddleEast', 17),
('MiddleEast', 15),
('Oceania', 4),
('Oceania', 13),
('Oceania', 45),
('Oceania', 46),
('Oceania', 50),
('Oceania', 71),
('Oceania', 76),
('Oceania', 88),
('Oceania', 100),
('Oceania', 111),
('Oceania', 133),
('Oceania', 148),
('Oceania', 152),
('Oceania', 153),
('Oceania', 157),
('Oceania', 158),
('Oceania', 159),
('Oceania', 163),
('Oceania', 165),
('Oceania', 169),
('Oceania', 181),
('Oceania', 191),
('Oceania', 211),
('Oceania', 212),
('Oceania', 218),
('Oceania', 227),
('Oceania', 233),
('NorthAmerica', 224),
('NorthAmerica', 223),
('NorthAmerica', 217),
('NorthAmerica', 213),
('NorthAmerica', 198),
('NorthAmerica', 180),
('NorthAmerica', 179),
('NorthAmerica', 178),
('NorthAmerica', 172),
('NorthAmerica', 164),
('NorthAmerica', 154),
('NorthAmerica', 151),
('NorthAmerica', 143),
('NorthAmerica', 139),
('NorthAmerica', 138),
('NorthAmerica', 134),
('NorthAmerica', 106),
('NorthAmerica', 95),
('NorthAmerica', 94),
('NorthAmerica', 93),
('NorthAmerica', 89),
('NorthAmerica', 87),
('NorthAmerica', 86),
('NorthAmerica', 85),
('NorthAmerica', 64),
('NorthAmerica', 60),
('NorthAmerica', 54),
('NorthAmerica', 51),
('NorthAmerica', 40),
('NorthAmerica', 38),
('NorthAmerica', 24),
('NorthAmerica', 22),
('NorthAmerica', 19),
('NorthAmerica', 16),
('SouthAmerica', 10),
('SouthAmerica', 26),
('SouthAmerica', 30),
('SouthAmerica', 43),
('SouthAmerica', 47),
('SouthAmerica', 62),
('SouthAmerica', 69),
('SouthAmerica', 75),
('SouthAmerica', 92),
('SouthAmerica', 166),
('SouthAmerica', 167),
('SouthAmerica', 194),
('SouthAmerica', 200),
('SouthAmerica', 225),
('SouthAmerica', 229),
('LatinAmerica', 10),
('LatinAmerica', 26),
('LatinAmerica', 30),
('LatinAmerica', 43),
('LatinAmerica', 47),
('LatinAmerica', 51),
('LatinAmerica', 54),
('LatinAmerica', 60),
('LatinAmerica', 62),
('LatinAmerica', 64),
('LatinAmerica', 89),
('LatinAmerica', 93),
('LatinAmerica', 95),
('LatinAmerica', 138),
('LatinAmerica', 154),
('LatinAmerica', 164),
('LatinAmerica', 166),
('LatinAmerica', 167),
('LatinAmerica', 225),
('LatinAmerica', 229),
('EuropeanUnion', 195),
('EuropeanUnion', 190),
('EuropeanUnion', 189),
('EuropeanUnion', 175),
('EuropeanUnion', 171),
('EuropeanUnion', 170),
('EuropeanUnion', 150),
('EuropeanUnion', 132),
('EuropeanUnion', 124),
('EuropeanUnion', 123),
('EuropeanUnion', 117),
('EuropeanUnion', 105),
('EuropeanUnion', 103),
('EuropeanUnion', 97),
('EuropeanUnion', 84),
('EuropeanUnion', 81),
('EuropeanUnion', 73),
('EuropeanUnion', 72),
('EuropeanUnion', 67),
('EuropeanUnion', 57),
('EuropeanUnion', 56),
('EuropeanUnion', 55),
('EuropeanUnion', 53),
('EuropeanUnion', 33),
('EuropeanUnion', 21),
('EuropeanUnion', 14),
('Africa', 8),
('Africa', 6),
('Asia', 235),
('Europe', 2),
('Africa', 3),
('Africa', 239),
('NorthAmerica', 12),
('NorthAmerica', 9),
('NorthAmerica', 7),
('Europe', 228),
('MiddleEast', 11),
('NorthAmerica', 232),
('MiddleEast', 236),
('EuropeanUnion', 203);

-- --------------------------------------------------------

--
-- Tabellenstruktur für Tabelle `coupons`
--

CREATE TABLE `coupons` (
  `coupon_id` int(11) NOT NULL,
  `coupon_type` char(1) NOT NULL DEFAULT 'F',
  `coupon_code` varchar(32) NOT NULL DEFAULT '',
  `coupon_amount` decimal(8,4) NOT NULL DEFAULT '0.0000',
  `coupon_minimum_order` decimal(8,4) NOT NULL DEFAULT '0.0000',
  `coupon_start_date` datetime NOT NULL DEFAULT '0000-00-00 00:00:00',
  `coupon_expire_date` datetime NOT NULL DEFAULT '0000-00-00 00:00:00',
  `uses_per_coupon` int(5) NOT NULL DEFAULT '1',
  `uses_per_user` int(5) NOT NULL DEFAULT '0',
  `restrict_to_products` varchar(255) DEFAULT NULL,
  `restrict_to_categories` varchar(255) DEFAULT NULL,
  `restrict_to_customers` text,
  `coupon_active` char(1) NOT NULL DEFAULT 'Y',
  `date_created` datetime NOT NULL DEFAULT '0000-00-00 00:00:00',
  `date_modified` datetime NOT NULL DEFAULT '0000-00-00 00:00:00',
  `free_shipping_countries` varchar(255) NOT NULL
) ENGINE=MyISAM DEFAULT CHARSET=utf8;

--
-- Daten für Tabelle `coupons`
--

INSERT INTO `coupons` (`coupon_id`, `coupon_type`, `coupon_code`, `coupon_amount`, `coupon_minimum_order`, `coupon_start_date`, `coupon_expire_date`, `uses_per_coupon`, `uses_per_user`, `restrict_to_products`, `restrict_to_categories`, `restrict_to_customers`, `coupon_active`, `date_created`, `date_modified`, `free_shipping_countries`) VALUES
(1, 'P', 'Alu-Rakete2024', 11.0000, 0.0000, '2023-12-29 00:00:00', '2024-01-11 00:00:00', 0, 1, '', '', NULL, 'N', '2023-12-29 18:14:06', '2023-12-29 18:14:06', ''),
(2, 'P', '9f594e6a733f', 11.0000, 0.0000, '2023-12-29 00:00:00', '2024-01-11 00:00:00', 0, 1, '', '', '', 'N', '2023-12-29 17:31:32', '2023-12-29 17:31:32', ''),
(3, 'P', 'Alu-Rakete', 11.0000, 0.0000, '2023-12-29 00:00:00', '2024-01-31 00:00:00', 0, 1, '', '', NULL, 'Y', '2024-01-17 04:18:59', '2024-01-17 04:18:59', '');

-- --------------------------------------------------------

--
-- Tabellenstruktur für Tabelle `coupons_description`
--

CREATE TABLE `coupons_description` (
  `coupon_id` int(11) NOT NULL DEFAULT '0',
  `language_id` int(11) NOT NULL DEFAULT '0',
  `coupon_name` varchar(32) NOT NULL DEFAULT '',
  `coupon_description` text
) ENGINE=MyISAM DEFAULT CHARSET=utf8;

--
-- Daten für Tabelle `coupons_description`
--

INSERT INTO `coupons_description` (`coupon_id`, `language_id`, `coupon_name`, `coupon_description`) VALUES
(1, 2, 'Neujahr 2024', '11% einmaliger \r\nEröffnungsrabatt für Shop \r\nNeukunden.\r\nGültig auf Ware, bis zum \r\n11.01.2024'),
(2, 2, 'Neujahr 2024 (1)', '11% einmaliger Eröffnungsrabatt für Shop Neukunden.\r\nGültig auf Ware, bis zum 11.01.2024'),
(3, 2, 'Shop Eröffnung', '11% einmaliger \r\nEröffnungsrabatt für Shop \r\nKunden.\r\nGültig auf Ware, bis zum \r\n11.01.2024');

-- --------------------------------------------------------

--
-- Tabellenstruktur für Tabelle `coupon_email_track`
--

CREATE TABLE `coupon_email_track` (
  `unique_id` int(11) NOT NULL,
  `coupon_id` int(11) NOT NULL DEFAULT '0',
  `customer_id_sent` int(11) NOT NULL DEFAULT '0',
  `sent_firstname` varchar(32) DEFAULT NULL,
  `sent_lastname` varchar(32) DEFAULT NULL,
  `emailed_to` varchar(32) DEFAULT NULL,
  `date_sent` datetime NOT NULL DEFAULT '0000-00-00 00:00:00'
) ENGINE=MyISAM DEFAULT CHARSET=utf8;

-- --------------------------------------------------------

--
-- Tabellenstruktur für Tabelle `coupon_gv_customer`
--

CREATE TABLE `coupon_gv_customer` (
  `customer_id` int(5) NOT NULL DEFAULT '0',
  `amount` decimal(8,4) NOT NULL DEFAULT '0.0000'
) ENGINE=MyISAM DEFAULT CHARSET=utf8;

-- --------------------------------------------------------

--
-- Tabellenstruktur für Tabelle `coupon_gv_queue`
--

CREATE TABLE `coupon_gv_queue` (
  `unique_id` int(5) NOT NULL,
  `customer_id` int(5) NOT NULL DEFAULT '0',
  `order_id` int(5) NOT NULL DEFAULT '0',
  `amount` decimal(8,4) NOT NULL DEFAULT '0.0000',
  `date_created` datetime NOT NULL DEFAULT '0000-00-00 00:00:00',
  `ipaddr` varchar(32) NOT NULL DEFAULT '',
  `release_flag` char(1) NOT NULL DEFAULT 'N'
) ENGINE=MyISAM DEFAULT CHARSET=utf8;

-- --------------------------------------------------------

--
-- Tabellenstruktur für Tabelle `coupon_redeem_track`
--

CREATE TABLE `coupon_redeem_track` (
  `unique_id` int(11) NOT NULL,
  `coupon_id` int(11) NOT NULL DEFAULT '0',
  `customer_id` int(11) NOT NULL DEFAULT '0',
  `redeem_date` datetime NOT NULL DEFAULT '0000-00-00 00:00:00',
  `redeem_ip` varchar(32) NOT NULL DEFAULT '',
  `order_id` int(11) NOT NULL DEFAULT '0'
) ENGINE=MyISAM DEFAULT CHARSET=utf8;

-- --------------------------------------------------------

--
-- Tabellenstruktur für Tabelle `currencies`
--

CREATE TABLE `currencies` (
  `currencies_id` int(11) NOT NULL,
  `title` varchar(32) NOT NULL DEFAULT '',
  `code` char(3) NOT NULL DEFAULT '',
  `symbol_left` varchar(12) DEFAULT NULL,
  `symbol_right` varchar(12) DEFAULT NULL,
  `decimal_point` char(1) DEFAULT NULL,
  `thousands_point` char(1) DEFAULT NULL,
  `decimal_places` char(1) DEFAULT NULL,
  `value` float(13,8) DEFAULT NULL,
  `last_updated` datetime DEFAULT NULL
) ENGINE=MyISAM DEFAULT CHARSET=utf8;

--
-- Daten für Tabelle `currencies`
--

INSERT INTO `currencies` (`currencies_id`, `title`, `code`, `symbol_left`, `symbol_right`, `decimal_point`, `thousands_point`, `decimal_places`, `value`, `last_updated`) VALUES
(1, 'Euro', 'EUR', '', 'EUR', ',', '.', '2', 1.00000000, '2004-09-15 09:56:10');

-- --------------------------------------------------------

--
-- Tabellenstruktur für Tabelle `customers`
--

CREATE TABLE `customers` (
  `customers_id` int(11) NOT NULL,
  `customers_cid` varchar(32) DEFAULT NULL,
  `customers_vat_id` varchar(20) DEFAULT NULL,
  `customers_vat_id_status` int(2) NOT NULL DEFAULT '0',
  `customers_warning` varchar(32) DEFAULT NULL,
  `customers_status` int(5) NOT NULL DEFAULT '1',
  `customers_gender` char(1) NOT NULL DEFAULT '',
  `customers_firstname` varchar(64) NOT NULL,
  `customers_lastname` varchar(64) NOT NULL,
  `customers_dob` datetime NOT NULL DEFAULT '0000-00-00 00:00:00',
  `customers_email_address` varchar(96) NOT NULL DEFAULT '',
  `customers_default_address_id` int(11) NOT NULL DEFAULT '0',
  `customers_telephone` varchar(32) NOT NULL DEFAULT '',
  `customers_fax` varchar(32) DEFAULT NULL,
  `customers_password` varchar(40) NOT NULL DEFAULT '',
  `customers_newsletter` char(1) DEFAULT NULL,
  `customers_newsletter_mode` char(1) NOT NULL DEFAULT '0',
  `member_flag` char(1) NOT NULL DEFAULT '0',
  `delete_user` char(1) NOT NULL DEFAULT '1',
  `account_type` int(1) NOT NULL DEFAULT '0',
  `password_request_key` varchar(32) NOT NULL DEFAULT '',
  `customers_ebay_userid` varchar(64) NOT NULL DEFAULT '',
  `kto_nummer` varchar(32) NOT NULL DEFAULT '',
  `kto_blz` varchar(32) NOT NULL DEFAULT '',
  `kto_bank` varchar(128) NOT NULL DEFAULT '',
  `kto_inhaber` varchar(128) NOT NULL DEFAULT '',
  `kto_iban` varchar(128) NOT NULL DEFAULT '',
  `kto_swift` varchar(128) NOT NULL DEFAULT '',
  `block_warnings` int(1) NOT NULL DEFAULT '0',
  `block_warnings_span` int(1) NOT NULL DEFAULT '0',
  `block_warnings_dayspan` int(11) NOT NULL DEFAULT '0',
  `block_warnings_date` datetime NOT NULL DEFAULT '0000-00-00 00:00:00',
  `mobile` varchar(64) NOT NULL DEFAULT '',
  `subject_from_textitem` int(1) NOT NULL DEFAULT '0',
  `branches_id` int(11) NOT NULL DEFAULT '0',
  `customers_date_added` datetime NOT NULL DEFAULT '0000-00-00 00:00:00',
  `customers_last_modified` datetime NOT NULL DEFAULT '0000-00-00 00:00:00',
  `refferers_id` int(11) NOT NULL,
  `orders_default_search_type` varchar(32) NOT NULL,
  `use_own_mailaddress` int(1) NOT NULL,
  `easylog_tn_national` varchar(64) NOT NULL,
  `easylog_tn_international` varchar(64) NOT NULL,
  `account_value_alert_notified` int(1) NOT NULL,
  `account_value` decimal(10,4) NOT NULL,
  `email_signature` text NOT NULL,
  `hpsu_iban` varchar(64) DEFAULT NULL,
  `hpsu_bic` varchar(64) DEFAULT NULL,
  `wechselgeld_calculator` int(1) NOT NULL DEFAULT '1',
  `distributor_orders_edit_products_search_default` varchar(32) NOT NULL,
  `theme` varchar(32) DEFAULT NULL
) ENGINE=InnoDB DEFAULT CHARSET=utf8;

--
-- Daten für Tabelle `customers`
--

INSERT INTO `customers` (`customers_id`, `customers_cid`, `customers_vat_id`, `customers_vat_id_status`, `customers_warning`, `customers_status`, `customers_gender`, `customers_firstname`, `customers_lastname`, `customers_dob`, `customers_email_address`, `customers_default_address_id`, `customers_telephone`, `customers_fax`, `customers_password`, `customers_newsletter`, `customers_newsletter_mode`, `member_flag`, `delete_user`, `account_type`, `password_request_key`, `customers_ebay_userid`, `kto_nummer`, `kto_blz`, `kto_bank`, `kto_inhaber`, `kto_iban`, `kto_swift`, `block_warnings`, `block_warnings_span`, `block_warnings_dayspan`, `block_warnings_date`, `mobile`, `subject_from_textitem`, `branches_id`, `customers_date_added`, `customers_last_modified`, `refferers_id`, `orders_default_search_type`, `use_own_mailaddress`, `easylog_tn_national`, `easylog_tn_international`, `account_value_alert_notified`, `account_value`, `email_signature`, `hpsu_iban`, `hpsu_bic`, `wechselgeld_calculator`, `distributor_orders_edit_products_search_default`, `theme`) VALUES
(1, '', '', 0, NULL, 0, '', 'YES', 'System', '0000-00-00 00:00:00', 'system@yes-websolutions.de', 1, '040-112-110', '', '13465d34ac1f832c57afc3e4a30f6573', '1', '0', '0', '0', 0, '', '', '', '', '', '', '', '', 0, 0, 0, '0000-00-00 00:00:00', '', 0, 0, '0000-00-00 00:00:00', '0000-00-00 00:00:00', 0, '', 0, '', '', 0, 0.0000, '', NULL, NULL, 1, '', NULL),
(96, '', '', 0, NULL, 9, 'm', 'Kasse', 'Barverkauf', '0000-00-00 00:00:00', 'shop-kasse@nox-store.de', 97, '000000000', '', 'NICHTRELEVANT', '1', '0', '0', '1', 0, '', '', '', '', '', '', '', '', 0, 0, 0, '0000-00-00 00:00:00', '', 0, 0, '0000-00-00 00:00:00', '0000-00-00 00:00:00', 0, '', 0, '', '', 0, 0.0000, '', NULL, NULL, 1, '', NULL),
(5000, '', '', 0, NULL, 0, 'm', 'Rolf', 'Brendemühl', '0000-00-00 00:00:00', 'info@alubogencenter.com', 5000, '04181 137352', '04181 1373761', '722690090da054f8f65d95961cacc358', '0', '0', '0', '1', 0, '', '', '', '', '', '', '', '', 1, 1, 0, '0000-00-00 00:00:00', '0177 5654564', 0, 0, '0000-00-00 00:00:00', '0000-00-00 00:00:00', 0, 'search_tracking', 0, '', '', 0, 0.0000, '', NULL, NULL, 1, '', NULL),
(5001, '', '', 0, NULL, 0, 'f', 'Annett', 'Brendemühl', '0000-00-00 00:00:00', 'annett.brendemuehl@alubogencenter.de', 5001, '', '', '78db9ee7f4a10f26ac186e8ba00eb991', '0', '0', '0', '1', 0, '', '', '', '', '', '', '', '', 1, 1, 0, '0000-00-00 00:00:00', '', 0, 0, '0000-00-00 00:00:00', '0000-00-00 00:00:00', 0, '', 0, '', '', 0, 0.0000, '', NULL, NULL, 1, '', NULL),
(5002, '', 'DE12345678', 0, NULL, 10, 'm', 'Willy', 'Wiederverkäufer', '0000-00-00 00:00:00', 'willy@nox-store.de', 5233, '', '', '5471736a8c207bab7acde566fceae9f1', '0', '0', '0', '1', 0, '', '', '', '', '', '', '', '', 1, 1, 0, '0000-00-00 00:00:00', '', 0, 0, '0000-00-00 00:00:00', '2025-07-08 16:58:48', 0, '', 0, '', '', 0, 0.0000, '', NULL, NULL, 1, '', NULL),
(5003, '', '', 0, NULL, 2, 'm', 'Privat', 'Kunde', '0000-00-00 00:00:00', 'Privat@nox-store.de', 5003, '', '', 'f774918fd92ae67e479b87fcda51645b', '0', '0', '0', '1', 0, '', '', '', '', '', '', '', '', 1, 1, 0, '0000-00-00 00:00:00', '', 0, 0, '0000-00-00 00:00:00', '0000-00-00 00:00:00', 0, '', 0, '', '', 0, 0.0000, '', NULL, NULL, 1, '', NULL),
(5004, '', '', 0, NULL, 3, 'm', 'Gerhard', 'Werbe', '0000-00-00 00:00:00', 'g.werbe@nox-store.de', 5004, '', '', '764f46151b2b6c1a418b724db6229036', '0', '0', '0', '1', 0, '', '', '', '', '', '', '', '', 1, 1, 0, '0000-00-00 00:00:00', '', 0, 0, '0000-00-00 00:00:00', '0000-00-00 00:00:00', 0, '', 0, '', '', 0, 0.0000, '', NULL, NULL, 1, '', NULL),
(5005, '', '', 0, NULL, 9, 'f', 'Karla', 'Kasse', '0000-00-00 00:00:00', 'kassenkauf@nox-store.de', 5005, '', '', '2e8079871c27d5596d9b254491a3294f', '0', '0', '0', '1', 0, '', '', '', '', '', '', '', '', 1, 1, 0, '0000-00-00 00:00:00', '', 0, 0, '0000-00-00 00:00:00', '0000-00-00 00:00:00', 0, '', 0, '', '', 0, 0.0000, '', NULL, NULL, 1, '', NULL),
(5006, '', '', 0, NULL, 1, 'm', 'Gunther', 'Gast', '0000-00-00 00:00:00', 'Gast@nox-store.de', 5006, '', '', 'c92b171d890e2b90bbf7f5895fb97415', '0', '0', '0', '1', 1, '', '', '', '', '', '', '', '', 1, 1, 0, '0000-00-00 00:00:00', '', 0, 0, '0000-00-00 00:00:00', '0000-00-00 00:00:00', 0, '', 0, '', '', 0, 0.0000, '', NULL, NULL, 1, '', NULL),
(5007, NULL, NULL, 0, NULL, 4, 'm', 'OL', ' SKOOL CUSTOMS GMBH', '1970-01-01 00:00:00', '34b3c5cd7872aebf9870@members.ebay.com', 5007, '', NULL, '58a6e79fd770b929017e48b39e6c2593', NULL, '0', '0', '1', 0, '', 'v8dealer', '', '', '', '', '', '', 0, 0, 0, '0000-00-00 00:00:00', '', 0, 0, '0000-00-00 00:00:00', '2024-01-05 12:25:06', 0, '', 0, '', '', 0, 38.8400, '', NULL, NULL, 1, '', NULL),
(5008, NULL, NULL, 0, NULL, 4, 'm', 'Olga', ' Fabrizius', '1970-01-01 00:00:00', '01a680fba858d73fa496@members.ebay.com', 5008, '', NULL, 'b5492d9e8451ed21fdedb9c6f8cef870', NULL, '0', '0', '1', 0, '', '56sascha', '', '', '', '', '', '', 0, 0, 0, '0000-00-00 00:00:00', '', 0, 0, '0000-00-00 00:00:00', '0000-00-00 00:00:00', 0, '', 0, '', '', 0, 31.4000, '', NULL, NULL, 1, '', NULL),
(5009, NULL, NULL, 0, NULL, 4, 'm', 'Isabella', 'Stulberg', '1970-01-01 00:00:00', '034f921e9d201ca86f50@members.ebay.com', 5009, '', NULL, '11ec6f1b385c0095dcc387de229389cf', NULL, '0', '0', '1', 0, '', 'katho0_0', '', '', '', '', '', '', 0, 0, 0, '0000-00-00 00:00:00', '', 0, 0, '0000-00-00 00:00:00', '2024-01-17 04:11:39', 0, '', 0, '', '', 0, 24.4800, '', NULL, NULL, 1, '', NULL),
(5010, NULL, NULL, 0, NULL, 4, 'm', 'Tobias', ' Mitterer', '1970-01-01 00:00:00', '1a7dea61d4864910bc94@members.ebay.com', 5011, '', NULL, 'b27084f075f1f04c3fdc90d5063ba237', NULL, '0', '0', '1', 0, '', 'tobiasmitterer', '', '', '', '', '', '', 0, 0, 0, '0000-00-00 00:00:00', '', 0, 0, '0000-00-00 00:00:00', '0000-00-00 00:00:00', 0, '', 0, '', '', 0, 32.1800, '', NULL, NULL, 1, '', NULL),
(5011, NULL, NULL, 0, NULL, 4, 'm', 'Peter', ' Lang', '1970-01-01 00:00:00', '0d47043b11579ffc3290@members.ebay.com', 5012, '', NULL, 'a1b351d042dd527e1b21f49dc88ee7d8', NULL, '0', '0', '1', 0, '', 'heboraceing', '', '', '', '', '', '', 0, 0, 0, '0000-00-00 00:00:00', '', 0, 0, '0000-00-00 00:00:00', '0000-00-00 00:00:00', 0, '', 0, '', '', 0, 33.7500, '', NULL, NULL, 1, '', NULL),
(5012, '', '', 0, NULL, 4, 'm', 'Mirko', 'Müller', '1970-01-01 00:00:00', '00d4b9ab2b2a0c6806c0@members.ebay.com', 5013, '', '', '2a9e3d4e830f65f663157e8f7c4af5d6', '0', '0', '0', '1', 0, '', 'schweiss-rohrleit53', '', '', '', '', '', '', 0, 0, 0, '0000-00-00 00:00:00', '', 0, 0, '0000-00-00 00:00:00', '0000-00-00 00:00:00', 0, '', 0, '', '', 0, 42.1600, '', NULL, NULL, 1, '', NULL),
(5013, '', '', 0, NULL, 2, 'm', 'Mirko', 'Müller', '0000-00-00 00:00:00', 'schweiss-rohrleitungsbau-m.mueller@web.de', 5014, '033452 37501', '', 'dbd1955f3848c2cb2f444ed5e109acec', '0', '0', '0', '1', 0, '', '', '', '', '', '', '', '', 0, 0, 0, '0000-00-00 00:00:00', '0174 1914251', 0, 0, '0000-00-00 00:00:00', '0000-00-00 00:00:00', 0, '', 0, '', '', 0, 16.4999, '', NULL, NULL, 1, '', NULL),
(5014, NULL, '', 0, NULL, 2, 'm', 'Martin', 'de Groot', '0000-00-00 00:00:00', 'info@gcmotorsports.nl', 5015, '+31652521934', '', '40d43f3d2bb0ba0c1af3463b416bee5f', '0', '0', '0', '1', 0, '', '', '', '', '', '', '', '', 0, 0, 0, '0000-00-00 00:00:00', '', 0, 0, '0000-00-00 00:00:00', '0000-00-00 00:00:00', 0, '', 0, '', '', 0, 466.6509, '', NULL, NULL, 1, '', NULL),
(5015, '10140', '', 0, NULL, 2, 'm', 'Thomas', 'Feldmann', '0000-00-00 00:00:00', 't.feldmann@eds-emden.de', 5017, '04921 9161-44', '', '807ae4fb87c58deb1f053c8206782b3f', '0', '0', '0', '1', 0, '', '', '', '', '', '', '', '', 0, 0, 0, '0000-00-00 00:00:00', '', 0, 0, '0000-00-00 00:00:00', '0000-00-00 00:00:00', 0, '', 0, '', '', 0, 0.0000, '', NULL, NULL, 1, '', NULL),
(5016, NULL, NULL, 0, NULL, 4, 'm', 'Daniel', ' Haake', '1970-01-01 00:00:00', '6aa793c47b84fda56a38@members.ebay.com', 5018, '', NULL, 'c775e5c8dddd5e9d773e78c4310eca32', NULL, '0', '0', '1', 0, '', 'elektro0097', '', '', '', '', '', '', 0, 0, 0, '0000-00-00 00:00:00', '', 0, 0, '0000-00-00 00:00:00', '0000-00-00 00:00:00', 0, '', 0, '', '', 0, 48.0300, '', NULL, NULL, 1, '', NULL),
(5017, '', '', 0, NULL, 1, 'm', 'Tim', 'Hempelmann', '0000-00-00 00:00:00', 'tim.hempelmann@web.de', 5019, '', '', '178276240f5a2a87350031cfeaffeb32', '0', '0', '0', '1', 1, '', '', '', '', '', '', '', '', 0, 0, 0, '0000-00-00 00:00:00', '', 0, 0, '0000-00-00 00:00:00', '0000-00-00 00:00:00', 0, '', 0, '', '', 0, 29.9001, '', NULL, NULL, 1, '', NULL),
(5018, NULL, '', 0, NULL, 1, 'm', 'Michael', 'Sels', '0000-00-00 00:00:00', 'Michael.Sels@web.de', 5020, '+491632513544', '', 'ccecb48b86ef0cb994645e64731f244d', '0', '0', '0', '1', 1, '', '', '', '', '', '', '', '', 0, 0, 0, '0000-00-00 00:00:00', '', 0, 0, '0000-00-00 00:00:00', '0000-00-00 00:00:00', 0, '', 0, '', '', 0, 53.3506, '', NULL, NULL, 1, '', NULL),
(5019, '', '', 0, NULL, 1, 'm', 'Ludger', 'Sudbrock', '0000-00-00 00:00:00', 'tvb.ev@web.de', 5021, '05422 988650', '', '30da90956f2e96cecec6c093c242d062', '0', '0', '0', '1', 1, '', '', '', '', '', '', '', '', 0, 0, 0, '0000-00-00 00:00:00', '', 0, 0, '0000-00-00 00:00:00', '0000-00-00 00:00:00', 0, '', 0, '', '', 0, 43.1505, '', NULL, NULL, 1, '', NULL),
(5020, '', 'DE253526789', 0, NULL, 4, 'm', 'Marc', 'Sommer', '1970-01-01 00:00:00', '0d857faa7fc055c0cd77@members.ebay.com', 5023, '', '', '0bde59a9a39ac1fb2d75bf8d6515a64b', '0', '0', '0', '1', 0, '', 'sommerstahlbau', '', '', '', '', '', '', 0, 0, 0, '0000-00-00 00:00:00', '', 0, 0, '0000-00-00 00:00:00', '0000-00-00 00:00:00', 0, '', 0, '', '', 0, 72.6200, '', NULL, NULL, 1, '', NULL),
(5021, NULL, NULL, 0, NULL, 4, 'm', 'Andre', ' Lieblein', '1970-01-01 00:00:00', '6c8bf6169adc1754bd55@members.ebay.com', 5024, '', NULL, '27b67e8c959d065c33baba6a392eea03', NULL, '0', '0', '1', 0, '', 'liebi2611', '', '', '', '', '', '', 0, 0, 0, '0000-00-00 00:00:00', '', 0, 0, '0000-00-00 00:00:00', '0000-00-00 00:00:00', 0, '', 0, '', '', 0, 25.8800, '', NULL, NULL, 1, '', NULL),
(5022, '', 'ATU69446058', 0, NULL, 2, 'm', 'Martin', 'Rosenmaier', '0000-00-00 00:00:00', 'technik-rosenmaier@a1.net', 5025, '0043 6645213775', '', 'e9280f647d6ec235fdf7be93f2234109', '0', '0', '0', '1', 0, '', '', '', '', '', '', '', '', 0, 0, 0, '0000-00-00 00:00:00', '', 0, 0, '0000-00-00 00:00:00', '0000-00-00 00:00:00', 0, '', 0, '', '', 0, 110.9282, '', NULL, NULL, 1, '', NULL),
(5023, '', '', 0, NULL, 4, 'm', 'Jan', 'Patrick Zimmer', '1970-01-01 00:00:00', '0d944efb3ded73e55092@members.ebay.com', 5026, 'Invalid Request', '', 'fa565db243cb1bc37410f4d06b0e1f80', '0', '0', '0', '1', 0, '', 'janpazim-0', '', '', '', '', '', '', 0, 0, 0, '0000-00-00 00:00:00', '0171 3406313', 0, 0, '0000-00-00 00:00:00', '2025-09-22 13:44:28', 0, '', 0, '', '', 0, 103.4100, '', NULL, NULL, 1, '', NULL),
(5024, NULL, NULL, 0, NULL, 4, 'm', 'Nick', ' Mildner', '1970-01-01 00:00:00', '06cad295df1f4fe85784@members.ebay.com', 5027, '', NULL, 'a0d2b425b072a4e26aa8785138c3e8b6', NULL, '0', '0', '1', 0, '', 'polozei6n', '', '', '', '', '', '', 0, 0, 0, '0000-00-00 00:00:00', '', 0, 0, '0000-00-00 00:00:00', '0000-00-00 00:00:00', 0, '', 0, '', '', 0, 67.2500, '', NULL, NULL, 1, '', NULL),
(5025, NULL, NULL, 0, NULL, 4, 'm', 'Willi', ' Rühl', '1970-01-01 00:00:00', '01b484bda291bb7cb280@members.ebay.com', 5028, '', NULL, '5d2686d527c5a6a0377b875292344cf5', NULL, '0', '0', '1', 0, '', 'willi7002013', '', '', '', '', '', '', 0, 0, 0, '0000-00-00 00:00:00', '', 0, 0, '0000-00-00 00:00:00', '0000-00-00 00:00:00', 0, '', 0, '', '', 0, 164.7600, '', NULL, NULL, 1, '', NULL),
(5026, NULL, '', 0, NULL, 1, 'm', 'Markus', 'Trinks', '0000-00-00 00:00:00', 'marketrinks@web.de', 5029, '017657948474', '', 'f9bd70e447a86ca9c53f13bd3832450a', '0', '0', '0', '1', 1, '', '', '', '', '', '', '', '', 0, 0, 0, '0000-00-00 00:00:00', '', 0, 0, '0000-00-00 00:00:00', '0000-00-00 00:00:00', 0, '', 0, '', '', 0, 0.0000, '', NULL, NULL, 1, '', NULL),
(5027, NULL, NULL, 0, NULL, 4, 'm', 'Florian', ' Riedel', '1970-01-01 00:00:00', '36af6815375d92f95c21@members.ebay.com', 5030, '', NULL, '6a0dc25b6a8a25f0018ac7c5002e5161', NULL, '0', '0', '1', 0, '', 'floman881', '', '', '', '', '', '', 0, 0, 0, '0000-00-00 00:00:00', '', 0, 0, '0000-00-00 00:00:00', '0000-00-00 00:00:00', 0, '', 0, '', '', 0, 31.4000, '', NULL, NULL, 1, '', NULL),
(5028, NULL, NULL, 0, NULL, 4, 'm', 'Steffen', ' Ebert', '1970-01-01 00:00:00', '36c8f1668c914676f185@members.ebay.com', 5031, '', NULL, '8329698e073b816d94c2808a96d4638c', NULL, '0', '0', '1', 0, '', 'sek4711', '', '', '', '', '', '', 0, 0, 0, '0000-00-00 00:00:00', '', 0, 0, '0000-00-00 00:00:00', '0000-00-00 00:00:00', 0, '', 0, '', '', 0, 37.0000, '', NULL, NULL, 1, '', NULL),
(5029, NULL, NULL, 0, NULL, 4, 'm', 'Dominik', ' Horvath', '1970-01-01 00:00:00', '6da8ee21bc566e0fc680@members.ebay.com', 5032, '', NULL, 'd030faeaf60804650d2a472e4b455fd8', NULL, '0', '0', '1', 0, '', 'onde_68', '', '', '', '', '', '', 0, 0, 0, '0000-00-00 00:00:00', '', 0, 0, '0000-00-00 00:00:00', '0000-00-00 00:00:00', 0, '', 0, '', '', 0, 19.4500, '', NULL, NULL, 1, '', NULL),
(5030, NULL, NULL, 0, NULL, 4, 'm', 'A.', ' Blancke Metallbau e.K.', '1970-01-01 00:00:00', '6dc6ef00133a6e0d6927@members.ebay.com', 5033, '', NULL, '753e1c0ea0a3e710fa6e9eb112c6785e', NULL, '0', '0', '1', 0, '', 'dudel42', '', '', '', '', '', '', 0, 0, 0, '0000-00-00 00:00:00', '', 0, 0, '0000-00-00 00:00:00', '0000-00-00 00:00:00', 0, '', 0, '', '', 0, 20.6300, '', NULL, NULL, 1, '', NULL),
(5031, NULL, NULL, 0, NULL, 4, 'm', 'Yachthafen', ' Magdeburg GmbH', '1970-01-01 00:00:00', '1b8389d004ce9b65c131@members.ebay.com', 5034, '', NULL, '96fe953b92380ca498d8e6b5dfada301', NULL, '0', '0', '1', 0, '', 'yachtmagdeb-0', '', '', '', '', '', '', 0, 0, 0, '0000-00-00 00:00:00', '', 0, 0, '0000-00-00 00:00:00', '0000-00-00 00:00:00', 0, '', 0, '', '', 0, 155.4000, '', NULL, NULL, 1, '', NULL),
(5032, NULL, NULL, 0, NULL, 4, 'm', 'Jaster', ' Hydraulik', '1970-01-01 00:00:00', '01b83d17d9742e5b2c91@members.ebay.com', 5035, '', NULL, '2f8f2f1e2bf3d570bff396d0e7c17fc5', NULL, '0', '0', '1', 0, '', 'bus_8440', '', '', '', '', '', '', 0, 0, 0, '0000-00-00 00:00:00', '', 0, 0, '0000-00-00 00:00:00', '0000-00-00 00:00:00', 0, '', 0, '', '', 0, 56.8100, '', NULL, NULL, 1, '', NULL),
(5033, NULL, NULL, 0, NULL, 4, 'm', 'Christian', ' Mallin', '1970-01-01 00:00:00', '1bb138d9aca8150c5469@members.ebay.com', 5036, '', NULL, 'c2dcdac5faddfe0e4b8859b8dbb994e3', NULL, '0', '0', '1', 0, '', 'chris.s.500.t', '', '', '', '', '', '', 0, 0, 0, '0000-00-00 00:00:00', '', 0, 0, '0000-00-00 00:00:00', '0000-00-00 00:00:00', 0, '', 0, '', '', 0, 115.2200, '', NULL, NULL, 1, '', NULL),
(5034, NULL, NULL, 0, NULL, 4, 'm', 'Arnd', ' Held', '1970-01-01 00:00:00', '6f20dff69846fe6f3a11@members.ebay.com', 5037, '', NULL, '7d1a2bbe36b0aa1ccd4ed465989b5766', NULL, '0', '0', '1', 0, '', 'yamahaclassicracer', '', '', '', '', '', '', 0, 0, 0, '0000-00-00 00:00:00', '', 0, 0, '0000-00-00 00:00:00', '0000-00-00 00:00:00', 0, '', 0, '', '', 0, 96.6600, '', NULL, NULL, 1, '', NULL),
(5035, NULL, '', 0, NULL, 1, 'm', 'Lars', 'Medanic', '0000-00-00 00:00:00', 'sauresahne@icloud.com', 5038, '', '', 'eaa7762e3e184411a4cd5bb9b24f528f', '0', '0', '0', '1', 1, '', '', '', '', '', '', '', '', 0, 0, 0, '0000-00-00 00:00:00', '', 0, 0, '0000-00-00 00:00:00', '0000-00-00 00:00:00', 0, '', 0, '', '', 0, 28.4905, '', NULL, NULL, 1, '', NULL),
(5036, '', '', 0, NULL, 4, 'm', 'Uwe', 'hoffmann', '1970-01-01 00:00:00', '7051569de725c5891497@members.ebay.com', 5039, '', '', '947b74f128473301af5bde294688e608', '0', '0', '0', '1', 0, '', 'hoffis.vw-teile.sale', '', '', '', '', '', '', 0, 0, 0, '0000-00-00 00:00:00', '0172 7706352', 0, 0, '0000-00-00 00:00:00', '0000-00-00 00:00:00', 0, '', 0, '', '', 0, 37.0000, '', NULL, NULL, 1, '', NULL),
(5037, NULL, NULL, 0, NULL, 4, 'm', 'Martina', '   Glaser', '1970-01-01 00:00:00', '0e0f883fa1d96ac44783@members.ebay.com', 5040, '', NULL, 'c6ccd2cf6f918963f1619fae284fa328', NULL, '0', '0', '1', 0, '', 'wumbaba12', '', '', '', '', '', '', 0, 0, 0, '0000-00-00 00:00:00', '', 0, 0, '0000-00-00 00:00:00', '0000-00-00 00:00:00', 0, '', 0, '', '', 0, 66.5000, '', NULL, NULL, 1, '', NULL),
(5038, NULL, NULL, 0, NULL, 4, 'm', 'Chris', ' Sporn', '1970-01-01 00:00:00', '00e13b195f9e36a90402@members.ebay.com', 5041, '', NULL, '51a07f333045b997976b931adc631668', NULL, '0', '0', '1', 0, '', 'soundattack_exhaust', '', '', '', '', '', '', 0, 0, 0, '0000-00-00 00:00:00', '', 0, 0, '0000-00-00 00:00:00', '0000-00-00 00:00:00', 0, '', 0, '', '', 0, 40.9400, '', NULL, NULL, 1, '', NULL),
(5039, NULL, '', 0, NULL, 1, 'm', 'Thomas', 'Sellmann', '0000-00-00 00:00:00', 'tomedoc@icloud.com', 5042, '', '', '0a46156170a412c90cc97fc053e6c1c7', '0', '0', '0', '1', 1, '', '', '', '', '', '', '', '', 0, 0, 0, '0000-00-00 00:00:00', '', 0, 0, '0000-00-00 00:00:00', '0000-00-00 00:00:00', 0, '', 0, '', '', 0, 36.0000, '', NULL, NULL, 1, '', NULL),
(5040, '', '', 0, NULL, 2, 'm', 'Martin', 'Bauer', '0000-00-00 00:00:00', 'office@mb-metallbau.at', 5043, '0043 6649160331', '', '40c8eb61fb5ed6a4e68c461f04a760d0', '0', '0', '0', '1', 0, '', '', '', '', '', '', '', '', 0, 0, 0, '0000-00-00 00:00:00', '', 0, 0, '0000-00-00 00:00:00', '0000-00-00 00:00:00', 0, '', 0, '', '', 0, 0.0000, '', NULL, NULL, 1, '', NULL),
(5041, NULL, NULL, 0, NULL, 4, 'm', 'BK', ' Performance Parts e.K.', '1970-01-01 00:00:00', '1c51648f2dba15b8ac92@members.ebay.com', 5044, '', NULL, '0847b6187e97461609aad7dfcecab8b6', NULL, '0', '0', '1', 0, '', 'bkperformance30974', '', '', '', '', '', '', 0, 0, 0, '0000-00-00 00:00:00', '', 0, 0, '0000-00-00 00:00:00', '0000-00-00 00:00:00', 0, '', 0, '', '', 0, 79.2000, '', NULL, NULL, 1, '', NULL),
(5042, NULL, '', 0, NULL, 1, 'm', 'Günter ', 'Zöchling ', '0000-00-00 00:00:00', 'gue@gez.at', 5045, '+4369914001416', '', '12d95f9185c5fca972a8ab627852f806', '0', '0', '0', '1', 1, '', '', '', '', '', '', '', '', 0, 0, 0, '0000-00-00 00:00:00', '', 0, 0, '0000-00-00 00:00:00', '0000-00-00 00:00:00', 0, '', 0, '', '', 0, 62.3837, '', NULL, NULL, 1, '', NULL),
(5043, NULL, NULL, 0, NULL, 4, 'm', 'D-A-Packs', ' 3268425 Priska Waldharr', '1970-01-01 00:00:00', '71b75817407da7675922@members.ebay.com', 5046, '', NULL, 'b6d41b406cdebedae0acc1f6dc15589f', NULL, '0', '0', '1', 0, '', 'priwald-0', '', '', '', '', '', '', 0, 0, 0, '0000-00-00 00:00:00', '', 0, 0, '0000-00-00 00:00:00', '0000-00-00 00:00:00', 0, '', 0, '', '', 0, 31.4000, '', NULL, NULL, 1, '', NULL),
(5044, NULL, NULL, 0, NULL, 4, 'm', 'Stefan', ' Miller', '1970-01-01 00:00:00', '71e214c9b2de5dc08228@members.ebay.com', 5047, '', NULL, '67a32ab3e251aa564281c135b2b219eb', NULL, '0', '0', '1', 0, '', 'dealermiller', '', '', '', '', '', '', 0, 0, 0, '0000-00-00 00:00:00', '', 0, 0, '0000-00-00 00:00:00', '0000-00-00 00:00:00', 0, '', 0, '', '', 0, 24.4800, '', NULL, NULL, 1, '', NULL),
(5045, NULL, '', 0, NULL, 1, 'm', 'Jochen', 'Rohm ', '0000-00-00 00:00:00', 'j.rohm@web.de', 5048, '', '', '605662b80e40dd75d26feee99f9d2dbe', '0', '0', '0', '1', 1, '', '', '', '', '', '', '', '', 0, 0, 0, '0000-00-00 00:00:00', '', 0, 0, '0000-00-00 00:00:00', '0000-00-00 00:00:00', 0, '', 0, '', '', 0, 31.0999, '', NULL, NULL, 1, '', NULL),
(5046, NULL, NULL, 0, NULL, 4, 'm', 'MTO', ' Maschinenbau GmbH', '1970-01-01 00:00:00', '1c86622322581f22ad49@members.ebay.com', 5049, '', NULL, '90965a6f3d1f1006f7b73b1c55cb6115', NULL, '0', '0', '1', 0, '', 'clibano_de', '', '', '', '', '', '', 0, 0, 0, '0000-00-00 00:00:00', '', 0, 0, '0000-00-00 00:00:00', '0000-00-00 00:00:00', 0, '', 0, '', '', 0, 110.6000, '', NULL, NULL, 1, '', NULL),
(5047, NULL, NULL, 0, NULL, 4, 'm', 'Sabine', ' Schweisthal', '1970-01-01 00:00:00', '3912c09a5a0b365c2c18@members.ebay.com', 5050, '', NULL, '3ceca2e1b09afeb0f5c63388f7b5122a', NULL, '0', '0', '1', 0, '', 'klasabli', '', '', '', '', '', '', 0, 0, 0, '0000-00-00 00:00:00', '', 0, 0, '0000-00-00 00:00:00', '0000-00-00 00:00:00', 0, '', 0, '', '', 0, 103.1000, '', NULL, NULL, 1, '', NULL),
(5048, NULL, NULL, 0, NULL, 4, 'm', 'Bergmaier-Gocht', '', '1970-01-01 00:00:00', '391e8dc7bc333fdad129@members.ebay.com', 5051, '', NULL, 'b45d2c956172e562f2283be36c243b76', NULL, '0', '0', '1', 0, '', 'gocht2006', '', '', '', '', '', '', 0, 0, 0, '0000-00-00 00:00:00', '', 0, 0, '0000-00-00 00:00:00', '0000-00-00 00:00:00', 0, '', 0, '', '', 0, 37.0000, '', NULL, NULL, 1, '', NULL),
(5049, NULL, NULL, 0, NULL, 4, 'm', 'Werner', ' Mezger', '1970-01-01 00:00:00', '7255cc8da24d7d699818@members.ebay.com', 5052, '', NULL, '572e076111f2b68bf95a4a7f11c10eb0', NULL, '0', '0', '1', 0, '', 'fa_mezger', '', '', '', '', '', '', 0, 0, 0, '0000-00-00 00:00:00', '', 0, 0, '0000-00-00 00:00:00', '0000-00-00 00:00:00', 0, '', 0, '', '', 0, 30.0800, '', NULL, NULL, 1, '', NULL),
(5050, '', 'DE306110317', 0, NULL, 2, 'm', 'Andreas', 'Koß', '0000-00-00 00:00:00', 'info@amko-verpackung.de', 5053, '', '', 'f8c0848bc7f2c40bcec2881990476926', '0', '0', '0', '1', 0, '', '', '', '', '', '', '', '', 0, 0, 0, '0000-00-00 00:00:00', '', 0, 0, '0000-00-00 00:00:00', '0000-00-00 00:00:00', 0, '', 0, '', '', 0, 91.2198, '', NULL, NULL, 1, '', NULL),
(5051, '', 'DE349212459', 0, NULL, 2, 'm', 'Enrico', 'Frank', '0000-00-00 00:00:00', 'e.frank@metallbau-kuschela.de', 5054, '03571 60730-29', '03571 60730-28', 'bc323ac757b8a439fe114abdd5c79e66', '0', '0', '0', '1', 1, '', '', '', '', '', '', '', '', 0, 0, 0, '0000-00-00 00:00:00', '', 0, 0, '0000-00-00 00:00:00', '0000-00-00 00:00:00', 0, '', 0, '', '', 0, 0.0000, '', NULL, NULL, 1, '', NULL),
(5052, NULL, '', 0, NULL, 1, 'f', 'hjkl', 'qswdefr', '0000-00-00 00:00:00', 'Maged1955@cuvox.de', 5055, '01716666666', '', '9ef31c24e9c9041b7e67c06aa1ca12a7', '0', '0', '0', '1', 1, '', '', '', '', '', '', '', '', 0, 0, 0, '0000-00-00 00:00:00', '', 0, 0, '0000-00-00 00:00:00', '0000-00-00 00:00:00', 0, '', 0, '', '', 0, 0.0000, '', NULL, NULL, 1, '', NULL),
(5053, NULL, '', 0, NULL, 1, 'f', 'Mars', 'Musterding', '0000-00-00 00:00:00', 'mars.musterding@web.de', 5056, '017692837465', '', '556b64121c5843bb08b5e6658290b059', '0', '0', '0', '1', 1, '', '', '', '', '', '', '', '', 0, 0, 0, '0000-00-00 00:00:00', '', 0, 0, '0000-00-00 00:00:00', '0000-00-00 00:00:00', 0, '', 0, '', '', 0, 0.0000, '', NULL, NULL, 1, '', NULL),
(5054, NULL, '', 0, NULL, 1, 'm', 'Hanito', 'Sancho', '0000-00-00 00:00:00', 'Sanchomancho@gmail.com', 5057, '01747821384', '', '2a415b13c04c165e44563b43b53bb33e', '0', '0', '0', '1', 1, '', '', '', '', '', '', '', '', 0, 0, 0, '0000-00-00 00:00:00', '', 0, 0, '0000-00-00 00:00:00', '0000-00-00 00:00:00', 0, '', 0, '', '', 0, 0.0000, '', NULL, NULL, 1, '', NULL),
(5055, NULL, '', 0, NULL, 1, 'm', 'Jürgen', 'Sinn', '0000-00-00 00:00:00', 'info@sinn-mechanische-werkstatt.de', 5058, '07142 771666', '07142 771667', '8d622c4d8f70cc726fd210b2be31a689', '0', '0', '0', '1', 1, '', '', '', '', '', '', '', '', 0, 0, 0, '0000-00-00 00:00:00', '', 0, 0, '0000-00-00 00:00:00', '0000-00-00 00:00:00', 0, '', 0, '', '', 0, 25.3400, '', NULL, NULL, 1, '', NULL),
(5056, NULL, NULL, 0, NULL, 4, 'm', 'Rheinischer', ' Eisenhandel GmbH', '1970-01-01 00:00:00', '1ccaf91955738def6032@members.ebay.com', 5059, '', NULL, '297d388ac2de6b40d100cd9590a31dc9', NULL, '0', '0', '1', 0, '', 'rheinischer', '', '', '', '', '', '', 0, 0, 0, '0000-00-00 00:00:00', '', 0, 0, '0000-00-00 00:00:00', '0000-00-00 00:00:00', 0, '', 0, '', '', 0, 42.1600, '', NULL, NULL, 1, '', NULL),
(5057, '', 'DE148270842', 0, NULL, 2, 'm', 'Stefan', 'Bittermann', '0000-00-00 00:00:00', 's.bittermann@re-az.de', 5060, '06731 483-15', '06731 483-31', 'fd15c36c715ce06bb9aae792bec38026', '0', '0', '0', '1', 0, '', '', '', '', '', '', '', '', 0, 0, 0, '0000-00-00 00:00:00', '', 0, 0, '0000-00-00 00:00:00', '0000-00-00 00:00:00', 0, '', 0, '', '', 0, 16.4999, '', NULL, NULL, 1, '', NULL),
(5058, '', 'DE314808444', 0, NULL, 2, 'm', 'Adrian', 'Schopferer', '0000-00-00 00:00:00', 'adrian.schopferer@dicosy.de', 5061, '07822 867407-6', '', 'd0362be05af45fb1a970c749f8781c55', '0', '0', '0', '1', 0, '', '', '', '', '', '', '', '', 0, 0, 0, '0000-00-00 00:00:00', '', 0, 0, '0000-00-00 00:00:00', '0000-00-00 00:00:00', 0, '', 0, '', '', 0, 150.2200, '', NULL, NULL, 1, '', NULL),
(5059, NULL, '', 0, NULL, 2, 'm', 'Edwin', 'van Bloemendaal ', '0000-00-00 00:00:00', 'edwinvanbloemendaal@gmail.com', 5062, '017666800563', '', '2d29daa01ab485947f4822d226465a2f', '0', '0', '0', '1', 0, '', '', '', '', '', '', '', '', 0, 0, 0, '0000-00-00 00:00:00', '', 0, 0, '0000-00-00 00:00:00', '0000-00-00 00:00:00', 0, '', 0, '', '', 0, 150.0001, '', NULL, NULL, 1, '', NULL),
(5060, NULL, NULL, 0, NULL, 4, 'm', 'Schneider', ' Metallbau', '1970-01-01 00:00:00', '39a4964220084b36ae48@members.ebay.com', 5063, '', NULL, '1c931088206d0b79f402b74002a40d11', NULL, '0', '0', '1', 0, '', 'js.metallbau', '', '', '', '', '', '', 0, 0, 0, '0000-00-00 00:00:00', '', 0, 0, '0000-00-00 00:00:00', '0000-00-00 00:00:00', 0, '', 0, '', '', 0, 73.5600, '', NULL, NULL, 1, '', NULL),
(5061, '', 'DE247198238', 0, NULL, 4, 'm', 'KFZ-Woltering', 'GmbH', '1970-01-01 00:00:00', '39a8472f76b0378c6a28@members.ebay.com', 5064, '02368 69715', '02368 697152', '7130bf06ab678ccfcb1c25db23790180', '0', '0', '0', '1', 0, '', 'bosch45739', '', '', '', '', '', '', 0, 0, 0, '0000-00-00 00:00:00', '', 0, 0, '0000-00-00 00:00:00', '0000-00-00 00:00:00', 0, '', 0, '', '', 0, 30.0800, '', NULL, NULL, 1, '', NULL),
(5062, NULL, '', 0, NULL, 1, 'm', 'Bernhard', 'Stürzl', '0000-00-00 00:00:00', 'bs-specialparts@gmx.de', 5065, '017696067530', '', '4703422cbbe3f47c2a9f49c04e51107a', '0', '0', '0', '1', 1, '', '', '', '', '', '', '', '', 0, 0, 0, '0000-00-00 00:00:00', '', 0, 0, '0000-00-00 00:00:00', '0000-00-00 00:00:00', 0, '', 0, '', '', 0, 50.4999, '', NULL, NULL, 1, '', NULL),
(5063, NULL, '', 0, NULL, 1, 'f', 'Brigitte', 'Karner', '0000-00-00 00:00:00', 'brigitte.karner@alu-bau.net', 5066, '004327433290', '', '60c48f0fced1ba4e3ae4ea478f7540b3', '0', '0', '0', '1', 1, '', '', '', '', '', '', '', '', 0, 0, 0, '0000-00-00 00:00:00', '', 0, 0, '0000-00-00 00:00:00', '0000-00-00 00:00:00', 0, '', 0, '', '', 0, 0.0000, '', NULL, NULL, 1, '', NULL),
(5064, NULL, NULL, 0, NULL, 4, 'm', 'Eusebio', ' Tapia', '1970-01-01 00:00:00', '1cf874f5a6b705112f44@members.ebay.com', 5067, '', NULL, 'c6daaeff92379313c16cadfa9fd92996', NULL, '0', '0', '1', 0, '', 'eusta61', '', '', '', '', '', '', 0, 0, 0, '0000-00-00 00:00:00', '', 0, 0, '0000-00-00 00:00:00', '0000-00-00 00:00:00', 0, '', 0, '', '', 0, 63.5400, '', NULL, NULL, 1, '', NULL),
(5065, NULL, NULL, 0, NULL, 4, 'm', 'STW', ' Stahl- & Metallbau GmbH Sezer Sahin', '1970-01-01 00:00:00', '3a05361ce621528ed677@members.ebay.com', 5068, '', NULL, '60087464e67ca9cb682099229b39c074', NULL, '0', '0', '1', 0, '', 's-tec-trade', '', '', '', '', '', '', 0, 0, 0, '0000-00-00 00:00:00', '', 0, 0, '0000-00-00 00:00:00', '0000-00-00 00:00:00', 0, '', 0, '', '', 0, 56.0200, '', NULL, NULL, 1, '', NULL),
(5066, NULL, NULL, 0, NULL, 4, 'm', 'Rosemarie', ' Birk', '1970-01-01 00:00:00', '0e8ead45d5ce34c83295@members.ebay.com', 5069, '', NULL, '21420736fb3ffdb3fdc3856f804684e9', NULL, '0', '0', '1', 0, '', 'matiro1', '', '', '', '', '', '', 0, 0, 0, '0000-00-00 00:00:00', '', 0, 0, '0000-00-00 00:00:00', '0000-00-00 00:00:00', 0, '', 0, '', '', 0, 15.9800, '', NULL, NULL, 1, '', NULL),
(5067, NULL, NULL, 0, NULL, 4, 'm', 'Frank', ' Titschen', '1970-01-01 00:00:00', '3a4ab376de49524b4c18@members.ebay.com', 5070, '', NULL, 'ee33f266cda7fc9fb4d969cf31c32960', NULL, '0', '0', '1', 0, '', 'plutolini', '', '', '', '', '', '', 0, 0, 0, '0000-00-00 00:00:00', '', 0, 0, '0000-00-00 00:00:00', '0000-00-00 00:00:00', 0, '', 0, '', '', 0, 37.0000, '', NULL, NULL, 1, '', NULL),
(5068, NULL, '', 0, NULL, 1, 'f', 'Elke', 'Tetzlaff', '0000-00-00 00:00:00', 'e.tetzlaff@stahlhandel-msh.de', 5071, '03843213236', '', '9434850bb5338e7dda5f9a143fac4b7a', '0', '0', '0', '1', 1, '', '', '', '', '', '', '', '', 0, 0, 0, '0000-00-00 00:00:00', '', 0, 0, '0000-00-00 00:00:00', '0000-00-00 00:00:00', 0, '', 0, '', '', 0, 78.8600, '', NULL, NULL, 1, '', NULL),
(5069, NULL, NULL, 0, NULL, 4, 'm', 'Manfred', ' Scharnik', '1970-01-01 00:00:00', '74ddbbce6675cf3b1129@members.ebay.com', 5072, '', NULL, 'e17df2ac91c005a1132894bf83dacad4', NULL, '0', '0', '1', 0, '', '19manfred55', '', '', '', '', '', '', 0, 0, 0, '0000-00-00 00:00:00', '', 0, 0, '0000-00-00 00:00:00', '0000-00-00 00:00:00', 0, '', 0, '', '', 0, 37.0000, '', NULL, NULL, 1, '', NULL),
(5070, '', '', 0, NULL, 1, 'm', 'Tobias', 'Schweizer', '0000-00-00 00:00:00', 'schweizertobias@web.de', 5073, '07642 1357', '', '81dae33f1b7f4cf8a94e192925cf8dc9', '0', '0', '0', '1', 1, '', '', '', '', '', '', '', '', 0, 0, 0, '0000-00-00 00:00:00', '', 0, 0, '0000-00-00 00:00:00', '2024-10-10 07:22:44', 0, '', 0, '', '', 0, 34.4999, '', NULL, NULL, 1, '', NULL),
(5071, '', '', 0, NULL, 4, 'm', 'Christoph', 'Basse', '1970-01-01 00:00:00', '3a9790174c237f91e870@members.ebay.com', 5074, '', '', '5956b844fb5f0936010dd0dd8acba74f', '0', '0', '0', '1', 0, '', 'sindurei', '', '', '', '', '', '', 0, 0, 0, '0000-00-00 00:00:00', '01511 6532211', 0, 0, '0000-00-00 00:00:00', '0000-00-00 00:00:00', 0, '', 0, '', '', 0, 63.5400, '', NULL, NULL, 1, '', NULL),
(5072, NULL, NULL, 0, NULL, 4, 'm', 'Petra', ' Bomkamp', '1970-01-01 00:00:00', '00ead05e782ad57e9608@members.ebay.com', 5076, '', NULL, '31a346aca8307a2356b8826ca6c0ec50', NULL, '0', '0', '1', 0, '', 'rieka2266', '', '', '', '', '', '', 0, 0, 0, '0000-00-00 00:00:00', '', 0, 0, '0000-00-00 00:00:00', '0000-00-00 00:00:00', 0, '', 0, '', '', 0, 57.0100, '', NULL, NULL, 1, '', NULL),
(5073, NULL, '', 0, NULL, 1, 'm', 'Nikolai', 'Nöbel', '0000-00-00 00:00:00', 'encilai@web.de', 5077, '', '', 'd987c651225e294d9db48bed09e59e3c', '0', '0', '0', '1', 1, '', '', '', '', '', '', '', '', 0, 0, 0, '0000-00-00 00:00:00', '', 0, 0, '0000-00-00 00:00:00', '0000-00-00 00:00:00', 0, '', 0, '', '', 0, 0.0000, '', NULL, NULL, 1, '', NULL),
(5074, NULL, NULL, 0, NULL, 4, 'm', 'Nikolai', ' Nöbel', '1970-01-01 00:00:00', '3ae3e998ca62ceceff97@members.ebay.com', 5078, '', NULL, 'ce6ef04d1596ee76d61d90922a53f31b', NULL, '0', '0', '1', 0, '', 'logix530', '', '', '', '', '', '', 0, 0, 0, '0000-00-00 00:00:00', '', 0, 0, '0000-00-00 00:00:00', '0000-00-00 00:00:00', 0, '', 0, '', '', 0, 15.9800, '', NULL, NULL, 1, '', NULL),
(5075, '', '', 0, NULL, 4, 'm', 'Philipp', 'Sämisch', '1970-01-01 00:00:00', '7603fcd6459a2ce6c156@members.ebay.com', 5079, '035771 51500', '', '2b8727f64b9dbde07398e0a142f3a379', '0', '0', '0', '1', 0, '', 'natusch-online', '', '', '', '', '', '', 0, 0, 0, '0000-00-00 00:00:00', '', 0, 0, '0000-00-00 00:00:00', '0000-00-00 00:00:00', 0, '', 0, '', '', 0, 195.3800, '', NULL, NULL, 1, '', NULL),
(5076, '', 'DE174925582', 0, NULL, 2, 'm', 'Marcel', 'Seidel', '0000-00-00 00:00:00', 'm.seidel@bk-metall-anlagenbau.de', 5080, '04202 524774', '', 'f599165ad81b7c93c835b7fcd30bb756', '0', '0', '0', '1', 0, '', '', '', '', '', '', '', '', 0, 0, 0, '0000-00-00 00:00:00', '', 0, 0, '0000-00-00 00:00:00', '2024-11-12 12:21:45', 0, '', 0, '', '', 0, 67.4800, '', NULL, NULL, 1, '', NULL),
(5077, NULL, '', 0, NULL, 1, 'f', 'A.', 'Wörle', '0000-00-00 00:00:00', 'einkauf@breidenbach-metall.de', 5081, '', '', 'dd27a19ad595a1bea38940282d6f6f5a', '0', '0', '0', '1', 1, '', '', '', '', '', '', '', '', 0, 0, 0, '0000-00-00 00:00:00', '', 0, 0, '0000-00-00 00:00:00', '0000-00-00 00:00:00', 0, '', 0, '', '', 0, 0.0000, '', NULL, NULL, 1, '', NULL),
(5078, NULL, '', 0, NULL, 1, 'm', 'Michael', 'Angerer', '0000-00-00 00:00:00', 'Einkauf@breidenbach-metall.de', 5082, '08861909840', '', '66b97f123a698850e706582fcd556eb5', '0', '0', '0', '1', 1, '', '', '', '', '', '', '', '', 0, 0, 0, '0000-00-00 00:00:00', '', 0, 0, '0000-00-00 00:00:00', '0000-00-00 00:00:00', 0, '', 0, '', '', 0, 133.0797, '', NULL, NULL, 1, '', NULL),
(5079, '', '', 0, NULL, 1, 'm', 'Robert', 'Brumer', '0000-00-00 00:00:00', 'r.brumer@yahoo.de', 5086, '08744 4869884', '', '95f0a498032f3f2ade5fdcc8d408e00c', '0', '0', '0', '1', 1, '', '', '', '', '', '', '', '', 0, 0, 0, '0000-00-00 00:00:00', '', 0, 0, '0000-00-00 00:00:00', '0000-00-00 00:00:00', 0, '', 0, '', '', 0, 0.0000, '', NULL, NULL, 1, '', NULL),
(5080, NULL, NULL, 0, NULL, 4, 'm', 'Michael', ' Schweiger', '1970-01-01 00:00:00', '769a583e94ce6da3d745@members.ebay.com', 5087, '', NULL, 'bbea2661cd55a484d24ae31924b18da6', NULL, '0', '0', '1', 0, '', 'trinknix33', '', '', '', '', '', '', 0, 0, 0, '0000-00-00 00:00:00', '', 0, 0, '0000-00-00 00:00:00', '0000-00-00 00:00:00', 0, '', 0, '', '', 0, 84.1100, '', NULL, NULL, 1, '', NULL),
(5081, '', 'DE293171012', 0, NULL, 1, 'm', 'Bastian', 'Binnefeld', '0000-00-00 00:00:00', 'bbinnefeld@rimo-germany.com', 5088, '023725999526', '', 'a97de31ad325fbc01ba048d69a67ec01', '0', '0', '0', '1', 1, '', '', '', '', '', '', '', '', 0, 0, 0, '0000-00-00 00:00:00', '', 0, 0, '0000-00-00 00:00:00', '0000-00-00 00:00:00', 0, '', 0, '', '', 0, 20.9999, '', NULL, NULL, 1, '', NULL),
(5082, NULL, '', 0, NULL, 1, 'm', 'Philipp', 'Engeli', '0000-00-00 00:00:00', 'p.engeli@gmx.ch', 5089, '', '', '6190b55e7d2a16c96ae35fada2021c7e', '0', '0', '0', '1', 1, '', '', '', '', '', '', '', '', 0, 0, 0, '0000-00-00 00:00:00', '', 0, 0, '0000-00-00 00:00:00', '0000-00-00 00:00:00', 0, '', 0, '', '', 0, 33.0000, '', NULL, NULL, 1, '', NULL),
(5083, NULL, '', 0, NULL, 1, 'm', 'Timo', 'Jene', '0000-00-00 00:00:00', 'timo.jene@web.de', 5091, '', '', 'bbdc0acf910a67f9f57667974581733c', '0', '0', '0', '1', 1, '', '', '', '', '', '', '', '', 0, 0, 0, '0000-00-00 00:00:00', '', 0, 0, '0000-00-00 00:00:00', '0000-00-00 00:00:00', 0, '', 0, '', '', 0, 83.1000, '', NULL, NULL, 1, '', NULL),
(5084, NULL, '', 0, NULL, 1, 'm', 'Patrick', 'Irmscher', '0000-00-00 00:00:00', 'info@irmscher-factory.de', 5092, '', '', 'e8be2e806d24f385be54fa637e10bccd', '0', '0', '0', '1', 1, '', '', '', '', '', '', '', '', 0, 0, 0, '0000-00-00 00:00:00', '', 0, 0, '0000-00-00 00:00:00', '0000-00-00 00:00:00', 0, '', 0, '', '', 0, 46.3501, '', NULL, NULL, 1, '', NULL),
(5085, NULL, NULL, 0, NULL, 4, 'm', 'a+', ' gmbh', '1970-01-01 00:00:00', '00ede0432846e2aa0613@members.ebay.com', 5093, '', NULL, '8e3b6fb23b30118d73624f627d0bc142', NULL, '0', '0', '1', 0, '', 'manschal', '', '', '', '', '', '', 0, 0, 0, '0000-00-00 00:00:00', '', 0, 0, '0000-00-00 00:00:00', '0000-00-00 00:00:00', 0, '', 0, '', '', 0, 63.5400, '', NULL, NULL, 1, '', NULL),
(5086, NULL, NULL, 0, NULL, 4, 'm', 'Joachim', ' Ryschka', '1970-01-01 00:00:00', '076f64286459a2e12e38@members.ebay.com', 5094, '', NULL, '0ad281123ba1f9f573fa1520b6117617', NULL, '0', '0', '1', 0, '', 'kfz-ryschka', '', '', '', '', '', '', 0, 0, 0, '0000-00-00 00:00:00', '', 0, 0, '0000-00-00 00:00:00', '0000-00-00 00:00:00', 0, '', 0, '', '', 0, 45.7200, '', NULL, NULL, 1, '', NULL),
(5087, '', '', 0, NULL, 4, 'm', 'Rene\'', 'Sluma', '1970-01-01 00:00:00', '00edee4171794db82650@members.ebay.com', 5095, '', '', '634433e0b962f2fd302a8e0898712da9', '0', '0', '0', '1', 0, '', 'crossfreak89', '', '', '', '', '', '', 0, 0, 0, '0000-00-00 00:00:00', '0160 90988988', 0, 0, '0000-00-00 00:00:00', '0000-00-00 00:00:00', 0, '', 0, '', '', 0, 63.5400, '', NULL, NULL, 1, '', NULL),
(5088, NULL, '', 0, NULL, 1, 'm', 'Robert ', 'Kretschmer ', '0000-00-00 00:00:00', 'kretschmer.robert1@gmx.de', 5096, '', '', 'e46613da1c23f0c4b6ec6a15f5a6a0ce', '0', '0', '0', '1', 1, '', '', '', '', '', '', '', '', 0, 0, 0, '0000-00-00 00:00:00', '', 0, 0, '0000-00-00 00:00:00', '0000-00-00 00:00:00', 0, '', 0, '', '', 0, 23.4000, '', NULL, NULL, 1, '', NULL),
(5089, NULL, '', 0, NULL, 1, 'm', 'Robert', 'Vaverka', '0000-00-00 00:00:00', 'shop@ww9.at', 5097, '', '', 'b7652598b3ca7b098b91a075cc7ad69c', '0', '0', '0', '1', 1, '', '', '', '', '', '', '', '', 0, 0, 0, '0000-00-00 00:00:00', '', 0, 0, '0000-00-00 00:00:00', '0000-00-00 00:00:00', 0, '', 0, '', '', 0, 0.0000, '', NULL, NULL, 1, '', NULL),
(5090, NULL, NULL, 0, NULL, 4, 'm', 'Egerhard', ' Schnädelbach', '1970-01-01 00:00:00', '7744d7d240107ed5fb36@members.ebay.com', 5098, '', NULL, 'c8382efdf885131c34f134c249d723c3', NULL, '0', '0', '1', 0, '', 'eger5073', '', '', '', '', '', '', 0, 0, 0, '0000-00-00 00:00:00', '', 0, 0, '0000-00-00 00:00:00', '0000-00-00 00:00:00', 0, '', 0, '', '', 0, 37.0000, '', NULL, NULL, 1, '', NULL),
(5091, NULL, NULL, 0, NULL, 4, 'm', 'Moritz', ' Schlecht', '1970-01-01 00:00:00', '077563d5375586e50653@members.ebay.com', 5099, '', NULL, '00cefd94bcc86403679ea5b547fe0413', NULL, '0', '0', '1', 0, '', 'morischlecht', '', '', '', '', '', '', 0, 0, 0, '0000-00-00 00:00:00', '', 0, 0, '0000-00-00 00:00:00', '0000-00-00 00:00:00', 0, '', 0, '', '', 0, 70.4800, '', NULL, NULL, 1, '', NULL),
(5092, NULL, NULL, 0, NULL, 4, 'm', 'Peter', '  Stich', '1970-01-01 00:00:00', '787fcafde4de35391895@members.ebay.com', 5100, '', NULL, '82275bcc55c34b0db627ff7a7d04078c', NULL, '0', '0', '1', 0, '', 'pestich91', '', '', '', '', '', '', 0, 0, 0, '0000-00-00 00:00:00', '', 0, 0, '0000-00-00 00:00:00', '0000-00-00 00:00:00', 0, '', 0, '', '', 0, 90.4500, '', NULL, NULL, 1, '', NULL),
(5093, NULL, NULL, 0, NULL, 4, 'm', 'Thomas', ' Nowak', '1970-01-01 00:00:00', '78a0fff1d1739e815340@members.ebay.com', 5101, '', NULL, '45e473713ce5850172300bdebf38a5e2', NULL, '0', '0', '1', 0, '', 'cabriodriver8181', '', '', '', '', '', '', 0, 0, 0, '0000-00-00 00:00:00', '', 0, 0, '0000-00-00 00:00:00', '0000-00-00 00:00:00', 0, '', 0, '', '', 0, 127.0000, '', NULL, NULL, 1, '', NULL),
(5094, NULL, NULL, 0, NULL, 4, 'm', 'Florian', ' Scheu', '1970-01-01 00:00:00', '01e28bd767c1bbfc2837@members.ebay.com', 5102, '', NULL, 'd37a5d0b290745d3d96f383510feb2e2', NULL, '0', '0', '1', 0, '', 'rooney121246', '', '', '', '', '', '', 0, 0, 0, '0000-00-00 00:00:00', '', 0, 0, '0000-00-00 00:00:00', '0000-00-00 00:00:00', 0, '', 0, '', '', 0, 31.4000, '', NULL, NULL, 1, '', NULL),
(5095, NULL, '', 0, NULL, 2, 'm', 'Bernd', 'Zant', '0000-00-00 00:00:00', 'info@good-parts.de', 5103, '01728619332', '', '1cfc77ec8571d7e4ccb471e4e9cc2a16', '0', '0', '0', '1', 0, '', '', '', '', '', '', '', '', 0, 0, 0, '0000-00-00 00:00:00', '', 0, 0, '0000-00-00 00:00:00', '0000-00-00 00:00:00', 0, '', 0, '', '', 0, 163.3996, '', NULL, NULL, 1, '', NULL),
(5096, NULL, '', 0, NULL, 1, 'm', 'Thomas', 'Matthiesen ', '0000-00-00 00:00:00', 'info@werner-marten.de', 5104, '01741770880', '', '7f331ab02e3d950f81486b8ef9a2cd65', '0', '0', '0', '1', 1, '', '', '', '', '', '', '', '', 0, 0, 0, '0000-00-00 00:00:00', '', 0, 0, '0000-00-00 00:00:00', '0000-00-00 00:00:00', 0, '', 0, '', '', 0, 38.5000, '', NULL, NULL, 1, '', NULL),
(5097, NULL, NULL, 0, NULL, 4, 'm', 'Martin', '  Gipperich', '1970-01-01 00:00:00', '78ecbde1e38a6c07fa37@members.ebay.com', 5105, '', NULL, '586639b8afd72403da0efac2b5ea3e30', NULL, '0', '0', '1', 0, '', 'gippmart', '', '', '', '', '', '', 0, 0, 0, '0000-00-00 00:00:00', '', 0, 0, '0000-00-00 00:00:00', '0000-00-00 00:00:00', 0, '', 0, '', '', 0, 19.4500, '', NULL, NULL, 1, '', NULL),
(5098, NULL, NULL, 0, NULL, 4, 'm', 'Thies', ' Dilsen', '1970-01-01 00:00:00', '078fd3b459afd7c92b20@members.ebay.com', 5106, '', NULL, '9737ec0d1dec104834abf2d33938a6e5', NULL, '0', '0', '1', 0, '', 'thdil58', '', '', '', '', '', '', 0, 0, 0, '0000-00-00 00:00:00', '', 0, 0, '0000-00-00 00:00:00', '0000-00-00 00:00:00', 0, '', 0, '', '', 0, 31.4000, '', NULL, NULL, 1, '', NULL),
(5099, NULL, '', 0, NULL, 1, 'm', 'Hagen', 'Halle ', '0000-00-00 00:00:00', 'hh-89@gmx.de', 5107, '017641548332', '', '4141ccc70863855f071781d046e495fd', '0', '0', '0', '1', 1, '', '', '', '', '', '', '', '', 0, 0, 0, '0000-00-00 00:00:00', '', 0, 0, '0000-00-00 00:00:00', '0000-00-00 00:00:00', 0, '', 0, '', '', 0, 161.4998, '', NULL, NULL, 1, '', NULL),
(5100, NULL, '', 0, NULL, 1, 'm', 'Andreas', 'Schimf', '0000-00-00 00:00:00', 'a.schimf@ankner.de', 5108, '08205962326', '', '66a647bc30c00d96829d0de6d8156a48', '0', '0', '0', '1', 1, '', '', '', '', '', '', '', '', 0, 0, 0, '0000-00-00 00:00:00', '', 0, 0, '0000-00-00 00:00:00', '0000-00-00 00:00:00', 0, '', 0, '', '', 0, 174.9396, '', NULL, NULL, 1, '', NULL),
(5101, NULL, '', 0, NULL, 1, 'm', 'Nicola', 'Schiava', '0000-00-00 00:00:00', 'info@bavaria-stahlhandel.de', 5109, '', '', 'afc6c5fb4489c908578e24df71a3eddd', '0', '0', '0', '1', 1, '', '', '', '', '', '', '', '', 0, 0, 0, '0000-00-00 00:00:00', '', 0, 0, '0000-00-00 00:00:00', '0000-00-00 00:00:00', 0, '', 0, '', '', 0, 114.5400, '', NULL, NULL, 1, '', NULL),
(5102, NULL, NULL, 0, NULL, 4, 'm', 'Markus', ' Wilfer', '1970-01-01 00:00:00', '1e5c539f79ff71b8b028@members.ebay.com', 5110, '', NULL, '3c92a578f9a6d6c44b5cf40593b06814', NULL, '0', '0', '1', 0, '', 'wilfi178', '', '', '', '', '', '', 0, 0, 0, '0000-00-00 00:00:00', '', 0, 0, '0000-00-00 00:00:00', '0000-00-00 00:00:00', 0, '', 0, '', '', 0, 67.2500, '', NULL, NULL, 1, '', NULL),
(5103, NULL, NULL, 0, NULL, 4, 'm', 'Blumberg', ' Martin', '1970-01-01 00:00:00', '3cc146336c02ae0ba661@members.ebay.com', 5111, '', NULL, '8c65917cc2fbd0d188ad56e2c027e6c7', NULL, '0', '0', '1', 0, '', 'sau-tief', '', '', '', '', '', '', 0, 0, 0, '0000-00-00 00:00:00', '', 0, 0, '0000-00-00 00:00:00', '0000-00-00 00:00:00', 0, '', 0, '', '', 0, 104.5400, '', NULL, NULL, 1, '', NULL),
(5104, '', 'DE171564181', 0, NULL, 2, 'f', 'Manuela', 'Ide', '0000-00-00 00:00:00', 'm.ide@amas-gmbh.de', 5112, '03875 8401626', '', 'cf5f5f0f6fb4ec8123254f88ab9d8702', '0', '0', '0', '1', 0, '', '', '', '', '', '', '', '', 0, 0, 0, '0000-00-00 00:00:00', '', 0, 0, '0000-00-00 00:00:00', '2025-01-31 13:11:26', 0, '', 0, '', '', 0, 264.3499, '', NULL, NULL, 1, '', NULL),
(5105, NULL, '', 0, NULL, 2, 'm', 'Kevin', 'van der Linden', '0000-00-00 00:00:00', 'kevin.vdl.89@gmail.com', 5113, '+352621591432', '', '403691067d3d8b02f1c69a06ec4948a6', '0', '0', '0', '1', 0, '', '', '', '', '', '', '', '', 0, 0, 0, '0000-00-00 00:00:00', '', 0, 0, '0000-00-00 00:00:00', '0000-00-00 00:00:00', 0, '', 0, '', '', 0, 122.0400, '', NULL, NULL, 1, '', NULL),
(5106, NULL, NULL, 0, NULL, 4, 'm', 'andre', ' hermann', '1970-01-01 00:00:00', '3ce306302f29833d1651@members.ebay.com', 5115, '', NULL, '29f09453f48b39a706546031a50e5ee7', NULL, '0', '0', '1', 0, '', 'eumigp8', '', '', '', '', '', '', 0, 0, 0, '0000-00-00 00:00:00', '', 0, 0, '0000-00-00 00:00:00', '0000-00-00 00:00:00', 0, '', 0, '', '', 0, 32.9400, '', NULL, NULL, 1, '', NULL),
(5107, NULL, NULL, 0, NULL, 4, 'm', 'Michael', ' Nolte', '1970-01-01 00:00:00', '79d82a3daa757ce00883@members.ebay.com', 5116, '', NULL, 'b40a0642db2f954a60d0d3cb2ad74e9f', NULL, '0', '0', '1', 0, '', 'gt-men', '', '', '', '', '', '', 0, 0, 0, '0000-00-00 00:00:00', '', 0, 0, '0000-00-00 00:00:00', '0000-00-00 00:00:00', 0, '', 0, '', '', 0, 44.2600, '', NULL, NULL, 1, '', NULL),
(5108, NULL, NULL, 0, NULL, 4, 'm', 'Philipp', ' Peter Plaschke', '1970-01-01 00:00:00', '3d026a237fed6af54977@members.ebay.com', 5117, '', NULL, '13a0820e49561689ce00acc34bfda788', NULL, '0', '0', '1', 0, '', 'philipplas58', '', '', '', '', '', '', 0, 0, 0, '0000-00-00 00:00:00', '', 0, 0, '0000-00-00 00:00:00', '0000-00-00 00:00:00', 0, '', 0, '', '', 0, 24.4600, '', NULL, NULL, 1, '', NULL),
(5109, NULL, NULL, 0, NULL, 4, 'm', 'Wolfgang', ' Hupfer', '1970-01-01 00:00:00', '7a0b12ea05d86dfc1588@members.ebay.com', 5118, '', NULL, '2f5b66cd7c073f2a83ddcec5419aea3e', NULL, '0', '0', '1', 0, '', 'peterhupfer', '', '', '', '', '', '', 0, 0, 0, '0000-00-00 00:00:00', '', 0, 0, '0000-00-00 00:00:00', '0000-00-00 00:00:00', 0, '', 0, '', '', 0, 32.1800, '', NULL, NULL, 1, '', NULL),
(5110, '', 'DE308440239', 0, NULL, 2, 'm', 'Michael', 'Sterzenbach', '0000-00-00 00:00:00', 'michael.sterzenbach@stahlwerk-gmbh.de', 5119, '02242 90507-10', '02242 90507-20', 'c94714cafcdf162e3d1413c85bb90e23', '0', '0', '0', '1', 0, '', '', '', '', '', '', '', '', 0, 0, 0, '0000-00-00 00:00:00', '', 0, 0, '0000-00-00 00:00:00', '0000-00-00 00:00:00', 0, '', 0, '', '', 0, 297.5000, '', NULL, NULL, 1, '', NULL),
(5111, NULL, NULL, 0, NULL, 4, 'm', 'Helmut', ' Stevens', '1970-01-01 00:00:00', '01e88808ca2434f77d60@members.ebay.com', 5120, '', NULL, '7842a888a1ebd469201fcee0ef7e01b9', NULL, '0', '0', '1', 0, '', 'limocoupe128', '', '', '', '', '', '', 0, 0, 0, '0000-00-00 00:00:00', '', 0, 0, '0000-00-00 00:00:00', '0000-00-00 00:00:00', 0, '', 0, '', '', 0, 59.4000, '', NULL, NULL, 1, '', NULL),
(5112, NULL, NULL, 0, NULL, 4, 'm', 'Novak', ' Donald', '1970-01-01 00:00:00', '01e8881efa2a17364894@members.ebay.com', 5121, '', NULL, '280e1e0d5b50d7258c099eedeadde3cd', NULL, '0', '0', '1', 0, '', 'hanomag1976', '', '', '', '', '', '', 0, 0, 0, '0000-00-00 00:00:00', '', 0, 0, '0000-00-00 00:00:00', '0000-00-00 00:00:00', 0, '', 0, '', '', 0, 15.9800, '', NULL, NULL, 1, '', NULL),
(5113, NULL, '', 0, NULL, 1, 'm', 'Martin', 'von Lachner', '0000-00-00 00:00:00', 'von-lachner@web.de', 5122, '017640392143', '', '253037206a1cc5176f1a56dd0fdeb081', '0', '0', '0', '1', 1, '', '', '', '', '', '', '', '', 0, 0, 0, '0000-00-00 00:00:00', '', 0, 0, '0000-00-00 00:00:00', '0000-00-00 00:00:00', 0, '', 0, '', '', 0, 57.5000, '', NULL, NULL, 1, '', NULL),
(5114, NULL, NULL, 0, NULL, 4, 'm', 'Dennis', ' von Poten', '1970-01-01 00:00:00', '07a3bb7f620a55ed3769@members.ebay.com', 5125, '', NULL, '531923010a4380495a5b0777d6b16199', NULL, '0', '0', '1', 0, '', 'soldoutshop030', '', '', '', '', '', '', 0, 0, 0, '0000-00-00 00:00:00', '', 0, 0, '0000-00-00 00:00:00', '0000-00-00 00:00:00', 0, '', 0, '', '', 0, 37.0000, '', NULL, NULL, 1, '', NULL),
(5115, NULL, '', 0, NULL, 2, 'm', 'David', 'Sachs', '0000-00-00 00:00:00', 'info@east-racing.de', 5126, '037236299889', '', 'a8101c50b7889e34e80b5fbafe8f7e67', '0', '0', '0', '1', 0, '', '', '', '', '', '', '', '', 0, 0, 0, '0000-00-00 00:00:00', '', 0, 0, '0000-00-00 00:00:00', '2025-02-17 10:43:05', 0, '', 0, '', '', 0, 139.9999, '', NULL, NULL, 1, '', NULL),
(5116, NULL, NULL, 0, NULL, 4, 'm', 'Michael', ' Stabe', '1970-01-01 00:00:00', '00f4e8f60f69e579f224@members.ebay.com', 5129, '', NULL, '52511c2a9c668a763c8d646841b83c29', NULL, '0', '0', '1', 0, '', 'schmatz22', '', '', '', '', '', '', 0, 0, 0, '0000-00-00 00:00:00', '', 0, 0, '0000-00-00 00:00:00', '0000-00-00 00:00:00', 0, '', 0, '', '', 0, 37.0000, '', NULL, NULL, 1, '', NULL),
(5117, NULL, NULL, 0, NULL, 4, 'm', 'Maik', ' Schalbe', '1970-01-01 00:00:00', '07a82fb00812d8ec3744@members.ebay.com', 5130, '', NULL, 'f80ed2838955221bab9cdf945e93dfa3', NULL, '0', '0', '1', 0, '', 'maik_doreen', '', '', '', '', '', '', 0, 0, 0, '0000-00-00 00:00:00', '', 0, 0, '0000-00-00 00:00:00', '0000-00-00 00:00:00', 0, '', 0, '', '', 0, 30.0800, '', NULL, NULL, 1, '', NULL),
(5118, NULL, '', 0, NULL, 1, 'm', 'Davide', 'Santomauro', '0000-00-00 00:00:00', 'info@santomauro.ch', 5131, '+41917952347', '', 'ce31ea2bcb9b5381ac5fc6f635c8fa26', '0', '0', '0', '1', 1, '', '', '', '', '', '', '', '', 0, 0, 0, '0000-00-00 00:00:00', '', 0, 0, '0000-00-00 00:00:00', '0000-00-00 00:00:00', 0, '', 0, '', '', 0, 79.8566, '', NULL, NULL, 1, '', NULL),
(5119, NULL, '', 0, NULL, 1, 'm', 'Carlo ', 'Espig ', '0000-00-00 00:00:00', 'carlo-espig@web.de', 5132, '', '', 'e88fcb10fcfef9436bdcbfed6eb4107f', '0', '0', '0', '1', 1, '', '', '', '', '', '', '', '', 0, 0, 0, '0000-00-00 00:00:00', '', 0, 0, '0000-00-00 00:00:00', '0000-00-00 00:00:00', 0, '', 0, '', '', 0, 0.0000, '', NULL, NULL, 1, '', NULL),
(5120, NULL, '', 0, NULL, 1, 'f', 'Simone', 'Mirbach', '0000-00-00 00:00:00', 'info@km-blechbearbeitung.de', 5133, '0618295680', '', 'e533347679227b2f826842a0bb2ca481', '0', '0', '0', '1', 1, '', '', '', '', '', '', '', '', 0, 0, 0, '0000-00-00 00:00:00', '', 0, 0, '0000-00-00 00:00:00', '0000-00-00 00:00:00', 0, '', 0, '', '', 0, 28.9999, '', NULL, NULL, 1, '', NULL),
(5121, '', 'DE811149899', 0, NULL, 2, 'm', 'Gerd', 'Metz', '0000-00-00 00:00:00', 'metz@mmg-propeller.de', 5134, '03991 736-232', '03991 736-210', '5e916358f7a98f9f6b716401696d9dc3', '0', '0', '0', '1', 0, '', '', '', '', '', '', '', '', 0, 0, 0, '0000-00-00 00:00:00', '', 0, 0, '0000-00-00 00:00:00', '0000-00-00 00:00:00', 0, '', 0, '', '', 0, 222.5000, '', NULL, NULL, 1, '', NULL),
(5122, NULL, '', 0, NULL, 1, 'm', 'Thomas', 'Dohse', '0000-00-00 00:00:00', 'thomas.dohse@online.de', 5135, '0176 51663464', '', 'c6e273ff7e1fe0a0b51a301093d7ede6', '0', '0', '0', '1', 1, '', '', '', '', '', '', '', '', 0, 0, 0, '0000-00-00 00:00:00', '', 0, 0, '0000-00-00 00:00:00', '0000-00-00 00:00:00', 0, '', 0, '', '', 0, 31.0000, '', NULL, NULL, 1, '', NULL),
(5123, '', 'DE175160757', 0, NULL, 2, 'f', 'Lara Marie', 'Deutrich', '0000-00-00 00:00:00', 'lm.deutrich@heimat-gmbh.de', 5136, '02563 9369-0', '', '4c36feef9bcd237ea6ae91c5978b61c0', '0', '0', '0', '1', 0, '', '', '', '', '', '', '', '', 0, 0, 0, '0000-00-00 00:00:00', '', 0, 0, '0000-00-00 00:00:00', '0000-00-00 00:00:00', 0, '', 0, '', '', 0, 59.9799, '', NULL, NULL, 1, '', NULL),
(5124, '', 'DE147963319', 0, NULL, 2, 'm', 'Achim', 'Meier', '0000-00-00 00:00:00', 'einkauf@meier-service.com', 5137, '02741 63336', '', '9b7b72449269784a19ea95ff18751a64', '0', '0', '0', '1', 0, '', '', '', '', '', '', '', '', 0, 0, 0, '0000-00-00 00:00:00', '0170 3466660', 0, 0, '0000-00-00 00:00:00', '2025-03-07 13:21:12', 0, '', 0, '', '', 0, 103.9998, '', NULL, NULL, 1, '', NULL),
(5125, NULL, '', 0, NULL, 2, 'm', 'Simon', 'Kirchberger', '0000-00-00 00:00:00', 'ks-lohndienstleistungen@web.de', 5140, '0170 3491359', '', '453f45c106e1bd25054bbfd41f4ead2d', '0', '0', '0', '1', 0, '', '', '', '', '', '', '', '', 0, 0, 0, '0000-00-00 00:00:00', '', 0, 0, '0000-00-00 00:00:00', '2025-03-09 19:50:37', 0, '', 0, '', '', 0, 970.0040, '', NULL, NULL, 1, '', NULL),
(5126, NULL, '', 0, NULL, 1, 'm', 'Carlo ', 'Espig ', '0000-00-00 00:00:00', 'carlo-espig@web.de', 5141, '', '', 'b6e6567c176999a1ad875b58647fc666', '0', '0', '0', '1', 1, '', '', '', '', '', '', '', '', 0, 0, 0, '0000-00-00 00:00:00', '', 0, 0, '0000-00-00 00:00:00', '0000-00-00 00:00:00', 0, '', 0, '', '', 0, 0.0000, '', NULL, NULL, 1, '', NULL);
INSERT INTO `customers` (`customers_id`, `customers_cid`, `customers_vat_id`, `customers_vat_id_status`, `customers_warning`, `customers_status`, `customers_gender`, `customers_firstname`, `customers_lastname`, `customers_dob`, `customers_email_address`, `customers_default_address_id`, `customers_telephone`, `customers_fax`, `customers_password`, `customers_newsletter`, `customers_newsletter_mode`, `member_flag`, `delete_user`, `account_type`, `password_request_key`, `customers_ebay_userid`, `kto_nummer`, `kto_blz`, `kto_bank`, `kto_inhaber`, `kto_iban`, `kto_swift`, `block_warnings`, `block_warnings_span`, `block_warnings_dayspan`, `block_warnings_date`, `mobile`, `subject_from_textitem`, `branches_id`, `customers_date_added`, `customers_last_modified`, `refferers_id`, `orders_default_search_type`, `use_own_mailaddress`, `easylog_tn_national`, `easylog_tn_international`, `account_value_alert_notified`, `account_value`, `email_signature`, `hpsu_iban`, `hpsu_bic`, `wechselgeld_calculator`, `distributor_orders_edit_products_search_default`, `theme`) VALUES
(5127, NULL, NULL, 0, NULL, 4, 'm', 'marcel', ' Müller', '1970-01-01 00:00:00', '07b582aa393cc1700544@members.ebay.com', 5144, '', NULL, '2721b382c3741eb05ac4f39e6fbc7a6c', NULL, '0', '0', '1', 0, '', 'engl.bulldog2', '', '', '', '', '', '', 0, 0, 0, '0000-00-00 00:00:00', '', 0, 0, '0000-00-00 00:00:00', '0000-00-00 00:00:00', 0, '', 0, '', '', 0, 24.4800, '', NULL, NULL, 1, '', NULL),
(5128, NULL, NULL, 0, NULL, 4, 'm', 'Renate', ' Drögemüller', '1970-01-01 00:00:00', '7b75f982e9cd5e40e944@members.ebay.com', 5145, '', NULL, 'e64c5109879517f91ca160d371a71383', NULL, '0', '0', '1', 0, '', 'r.droeg-731', '', '', '', '', '', '', 0, 0, 0, '0000-00-00 00:00:00', '', 0, 0, '0000-00-00 00:00:00', '0000-00-00 00:00:00', 0, '', 0, '', '', 0, 15.9800, '', NULL, NULL, 1, '', NULL),
(5129, NULL, '', 0, NULL, 1, 'm', 'Michael', 'Rathje', '0000-00-00 00:00:00', 'Rathjemichael@aol.com', 5146, '0172 5684153', '', 'ca696df946bb20bd62da369625635332', '0', '0', '0', '1', 1, '', '', '', '', '', '', '', '', 0, 0, 0, '0000-00-00 00:00:00', '', 0, 0, '0000-00-00 00:00:00', '2025-03-17 16:55:23', 0, '', 0, '', '', 0, 67.9300, '', NULL, NULL, 1, '', NULL),
(5130, NULL, NULL, 0, NULL, 4, 'm', 'Thomas', ' Lindner', '1970-01-01 00:00:00', '7b7fc7601609a5bed379@members.ebay.com', 5147, '', NULL, '593167c0299763e45c9c1e8eb411314e', NULL, '0', '0', '1', 0, '', 'thomas12041985', '', '', '', '', '', '', 0, 0, 0, '0000-00-00 00:00:00', '', 0, 0, '0000-00-00 00:00:00', '0000-00-00 00:00:00', 0, '', 0, '', '', 0, 53.1800, '', NULL, NULL, 1, '', NULL),
(5131, NULL, NULL, 0, NULL, 4, 'm', 'Simon', ' Föhner', '1970-01-01 00:00:00', '7b86faf1508d5ee06942@members.ebay.com', 5148, '', NULL, '004cc433f276e5320530329493c6cce0', NULL, '0', '0', '1', 0, '', 'asf_racing', '', '', '', '', '', '', 0, 0, 0, '0000-00-00 00:00:00', '', 0, 0, '0000-00-00 00:00:00', '0000-00-00 00:00:00', 0, '', 0, '', '', 0, 57.7500, '', NULL, NULL, 1, '', NULL),
(5132, '', 'DE253317704', 0, NULL, 2, 'm', 'Manuel', 'Heindl', '0000-00-00 00:00:00', 'manuel.heindl@kuehberger-metalltechnik.de', 5149, '08581 98630-20', '', 'c17c07ddc42c23e74dcf7dcd05318062', '0', '0', '0', '1', 1, '', '', '', '', '', '', '', '', 0, 0, 0, '0000-00-00 00:00:00', '', 0, 0, '0000-00-00 00:00:00', '0000-00-00 00:00:00', 0, '', 0, '', '', 0, 165.2003, '', NULL, NULL, 1, '', NULL),
(5133, '', 'DE212664245', 0, NULL, 2, 'm', 'Daniel', 'Schieck', '0000-00-00 00:00:00', 'einkauf@feinblechbau.com', 5150, '03774 6508-22', '', '7fe172098fec2e9e8714b82efefa3768', '0', '0', '0', '1', 1, '', '', '', '', '', '', '', '', 0, 0, 0, '0000-00-00 00:00:00', '', 0, 0, '0000-00-00 00:00:00', '0000-00-00 00:00:00', 0, '', 0, '', '', 0, 381.3006, '', NULL, NULL, 1, '', NULL),
(5134, '', 'DE123993088', 0, NULL, 1, 'm', 'Frank', 'Tillmann', '0000-00-00 00:00:00', 'f.tillmann@pallenberg-gmbh.de', 5151, '', '', '85e4132d23c58b6f57839653592f6329', '0', '0', '0', '1', 1, '', '', '', '', '', '', '', '', 0, 0, 0, '0000-00-00 00:00:00', '', 0, 0, '0000-00-00 00:00:00', '0000-00-00 00:00:00', 0, '', 0, '', '', 0, 81.4999, '', NULL, NULL, 1, '', NULL),
(5135, NULL, '', 0, NULL, 1, 'm', 'Michael', 'Rathje', '0000-00-00 00:00:00', 'Rathjemichael@aol.com', 5152, '01725684153', '', '7f0efa126fe5d6bb72326b361c89b6a5', '0', '0', '0', '1', 1, '', '', '', '', '', '', '', '', 0, 0, 0, '0000-00-00 00:00:00', '', 0, 0, '0000-00-00 00:00:00', '0000-00-00 00:00:00', 0, '', 0, '', '', 0, 112.4000, '', NULL, NULL, 1, '', NULL),
(5136, NULL, NULL, 0, NULL, 4, 'm', 'Friedrich', ' Ahlgrimm', '1970-01-01 00:00:00', '0f7693a462714daa6386@members.ebay.com', 5153, '', NULL, 'a299f7b5949ebb77aa986b1e8d2b1117', NULL, '0', '0', '1', 0, '', 'isern43tqn', '', '', '', '', '', '', 0, 0, 0, '0000-00-00 00:00:00', '', 0, 0, '0000-00-00 00:00:00', '0000-00-00 00:00:00', 0, '', 0, '', '', 0, 37.0000, '', NULL, NULL, 1, '', NULL),
(5137, NULL, NULL, 0, NULL, 4, 'm', 'Michael', ' Reinhardt', '1970-01-01 00:00:00', '1eeedec907c0c1150576@members.ebay.com', 5154, '', NULL, '8ed0704e7c8467c9e88f7f80d66c6e6d', NULL, '0', '0', '1', 0, '', 'micha_rulz', '', '', '', '', '', '', 0, 0, 0, '0000-00-00 00:00:00', '', 0, 0, '0000-00-00 00:00:00', '0000-00-00 00:00:00', 0, '', 0, '', '', 0, 19.4500, '', NULL, NULL, 1, '', NULL),
(5138, NULL, NULL, 0, NULL, 4, 'm', 'Robin', ' Krull', '1970-01-01 00:00:00', '1ef427ca7d2db77ee248@members.ebay.com', 5155, '', NULL, 'f2b405feefe45b24bd78ded9360cddfa', NULL, '0', '0', '1', 0, '', 'mechanic-x', '', '', '', '', '', '', 0, 0, 0, '0000-00-00 00:00:00', '', 0, 0, '0000-00-00 00:00:00', '0000-00-00 00:00:00', 0, '', 0, '', '', 0, 24.2500, '', NULL, NULL, 1, '', NULL),
(5139, NULL, NULL, 0, NULL, 4, 'm', 'Philipp', ' Rauschendorfer', '1970-01-01 00:00:00', '1ef6a001ebcad5dc5128@members.ebay.com', 5156, '', NULL, '7771b143f07cef7827a7c0f23d3f0769', NULL, '0', '0', '1', 0, '', 'rauschi_rockt', '', '', '', '', '', '', 0, 0, 0, '0000-00-00 00:00:00', '', 0, 0, '0000-00-00 00:00:00', '0000-00-00 00:00:00', 0, '', 0, '', '', 0, 24.2500, '', NULL, NULL, 1, '', NULL),
(5140, '', 'CHE-102.327.493', 0, NULL, 6, 'm', 'Hanspeter', 'Stark', '0000-00-00 00:00:00', 'lager@eschler-fahrzeugbau.ch', 5157, '0041 71 914 40 00', '0041 71 914 40 01', '746d8ba78a5b88fdc51a96e595fd65bb', '0', '0', '0', '1', 0, '', '', '', '', '', '', 'CH64 8080 8007 8987 8587 3', '', 0, 0, 0, '0000-00-00 00:00:00', '', 0, 0, '0000-00-00 00:00:00', '2025-11-07 15:33:16', 0, '', 0, '', '', 0, 1021.7702, '', NULL, NULL, 1, '', NULL),
(5141, NULL, '', 0, NULL, 1, 'm', 'Nicolas', 'Neuburger', '0000-00-00 00:00:00', 'konstruktion@its-nfz.de', 5158, '071219808265', '', '4d7fff563a58f05c0c0b16af2f875270', '0', '0', '0', '1', 1, '', '', '', '', '', '', '', '', 0, 0, 0, '0000-00-00 00:00:00', '', 0, 0, '0000-00-00 00:00:00', '0000-00-00 00:00:00', 0, '', 0, '', '', 0, 63.9499, '', NULL, NULL, 1, '', NULL),
(5142, '', 'DE216522561', 0, NULL, 2, 'f', 'Gina', 'Eggers', '0000-00-00 00:00:00', 'ge@klotz-wedekind.de', 5159, '040 73483112', '040 73483102', '0056006b2e5364078a759c4906048217', '0', '0', '0', '1', 0, '', '', '', '', '', '', '', '', 0, 0, 0, '0000-00-00 00:00:00', '', 0, 0, '0000-00-00 00:00:00', '2025-04-01 09:34:42', 0, '', 0, '', '', 0, 36.0000, '', NULL, NULL, 1, '', NULL),
(5143, '', '', 0, NULL, 2, 'm', 'Patrick', 'Trepke', '0000-00-00 00:00:00', 'trepke.patrick@web.de', 5165, '0151 27583318', '', '34c32d0a5a74462fd681bf48c0599b71', '0', '0', '0', '1', 1, '', '', '', '', '', '', '', '', 0, 0, 0, '0000-00-00 00:00:00', '', 0, 0, '0000-00-00 00:00:00', '0000-00-00 00:00:00', 0, '', 0, '', '', 0, 0.0000, '', NULL, NULL, 1, '', NULL),
(5144, NULL, NULL, 0, NULL, 4, 'm', 'Rudi', ' Blank', '1970-01-01 00:00:00', '01f09b950da5957baf27@members.ebay.com', 5166, '', NULL, 'ffd2d098acc2242797bfdc6fc5931a40', NULL, '0', '0', '1', 0, '', 'rubl-84', '', '', '', '', '', '', 0, 0, 0, '0000-00-00 00:00:00', '', 0, 0, '0000-00-00 00:00:00', '0000-00-00 00:00:00', 0, '', 0, '', '', 0, 72.8600, '', NULL, NULL, 1, '', NULL),
(5145, NULL, '', 0, NULL, 1, 'm', 'David', 'Lösch', '0000-00-00 00:00:00', 'davidjonasloesch@gmail.com', 5167, '', '', 'd783e7fa6ec0fcd283ded82aa06c4acf', '0', '0', '0', '1', 1, '', '', '', '', '', '', '', '', 0, 0, 0, '0000-00-00 00:00:00', '', 0, 0, '0000-00-00 00:00:00', '0000-00-00 00:00:00', 0, '', 0, '', '', 0, 107.5000, '', NULL, NULL, 1, '', NULL),
(5146, NULL, '', 0, NULL, 1, 'm', 'Marco', 'Frey', '0000-00-00 00:00:00', 'Marco_frey@gmx.de', 5168, '', '', 'd03db1f4f683a5fa278c805fa6cb7f77', '0', '0', '0', '1', 1, '', '', '', '', '', '', '', '', 0, 0, 0, '0000-00-00 00:00:00', '', 0, 0, '0000-00-00 00:00:00', '0000-00-00 00:00:00', 0, '', 0, '', '', 0, 23.9999, '', NULL, NULL, 1, '', NULL),
(5147, NULL, '', 0, NULL, 1, 'm', 'Rene', 'Bernhardt', '0000-00-00 00:00:00', 'info@zweiradcenter-bernhardt.de', 5169, '03771 35120', '', 'a7df428b8a763c764370c9be979f3440', '0', '0', '0', '1', 1, '', '', '', '', '', '', '', '', 0, 0, 0, '0000-00-00 00:00:00', '', 0, 0, '0000-00-00 00:00:00', '2025-04-05 14:25:40', 0, '', 0, '', '', 0, 106.3797, '', NULL, NULL, 1, '', NULL),
(5148, NULL, '', 0, NULL, 1, 'm', 'Patrick', 'Trepke', '0000-00-00 00:00:00', 'trepke.patrick@web.de', 5173, '015127583318', '', 'a67310bb87ad90581fde6f5be19ae5ae', '0', '0', '0', '1', 1, '', '', '', '', '', '', '', '', 0, 0, 0, '0000-00-00 00:00:00', '', 0, 0, '0000-00-00 00:00:00', '0000-00-00 00:00:00', 0, '', 0, '', '', 0, 31.0000, '', NULL, NULL, 1, '', NULL),
(5149, '', '', 0, NULL, 2, 'm', 'Simon', 'Kenntner', '0000-00-00 00:00:00', 'einkauf-deko@buehnenserviceberlin.de', 5174, '030 246477-611', '', '1cceadaa415de60b2f7660df68ff224a', '0', '0', '0', '1', 0, '', '', '', '', '', '', '', '', 0, 0, 0, '0000-00-00 00:00:00', '', 0, 0, '0000-00-00 00:00:00', '2025-04-11 12:47:45', 0, '', 0, '', '', 0, 146.5000, '', NULL, NULL, 1, '', NULL),
(5150, NULL, '', 0, NULL, 1, 'f', 'Regula', 'Stirnimann', '0000-00-00 00:00:00', 'registirnimann@hotmail.com', 5179, '0788793606', '', '31a4c4dd5e525de4c4464a126290c902', '0', '0', '0', '1', 1, '', '', '', '', '', '', '', '', 0, 0, 0, '0000-00-00 00:00:00', '', 0, 0, '0000-00-00 00:00:00', '0000-00-00 00:00:00', 0, '', 0, '', '', 0, 0.0000, '', NULL, NULL, 1, '', NULL),
(5151, '', 'DE260991467', 0, NULL, 2, 'm', 'Georg', 'Birner', '0000-00-00 00:00:00', 'g.birner@industriekuehler.com', 5180, '0961 48138-0', '', '624a576ac5ede558dda2972324370f46', '0', '0', '0', '1', 0, '', '', '', '', '', '', '', '', 0, 0, 0, '0000-00-00 00:00:00', '', 0, 0, '0000-00-00 00:00:00', '2025-04-14 14:30:07', 0, '', 0, '', '', 0, 477.4004, '', NULL, NULL, 1, '', NULL),
(5152, NULL, '', 0, NULL, 1, 'm', 'Johannes', 'Kleibner', '0000-00-00 00:00:00', 'johannes.kleibner@verbund.com', 5183, '', '', '4140751c0f97bde025074d18233eed5f', '0', '0', '0', '1', 1, '', '', '', '', '', '', '', '', 0, 0, 0, '0000-00-00 00:00:00', '', 0, 0, '0000-00-00 00:00:00', '0000-00-00 00:00:00', 0, '', 0, '', '', 0, 0.0000, '', NULL, NULL, 1, '', NULL),
(5153, NULL, '', 0, NULL, 1, 'm', 'Marcel ', 'Schimmrick ', '0000-00-00 00:00:00', 'mit29fulcrum78@gmail.com', 5184, '', '', 'd63f57fccc3c864ca8009daae643bbac', '0', '0', '0', '1', 1, '', '', '', '', '', '', '', '', 0, 0, 0, '0000-00-00 00:00:00', '', 0, 0, '0000-00-00 00:00:00', '0000-00-00 00:00:00', 0, '', 0, '', '', 0, 31.0000, '', NULL, NULL, 1, '', NULL),
(5154, NULL, NULL, 0, NULL, 4, 'm', 'Gelfert', ' Landtechnik', '1970-01-01 00:00:00', '00f97b47e449bdb9b268@members.ebay.com', 5185, '', NULL, '22d3ffa8ee0a9d87cd20858319dfee07', NULL, '0', '0', '1', 0, '', 'lochbachhexe', '', '', '', '', '', '', 0, 0, 0, '0000-00-00 00:00:00', '', 0, 0, '0000-00-00 00:00:00', '0000-00-00 00:00:00', 0, '', 0, '', '', 0, 53.1800, '', NULL, NULL, 1, '', NULL),
(5155, NULL, '', 0, NULL, 1, 'm', 'Johannes', 'Kleibner ', '0000-00-00 00:00:00', 'pinkywinky@live.at', 5186, '', '', '0f278406a7028ded891631c9cab94277', '0', '0', '0', '1', 1, '', '', '', '', '', '', '', '', 0, 0, 0, '0000-00-00 00:00:00', '', 0, 0, '0000-00-00 00:00:00', '0000-00-00 00:00:00', 0, '', 0, '', '', 0, 116.5249, '', NULL, NULL, 1, '', NULL),
(5156, NULL, NULL, 0, NULL, 4, 'm', 'Markus', ' Maier', '1970-01-01 00:00:00', '00f9f237ab923898b218@members.ebay.com', 5187, '', NULL, '3667ee63b3d944cd1701c71091a8e1df', NULL, '0', '0', '1', 0, '', 'marma-726', '', '', '', '', '', '', 0, 0, 0, '0000-00-00 00:00:00', '', 0, 0, '0000-00-00 00:00:00', '0000-00-00 00:00:00', 0, '', 0, '', '', 0, 41.6300, '', NULL, NULL, 1, '', NULL),
(5157, NULL, '', 0, NULL, 1, 'm', 'Jürgen', 'Roither', '0000-00-00 00:00:00', 'juergen_roither@outlook.com', 5188, '06642022766', '', 'adb460e0f03dfe91be52d518e9385f34', '0', '0', '0', '1', 1, '', '', '', '', '', '', '', '', 0, 0, 0, '0000-00-00 00:00:00', '', 0, 0, '0000-00-00 00:00:00', '0000-00-00 00:00:00', 0, '', 0, '', '', 0, 0.0000, '', NULL, NULL, 1, '', NULL),
(5158, NULL, '', 0, NULL, 2, 'm', 'Jürgen', 'Roither', '0000-00-00 00:00:00', 'juergen_roither@outlook.com', 5189, '06642022766', '', '966cdcd03f42a329e59116c0dca5cbe9', '0', '0', '0', '1', 0, '', '', '', '', '', '', '', '', 0, 0, 0, '0000-00-00 00:00:00', '', 0, 0, '0000-00-00 00:00:00', '2025-04-22 23:37:58', 0, '', 0, '', '', 0, 108.9115, '', NULL, NULL, 1, '', NULL),
(5159, '', 'DE191678311', 0, NULL, 2, 'm', 'Johannes', 'Reindl', '0000-00-00 00:00:00', 'info@franz-metallbau.de', 5190, '09633 1454', '', '9bee54339bbea9a31d143c395834c711', '0', '0', '0', '1', 0, '', '', '', '', '', '', '', '', 0, 0, 0, '0000-00-00 00:00:00', '', 0, 0, '0000-00-00 00:00:00', '0000-00-00 00:00:00', 0, '', 0, '', '', 0, 50.4999, '', NULL, NULL, 1, '', NULL),
(5160, NULL, NULL, 0, NULL, 4, 'm', 'Martin', ' Hesselbarth', '1970-01-01 00:00:00', '07d0876e5cf9b5719324@members.ebay.com', 5191, '', NULL, '5ed90b413250daff85ec243955bf4d70', NULL, '0', '0', '1', 0, '', 'martoo60', '', '', '', '', '', '', 0, 0, 0, '0000-00-00 00:00:00', '', 0, 0, '0000-00-00 00:00:00', '0000-00-00 00:00:00', 0, '', 0, '', '', 0, 146.5800, '', NULL, NULL, 1, '', NULL),
(5161, NULL, NULL, 0, NULL, 4, 'm', 'Jutta', ' Schmidt', '1970-01-01 00:00:00', '7d66dcfbe572bcb11077@members.ebay.com', 5192, '', NULL, '8e45f354276f7c525249019de517d693', NULL, '0', '0', '1', 0, '', 'jutta-schmidt71', '', '', '', '', '', '', 0, 0, 0, '0000-00-00 00:00:00', '', 0, 0, '0000-00-00 00:00:00', '0000-00-00 00:00:00', 0, '', 0, '', '', 0, 149.6500, '', NULL, NULL, 1, '', NULL),
(5162, NULL, '', 0, NULL, 1, 'm', 'Martin', 'Hesselbarth', '0000-00-00 00:00:00', 'Hesselbarth.Martin@gmx.de', 5193, '', '', '7b9eb9e18192d7288563818b74ea307c', '0', '0', '0', '1', 1, '', '', '', '', '', '', '', '', 0, 0, 0, '0000-00-00 00:00:00', '', 0, 0, '0000-00-00 00:00:00', '0000-00-00 00:00:00', 0, '', 0, '', '', 0, 86.7002, '', NULL, NULL, 1, '', NULL),
(5163, NULL, NULL, 0, NULL, 4, 'm', 'Timo', ' Schenk', '1970-01-01 00:00:00', '7d7b2d4938d6ce080e20@members.ebay.com', 5194, '', NULL, 'a738c2e2151745462c86a863d320fbcf', NULL, '0', '0', '1', 0, '', 'tisch-4463', '', '', '', '', '', '', 0, 0, 0, '0000-00-00 00:00:00', '', 0, 0, '0000-00-00 00:00:00', '0000-00-00 00:00:00', 0, '', 0, '', '', 0, 42.1000, '', NULL, NULL, 1, '', NULL),
(5164, NULL, '', 0, NULL, 1, 'm', 'David', 'Gabriel', '0000-00-00 00:00:00', 'davidgabriel@aon.at', 5195, '06641360962', '', '26e3594e10d12ba6905efb44139b7db4', '0', '0', '0', '1', 1, '', '', '', '', '', '', '', '', 0, 0, 0, '0000-00-00 00:00:00', '', 0, 0, '0000-00-00 00:00:00', '0000-00-00 00:00:00', 0, '', 0, '', '', 0, 34.4999, '', NULL, NULL, 1, '', NULL),
(5165, NULL, '', 0, NULL, 1, 'm', 'Michael', 'Rathje', '0000-00-00 00:00:00', 'Rathjemichael@aol.com', 5197, '01725684153', '', 'b6ff791ed93e86c97ff757442ab29303', '0', '0', '0', '1', 1, '', '', '', '', '', '', '', '', 0, 0, 0, '0000-00-00 00:00:00', '', 0, 0, '0000-00-00 00:00:00', '0000-00-00 00:00:00', 0, '', 0, '', '', 0, 143.9998, '', NULL, NULL, 1, '', NULL),
(5166, '', 'DE315045919', 0, NULL, 2, 'm', 'Murat', 'Yavuzcetin', '0000-00-00 00:00:00', 'yavuzcetin@qmt-gmbh.de', 5198, '05341 3054955', '', 'cb8b4bbeab33c6595ac6c6a07e37cda2', '0', '0', '0', '1', 0, '', '', '', '', '', '', '', '', 0, 0, 0, '0000-00-00 00:00:00', '', 0, 0, '0000-00-00 00:00:00', '0000-00-00 00:00:00', 0, '', 0, '', '', 0, 134.5000, '', NULL, NULL, 1, '', NULL),
(5167, '', 'DE118603867', 0, NULL, 4, 'm', 'Wegro', 'GmbH', '1970-01-01 00:00:00', '3edf0d849c6b66378f15@members.ebay.com', 5199, '', '', 'c973cdb44f61f6bd797c72501372c04e', '0', '0', '0', '1', 0, '', 'klainer19a', '', '', '', '', '', '', 0, 0, 0, '0000-00-00 00:00:00', '', 0, 0, '0000-00-00 00:00:00', '0000-00-00 00:00:00', 0, '', 0, '', '', 0, 37.0000, '', NULL, NULL, 1, '', NULL),
(5168, NULL, '', 0, NULL, 1, 'm', 'Michael ', 'Rathje', '0000-00-00 00:00:00', 'Rathjemichael@aol.com', 5203, '01725684153', '', 'd38f64210f259b9ee71762f2d950cc1e', '0', '0', '0', '1', 1, '', '', '', '', '', '', '', '', 0, 0, 0, '0000-00-00 00:00:00', '', 0, 0, '0000-00-00 00:00:00', '0000-00-00 00:00:00', 0, '', 0, '', '', 0, 34.4999, '', NULL, NULL, 1, '', NULL),
(5169, NULL, NULL, 0, NULL, 4, 'm', 'Stefan', ' Henken', '1970-01-01 00:00:00', '7ddac0eb6725a45afd39@members.ebay.com', 5204, '', NULL, '94faab522f86bff9ce627fb878e9e18f', NULL, '0', '0', '1', 0, '', 'utvparts-de', '', '', '', '', '', '', 0, 0, 0, '0000-00-00 00:00:00', '', 0, 0, '0000-00-00 00:00:00', '0000-00-00 00:00:00', 0, '', 0, '', '', 0, 34.7000, '', NULL, NULL, 1, '', NULL),
(5170, '', '', 0, NULL, 1, 'm', 'Martin', 'Schramm', '0000-00-00 00:00:00', 'martin.schramm1@gmail.com', 5205, '', '', '7d4960bcbf3c072ba79ae5e444234ace', '0', '0', '0', '1', 1, '', '', '', '', '', '', '', '', 0, 0, 0, '0000-00-00 00:00:00', '', 0, 0, '0000-00-00 00:00:00', '0000-00-00 00:00:00', 0, '', 0, '', '', 0, 54.8601, '', NULL, NULL, 1, '', NULL),
(5171, '', '', 0, NULL, 4, 'm', 'Lang', 'Rennsporttechnik', '1970-01-01 00:00:00', '3eee46b9deba238de568@members.ebay.com', 5206, '09721 803120', '', 'd219ad5ecb187f53be63d6b4e9bf19e4', '0', '0', '0', '1', 0, '', 'osella1965', '', '', '', '', '', '', 0, 0, 0, '0000-00-00 00:00:00', '', 0, 0, '0000-00-00 00:00:00', '0000-00-00 00:00:00', 0, '', 0, '', '', 0, 83.9400, '', NULL, NULL, 1, '', NULL),
(5172, NULL, '', 0, NULL, 1, 'm', 'Benedikt', 'Heyder', '0000-00-00 00:00:00', 'benedikt.heyder@gmx.de', 5209, '01795232202', '', 'fe8f622efe46afe342b41b0132013ed2', '0', '0', '0', '1', 1, '', '', '', '', '', '', '', '', 0, 0, 0, '0000-00-00 00:00:00', '', 0, 0, '0000-00-00 00:00:00', '0000-00-00 00:00:00', 0, '', 0, '', '', 0, 0.0000, '', NULL, NULL, 1, '', NULL),
(5173, NULL, NULL, 0, NULL, 4, 'm', 'Siewert', ' Wasserschadenortung', '1970-01-01 00:00:00', '7e1810d3bd74476ddf10@members.ebay.com', 5212, '', NULL, 'bb6664b8c763c1a1ce242e466a0e4e62', NULL, '0', '0', '1', 0, '', 'jrsiewer-0', '', '', '', '', '', '', 0, 0, 0, '0000-00-00 00:00:00', '', 0, 0, '0000-00-00 00:00:00', '0000-00-00 00:00:00', 0, '', 0, '', '', 0, 86.8000, '', NULL, NULL, 1, '', NULL),
(5174, NULL, NULL, 0, NULL, 4, 'm', 'Heiko', ' Kruck', '1970-01-01 00:00:00', '7e40e0ee80c58d476630@members.ebay.com', 5213, '', NULL, '584aeef35f91253db9ee6d4e2ba9bee1', NULL, '0', '0', '1', 0, '', 'janhend', '', '', '', '', '', '', 0, 0, 0, '0000-00-00 00:00:00', '', 0, 0, '0000-00-00 00:00:00', '0000-00-00 00:00:00', 0, '', 0, '', '', 0, 34.2800, '', NULL, NULL, 1, '', NULL),
(5175, NULL, NULL, 0, NULL, 4, 'm', 'Patrick', ' Krabler', '1970-01-01 00:00:00', '00fcd8f018704a7e403d@members.ebay.com', 5214, '', NULL, 'c4cc724901f6177162e170ba86f2d631', NULL, '0', '0', '1', 0, '', 'eddyrs6', '', '', '', '', '', '', 0, 0, 0, '0000-00-00 00:00:00', '', 0, 0, '0000-00-00 00:00:00', '0000-00-00 00:00:00', 0, '', 0, '', '', 0, 133.3000, '', NULL, NULL, 1, '', NULL),
(5176, NULL, '', 0, NULL, 1, 'm', 'Michael', 'Rathje', '0000-00-00 00:00:00', 'Rathjemichael@aol.com', 5216, '01725684153', '', 'c3f363a368af5c6c8aa615ed96e0f9c9', '0', '0', '0', '1', 1, '', '', '', '', '', '', '', '', 0, 0, 0, '0000-00-00 00:00:00', '', 0, 0, '0000-00-00 00:00:00', '0000-00-00 00:00:00', 0, '', 0, '', '', 0, 66.4000, '', NULL, NULL, 1, '', NULL),
(5177, '', 'DE145348811', 0, NULL, 2, 'm', 'Bruce', 'Henni', '0000-00-00 00:00:00', 'henni@hennigmbh.de', 5217, '07153 37953', '', '8788abbe96e517c780d992366ee4733f', '0', '0', '0', '1', 0, '', '', '', '', '', '', '', '', 0, 0, 0, '0000-00-00 00:00:00', '', 0, 0, '0000-00-00 00:00:00', '0000-00-00 00:00:00', 0, '', 0, '', '', 0, 52.4999, '', NULL, NULL, 1, '', NULL),
(5178, NULL, NULL, 0, NULL, 4, 'm', 'Gabriela', ' Podborny', '1970-01-01 00:00:00', '00fe6ebc8385a6496c07@members.ebay.com', 5218, '', NULL, 'f99b61671604a8a7148cb5a06abb5166', NULL, '0', '0', '1', 0, '', 'siebenstein_rudi', '', '', '', '', '', '', 0, 0, 0, '0000-00-00 00:00:00', '', 0, 0, '0000-00-00 00:00:00', '0000-00-00 00:00:00', 0, '', 0, '', '', 0, 63.5400, '', NULL, NULL, 1, '', NULL),
(5179, '', 'DE812424460', 0, NULL, 2, 'm', 'Stefan', 'Mücke', '0000-00-00 00:00:00', 'R.Brueckner@muecke-motorsport-classic.de', 5219, '', '', '7a5626ef18b118f78b3e04a62ee3e12f', '0', '0', '0', '1', 0, '', '', '', '', '', '', '', '', 0, 0, 0, '0000-00-00 00:00:00', '', 0, 0, '0000-00-00 00:00:00', '0000-00-00 00:00:00', 0, '', 0, '', '', 0, 50.3700, '', NULL, NULL, 1, '', NULL),
(5180, NULL, NULL, 0, NULL, 4, 'm', 'Matthias', ' Probst', '1970-01-01 00:00:00', '7f8b18e35bd5ce372482@members.ebay.com', 5221, '', NULL, 'ebab704e534ea837c2a85fe1e7faed55', NULL, '0', '0', '1', 0, '', 'grassematjoe', '', '', '', '', '', '', 0, 0, 0, '0000-00-00 00:00:00', '', 0, 0, '0000-00-00 00:00:00', '0000-00-00 00:00:00', 0, '', 0, '', '', 0, 33.7600, '', NULL, NULL, 1, '', NULL),
(5181, '', '', 0, NULL, 2, 'm', 'Timo', 'Grunwald', '0000-00-00 00:00:00', 'sgmotorsport@outlook.de', 5222, '', '', '8bf2d14df15b2ef3673c31548d601b63', '0', '0', '0', '1', 0, '', '', '', '', '', '', '', '', 0, 0, 0, '0000-00-00 00:00:00', '0176 76629349', 0, 0, '0000-00-00 00:00:00', '2025-06-25 20:34:25', 0, '', 0, '', '', 0, 32.5000, '', NULL, NULL, 1, '', NULL),
(5182, NULL, '', 0, NULL, 2, 'm', 'Bernd', 'Woller', '0000-00-00 00:00:00', 'bernd.woller@metallbau-ruegen.de', 5226, '03830615027', '', '6857a74cd88b72147ad16d09ea873270', '0', '0', '0', '1', 0, '', '', '', '', '', '', '', '', 0, 0, 0, '0000-00-00 00:00:00', '', 0, 0, '0000-00-00 00:00:00', '0000-00-00 00:00:00', 0, '', 0, '', '', 0, 485.9000, '', NULL, NULL, 1, '', NULL),
(5183, NULL, NULL, 0, NULL, 4, 'm', 'Fabian', ' Maenner', '1970-01-01 00:00:00', '3fdfbfc4ac3a9ece1e30@members.ebay.com', 5227, '', NULL, '95372453866d89418648014a7c46bb3d', NULL, '0', '0', '1', 0, '', '2015-maenn', '', '', '', '', '', '', 0, 0, 0, '0000-00-00 00:00:00', '', 0, 0, '0000-00-00 00:00:00', '0000-00-00 00:00:00', 0, '', 0, '', '', 0, 61.0600, '', NULL, NULL, 1, '', NULL),
(5184, NULL, NULL, 0, NULL, 4, 'm', 'Tobias', ' Schindler', '1970-01-01 00:00:00', '3fe537ba1744d6b6aa13@members.ebay.com', 5228, '', NULL, 'f1adc82bda1f38824d87c4f5ed8f9e02', NULL, '0', '0', '1', 0, '', 'tobias016210', '', '', '', '', '', '', 0, 0, 0, '0000-00-00 00:00:00', '', 0, 0, '0000-00-00 00:00:00', '0000-00-00 00:00:00', 0, '', 0, '', '', 0, 37.0000, '', NULL, NULL, 1, '', NULL),
(5185, NULL, NULL, 0, NULL, 4, 'm', 'Nils', ' Spang', '1970-01-01 00:00:00', '7fea192ec38cfcaa2f60@members.ebay.com', 5229, '', NULL, '0ee1aa77de5a3e12702d8c5a87d635ee', NULL, '0', '0', '1', 0, '', 'fury-27', '', '', '', '', '', '', 0, 0, 0, '0000-00-00 00:00:00', '', 0, 0, '0000-00-00 00:00:00', '0000-00-00 00:00:00', 0, '', 0, '', '', 0, 50.0400, '', NULL, NULL, 1, '', NULL),
(5186, NULL, '', 0, NULL, 1, 'm', 'Roger', 'Müller', '0000-00-00 00:00:00', 'roger.mueller@mueller-rohrleitugsbau.ch', 5230, '0041 71 646 06 51', '', '4b54269d3d5c56c2771418b2ddbae91a', '0', '0', '0', '1', 1, '', '', '', '', '', '', '', '', 0, 0, 0, '0000-00-00 00:00:00', '', 0, 0, '0000-00-00 00:00:00', '0000-00-00 00:00:00', 0, '', 0, '', '', 0, 58.9267, '', NULL, NULL, 1, '', NULL),
(5187, NULL, '', 0, NULL, 1, 'm', 'Christian', 'Rettel', '0000-00-00 00:00:00', 'christian-rettel@gmx.de', 5231, '', '', '25e41f130b29f12e77a007ee9c9544d5', '0', '0', '0', '1', 1, '', '', '', '', '', '', '', '', 0, 0, 0, '0000-00-00 00:00:00', '', 0, 0, '0000-00-00 00:00:00', '0000-00-00 00:00:00', 0, '', 0, '', '', 0, 73.6802, '', NULL, NULL, 1, '', NULL),
(5188, '', 'DE198468160', 0, NULL, 2, 'm', 'Heiko', 'Stüber', '0000-00-00 00:00:00', 'kontakt@metallbau-stueber.de', 5232, '0361 3461414', '-', '407786b729286de8cd946b554b80558c', '0', '0', '0', '1', 0, '', '', '', '', '', '', '', '', 0, 0, 0, '0000-00-00 00:00:00', '', 0, 0, '0000-00-00 00:00:00', '0000-00-00 00:00:00', 0, '', 0, '', '', 0, 20.9999, '', NULL, NULL, 1, '', NULL),
(5189, '', 'DE348379245', 0, NULL, 4, 'm', 'Ronny', 'Sibbert', '0000-00-00 00:00:00', '1007c81a07e7479f8663@members.ebay.com', 5234, '04121 5797626', '', 'aaaba476cfdadba52a2e8a0d6b793cd9', '0', '0', '0', '1', 0, '', 'feinkost-manufaktur', '', '', '', '', '', '', 0, 0, 0, '0000-00-00 00:00:00', '', 0, 0, '2025-07-10 21:15:04', '0000-00-00 00:00:00', 0, '', 0, '', '', 0, 133.4600, '', NULL, NULL, 1, '', NULL),
(5190, '', 'DE175043456', 0, NULL, 4, 'm', 'Bertram', 'Peters', '0000-00-00 00:00:00', '0100cccf2289e2daff7a@members.ebay.com', 5236, '0331 502448', '', 'cd9264b9884875d171170d27bc5b4821', '0', '0', '0', '1', 0, '', 'bepe911', '', '', '', '', '', '', 0, 0, 0, '0000-00-00 00:00:00', '', 0, 0, '2025-07-14 16:30:06', '0000-00-00 00:00:00', 0, '', 0, '', '', 0, 35.8600, '', NULL, NULL, 1, '', NULL),
(5191, '', 'DE167362683', 0, NULL, 4, 'm', 'Anatolij', 'Menzer', '0000-00-00 00:00:00', '00806e436a39658c2320@members.ebay.com', 5237, '', '', 'fa3c8cb20dd723f5791414cd45bbe9a6', '0', '0', '0', '1', 0, '', 'asab-augsburg', '', '', '', '', '', '', 0, 0, 0, '0000-00-00 00:00:00', '', 0, 0, '2025-07-15 10:25:03', '0000-00-00 00:00:00', 0, '', 0, '', '', 0, 34.2800, '', NULL, NULL, 1, '', NULL),
(5192, NULL, NULL, 0, NULL, 4, 'm', 'Philipp', 'Mondelaers', '0000-00-00 00:00:00', '00807431495dc06cf85c@members.ebay.com', 5238, '', NULL, 'fcae849a341bf58f631b18cf9cb4260d', NULL, '0', '0', '1', 0, '', 'der_plattendiesel', '', '', '', '', '', '', 0, 0, 0, '0000-00-00 00:00:00', '', 0, 0, '2025-07-15 23:55:03', '0000-00-00 00:00:00', 0, '', 0, '', '', 0, 67.5000, '', NULL, NULL, 1, '', NULL),
(5193, '', 'DE175043456', 0, NULL, 1, 'm', 'Bertram', 'Peters', '0000-00-00 00:00:00', 'info@metallbaupeters.de', 5239, '0331 502448', '0331 5050310', 'e3d8dab06e944f959e958b7f2fad75aa', '0', '0', '0', '1', 0, '', '', '', '', '', '', '', '', 0, 0, 0, '0000-00-00 00:00:00', '', 0, 0, '2025-07-18 08:12:54', '0000-00-00 00:00:00', 0, '', 0, '', '', 0, 40.4999, '', NULL, NULL, 1, '', NULL),
(5194, NULL, NULL, 0, NULL, 4, 'm', 'Lily', 'Michael', '0000-00-00 00:00:00', '01011dc9a7f10a7b9e70@members.ebay.com', 5240, '', NULL, '786eb4b58b714697a9ddf570d0233fba', NULL, '0', '0', '1', 0, '', 'eshop-werbetechnik', '', '', '', '', '', '', 0, 0, 0, '0000-00-00 00:00:00', '', 0, 0, '2025-07-18 12:40:03', '0000-00-00 00:00:00', 0, '', 0, '', '', 0, 56.0200, '', NULL, NULL, 1, '', NULL),
(5195, '', 'DE198413218', 0, NULL, 2, 'm', 'Markus', 'Nonnenmacher', '0000-00-00 00:00:00', 'info@nonnenmacher-gmbh.de', 5241, '07959 768', '07959 2361', '063d19e5c1dadf5ee2e73accece5d7fc', '0', '0', '0', '1', 0, '', '', '', '', '', '', '', '', 0, 0, 0, '0000-00-00 00:00:00', '', 0, 0, '0000-00-00 00:00:00', '0000-00-00 00:00:00', 0, '', 0, '', '', 0, 319.4941, '', NULL, NULL, 1, '', NULL),
(5196, NULL, NULL, 0, NULL, 4, 'm', 'Mario', 'Oehme', '0000-00-00 00:00:00', '0809ce11c771b0fa6979@members.ebay.com', 5242, '', NULL, 'fdcc0252b2e19763942d4731bd5bd991', NULL, '0', '0', '1', 0, '', 'bummi4', '', '', '', '', '', '', 0, 0, 0, '0000-00-00 00:00:00', '', 0, 0, '2025-07-19 20:30:05', '0000-00-00 00:00:00', 0, '', 0, '', '', 0, 34.2800, '', NULL, NULL, 1, '', NULL),
(5197, NULL, NULL, 0, NULL, 4, 'm', 'Ulrich', 'Isenberg', '0000-00-00 00:00:00', '202b7818c0065d51ff11@members.ebay.com', 5243, '', NULL, '902d8ff47e35a2da54515e380ef0cb47', NULL, '0', '0', '1', 0, '', 'ulrisen_35', '', '', '', '', '', '', 0, 0, 0, '0000-00-00 00:00:00', '', 0, 0, '2025-07-21 11:10:03', '0000-00-00 00:00:00', 0, '', 0, '', '', 0, 37.0000, '', NULL, NULL, 1, '', NULL),
(5198, NULL, NULL, 0, NULL, 1, '', 'Maximilian', 'Reck', '0000-00-00 00:00:00', 'maximilian.reck89@gmail.com', 5244, '', NULL, '11eea1f2c71fbeb9ad7f45533cb074c9', NULL, '0', '0', '1', 0, '', '', '', '', '', '', '', '', 0, 0, 0, '0000-00-00 00:00:00', '', 0, 0, '2025-07-22 08:06:57', '0000-00-00 00:00:00', 0, '', 0, '', '', 0, 61.2999, '', NULL, NULL, 1, '', NULL),
(5199, NULL, NULL, 0, NULL, 4, 'm', 'Christopher', 'Süß', '0000-00-00 00:00:00', '406453e50e11533b1344@members.ebay.com', 5245, '', NULL, '25d76a8d205611a89147afcf51904d22', NULL, '0', '0', '1', 0, '', 'brezeljonny', '', '', '', '', '', '', 0, 0, 0, '0000-00-00 00:00:00', '', 0, 0, '2025-07-24 00:05:03', '0000-00-00 00:00:00', 0, '', 0, '', '', 0, 37.3800, '', NULL, NULL, 1, '', NULL),
(5200, NULL, NULL, 0, NULL, 4, 'm', 'Andreas', 'Echle', '0000-00-00 00:00:00', '0080f12db47122f6179d@members.ebay.com', 5246, '', NULL, '812072354829b5bdce9560af5c0b347a', NULL, '0', '0', '1', 0, '', 'and68372', '', '', '', '', '', '', 0, 0, 0, '0000-00-00 00:00:00', '', 0, 0, '2025-07-27 20:20:04', '0000-00-00 00:00:00', 0, '', 0, '', '', 0, 25.3000, '', NULL, NULL, 1, '', NULL),
(5201, NULL, NULL, 0, NULL, 4, 'm', 'Verena', 'Bartholomä', '0000-00-00 00:00:00', '407e831ffdc5374e8225@members.ebay.com', 5247, '', NULL, 'a2fa7415413b22826cfbf74556d8315f', NULL, '0', '0', '1', 0, '', 'remet-1', '', '', '', '', '', '', 0, 0, 0, '0000-00-00 00:00:00', '', 0, 0, '2025-07-28 23:15:04', '0000-00-00 00:00:00', 0, '', 0, '', '', 0, 140.8500, '', NULL, NULL, 1, '', NULL),
(5202, NULL, NULL, 0, NULL, 4, 'm', 'Jannik', 'Witte', '0000-00-00 00:00:00', '4083380831b5938cc489@members.ebay.com', 5248, '', NULL, 'b852c80eea19b4aab68cd2b1f20b6581', NULL, '0', '0', '1', 0, '', 'deut-5750', '', '', '', '', '', '', 0, 0, 0, '0000-00-00 00:00:00', '', 0, 0, '2025-07-29 20:40:03', '0000-00-00 00:00:00', 0, '', 0, '', '', 0, 78.2000, '', NULL, NULL, 1, '', NULL),
(5203, '', '', 0, NULL, 2, 'f', 'Sabine', 'Figalski', '2025-07-31 14:26:06', 'figalski@outlook.de', 5249, '0221 5992322', '', '35b40bb997dd0cd03e4f549c6a5f9ac2', '0', '0', '0', '1', 0, '', '', '', '', '', '', '', '', 0, 0, 0, '0000-00-00 00:00:00', '', 0, 0, '0000-00-00 00:00:00', '0000-00-00 00:00:00', 0, '', 0, '', '', 0, 55.3501, '', NULL, NULL, 1, '', NULL),
(5204, NULL, NULL, 0, NULL, 4, 'm', 'Ludwig', 'Geiß', '0000-00-00 00:00:00', '204ff321839889a26571@members.ebay.com', 5250, '', NULL, '3e66138adb6cf7fbc310fed61f3182a4', NULL, '0', '0', '1', 0, '', 'geimoeb', '', '', '', '', '', '', 0, 0, 0, '0000-00-00 00:00:00', '', 0, 0, '2025-08-04 07:10:03', '0000-00-00 00:00:00', 0, '', 0, '', '', 0, 37.0000, '', NULL, NULL, 1, '', NULL),
(5205, '', 'DE248371482', 0, NULL, 2, 'm', 'Wener', 'Schleger', '2025-08-04 07:30:23', 'post@schleger-agrartechnik.de', 5251, '08253 997010', '', 'f634b351ca7caf93e8a242328e7efce9', '0', '0', '0', '1', 1, '', '', '', '', '', '', '', '', 0, 0, 0, '0000-00-00 00:00:00', '', 0, 0, '0000-00-00 00:00:00', '2025-08-04 16:33:07', 0, '', 0, '', '', 0, 158.6999, '', NULL, NULL, 1, '', NULL),
(5206, NULL, NULL, 0, NULL, 4, 'm', 'Angelo', 'Apollonio', '0000-00-00 00:00:00', '00816356091102349f4e@members.ebay.com', 5257, '', NULL, '997eb42aa291b0917e8a5b3c8bbfdf74', NULL, '0', '0', '1', 0, '', 'pilotangelo', '', '', '', '', '', '', 0, 0, 0, '0000-00-00 00:00:00', '', 0, 0, '2025-08-07 16:05:03', '0000-00-00 00:00:00', 0, '', 0, '', '', 0, 21.6800, '', NULL, NULL, 1, '', NULL),
(5207, NULL, NULL, 0, NULL, 2, 'm', 'Achim', 'Klöckner', '2025-08-08 08:54:18', 'ak@kms-mv.de', 5258, '01703853795', '', 'c470a6f2485c107c258d3b693fc71c61', '0', '0', '0', '1', 1, '', '', '', '', '', '', '', '', 0, 0, 0, '0000-00-00 00:00:00', '', 0, 0, '0000-00-00 00:00:00', '2025-08-08 20:10:40', 0, '', 0, '', '', 0, 143.9999, '', NULL, NULL, 1, '', NULL),
(5208, '', 'DE138895990', 0, NULL, 2, 'm', 'Peter', 'Mann', '2025-08-08 09:11:02', 'rechnung@etec-alarm.de', 5259, '03531 61197', '', 'e7adb62903e1c3a7cecce4bd6005b62d', '0', '0', '0', '1', 1, '', '', '', '', '', '', '', '', 0, 0, 0, '0000-00-00 00:00:00', '', 0, 0, '0000-00-00 00:00:00', '2025-08-09 06:34:18', 0, '', 0, '', '', 0, 150.0001, '', NULL, NULL, 1, '', NULL),
(5209, NULL, NULL, 0, NULL, 2, 'm', 'Christian (Vesna)', 'Fillenböck', '2025-08-12 20:20:08', 'vesna.rodjakovic@icloud.com', 5267, '', '', '94e6165e2ecf07f90a812ea4e3cd80db', '0', '0', '0', '1', 1, '', '', '', '', '', '', '', '', 0, 0, 0, '0000-00-00 00:00:00', '', 0, 0, '0000-00-00 00:00:00', '0000-00-00 00:00:00', 0, '', 0, '', '', 0, 0.0000, '', NULL, NULL, 1, '', NULL),
(5210, NULL, NULL, 0, NULL, 2, 'm', 'Michel', 'Rodjakovic', '2025-08-13 06:07:48', 'michel.rodjakovic@icloud.com', 5268, '', '', '8fdbd7b58eed06d68cf848eada756270', '0', '0', '0', '1', 0, '', '', '', '', '', '', '', '', 0, 0, 0, '0000-00-00 00:00:00', '', 0, 0, '0000-00-00 00:00:00', '0000-00-00 00:00:00', 0, '', 0, '', '', 0, 124.3999, '', NULL, NULL, 1, '', NULL),
(5211, NULL, NULL, 0, NULL, 2, 'm', 'Andreas', 'Zinke', '2025-08-14 05:50:57', 'andy.zi@gmx.net', 5274, '01742023225', '', '4738136610ac3952ca69ad61aa7849c1', '0', '0', '0', '1', 1, '', '', '', '', '', '', '', '', 0, 0, 0, '0000-00-00 00:00:00', '', 0, 0, '0000-00-00 00:00:00', '2025-08-14 13:19:55', 0, '', 0, '', '', 0, 149.5803, '', NULL, NULL, 1, '', NULL),
(5212, '', 'DE811197663', 0, NULL, 4, 'm', 'Matthias', 'Fuchs', '0000-00-00 00:00:00', '40d5746dd15556210b52@members.ebay.com', 5275, 'Invalid Request', '', '0e6a3a1a43eec821f5a7cf14989b0d4b', '0', '0', '0', '1', 0, '', 'cargotainer', '', '', '', '', '', '', 0, 0, 0, '0000-00-00 00:00:00', '', 0, 0, '2025-08-14 10:55:03', '2025-08-14 13:25:35', 0, '', 0, '', '', 0, 120.4000, '', NULL, NULL, 1, '', NULL),
(5213, NULL, NULL, 0, NULL, 1, '', 'Gerold', 'Seifert', '0000-00-00 00:00:00', 'gerold.seifert@t-online.de', 5283, '', NULL, '011d4f5ec07a4019d19ce4bf8a98ee1b', NULL, '0', '0', '1', 0, '', '', '', '', '', '', '', '', 0, 0, 0, '0000-00-00 00:00:00', '', 0, 0, '2025-08-16 12:10:48', '0000-00-00 00:00:00', 0, '', 0, '', '', 0, 15.0000, '', NULL, NULL, 1, '', NULL),
(5214, NULL, NULL, 0, NULL, 2, 'm', 'Maximilian', 'Hildenbrand', '2025-08-17 08:19:33', 'mdx1@gmx.de', 5287, '', '', '53924e79d357e81a0eebee5403447478', '0', '0', '0', '1', 1, '', '', '', '', '', '', '', '', 0, 0, 0, '0000-00-00 00:00:00', '', 0, 0, '0000-00-00 00:00:00', '0000-00-00 00:00:00', 0, '', 0, '', '', 0, 185.9000, '', NULL, NULL, 1, '', NULL),
(5215, '', 'DE175557513', 0, NULL, 4, 'm', 'Dominik', 'Meinert', '0000-00-00 00:00:00', '0103acb8f1a712cf34ad@members.ebay.com', 5288, 'Invalid Request', '', 'f4044a9f793e63e78831add1d5bbbcb0', '0', '0', '0', '1', 0, '', 'kleinemeier-mattern', '', '', '', '', '', '', 0, 0, 0, '0000-00-00 00:00:00', '', 0, 0, '2025-08-18 13:50:03', '2025-08-18 17:41:59', 0, '', 0, '', '', 0, 96.0000, '', NULL, NULL, 1, '', NULL),
(5216, NULL, NULL, 0, NULL, 4, 'm', 'Ute', 'Wetzel', '0000-00-00 00:00:00', '0103ad1a6899f6bf369a@members.ebay.com', 5289, '', NULL, '76238173170e851e3390f627f4489b33', NULL, '0', '0', '1', 0, '', 'motgra', '', '', '', '', '', '', 0, 0, 0, '0000-00-00 00:00:00', '', 0, 0, '2025-08-18 14:15:04', '0000-00-00 00:00:00', 0, '', 0, '', '', 0, 141.3600, '', NULL, NULL, 1, '', NULL),
(5217, NULL, NULL, 0, NULL, 4, 'm', 'Markus', 'Köhler', '0000-00-00 00:00:00', '0103b24cbf51e6bf8796@members.ebay.com', 5293, 'Invalid Request', NULL, '65c52a01659545377b79d288c05107c8', NULL, '0', '0', '1', 0, '', 'mk-323', '', '', '', '', '', '', 0, 0, 0, '0000-00-00 00:00:00', '', 0, 0, '2025-08-18 20:10:03', '2025-08-18 20:57:17', 0, '', 0, '', '', 0, 37.0000, '', NULL, NULL, 1, '', NULL),
(5218, NULL, NULL, 0, NULL, 4, 'm', 'Philipp', 'Obst', '0000-00-00 00:00:00', '0081f991865080e75538@members.ebay.com', 5296, '', NULL, 'e996651859a5168ecf65421263dd515e', NULL, '0', '0', '1', 0, '', 'obsphi', '', '', '', '', '', '', 0, 0, 0, '0000-00-00 00:00:00', '', 0, 0, '2025-08-21 21:55:03', '0000-00-00 00:00:00', 0, '', 0, '', '', 0, 35.8600, '', NULL, NULL, 1, '', NULL),
(5219, NULL, NULL, 0, NULL, 4, 'm', 'Jens', 'Söllner', '0000-00-00 00:00:00', '208528f804ce59e03a47@members.ebay.com', 5297, 'Invalid Request', NULL, '34196ecbb1e6448b45455fe29f75937e', NULL, '0', '0', '1', 0, '', 'strassenbaubindemittel', '', '', '', '', '', '', 0, 0, 0, '0000-00-00 00:00:00', '', 0, 0, '2025-08-24 11:30:05', '2025-08-24 16:59:54', 0, '', 0, '', '', 0, 48.3000, '', NULL, NULL, 1, '', NULL),
(5220, NULL, NULL, 0, NULL, 4, 'm', 'D.', 'Hartmann', '0000-00-00 00:00:00', '0082497cc2f88da52997@members.ebay.com', 5301, 'Invalid Request', NULL, '18a18461cf2170e421fdd23ccef1a8bb', NULL, '0', '0', '1', 0, '', 'hart_6510', '', '', '', '', '', '', 0, 0, 0, '0000-00-00 00:00:00', '', 0, 0, '2025-08-29 11:45:04', '2025-08-29 16:11:15', 0, '', 0, '', '', 0, 21.6800, '', NULL, NULL, 1, '', NULL),
(5221, '', 'DE308967717', 0, NULL, 1, 'm', 'Michael', 'Tenhagen', '2025-09-02 05:16:32', 'info@beso-online.de', 5304, '0173 8024769', '', '89fa1917524e4716afd62822a287ca08', '0', '0', '0', '1', 1, '', '', '', '', '', '', '', '', 0, 0, 0, '0000-00-00 00:00:00', '', 0, 0, '0000-00-00 00:00:00', '2025-09-02 14:01:30', 0, '', 0, '', '', 0, 33.4001, '', NULL, NULL, 1, '', NULL),
(5222, NULL, NULL, 0, NULL, 1, 'm', 'Maddox', 'Kaschub', '2025-09-11 07:40:59', 'mkaschub05@gmail.com', 5309, '0172 7559039', '', '10711e98ffc367275e7e3e8b8976c055', '0', '0', '0', '1', 1, '', '', '', '', '', '', '', '', 0, 0, 0, '0000-00-00 00:00:00', '', 0, 0, '0000-00-00 00:00:00', '2025-09-11 18:36:15', 0, '', 0, '', '', 0, 191.0998, '', NULL, NULL, 1, '', NULL),
(5223, NULL, NULL, 0, NULL, 4, 'm', 'patrick', 'hoffmann', '0000-00-00 00:00:00', '105a395804e9b8e6aa50@members.ebay.com', 5310, '', NULL, '18623eec8d9655c75837e2377de10d6e', NULL, '0', '0', '1', 0, '', 'p.hoffmann83', '', '', '', '', '', '', 0, 0, 0, '0000-00-00 00:00:00', '', 0, 0, '2025-09-11 09:55:03', '0000-00-00 00:00:00', 0, '', 0, '', '', 0, 34.7000, '', NULL, NULL, 1, '', NULL),
(5224, NULL, NULL, 0, NULL, 2, 'm', 'Georg', 'Kehren', '2025-09-16 19:11:02', 'georg.kehren@gmail.com', 5314, '01749035694', '', '58e342ba4ef5daa581b9905c60c3b6ba', '0', '0', '0', '1', 0, '', '', '', '', '', '', '', '', 0, 0, 0, '0000-00-00 00:00:00', '', 0, 0, '0000-00-00 00:00:00', '0000-00-00 00:00:00', 0, '', 0, '', '', 0, 54.8601, '', NULL, NULL, 1, '', NULL),
(5225, NULL, NULL, 0, NULL, 2, 'm', 'Dirk', 'Wallner', '2025-09-18 07:17:29', 'wallnerdirk@googlemail.com', 5315, '01742403246', '', 'da30dc388543c1ad00676f9152b5919c', '0', '0', '0', '1', 0, '', '', '', '', '', '', '', '', 0, 0, 0, '0000-00-00 00:00:00', '', 0, 0, '0000-00-00 00:00:00', '0000-00-00 00:00:00', 0, '', 0, '', '', 0, 97.7001, '', NULL, NULL, 1, '', NULL),
(5226, '', 'DE166208105', 0, NULL, 1, 'f', 'Lena', 'Schedlbauer', '2025-09-19 11:06:54', 'lena.schedlbauer@bergbauer-gmbh.de', 5316, '09945 9418-12', '', 'a97cf0126622e8a332a3e98cb5e70ce2', '0', '0', '0', '1', 1, '', '', '', '', '', '', '', '', 0, 0, 0, '0000-00-00 00:00:00', '', 0, 0, '0000-00-00 00:00:00', '0000-00-00 00:00:00', 0, '', 0, '', '', 0, 60.4000, '', NULL, NULL, 1, '', NULL),
(5227, '', 'DE173060701', 0, NULL, 2, 'm', 'Agron', 'Sylejmani', '2025-09-25 08:41:26', 'agron.sylejmani@gent-tech.de', 5321, '07331 984290', '', '340454d96ed4b9a53f3cb126d689ed50', '0', '0', '0', '1', 0, '', '', '', '', '', '', '', '', 0, 0, 0, '0000-00-00 00:00:00', '', 0, 0, '0000-00-00 00:00:00', '2025-09-25 13:08:41', 0, '', 0, '', '', 0, 461.0991, '', NULL, NULL, 1, '', NULL),
(5228, NULL, NULL, 0, NULL, 4, 'm', 'Sebastian', 'Nagel', '0000-00-00 00:00:00', '0106e30bd614573b661a@members.ebay.com', 5325, '', NULL, '69fb74a358dc0f01c47bc9c9b4d230a4', NULL, '0', '0', '1', 0, '', 'schnapsi02', '', '', '', '', '', '', 0, 0, 0, '0000-00-00 00:00:00', '', 0, 0, '2025-09-26 13:25:02', '0000-00-00 00:00:00', 0, '', 0, '', '', 0, 21.6800, '', NULL, NULL, 1, '', NULL),
(5229, NULL, NULL, 0, NULL, 4, 'm', 'Jannis', 'Hüntemann', '0000-00-00 00:00:00', '01070da4204e9b8ca754@members.ebay.com', 5326, '', NULL, 'da67d3f7825258eb77af7abe8c1a1d48', NULL, '0', '0', '1', 0, '', 'blechtech_24', '', '', '', '', '', '', 0, 0, 0, '0000-00-00 00:00:00', '', 0, 0, '2025-09-28 13:55:03', '0000-00-00 00:00:00', 0, '', 0, '', '', 0, 24.2500, '', NULL, NULL, 1, '', NULL),
(5230, NULL, NULL, 0, NULL, 4, 'm', 'Hedwig', 'Constantin', '0000-00-00 00:00:00', '2107a5a247a089cd4d34@members.ebay.com', 5327, '', NULL, '6f1e92ab244e605710f2e7ab92dd6247', NULL, '0', '0', '1', 0, '', 'hedwigc2006', '', '', '', '', '', '', 0, 0, 0, '0000-00-00 00:00:00', '', 0, 0, '2025-10-12 23:15:04', '0000-00-00 00:00:00', 0, '', 0, '', '', 0, 32.9400, '', NULL, NULL, 1, '', NULL),
(5231, NULL, NULL, 0, NULL, 4, 'm', 'Markus', 'Trinks', '0000-00-00 00:00:00', '21086b9299385bf93044@members.ebay.com', 5328, 'Invalid Request', NULL, '5e3e5e7a69dbbb4d3633e37fb820a1bc', NULL, '0', '0', '1', 0, '', 'marketrinks', '', '', '', '', '', '', 0, 0, 0, '0000-00-00 00:00:00', '', 0, 0, '2025-10-13 06:15:04', '2025-10-13 14:11:21', 0, '', 0, '', '', 0, 33.7500, '', NULL, NULL, 1, '', NULL),
(5232, '', 'DE258474817', 0, NULL, 4, 'm', 'Stephan', 'Abel', '0000-00-00 00:00:00', '42121f1f2dc0b220ee15@members.ebay.com', 5329, 'Invalid Request', '', '30cb71a31ca432f9a366049df4dcc8c1', '0', '0', '0', '1', 0, '', 'abel_gmbh_2018', '', '', '', '', '', '', 0, 0, 0, '0000-00-00 00:00:00', '', 0, 0, '2025-10-13 12:05:03', '2025-10-13 14:09:01', 0, '', 0, '', '', 0, 96.0000, '', NULL, NULL, 1, '', NULL),
(5233, '', 'DE129729450', 0, NULL, 4, 'm', 'Simon', 'Bernhard Glück GmbH', '0000-00-00 00:00:00', '421e1563b47dafd4de31@members.ebay.com', 5335, 'Invalid Request', '', 'edc8f0e6bd89b748ed64081fa35882f9', '0', '0', '0', '1', 0, '', 'sofabau112', '', '', '', '', '', '', 0, 0, 0, '0000-00-00 00:00:00', '', 0, 0, '2025-10-15 18:35:03', '2025-10-15 20:35:00', 0, '', 0, '', '', 0, 21.6800, '', NULL, NULL, 1, '', NULL),
(5234, '', '', 0, NULL, 1, 'm', 'Vedat', 'Tusint', '2025-10-17 15:42:36', 'vedat.tusint@web.de', 5344, '0151 21520235', '', '84840141c10b3b663af256977fd39e47', '0', '0', '0', '1', 1, '', '', '', '', '', '', '', '', 0, 0, 0, '0000-00-00 00:00:00', '', 0, 0, '0000-00-00 00:00:00', '0000-00-00 00:00:00', 0, '', 0, '', '', 0, 23.4500, '', NULL, NULL, 1, '', NULL),
(5235, '', '', 0, NULL, 1, 'm', 'Marko', 'Täufert', '2025-10-20 10:42:46', 'mt@mt-schuettgut.de', 5345, '038751 332 864', '', '373e67af42614dec63d5a0a6cebc0ea1', '0', '0', '0', '1', 1, '', '', '', '', '', '', '', '', 0, 0, 0, '0000-00-00 00:00:00', '0162 1319572', 0, 0, '0000-00-00 00:00:00', '2025-10-20 17:12:12', 0, '', 0, '', '', 0, 57.2497, '', NULL, NULL, 1, '', NULL),
(5236, NULL, NULL, 0, NULL, 1, 'm', 'Tobias ', 'Schmitz ', '2025-10-22 18:22:48', 'schmitztobias@gmx.net', 5351, '', '', '6369546fa2ba8e4f90d7cdee643b8812', '0', '0', '0', '1', 1, '', '', '', '', '', '', '', '', 0, 0, 0, '0000-00-00 00:00:00', '', 0, 0, '0000-00-00 00:00:00', '0000-00-00 00:00:00', 0, '', 0, '', '', 0, 20.0000, '', NULL, NULL, 1, '', NULL),
(5237, '', NULL, 0, NULL, 2, 'm', 'Stefan', 'Schmiedel', '0000-00-00 00:00:00', 'info@kfz-schmiedel.de', 5357, '033438 16970', '033438 16960', '58e340a869de684109292b81239a8747', NULL, '0', '0', '1', 0, '', '', '', '', '', '', '', '', 0, 0, 0, '0000-00-00 00:00:00', '', 0, 0, '0000-00-00 00:00:00', '0000-00-00 00:00:00', 0, '', 0, '', '', 0, 771.0000, '', NULL, NULL, 1, '', NULL),
(5238, NULL, NULL, 0, NULL, 1, 'm', 'Christian', 'Imhof', '2025-10-25 16:52:55', 'christian.imhof@mail.de', 5358, '0173 2848772', '', '314ebdad8fb04c56acd8bc463a62bdfe', '0', '0', '0', '1', 1, '', '', '', '', '', '', '', '', 0, 0, 0, '0000-00-00 00:00:00', '', 0, 0, '0000-00-00 00:00:00', '2025-10-26 07:35:58', 0, '', 0, '', '', 0, 118.6500, '', NULL, NULL, 1, '', NULL),
(5239, NULL, NULL, 0, NULL, 4, 'm', 'Simon', 'Krämer', '0000-00-00 00:00:00', '0109dca5bf7579fc02d3@members.ebay.com', 5362, '', NULL, 'db03a56603b396c2f26c8d86c93125d2', NULL, '0', '0', '1', 0, '', 'si-46755', '', '', '', '', '', '', 0, 0, 0, '0000-00-00 00:00:00', '', 0, 0, '2025-11-01 14:55:03', '0000-00-00 00:00:00', 0, '', 0, '', '', 0, 24.8300, '', NULL, NULL, 1, '', NULL),
(5240, NULL, NULL, 0, NULL, 4, 'm', 'Bernhard', 'Köppl', '0000-00-00 00:00:00', '4287c119639ee2cc5448@members.ebay.com', 5366, '', NULL, 'fea344b98f225d0fcee5ef6ad6117066', NULL, '0', '0', '1', 0, '', 'bernhard1268', '', '', '', '', '', '', 0, 0, 0, '0000-00-00 00:00:00', '', 0, 0, '2025-11-04 18:25:03', '0000-00-00 00:00:00', 0, '', 0, '', '', 0, 50.6000, '', NULL, NULL, 1, '', NULL),
(5241, NULL, NULL, 0, NULL, 4, 'm', 'Frank', 'Rückriegel', '0000-00-00 00:00:00', '008519f094a5635d76c5@members.ebay.com', 5370, '', NULL, '110c35fdabc60f1c84a96881809fb3db', NULL, '0', '0', '1', 0, '', 'modemdieb', '', '', '', '', '', '', 0, 0, 0, '0000-00-00 00:00:00', '', 0, 0, '2025-11-05 18:10:05', '0000-00-00 00:00:00', 0, '', 0, '', '', 0, 37.0000, '', NULL, NULL, 1, '', NULL),
(5242, NULL, NULL, 0, NULL, 4, 'm', 'Christian', 'Roll', '0000-00-00 00:00:00', '42a57d4f3f51920ecb23@members.ebay.com', 5376, '', NULL, '05580a76a61c18ef15cc4218ea59ece4', NULL, '0', '0', '1', 0, '', '18-christian94', '', '', '', '', '', '', 0, 0, 0, '0000-00-00 00:00:00', '', 0, 0, '2025-11-10 09:45:04', '0000-00-00 00:00:00', 0, '', 0, '', '', 0, 34.4300, '', NULL, NULL, 1, '', NULL),
(5243, '', 'DE366042093', 0, NULL, 4, 'm', 'Felix', 'Rippstein', '0000-00-00 00:00:00', '42a737decaa9523a8c78@members.ebay.com', 5377, '', '', 'a1ef99ac8344d4a8829a5d2b0768cb7c', '0', '0', '0', '1', 0, '', 'autorippsteingbr', '', '', '', '', '', '', 0, 0, 0, '0000-00-00 00:00:00', '', 0, 0, '2025-11-10 17:40:03', '0000-00-00 00:00:00', 0, '', 0, '', '', 0, 24.8300, '', NULL, NULL, 1, '', NULL),
(5244, NULL, NULL, 0, NULL, 4, 'm', 'Alexander', 'Jansen', '0000-00-00 00:00:00', '42acec97ace53f7e2f41@members.ebay.com', 5388, '', NULL, '54e592368599760d51f04b127a738ce3', NULL, '0', '0', '1', 0, '', 'alexjansen2012', '', '', '', '', '', '', 0, 0, 0, '0000-00-00 00:00:00', '', 0, 0, '2025-11-11 19:40:02', '0000-00-00 00:00:00', 0, '', 0, '', '', 0, 84.9900, '', NULL, NULL, 1, '', NULL),
(5245, '', 'DE126183308', 0, NULL, 2, 'm', 'Sven', 'Kompa', '0000-00-00 00:00:00', 'S.Kompa@Sonntag-Lennestadt.de', 5389, '02721 716-174', '02721 716-199', '731d815e40db97f912016ca037aebe19', '0', '0', '0', '1', 0, '', '', '', '', '', '', '', '', 0, 0, 0, '0000-00-00 00:00:00', '', 0, 0, '0000-00-00 00:00:00', '0000-00-00 00:00:00', 0, '', 0, '', '', 0, 106.3002, '', NULL, NULL, 1, '', NULL),
(5246, NULL, NULL, 0, NULL, 4, 'm', 'Tobias', 'Flaith', '0000-00-00 00:00:00', '00858dc0678645c72e41@members.ebay.com', 5390, '', NULL, 'a2a0fa4d8da1ade183917ed1b9fea291', NULL, '0', '0', '1', 0, '', 'tl.g89', '', '', '', '', '', '', 0, 0, 0, '0000-00-00 00:00:00', '', 0, 0, '2025-11-16 17:50:03', '0000-00-00 00:00:00', 0, '', 0, '', '', 0, 34.2800, '', NULL, NULL, 1, '', NULL),
(5247, NULL, NULL, 0, NULL, 4, 'm', 'OSG', 'ObjektService Göggel GmbH', '0000-00-00 00:00:00', '0085a034daa6ab255520@members.ebay.com', 5391, '', NULL, 'f7a09ec76e51ae40adf1e4b248e275b4', NULL, '0', '0', '1', 0, '', 'objektservi_0', '', '', '', '', '', '', 0, 0, 0, '0000-00-00 00:00:00', '', 0, 0, '2025-11-18 11:50:02', '0000-00-00 00:00:00', 0, '', 0, '', '', 0, 66.5000, '', NULL, NULL, 1, '', NULL),
(5248, '', 'DE260820567', 0, NULL, 4, 'm', 'Frank', 'Rokus', '0000-00-00 00:00:00', '010b4a330a8f9b893e35@members.ebay.com', 5392, '', '', 'd59d6c4ec81bc1c7c404eb76cdd1bec0', '0', '0', '0', '1', 0, '', 'bluefreepower', '', '', '', '', '', '', 0, 0, 0, '0000-00-00 00:00:00', '', 0, 0, '2025-11-18 22:50:02', '0000-00-00 00:00:00', 0, '', 0, '', '', 0, 46.9800, '', NULL, NULL, 1, '', NULL),
(5249, NULL, NULL, 0, NULL, 4, 'm', 'Georg', 'Bender', '0000-00-00 00:00:00', '010b8b30af65e6ba4708@members.ebay.com', 5396, '', NULL, '8e4409dc605b6137e57a89b612571d35', NULL, '0', '0', '1', 0, '', 'georg5709', '', '', '', '', '', '', 0, 0, 0, '0000-00-00 00:00:00', '', 0, 0, '2025-11-22 00:50:02', '0000-00-00 00:00:00', 0, '', 0, '', '', 0, 25.4000, '', NULL, NULL, 1, '', NULL),
(5250, NULL, NULL, 0, NULL, 1, 'm', 'Christian und Theresia', 'Freinecker GbR', '2025-11-22 01:23:17', 'wolfgangfreinecker@t-online.de', 5397, '01728146987', '', 'ba54a997c5ce171c9772ef24f24518d2', '0', '0', '0', '1', 1, '', '', '', '', '', '', '', '', 0, 0, 0, '0000-00-00 00:00:00', '', 0, 0, '0000-00-00 00:00:00', '0000-00-00 00:00:00', 0, '', 0, '', '', 0, 20.9999, '', NULL, NULL, 1, '', NULL),
(5251, '', 'DE266920018', 0, NULL, 4, 'm', 'Hans-Jürgen', 'Kirsch', '0000-00-00 00:00:00', '0086000ef1a8b17473bd@members.ebay.com', 5398, '', '', '8723dbfcebdb03d54e0aec9eb8519a8b', '0', '0', '0', '1', 0, '', 'hbkmetall', '', '', '', '', '', '', 0, 0, 0, '0000-00-00 00:00:00', '', 0, 0, '2025-11-27 13:50:03', '0000-00-00 00:00:00', 0, '', 0, '', '', 0, 21.6800, '', NULL, NULL, 1, '', NULL),
(5252, '', 'DE355242387', 0, NULL, 2, 'm', 'Marco', 'Chatzipavlidis', '0000-00-00 00:00:00', 'm.chatzipavlidis@mrc-industriehandel.de', 5400, '0162 7387484', '', '5429067091247b2638071eb718de86ed', '0', '0', '0', '1', 0, '', '', '', '', '', '', '', '', 0, 0, 0, '0000-00-00 00:00:00', '', 0, 0, '0000-00-00 00:00:00', '0000-00-00 00:00:00', 0, '', 0, '', '', 0, 62.5000, '', NULL, NULL, 1, '', NULL),
(5253, '', 'DE132632111', 0, NULL, 2, 'm', 'Markus', 'Laßner', '2025-12-01 18:36:22', 'info@heizoel-ammon.de', 5401, '09191 94389', '', 'ee6649c15d208c22152f62201b20b293', '0', '0', '0', '1', 0, '', '', '', '', '', '', '', '', 0, 0, 0, '0000-00-00 00:00:00', '', 0, 0, '0000-00-00 00:00:00', '2025-12-02 13:33:07', 0, '', 0, '', '', 0, 117.5000, '', NULL, NULL, 1, '', NULL),
(5254, NULL, NULL, 0, NULL, 4, 'm', 'Martin', 'Pitz', '0000-00-00 00:00:00', '0218d3b92a9aac900332@members.ebay.com', 5403, '', NULL, '701983782dce28b95f3c842475e56eb3', NULL, '0', '0', '1', 0, '', 'marpi648714', '', '', '', '', '', '', 0, 0, 0, '0000-00-00 00:00:00', '', 0, 0, '2025-12-02 14:10:03', '0000-00-00 00:00:00', 0, '', 0, '', '', 0, 41.6300, '', NULL, NULL, 1, '', NULL);
INSERT INTO `customers` (`customers_id`, `customers_cid`, `customers_vat_id`, `customers_vat_id_status`, `customers_warning`, `customers_status`, `customers_gender`, `customers_firstname`, `customers_lastname`, `customers_dob`, `customers_email_address`, `customers_default_address_id`, `customers_telephone`, `customers_fax`, `customers_password`, `customers_newsletter`, `customers_newsletter_mode`, `member_flag`, `delete_user`, `account_type`, `password_request_key`, `customers_ebay_userid`, `kto_nummer`, `kto_blz`, `kto_bank`, `kto_inhaber`, `kto_iban`, `kto_swift`, `block_warnings`, `block_warnings_span`, `block_warnings_dayspan`, `block_warnings_date`, `mobile`, `subject_from_textitem`, `branches_id`, `customers_date_added`, `customers_last_modified`, `refferers_id`, `orders_default_search_type`, `use_own_mailaddress`, `easylog_tn_national`, `easylog_tn_international`, `account_value_alert_notified`, `account_value`, `email_signature`, `hpsu_iban`, `hpsu_bic`, `wechselgeld_calculator`, `distributor_orders_edit_products_search_default`, `theme`) VALUES
(5255, '', 'DE815735426', 0, NULL, 4, 'm', 'Friedrich-Wilhelm', 'Elsner-Dörge', '0000-00-00 00:00:00', '0218f66a3aba089089a5@members.ebay.com', 5404, '', '', 'e6e024a171f75889b894c45cf3630939', '0', '0', '0', '1', 0, '', 'doergestahl', '', '', '', '', '', '', 0, 0, 0, '0000-00-00 00:00:00', '', 0, 0, '2025-12-03 10:00:06', '0000-00-00 00:00:00', 0, '', 0, '', '', 0, 42.1600, '', NULL, NULL, 1, '', NULL),
(5256, '', '', 0, NULL, 4, 'm', 'Fabian', 'Voitl', '0000-00-00 00:00:00', '00864879fd707da7c9f0@members.ebay.com', 5405, '', '', 'c81462179b72ae381b79f344a270fb5a', '0', '0', '0', '1', 0, '', 'fabianvoitl', '', '', '', '', '', '', 0, 0, 0, '0000-00-00 00:00:00', '', 0, 0, '2025-12-04 10:40:03', '0000-00-00 00:00:00', 0, '', 0, '', '', 0, 57.2800, '', NULL, NULL, 1, '', NULL),
(5257, NULL, NULL, 0, NULL, 4, 'm', 'Faride', 'Agri', '0000-00-00 00:00:00', '021951a036b9889231c7@members.ebay.com', 5409, '', NULL, '70badb03ad831396a1f3f2dabd746fd7', NULL, '0', '0', '1', 0, '', 'fa-dev', '', '', '', '', '', '', 0, 0, 0, '0000-00-00 00:00:00', '', 0, 0, '2025-12-05 13:50:03', '0000-00-00 00:00:00', 0, '', 0, '', '', 0, 0.0000, '', NULL, NULL, 1, '', NULL),
(5258, NULL, NULL, 0, NULL, 4, 'm', 'Michael', 'Heese', '0000-00-00 00:00:00', '02195a8178f98892335d@members.ebay.com', 5410, '', NULL, '8888ce5972d7c1f7b7c5e0dd18e576a7', NULL, '0', '0', '1', 0, '', 'the_riddler1', '', '', '', '', '', '', 0, 0, 0, '0000-00-00 00:00:00', '', 0, 0, '2025-12-05 18:50:03', '0000-00-00 00:00:00', 0, '', 0, '', '', 0, 37.0000, '', NULL, NULL, 1, '', NULL),
(5259, NULL, NULL, 0, NULL, 1, '', 'Gavin', 'Berns', '0000-00-00 00:00:00', 'info@berns.it', 5411, '', NULL, '1daedc3c7895fba698a9dca0e6bd2d49', NULL, '0', '0', '1', 0, '', '', '', '', '', '', '', '', 0, 0, 0, '0000-00-00 00:00:00', '', 0, 0, '2025-12-07 21:27:52', '0000-00-00 00:00:00', 0, '', 0, '', '', 0, 56.0098, '', NULL, NULL, 1, '', NULL),
(5260, '', 'DE289150949', 0, NULL, 1, 'm', 'Daniel', 'Wilhelm', '2025-12-08 08:21:46', 'daniel.wilhelm@b-g-metall.de', 5412, '07454 8704416', '', 'd18f5a270b6d4e9e49797f754ee469b8', '0', '0', '0', '1', 1, '', '', '', '', '', '', '', '', 0, 0, 0, '0000-00-00 00:00:00', '', 0, 0, '0000-00-00 00:00:00', '2025-12-08 15:43:35', 0, '', 0, '', '', 0, 472.4996, '', NULL, NULL, 1, '', NULL),
(5261, NULL, NULL, 0, NULL, 4, 'm', 'Sebastian', 'Stehr', '0000-00-00 00:00:00', '219d371c024a8d200724@members.ebay.com', 5414, '', NULL, 'fe4702720043349bf92acefcd37608fc', NULL, '0', '0', '1', 0, '', 'trollinger1', '', '', '', '', '', '', 0, 0, 0, '0000-00-00 00:00:00', '', 0, 0, '2025-12-08 15:40:03', '0000-00-00 00:00:00', 0, '', 0, '', '', 0, 34.3500, '', NULL, NULL, 1, '', NULL),
(5262, '', 'DE356538967', 0, NULL, 4, 'm', 'HELLMANN Kunststoff-u. Metallgrosshandel GmbH', 'Hellmann', '0000-00-00 00:00:00', '010d1809d882fb7d9dd0@members.ebay.com', 5422, '', '', '3b6e2a7371483bcb50ab879c2d8426e5', '0', '0', '0', '1', 0, '', 'ronja1077', '', '', '', '', '', '', 0, 0, 0, '0000-00-00 00:00:00', '', 0, 0, '2025-12-10 20:20:03', '0000-00-00 00:00:00', 0, '', 0, '', '', 0, 17.9500, '', NULL, NULL, 1, '', NULL),
(5263, '', 'DE306502348', 0, NULL, 4, 'm', 'Isabell', 'Hammel', '0000-00-00 00:00:00', '00869ebaaab12a8fb680@members.ebay.com', 5428, '', '', 'f192d2c34a81787aed80bcab21c9d84e', '0', '0', '0', '1', 0, '', 'arjes-impaktor', '', '', '', '', '', '', 0, 0, 0, '0000-00-00 00:00:00', '', 0, 0, '2025-12-12 15:00:05', '0000-00-00 00:00:00', 0, '', 0, '', '', 0, 32.1800, '', NULL, NULL, 1, '', NULL),
(5264, '', '', 0, NULL, 4, 'm', 'Rafael', 'Nagy', '0000-00-00 00:00:00', '04368524dd4c33e7f616@members.ebay.com', 5432, '02362 9988474', '', '8ed52bfc4d332e1c9a2f504913044cbd', '0', '0', '0', '1', 0, '', 'stern-garage', '', '', '', '', '', '', 0, 0, 0, '0000-00-00 00:00:00', '', 0, 0, '2025-12-17 08:30:05', '0000-00-00 00:00:00', 0, '', 0, '', '', 0, 105.1800, '', NULL, NULL, 1, '', NULL),
(5265, NULL, NULL, 0, NULL, 4, 'm', 'Jörn', 'Dierks', '0000-00-00 00:00:00', '21b9cef6181439acd539@members.ebay.com', 5433, '', NULL, 'be65ef2d0a56c3c3038ab912b1a9db7b', NULL, '0', '0', '1', 0, '', 'gears2022', '', '', '', '', '', '', 0, 0, 0, '0000-00-00 00:00:00', '', 0, 0, '2025-12-19 12:00:07', '0000-00-00 00:00:00', 0, '', 0, '', '', 0, 97.5000, '', NULL, NULL, 1, '', NULL);

-- --------------------------------------------------------

--
-- Tabellenstruktur für Tabelle `customers_basket`
--

